[INFO] fetching crate ryg-rans-rs-parallel 0.5.1...
[INFO] testing ryg-rans-rs-parallel-0.5.1 against 1.99.0-beta.8 for beta-1.100-3
[INFO] extracting crate ryg-rans-rs-parallel 0.5.1 into /workspace/builds/worker-0-tc1/source
[INFO] started tweaking crates.io crate ryg-rans-rs-parallel 0.5.1
[INFO] removed 0 missing tests
[INFO] finished tweaking crates.io crate ryg-rans-rs-parallel 0.5.1
[INFO] tweaked toml for crates.io crate ryg-rans-rs-parallel 0.5.1 written to /workspace/builds/worker-0-tc1/source/Cargo.toml
[INFO] validating manifest of crates.io crate ryg-rans-rs-parallel 0.5.1 on toolchain 1.99.0-beta.8
[INFO] running `Command { std: CARGO_HOME="/workspace/cargo-home" RUSTUP_HOME="/workspace/rustup-home" "/workspace/cargo-home/bin/cargo" "+1.99.0-beta.8" "metadata" "--manifest-path" "Cargo.toml" "--no-deps", kill_on_drop: false }`
[INFO] crate crates.io crate ryg-rans-rs-parallel 0.5.1 already has a lockfile, it will not be regenerated
[INFO] running `Command { std: CARGO_HOME="/workspace/cargo-home" RUSTUP_HOME="/workspace/rustup-home" "/workspace/cargo-home/bin/cargo" "+1.99.0-beta.8" "fetch" "--manifest-path" "Cargo.toml", kill_on_drop: false }`
[INFO] [stderr]     Updating crates.io index
[INFO] [stderr]  Downloading crates ...
[INFO] [stderr]   Downloaded ryg-rans-rs-core v0.5.1
[INFO] [stderr]   Downloaded ryg-rans-rs v0.5.1
[INFO] [stderr]   Downloaded ryg-rans-rs-simd v0.5.1
[INFO] running `Command { std: "docker" "create" "-v" "/var/lib/crater-agent-workspace/builds/worker-0-tc1/source:/opt/rustwide/workdir:ro,Z" "-v" "/var/lib/crater-agent-workspace/builds/worker-0-tc1/target:/opt/rustwide/target:rw,Z" "-v" "/var/lib/crater-agent-workspace/cargo-home:/opt/rustwide/cargo-home:ro,Z" "-v" "/var/lib/crater-agent-workspace/rustup-home:/opt/rustwide/rustup-home:ro,Z" "-m" "1610612736" "--network" "none" "ghcr.io/rust-lang/crates-build-env/linux@sha256:77db811e55d90add9212f6832c23229e3de5f1c1f9905e8cb07319ea15df73ac" "sleep" "infinity", kill_on_drop: false }`
[INFO] [stdout] 58c0496bba242768934f11753165e239e30de8f0d70bb02c0c85ff48fe4281e5
[INFO] running `Command { std: "docker" "start" "58c0496bba242768934f11753165e239e30de8f0d70bb02c0c85ff48fe4281e5", kill_on_drop: false }`
[INFO] running `Command { std: "docker" "inspect" "58c0496bba242768934f11753165e239e30de8f0d70bb02c0c85ff48fe4281e5", kill_on_drop: false }`
[INFO] running `Command { std: "docker" "exec" "-e" "SOURCE_DIR=/opt/rustwide/workdir" "-e" "CARGO_HOME=/opt/rustwide/cargo-home" "-e" "RUSTUP_HOME=/opt/rustwide/rustup-home" "-e" "CARGO_TARGET_DIR=/opt/rustwide/target" "-w" "/opt/rustwide/workdir" "--user" "0:0" "58c0496bba242768934f11753165e239e30de8f0d70bb02c0c85ff48fe4281e5" "/opt/rustwide/cargo-home/bin/cargo" "+1.99.0-beta.8" "metadata" "--no-deps" "--format-version=1", kill_on_drop: false }`
[INFO] running `Command { std: "docker" "inspect" "58c0496bba242768934f11753165e239e30de8f0d70bb02c0c85ff48fe4281e5", kill_on_drop: false }`
[INFO] running `Command { std: "docker" "exec" "-e" "SOURCE_DIR=/opt/rustwide/workdir" "-e" "CARGO_HOME=/opt/rustwide/cargo-home" "-e" "RUSTUP_HOME=/opt/rustwide/rustup-home" "-e" "CARGO_TARGET_DIR=/opt/rustwide/target" "-e" "CARGO_INCREMENTAL=0" "-e" "RUST_BACKTRACE=full" "-e" "RUSTFLAGS=--cap-lints=warn" "-e" "RUSTDOCFLAGS=--cap-lints=warn" "-w" "/opt/rustwide/workdir" "--user" "0:0" "58c0496bba242768934f11753165e239e30de8f0d70bb02c0c85ff48fe4281e5" "/opt/rustwide/cargo-home/bin/cargo" "+1.99.0-beta.8" "build" "--frozen" "--message-format=json", kill_on_drop: false }`
[INFO] [stderr]    Compiling proc-macro2 v1.0.107
[INFO] [stderr]    Compiling quote v1.0.47
[INFO] [stderr]    Compiling zmij v1.0.23
[INFO] [stderr]    Compiling crossbeam-utils v0.8.22
[INFO] [stderr]    Compiling serde_json v1.0.151
[INFO] [stderr]    Compiling memchr v2.8.3
[INFO] [stderr]    Compiling ryg-rans-rs-core v0.5.1
[INFO] [stderr]    Compiling ryg-rans-rs-simd v0.5.1
[INFO] [stderr]    Compiling crossbeam-channel v0.5.16
[INFO] [stderr]    Compiling syn v3.0.3
[INFO] [stderr]    Compiling serde_derive v1.0.229
[INFO] [stderr]    Compiling serde v1.0.229
[INFO] [stderr]    Compiling ryg-rans-rs-parallel v0.5.1 (/opt/rustwide/workdir)
[INFO] [stdout] warning: unused import: `decode_plan::*`
[INFO] [stdout]    --> src/lib.rs:149:9
[INFO] [stdout]     |
[INFO] [stdout] 149 | pub use decode_plan::*;
[INFO] [stdout]     |         ^^^^^^^^^^^^^^
[INFO] [stdout]     |
[INFO] [stdout]     = note: `#[warn(unused_imports)]` (part of `#[warn(unused)]`) on by default
[INFO] [stdout] 
[INFO] [stdout] 
[INFO] [stderr]     Finished `dev` profile [unoptimized + debuginfo] target(s) in 12.52s
[INFO] running `Command { std: "docker" "inspect" "58c0496bba242768934f11753165e239e30de8f0d70bb02c0c85ff48fe4281e5", kill_on_drop: false }`
[INFO] running `Command { std: "docker" "exec" "-e" "SOURCE_DIR=/opt/rustwide/workdir" "-e" "CARGO_HOME=/opt/rustwide/cargo-home" "-e" "RUSTUP_HOME=/opt/rustwide/rustup-home" "-e" "CARGO_TARGET_DIR=/opt/rustwide/target" "-e" "CARGO_INCREMENTAL=0" "-e" "RUST_BACKTRACE=full" "-e" "RUSTFLAGS=--cap-lints=warn" "-e" "RUSTDOCFLAGS=--cap-lints=warn" "-w" "/opt/rustwide/workdir" "--user" "0:0" "58c0496bba242768934f11753165e239e30de8f0d70bb02c0c85ff48fe4281e5" "/opt/rustwide/cargo-home/bin/cargo" "+1.99.0-beta.8" "test" "--frozen" "--no-run" "--message-format=json", kill_on_drop: false }`
[INFO] [stderr]    Compiling libc v0.2.189
[INFO] [stderr]    Compiling getrandom v0.3.4
[INFO] [stderr]    Compiling zerocopy v0.8.55
[INFO] [stderr]    Compiling regex-syntax v0.8.11
[INFO] [stderr]    Compiling getrandom v0.4.3
[INFO] [stderr]    Compiling cc v1.4.0
[INFO] [stderr]    Compiling bitflags v2.13.1
[INFO] [stderr]    Compiling log v0.4.33
[INFO] [stderr]    Compiling rustix v1.1.4
[INFO] [stderr]    Compiling num-traits v0.2.19
[INFO] [stderr]    Compiling fastrand v2.5.0
[INFO] [stderr]    Compiling tracing v0.1.44
[INFO] [stderr]    Compiling tracing-log v0.2.0
[INFO] [stderr]    Compiling thread_local v1.1.10
[INFO] [stderr]    Compiling smallvec v1.15.2
[INFO] [stderr]    Compiling bit-vec v0.8.0
[INFO] [stderr]    Compiling bit-set v0.8.0
[INFO] [stderr]    Compiling scoped-tls v1.0.1
[INFO] [stderr]    Compiling unarray v0.1.4
[INFO] [stdout] warning: unused import: `decode_plan::*`
[INFO] [stdout]    --> src/lib.rs:149:9
[INFO] [stdout]     |
[INFO] [stdout] 149 | pub use decode_plan::*;
[INFO] [stdout]     |         ^^^^^^^^^^^^^^
[INFO] [stdout]     |
[INFO] [stdout]     = note: `#[warn(unused_imports)]` (part of `#[warn(unused)]`) on by default
[INFO] [stdout] 
[INFO] [stdout] 
[INFO] [stderr]    Compiling generator v0.8.9
[INFO] [stderr]    Compiling wait-timeout v0.2.1
[INFO] [stderr]    Compiling rand_core v0.9.5
[INFO] [stderr]    Compiling rand_xorshift v0.4.0
[INFO] [stderr]    Compiling rand v0.9.5
[INFO] [stderr]    Compiling tempfile v3.27.0
[INFO] [stderr]    Compiling rusty-fork v0.3.1
[INFO] [stderr]    Compiling regex-automata v0.4.16
[INFO] [stderr]    Compiling ppv-lite86 v0.2.21
[INFO] [stderr]    Compiling rand_chacha v0.9.0
[INFO] [stderr]    Compiling proptest v1.11.0
[INFO] [stderr]    Compiling matchers v0.2.0
[INFO] [stderr]    Compiling tracing-subscriber v0.3.23
[INFO] [stderr]    Compiling loom v0.7.2
[INFO] [stderr]    Compiling ryg-rans-rs-parallel v0.5.1 (/opt/rustwide/workdir)
[INFO] [stdout] warning: unused import: `decode_plan::*`
[INFO] [stdout]    --> src/lib.rs:149:9
[INFO] [stdout]     |
[INFO] [stdout] 149 | pub use decode_plan::*;
[INFO] [stdout]     |         ^^^^^^^^^^^^^^
[INFO] [stdout]     |
[INFO] [stdout]     = note: `#[warn(unused_imports)]` (part of `#[warn(unused)]`) on by default
[INFO] [stdout] 
[INFO] [stdout] 
[INFO] [stderr]     Finished `test` profile [unoptimized + debuginfo] target(s) in 41.20s
[INFO] running `Command { std: "docker" "inspect" "58c0496bba242768934f11753165e239e30de8f0d70bb02c0c85ff48fe4281e5", kill_on_drop: false }`
[INFO] running `Command { std: "docker" "exec" "-e" "SOURCE_DIR=/opt/rustwide/workdir" "-e" "CARGO_HOME=/opt/rustwide/cargo-home" "-e" "RUSTUP_HOME=/opt/rustwide/rustup-home" "-e" "CARGO_TARGET_DIR=/opt/rustwide/target" "-e" "CARGO_INCREMENTAL=0" "-e" "RUST_BACKTRACE=full" "-e" "RUSTFLAGS=--cap-lints=warn" "-e" "RUSTDOCFLAGS=--cap-lints=warn" "-w" "/opt/rustwide/workdir" "--user" "0:0" "58c0496bba242768934f11753165e239e30de8f0d70bb02c0c85ff48fe4281e5" "/opt/rustwide/cargo-home/bin/cargo" "+1.99.0-beta.8" "test" "--frozen", kill_on_drop: false }`
[INFO] [stderr] warning: unused import: `decode_plan::*`
[INFO] [stderr]    --> src/lib.rs:149:9
[INFO] [stderr]     |
[INFO] [stderr] 149 | pub use decode_plan::*;
[INFO] [stderr]     |         ^^^^^^^^^^^^^^
[INFO] [stderr]     |
[INFO] [stderr]     = note: `#[warn(unused_imports)]` (part of `#[warn(unused)]`) on by default
[INFO] [stderr] 
[INFO] [stderr] warning: `ryg-rans-rs-parallel` (lib) generated 1 warning (run `cargo fix --lib -p ryg-rans-rs-parallel` to apply 1 suggestion)
[INFO] [stderr] warning: `ryg-rans-rs-parallel` (lib test) generated 1 warning (1 duplicate)
[INFO] [stderr]     Finished `test` profile [unoptimized + debuginfo] target(s) in 0.17s
[INFO] [stderr]      Running unittests src/lib.rs (/opt/rustwide/target/debug/deps/ryg_rans_rs_parallel-f40e4b33a89b5f9c)
[INFO] [stdout] 
[INFO] [stdout] running 107 tests
[INFO] [stdout] test affinity::tests::test_target_cpu_explicit_empty_rejected ... ok
[INFO] [stdout] test affinity::tests::test_target_cpu_explicit_round_robin ... ok
[INFO] [stdout] test affinity::tests::test_target_cpu_none ... ok
[INFO] [stdout] test affinity::tests::test_target_cpu_compact ... ok
[INFO] [stdout] test cache::cancelled_builder_yields_to_next_caller ... ok
[INFO] [stdout] test cache::concurrent_build_failure_same_error_then_retry ... ok
[INFO] [stdout] test cache::concurrent_same_key_cold_burst_single_build ... ok
[INFO] [stdout] test cache::cancelled_waiter_never_removes_builder_marker ... ok
[INFO] [stdout] test cache::tests::canonical_constructor_validation ... ok
[INFO] [stdout] test cache::tests::clear_resets ... ok
[INFO] [stdout] test cache::tests::disabled_and_cached_error_equivalence ... ok
[INFO] [stdout] test cache::tests::duplicate_key_replaces ... ok
[INFO] [stdout] test cache::tests::exact_accounting_mixed_sizes ... ok
[INFO] [stdout] test cache::tests::disabled_cache_builds_directly ... ok
[INFO] [stdout] test cache::tests::exact_budget_boundary ... ok
[INFO] [stdout] test cache::tests::mixed_size_fifo_eviction ... ok
[INFO] [stdout] test cache::tests::bounded_cache_hit_shares_arc ... ok
[INFO] [stdout] test cache::tests::u64_boundary_accounting ... ok
[INFO] [stdout] test cache::tests::zero_capacity_disables ... ok
[INFO] [stdout] test cancellation::tests::test_cancel ... ok
[INFO] [stdout] test cancellation::tests::test_cancel_from_another_thread ... ok
[INFO] [stdout] test cancellation::tests::test_not_cancelled_by_default ... ok
[INFO] [stdout] test cache::cancelled_waiter_stops_waiting_build_completes ... ok
[INFO] [stdout] test cache::tests::key_completeness ... ok
[INFO] [stdout] test cache::concurrent_different_keys_each_build_once ... ok
[INFO] [stdout] test cache::tests::oversized_bypasses_but_delivers ... ok
[INFO] [stdout] test decode::tests::test_check_completeness_helper ... ok
[INFO] [stdout] test decode::tests::test_decode_blocks_with_cancel_pre_cancelled_sequential ... ok
[INFO] [stdout] test cache::cancelled_waiter_metrics_invariant_holds ... ok
[INFO] [stdout] test decode::tests::test_decode_streaming_with_cancel_pre_cancelled ... ok
[INFO] [stdout] test decode::tests::test_decode_with_sink_pre_cancelled ... ok
[INFO] [stdout] test decode::tests::test_deterministic ... ok
[INFO] [stdout] test decode::tests::test_decode_blocks_with_cancel_pre_cancelled_parallel ... ok
[INFO] [stdout] test decode::tests::test_disable_simd_conflict_is_typed_at_decode ... ok
[INFO] [stdout] test decode::tests::test_empty_input_roundtrip ... ok
[INFO] [stdout] test decode::tests::test_external_model_validation_errors ... ok
[INFO] [stdout] test cache::tests::builder_panic_is_typed_and_retryable ... ok
[INFO] [stdout] test decode::tests::test_external_model_roundtrip_and_reuse ... ok
[INFO] [stdout] test decode::tests::test_batch_and_raw_rle_backends_rejected_at_decode ... ok
[INFO] [stdout] test decode::tests::test_model_corruption_never_panics_and_never_passes ... ok
[INFO] [stdout] test decode::tests::test_backend_reports_agree_across_executable_backends ... ok
[INFO] [stdout] test decode::tests::test_parallel_determinism ... ok
[INFO] [stdout] test decode::tests::test_rejects_corrupt_decoded_hash ... ok
[INFO] [stdout] test decode::tests::test_rejects_truncated_block ... ok
[INFO] [stdout] test decode::tests::test_rejects_corrupt_payload_hash ... ok
[INFO] [stdout] test decode::tests::test_rejects_zero_hash_strict ... ok
[INFO] [stdout] test decode::tests::test_roundtrip_multiple_blocks ... ok
[INFO] [stdout] test decode::tests::test_roundtrip_nonuniform ... ok
[INFO] [stdout] test decode::tests::test_truncation_at_every_byte_never_panics ... ok
[INFO] [stdout] test decode::tests::test_roundtrip_uniform256 ... ok
[INFO] [stdout] test decode_plan::tests::test_batch_backend_rejected_at_plan_time ... ok
[INFO] [stdout] test decode_plan::tests::test_disable_simd_conflict_is_typed ... ok
[INFO] [stdout] test decode_plan::tests::test_explicit_avx2_plan_never_rewritten ... ok
[INFO] [stdout] test decode_plan::tests::test_explicit_simd_backends_map_to_real_plans ... ok
[INFO] [stdout] test decode::tests::test_zero_hash_allowed_under_legacy_policy ... ok
[INFO] [stdout] test decode_plan::tests::test_format_mismatch_rejected ... ok
[INFO] [stdout] test decode_plan::tests::test_model_aware_selects_table_free_for_uniform256 ... ok
[INFO] [stdout] test decode_plan::tests::test_portable_plan ... ok
[INFO] [stdout] test decode_plan::tests::test_raw_rle_backends_require_matching_block_kind ... ok
[INFO] [stdout] test decode_plan::tests::test_skewed_not_uniform ... ok
[INFO] [stdout] test decode_plan::tests::test_scalar8_plan ... ok
[INFO] [stdout] test decode_plan::tests::test_uniform256_backend_requires_uniform_model ... ok
[INFO] [stdout] test decode_plan::tests::test_uniform256_detection ... ok
[INFO] [stdout] test executor::tests::test_empty_tasks ... ok
[INFO] [stdout] test executor::tests::test_multiple_tasks ... ok
[INFO] [stdout] test executor::tests::test_external_cancellation ... FAILED
[INFO] [stdout] test executor::tests::test_single_task ... ok
[INFO] [stdout] test executor::tests::test_worker_panic_containment ... ok
[INFO] [stdout] test plan::tests::test_coverage ... ok
[INFO] [stdout] test plan::tests::test_empty ... ok
[INFO] [stdout] test plan::tests::test_no_gaps ... ok
[INFO] [stdout] test plan::tests::test_single ... ok
[INFO] [stdout] test plan::tests::test_version ... ok
[INFO] [stdout] test reorder::tests::test_buffer_full ... ok
[INFO] [stdout] test reorder::tests::test_byte_limit_reached ... ok
[INFO] [stdout] test reorder::tests::test_duplicate_rejected ... ok
[INFO] [stdout] test reorder::tests::test_empty_buffer ... ok
[INFO] [stdout] test reorder::tests::test_out_of_order_insert ... ok
[INFO] [stdout] test executor::tests::test_multiple_workers ... ok
[INFO] [stdout] test reorder::tests::test_reverse_order ... ok
[INFO] [stdout] test reorder::tests::test_sequential_insert ... ok
[INFO] [stdout] test reorder::tests::test_stale_index_rejected ... ok
[INFO] [stdout] test resource::tests::test_effective_worker_count_clamps ... ok
[INFO] [stdout] test resource::tests::test_estimate_memory_is_conservative_and_finite ... ok
[INFO] [stdout] test scratch::tests::test_pool ... ok
[INFO] [stdout] test scratch::tests::test_scratch_creation ... ok
[INFO] [stdout] test scratch::tests::test_scratch_reset ... ok
[INFO] [stdout] test decode::tests::test_uniform256_tablefree_executes_and_parities_with_scalar ... ok
[INFO] [stdout] test verify::tests::test_l2_clean_block_matching_hashes ... ok
[INFO] [stdout] test scratch::tests::test_scratch_reset_enforces_max_retain ... ok
[INFO] [stdout] test decode::tests::test_explicit_backend_executes_exactly_or_typed_error ... ok
[INFO] [stdout] test decode::tests::test_format_mismatch_rejected_at_decode ... ok
[INFO] [stdout] test verify::tests::test_l2_model_corruption_cannot_pass ... ok
[INFO] [stdout] test verify::tests::test_l2_corrupt_payload_fails ... ok
[INFO] [stdout] test verify::tests::test_l2_report_counts_hash_states ... ok
[INFO] [stdout] test verify::tests::test_l2_zero_decoded_hash_strict_fails ... ok
[INFO] [stdout] test verify::tests::test_l2_zero_decoded_hash_legacy_passes ... ok
[INFO] [stdout] test verify::tests::test_l2_one_bad_block_among_many ... ok
[INFO] [stdout] test verify::tests::test_verify_multiple_blocks ... ok
[INFO] [stdout] test verify::tests::test_l2_mismatched_decoded_hash_fails_both_policies ... ok
[INFO] [stdout] test verify::tests::test_verify_truncated_block ... ok
[INFO] [stdout] test verify::tests::test_verify_corrupt_payload ... ok
[INFO] [stdout] test verify::tests::test_verify_clean_block ... ok
[INFO] [stdout] test cache::cache_proptests::counters_match_shadow_model ... ok
[INFO] [stdout] test reorder::tests::test_permutation_atomic_commit ... ok
[INFO] [stdout] test decode::tests::test_header_field_mutations_never_panic ... ok
[INFO] [stdout] test decode::tests::test_randomized_cross_backend_differential ... ok
[INFO] [stdout] 
[INFO] [stdout] failures:
[INFO] [stdout] 
[INFO] [stdout] ---- executor::tests::test_external_cancellation stdout ----
[INFO] [stdout] 
[INFO] [stdout] thread 'executor::tests::test_external_cancellation' (1064) panicked at src/executor.rs:1048:66:
[INFO] [stdout] called `Result::unwrap()` on an `Err` value: Cancelled { completed: 24, expected: 50 }
[INFO] [stdout] stack backtrace:
[INFO] [stdout]    0:     0x5e73f95efc61 - std[70759c8f55707aa4]::backtrace_rs::backtrace::libunwind::trace
[INFO] [stdout]                                at /rustc/dfb0accb7f508ae8be965d8629557221c889dd98/library/std/src/../../backtrace/src/backtrace/libunwind.rs:117:9
[INFO] [stdout]    1:     0x5e73f95efc61 - std[70759c8f55707aa4]::backtrace_rs::backtrace::trace_unsynchronized::<std[70759c8f55707aa4]::sys::backtrace::_print_fmt::{closure#1}>
[INFO] [stdout]                                at /rustc/dfb0accb7f508ae8be965d8629557221c889dd98/library/std/src/../../backtrace/src/backtrace/mod.rs:66:14
[INFO] [stdout]    2:     0x5e73f95efc61 - std[70759c8f55707aa4]::sys::backtrace::_print_fmt
[INFO] [stdout]                                at /rustc/dfb0accb7f508ae8be965d8629557221c889dd98/library/std/src/sys/backtrace.rs:74:9
[INFO] [stdout]    3:     0x5e73f95efc61 - <<std[70759c8f55707aa4]::sys::backtrace::BacktraceLock>::print::DisplayBacktrace as core[df12db4294e9bfd3]::fmt::Display>::fmt
[INFO] [stdout]                                at /rustc/dfb0accb7f508ae8be965d8629557221c889dd98/library/std/src/sys/backtrace.rs:44:26
[INFO] [stdout]    4:     0x5e73f96058ea - <core[df12db4294e9bfd3]::fmt::rt::Argument>::fmt
[INFO] [stdout]                                at /rustc/dfb0accb7f508ae8be965d8629557221c889dd98/library/core/src/fmt/rt.rs:152:76
[INFO] [stdout]    5:     0x5e73f96058ea - core[df12db4294e9bfd3]::fmt::write
[INFO] [stdout]    6:     0x5e73f95f455c - core[df12db4294e9bfd3]::io::write::default_write_fmt::<alloc[2182bb758b4b3781]::vec::Vec<u8>>
[INFO] [stdout]                                at /rustc/dfb0accb7f508ae8be965d8629557221c889dd98/library/core/src/io/write.rs:402:11
[INFO] [stdout]    7:     0x5e73f95f455c - <alloc[2182bb758b4b3781]::vec::Vec<u8> as core[df12db4294e9bfd3]::io::write::Write>::write_fmt
[INFO] [stdout]                                at /rustc/dfb0accb7f508ae8be965d8629557221c889dd98/library/core/src/io/write.rs:335:13
[INFO] [stdout]    8:     0x5e73f95ca7a6 - <std[70759c8f55707aa4]::sys::backtrace::BacktraceLock>::print
[INFO] [stdout]                                at /rustc/dfb0accb7f508ae8be965d8629557221c889dd98/library/std/src/sys/backtrace.rs:47:9
[INFO] [stdout]    9:     0x5e73f95ca7a6 - std[70759c8f55707aa4]::panicking::default_hook::{closure#0}
[INFO] [stdout]                                at /rustc/dfb0accb7f508ae8be965d8629557221c889dd98/library/std/src/panicking.rs:292:27
[INFO] [stdout]   10:     0x5e73f95e7e79 - std[70759c8f55707aa4]::panicking::default_hook
[INFO] [stdout]                                at /rustc/dfb0accb7f508ae8be965d8629557221c889dd98/library/std/src/panicking.rs:316:9
[INFO] [stdout]   11:     0x5e73f94fee90 - <alloc[2182bb758b4b3781]::boxed::Box<dyn for<'a, 'b> core[df12db4294e9bfd3]::ops::function::Fn<(&'a std[70759c8f55707aa4]::panic::PanicHookInfo<'b>,), Output = ()> + core[df12db4294e9bfd3]::marker::Send + core[df12db4294e9bfd3]::marker::Sync> as core[df12db4294e9bfd3]::ops::function::Fn<(&std[70759c8f55707aa4]::panic::PanicHookInfo,)>>::call
[INFO] [stdout]                                at /rustc/dfb0accb7f508ae8be965d8629557221c889dd98/library/alloc/src/boxed.rs:2334:9
[INFO] [stdout]   12:     0x5e73f94fee90 - test[9d35eded1c95d3be]::test_main_inner::<test[9d35eded1c95d3be]::test_main_static::{closure#0}>::{closure#0}
[INFO] [stdout]                                at /rustc/dfb0accb7f508ae8be965d8629557221c889dd98/library/test/src/lib.rs:155:21
[INFO] [stdout]   13:     0x5e73f95e8032 - <alloc[2182bb758b4b3781]::boxed::Box<dyn for<'a, 'b> core[df12db4294e9bfd3]::ops::function::Fn<(&'a std[70759c8f55707aa4]::panic::PanicHookInfo<'b>,), Output = ()> + core[df12db4294e9bfd3]::marker::Send + core[df12db4294e9bfd3]::marker::Sync> as core[df12db4294e9bfd3]::ops::function::Fn<(&std[70759c8f55707aa4]::panic::PanicHookInfo,)>>::call
[INFO] [stdout]                                at /rustc/dfb0accb7f508ae8be965d8629557221c889dd98/library/alloc/src/boxed.rs:2334:9
[INFO] [stdout]   14:     0x5e73f95e8032 - std[70759c8f55707aa4]::panicking::panic_with_hook
[INFO] [stdout]                                at /rustc/dfb0accb7f508ae8be965d8629557221c889dd98/library/std/src/panicking.rs:823:13
[INFO] [stdout]   15:     0x5e73f95ca852 - std[70759c8f55707aa4]::panicking::panic_handler::{closure#0}
[INFO] [stdout]                                at /rustc/dfb0accb7f508ae8be965d8629557221c889dd98/library/std/src/panicking.rs:688:13
[INFO] [stdout]   16:     0x5e73f95c3489 - std[70759c8f55707aa4]::sys::backtrace::__rust_end_short_backtrace::<std[70759c8f55707aa4]::panicking::panic_handler::{closure#0}, !>
[INFO] [stdout]                                at /rustc/dfb0accb7f508ae8be965d8629557221c889dd98/library/std/src/sys/backtrace.rs:182:18
[INFO] [stdout]   17:     0x5e73f95cb44d - __rustc[8fa7c3cbc660c2b3]::rust_begin_unwind
[INFO] [stdout]                                at /rustc/dfb0accb7f508ae8be965d8629557221c889dd98/library/std/src/panicking.rs:679:5
[INFO] [stdout]   18:     0x5e73f960610c - core[df12db4294e9bfd3]::panicking::panic_fmt
[INFO] [stdout]                                at /rustc/dfb0accb7f508ae8be965d8629557221c889dd98/library/core/src/panicking.rs:80:14
[INFO] [stdout]   19:     0x5e73f9605e62 - core[df12db4294e9bfd3]::result::unwrap_failed
[INFO] [stdout]                                at /rustc/dfb0accb7f508ae8be965d8629557221c889dd98/library/core/src/result.rs:1871:5
[INFO] [stdout]   20:     0x5e73f941af93 - <core[df12db4294e9bfd3]::result::Result<ryg_rans_rs_parallel[588e20234267218f]::executor::ExecutorReport<u32>, ryg_rans_rs_parallel[588e20234267218f]::error::ParallelError>>::unwrap
[INFO] [stdout]                                at /rustc/dfb0accb7f508ae8be965d8629557221c889dd98/library/core/src/result.rs:1232:23
[INFO] [stdout]   21:     0x5e73f941af93 - ryg_rans_rs_parallel[588e20234267218f]::executor::tests::test_external_cancellation
[INFO] [stdout]                                at /opt/rustwide/workdir/src/executor.rs:1048:66
[INFO] [stdout]   22:     0x5e73f9414617 - ryg_rans_rs_parallel[588e20234267218f]::executor::tests::test_external_cancellation::{closure#0}
[INFO] [stdout]                                at /opt/rustwide/workdir/src/executor.rs:1038:36
[INFO] [stdout]   23:     0x5e73f93eeaf6 - <ryg_rans_rs_parallel[588e20234267218f]::executor::tests::test_external_cancellation::{closure#0} as core[df12db4294e9bfd3]::ops::function::FnOnce<()>>::call_once
[INFO] [stdout]                                at /rustc/dfb0accb7f508ae8be965d8629557221c889dd98/library/core/src/ops/function.rs:250:5
[INFO] [stdout]   24:     0x5e73f94f217b - <fn() -> core[df12db4294e9bfd3]::result::Result<(), alloc[2182bb758b4b3781]::string::String> as core[df12db4294e9bfd3]::ops::function::FnOnce<()>>::call_once
[INFO] [stdout]                                at /rustc/dfb0accb7f508ae8be965d8629557221c889dd98/library/core/src/ops/function.rs:250:5
[INFO] [stdout]   25:     0x5e73f94f217b - test[9d35eded1c95d3be]::__rust_begin_short_backtrace::<core[df12db4294e9bfd3]::result::Result<(), alloc[2182bb758b4b3781]::string::String>, fn() -> core[df12db4294e9bfd3]::result::Result<(), alloc[2182bb758b4b3781]::string::String>>
[INFO] [stdout]                                at /rustc/dfb0accb7f508ae8be965d8629557221c889dd98/library/test/src/lib.rs:733:18
[INFO] [stdout]   26:     0x5e73f94ff7e5 - test[9d35eded1c95d3be]::run_test_in_process::{closure#0}
[INFO] [stdout]                                at /rustc/dfb0accb7f508ae8be965d8629557221c889dd98/library/test/src/lib.rs:756:74
[INFO] [stdout]   27:     0x5e73f94ff7e5 - <core[df12db4294e9bfd3]::panic::unwind_safe::AssertUnwindSafe<test[9d35eded1c95d3be]::run_test_in_process::{closure#0}> as core[df12db4294e9bfd3]::ops::function::FnOnce<()>>::call_once
[INFO] [stdout]                                at /rustc/dfb0accb7f508ae8be965d8629557221c889dd98/library/core/src/panic/unwind_safe.rs:275:9
[INFO] [stdout]   28:     0x5e73f94ff7e5 - std[70759c8f55707aa4]::panicking::catch_unwind::do_call::<core[df12db4294e9bfd3]::panic::unwind_safe::AssertUnwindSafe<test[9d35eded1c95d3be]::run_test_in_process::{closure#0}>, core[df12db4294e9bfd3]::result::Result<(), alloc[2182bb758b4b3781]::string::String>>
[INFO] [stdout]                                at /rustc/dfb0accb7f508ae8be965d8629557221c889dd98/library/std/src/panicking.rs:576:43
[INFO] [stdout]   29:     0x5e73f94ff7e5 - std[70759c8f55707aa4]::panicking::catch_unwind::<core[df12db4294e9bfd3]::result::Result<(), alloc[2182bb758b4b3781]::string::String>, core[df12db4294e9bfd3]::panic::unwind_safe::AssertUnwindSafe<test[9d35eded1c95d3be]::run_test_in_process::{closure#0}>>
[INFO] [stdout]                                at /rustc/dfb0accb7f508ae8be965d8629557221c889dd98/library/std/src/panicking.rs:544:19
[INFO] [stdout]   30:     0x5e73f94ff7e5 - std[70759c8f55707aa4]::panic::catch_unwind::<core[df12db4294e9bfd3]::panic::unwind_safe::AssertUnwindSafe<test[9d35eded1c95d3be]::run_test_in_process::{closure#0}>, core[df12db4294e9bfd3]::result::Result<(), alloc[2182bb758b4b3781]::string::String>>
[INFO] [stdout]                                at /rustc/dfb0accb7f508ae8be965d8629557221c889dd98/library/std/src/panic.rs:359:14
[INFO] [stdout]   31:     0x5e73f94ff7e5 - test[9d35eded1c95d3be]::run_test_in_process
[INFO] [stdout]                                at /rustc/dfb0accb7f508ae8be965d8629557221c889dd98/library/test/src/lib.rs:756:27
[INFO] [stdout]   32:     0x5e73f94ff7e5 - test[9d35eded1c95d3be]::run_test::{closure#0}
[INFO] [stdout]                                at /rustc/dfb0accb7f508ae8be965d8629557221c889dd98/library/test/src/lib.rs:677:43
[INFO] [stdout]   33:     0x5e73f94f90a4 - test[9d35eded1c95d3be]::run_test::{closure#1}
[INFO] [stdout]                                at /rustc/dfb0accb7f508ae8be965d8629557221c889dd98/library/test/src/lib.rs:707:41
[INFO] [stdout]   34:     0x5e73f94f90a4 - std[70759c8f55707aa4]::sys::backtrace::__rust_begin_short_backtrace::<test[9d35eded1c95d3be]::run_test::{closure#1}, ()>
[INFO] [stdout]                                at /rustc/dfb0accb7f508ae8be965d8629557221c889dd98/library/std/src/sys/backtrace.rs:166:18
[INFO] [stdout]   35:     0x5e73f9502942 - std[70759c8f55707aa4]::thread::lifecycle::spawn_unchecked::<test[9d35eded1c95d3be]::run_test::{closure#1}, ()>::{closure#1}::{closure#0}
[INFO] [stdout]                                at /rustc/dfb0accb7f508ae8be965d8629557221c889dd98/library/std/src/thread/lifecycle.rs:70:13
[INFO] [stdout]   36:     0x5e73f9502942 - <core[df12db4294e9bfd3]::panic::unwind_safe::AssertUnwindSafe<std[70759c8f55707aa4]::thread::lifecycle::spawn_unchecked<test[9d35eded1c95d3be]::run_test::{closure#1}, ()>::{closure#1}::{closure#0}> as core[df12db4294e9bfd3]::ops::function::FnOnce<()>>::call_once
[INFO] [stdout]                                at /rustc/dfb0accb7f508ae8be965d8629557221c889dd98/library/core/src/panic/unwind_safe.rs:275:9
[INFO] [stdout]   37:     0x5e73f9502942 - std[70759c8f55707aa4]::panicking::catch_unwind::do_call::<core[df12db4294e9bfd3]::panic::unwind_safe::AssertUnwindSafe<std[70759c8f55707aa4]::thread::lifecycle::spawn_unchecked<test[9d35eded1c95d3be]::run_test::{closure#1}, ()>::{closure#1}::{closure#0}>, ()>
[INFO] [stdout]                                at /rustc/dfb0accb7f508ae8be965d8629557221c889dd98/library/std/src/panicking.rs:576:43
[INFO] [stdout]   38:     0x5e73f9502942 - std[70759c8f55707aa4]::panicking::catch_unwind::<(), core[df12db4294e9bfd3]::panic::unwind_safe::AssertUnwindSafe<std[70759c8f55707aa4]::thread::lifecycle::spawn_unchecked<test[9d35eded1c95d3be]::run_test::{closure#1}, ()>::{closure#1}::{closure#0}>>
[INFO] [stdout]                                at /rustc/dfb0accb7f508ae8be965d8629557221c889dd98/library/std/src/panicking.rs:544:19
[INFO] [stdout]   39:     0x5e73f9502942 - std[70759c8f55707aa4]::panic::catch_unwind::<core[df12db4294e9bfd3]::panic::unwind_safe::AssertUnwindSafe<std[70759c8f55707aa4]::thread::lifecycle::spawn_unchecked<test[9d35eded1c95d3be]::run_test::{closure#1}, ()>::{closure#1}::{closure#0}>, ()>
[INFO] [stdout]                                at /rustc/dfb0accb7f508ae8be965d8629557221c889dd98/library/std/src/panic.rs:359:14
[INFO] [stdout]   40:     0x5e73f9502942 - std[70759c8f55707aa4]::thread::lifecycle::spawn_unchecked::<test[9d35eded1c95d3be]::run_test::{closure#1}, ()>::{closure#1}
[INFO] [stdout]                                at /rustc/dfb0accb7f508ae8be965d8629557221c889dd98/library/std/src/thread/lifecycle.rs:68:26
[INFO] [stdout]   41:     0x5e73f9502942 - <std[70759c8f55707aa4]::thread::lifecycle::spawn_unchecked<test[9d35eded1c95d3be]::run_test::{closure#1}, ()>::{closure#1} as core[df12db4294e9bfd3]::ops::function::FnOnce<()>>::call_once::{shim:vtable#0}
[INFO] [stdout]                                at /rustc/dfb0accb7f508ae8be965d8629557221c889dd98/library/core/src/ops/function.rs:250:5
[INFO] [stdout]   42:     0x5e73f95ef509 - <alloc[2182bb758b4b3781]::boxed::Box<dyn core[df12db4294e9bfd3]::ops::function::FnOnce<(), Output = ()> + core[df12db4294e9bfd3]::marker::Send> as core[df12db4294e9bfd3]::ops::function::FnOnce<()>>::call_once
[INFO] [stdout]                                at /rustc/dfb0accb7f508ae8be965d8629557221c889dd98/library/alloc/src/boxed.rs:2320:9
[INFO] [stdout]   43:     0x5e73f95ef509 - <std[70759c8f55707aa4]::sys::thread::unix::Thread>::new::thread_start
[INFO] [stdout]                                at /rustc/dfb0accb7f508ae8be965d8629557221c889dd98/library/std/src/sys/thread/unix.rs:123:17
[INFO] [stdout]   44:     0x73d0bd863dfa - <unknown>
[INFO] [stdout]   45:     0x73d0bd8f73d4 - clone
[INFO] [stdout]   46:                0x0 - <unknown>
[INFO] [stdout] 
[INFO] [stdout] 
[INFO] [stdout] failures:
[INFO] [stdout]     executor::tests::test_external_cancellation
[INFO] [stdout] 
[INFO] [stdout] test result: FAILED. 106 passed; 1 failed; 0 ignored; 0 measured; 0 filtered out; finished in 6.70s
[INFO] [stdout] 
[INFO] [stderr] error: test failed, to rerun pass `--lib`
[INFO] running `Command { std: "docker" "inspect" "58c0496bba242768934f11753165e239e30de8f0d70bb02c0c85ff48fe4281e5", kill_on_drop: false }`
[INFO] running `Command { std: "docker" "rm" "-f" "58c0496bba242768934f11753165e239e30de8f0d70bb02c0c85ff48fe4281e5", kill_on_drop: false }`
[INFO] [stdout] 58c0496bba242768934f11753165e239e30de8f0d70bb02c0c85ff48fe4281e5
