[INFO] cloning repository https://github.com/therealhieu/splithello
[INFO] running `Command { std: "git" "-c" "credential.helper=" "-c" "credential.helper=/workspace/cargo-home/bin/git-credential-null" "clone" "--bare" "https://github.com/therealhieu/splithello" "/workspace/cache/git-repos/https%3A%2F%2Fgithub.com%2Ftherealhieu%2Fsplithello", kill_on_drop: false }`
[INFO] [stderr] Cloning into bare repository '/workspace/cache/git-repos/https%3A%2F%2Fgithub.com%2Ftherealhieu%2Fsplithello'...
[INFO] running `Command { std: "git" "rev-parse" "HEAD", kill_on_drop: false }`
[INFO] [stdout] 0e0bddf7dfec2c3e06a90501e0addf1db1bf07c5
[INFO] testing therealhieu/splithello against 1.99.0-beta.8 for beta-1.100-3
[INFO] running `Command { std: "git" "clone" "/workspace/cache/git-repos/https%3A%2F%2Fgithub.com%2Ftherealhieu%2Fsplithello" "/workspace/builds/worker-7-tc1/source", kill_on_drop: false }`
[INFO] [stderr] Cloning into '/workspace/builds/worker-7-tc1/source'...
[INFO] [stderr] done.
[INFO] started tweaking git repo https://github.com/therealhieu/splithello
[INFO] finished tweaking git repo https://github.com/therealhieu/splithello
[INFO] tweaked toml for git repo https://github.com/therealhieu/splithello written to /workspace/builds/worker-7-tc1/source/Cargo.toml
[INFO] validating manifest of git repo https://github.com/therealhieu/splithello on toolchain 1.99.0-beta.8
[INFO] running `Command { std: CARGO_HOME="/workspace/cargo-home" RUSTUP_HOME="/workspace/rustup-home" "/workspace/cargo-home/bin/cargo" "+1.99.0-beta.8" "metadata" "--manifest-path" "Cargo.toml" "--no-deps", kill_on_drop: false }`
[INFO] crate git repo https://github.com/therealhieu/splithello already has a lockfile, it will not be regenerated
[INFO] running `Command { std: CARGO_HOME="/workspace/cargo-home" RUSTUP_HOME="/workspace/rustup-home" "/workspace/cargo-home/bin/cargo" "+1.99.0-beta.8" "fetch" "--manifest-path" "Cargo.toml", kill_on_drop: false }`
[INFO] [stderr]  Downloading crates ...
[INFO] [stderr]   Downloaded rustls v0.23.44
[INFO] running `Command { std: "docker" "create" "-v" "/var/lib/crater-agent-workspace/builds/worker-7-tc1/source:/opt/rustwide/workdir:ro,Z" "-v" "/var/lib/crater-agent-workspace/builds/worker-7-tc1/target:/opt/rustwide/target:rw,Z" "-v" "/var/lib/crater-agent-workspace/cargo-home:/opt/rustwide/cargo-home:ro,Z" "-v" "/var/lib/crater-agent-workspace/rustup-home:/opt/rustwide/rustup-home:ro,Z" "-m" "1610612736" "--network" "none" "ghcr.io/rust-lang/crates-build-env/linux@sha256:77db811e55d90add9212f6832c23229e3de5f1c1f9905e8cb07319ea15df73ac" "sleep" "infinity", kill_on_drop: false }`
[INFO] [stdout] 3d1131e5065eeb92420bb98f13c02e54acf071a00b07307694eb1c2725f76352
[INFO] running `Command { std: "docker" "start" "3d1131e5065eeb92420bb98f13c02e54acf071a00b07307694eb1c2725f76352", kill_on_drop: false }`
[INFO] running `Command { std: "docker" "inspect" "3d1131e5065eeb92420bb98f13c02e54acf071a00b07307694eb1c2725f76352", kill_on_drop: false }`
[INFO] running `Command { std: "docker" "exec" "-e" "SOURCE_DIR=/opt/rustwide/workdir" "-e" "CARGO_HOME=/opt/rustwide/cargo-home" "-e" "RUSTUP_HOME=/opt/rustwide/rustup-home" "-e" "CARGO_TARGET_DIR=/opt/rustwide/target" "-w" "/opt/rustwide/workdir" "--user" "0:0" "3d1131e5065eeb92420bb98f13c02e54acf071a00b07307694eb1c2725f76352" "/opt/rustwide/cargo-home/bin/cargo" "+1.99.0-beta.8" "metadata" "--no-deps" "--format-version=1", kill_on_drop: false }`
[INFO] running `Command { std: "docker" "inspect" "3d1131e5065eeb92420bb98f13c02e54acf071a00b07307694eb1c2725f76352", kill_on_drop: false }`
[INFO] running `Command { std: "docker" "exec" "-e" "SOURCE_DIR=/opt/rustwide/workdir" "-e" "CARGO_HOME=/opt/rustwide/cargo-home" "-e" "RUSTUP_HOME=/opt/rustwide/rustup-home" "-e" "CARGO_TARGET_DIR=/opt/rustwide/target" "-e" "CARGO_INCREMENTAL=0" "-e" "RUST_BACKTRACE=full" "-e" "RUSTFLAGS=--cap-lints=warn" "-e" "RUSTDOCFLAGS=--cap-lints=warn" "-w" "/opt/rustwide/workdir" "--user" "0:0" "3d1131e5065eeb92420bb98f13c02e54acf071a00b07307694eb1c2725f76352" "/opt/rustwide/cargo-home/bin/cargo" "+1.99.0-beta.8" "build" "--frozen" "--message-format=json", kill_on_drop: false }`
[INFO] [stderr]    Compiling proc-macro2 v1.0.107
[INFO] [stderr]    Compiling unicode-ident v1.0.24
[INFO] [stderr]    Compiling libc v0.2.189
[INFO] [stderr]    Compiling portable-atomic v1.15.0
[INFO] [stderr]    Compiling pin-project-lite v0.2.17
[INFO] [stderr]    Compiling shlex v2.0.1
[INFO] [stderr]    Compiling quote v1.0.47
[INFO] [stderr]    Compiling find-msvc-tools v0.1.12
[INFO] [stderr]    Compiling critical-section v1.2.0
[INFO] [stderr]    Compiling bytes v1.12.1
[INFO] [stderr]    Compiling fs_extra v1.3.0
[INFO] [stderr]    Compiling futures-core v0.3.34
[INFO] [stderr]    Compiling pkg-config v0.3.34
[INFO] [stderr]    Compiling dunce v1.0.5
[INFO] [stderr]    Compiling litemap v0.8.3
[INFO] [stderr]    Compiling writeable v0.6.4
[INFO] [stderr]    Compiling smallvec v1.16.1
[INFO] [stderr]    Compiling icu_normalizer_data v2.3.0
[INFO] [stderr]    Compiling slab v0.4.12
[INFO] [stderr]    Compiling aws-lc-rs v1.18.1
[INFO] [stderr]    Compiling futures-task v0.3.34
[INFO] [stderr]    Compiling zeroize v1.9.0
[INFO] [stderr]    Compiling icu_properties_data v2.3.0
[INFO] [stderr]    Compiling rustls-pki-types v1.15.1
[INFO] [stderr]    Compiling hashbrown v0.17.1
[INFO] [stderr]    Compiling rustls v0.23.44
[INFO] [stderr]    Compiling once_cell v1.21.4
[INFO] [stderr]    Compiling http v1.5.0
[INFO] [stderr]    Compiling tracing-core v0.1.36
[INFO] [stderr]    Compiling syn v3.0.5
[INFO] [stderr]    Compiling syn v2.0.119
[INFO] [stderr]    Compiling futures-sink v0.3.34
[INFO] [stderr]    Compiling try-lock v0.2.5
[INFO] [stderr]    Compiling want v0.3.1
[INFO] [stderr]    Compiling form_urlencoded v1.2.2
[INFO] [stderr]    Compiling futures-channel v0.3.34
[INFO] [stderr]    Compiling rand_core v0.10.1
[INFO] [stderr]    Compiling http-body v1.1.0
[INFO] [stderr]    Compiling indexmap v2.14.2
[INFO] [stderr]    Compiling getrandom v0.4.3
[INFO] [stderr]    Compiling ipnet v2.12.2
[INFO] [stderr]    Compiling jobserver v0.1.35
[INFO] [stderr]    Compiling errno v0.3.14
[INFO] [stderr]    Compiling mio v1.2.3
[INFO] [stderr]    Compiling signal-hook-registry v1.4.8
[INFO] [stderr]    Compiling socket2 v0.6.5
[INFO] [stderr]    Compiling cc v1.4.6
[INFO] [stderr]    Compiling utf8parse v0.2.2
[INFO] [stderr]    Compiling anstyle-parse v1.0.0
[INFO] [stderr]    Compiling sync_wrapper v1.0.2
[INFO] [stderr]    Compiling cpufeatures v0.3.1
[INFO] [stderr]    Compiling colorchoice v1.0.5
[INFO] [stderr]    Compiling anstyle v1.0.14
[INFO] [stderr]    Compiling regex-syntax v0.8.11
[INFO] [stderr]    Compiling thiserror v2.0.20
[INFO] [stderr]    Compiling is_terminal_polyfill v1.70.2
[INFO] [stderr]    Compiling anstyle-query v1.1.5
[INFO] [stderr]    Compiling openssl-probe v0.2.1
[INFO] [stderr]    Compiling anstream v1.0.0
[INFO] [stderr]    Compiling rustls-native-certs v0.8.4
[INFO] [stderr]    Compiling chacha20 v0.10.2
[INFO] [stderr]    Compiling bitflags v2.13.2
[INFO] [stderr]    Compiling strsim v0.11.1
[INFO] [stderr]    Compiling clap_lex v1.1.0
[INFO] [stderr]    Compiling serde v1.0.229
[INFO] [stderr]    Compiling heck v0.5.0
[INFO] [stderr]    Compiling log v0.4.34
[INFO] [stderr]    Compiling lazy_static v1.5.0
[INFO] [stderr]    Compiling sharded-slab v0.1.7
[INFO] [stderr]    Compiling clap_builder v4.6.6
[INFO] [stderr]    Compiling rand v0.10.2
[INFO] [stderr]    Compiling http-body-util v0.1.5
[INFO] [stderr]    Compiling cmake v0.1.58
[INFO] [stderr]    Compiling regex-automata v0.4.18
[INFO] [stderr]    Compiling thread_local v1.1.10
[INFO] [stderr]    Compiling data-encoding v2.11.1
[INFO] [stderr]    Compiling base64 v0.23.1
[INFO] [stderr]    Compiling aws-lc-sys v0.45.0
[INFO] [stderr]    Compiling tinyvec v1.13.3
[INFO] [stderr]    Compiling toml v1.1.6+spec-1.1.0
[INFO] [stderr]    Compiling synstructure v0.13.2
[INFO] [stderr]    Compiling zerovec-derive v0.11.6
[INFO] [stderr]    Compiling displaydoc v0.2.7
[INFO] [stderr]    Compiling tokio-macros v2.7.2
[INFO] [stderr]    Compiling futures-macro v0.3.34
[INFO] [stderr]    Compiling thiserror-impl v2.0.20
[INFO] [stderr]    Compiling tokio v1.53.1
[INFO] [stderr]    Compiling zerofrom-derive v0.1.7
[INFO] [stderr]    Compiling yoke-derive v0.8.2
[INFO] [stderr]    Compiling futures-util v0.3.34
[INFO] [stderr]    Compiling tracing-attributes v0.1.31
[INFO] [stderr]    Compiling zerofrom v0.1.8
[INFO] [stderr]    Compiling matchers v0.2.0
[INFO] [stderr]    Compiling yoke v0.8.3
[INFO] [stderr]    Compiling serde_derive v1.0.229
[INFO] [stderr]    Compiling clap_derive v4.6.4
[INFO] [stderr]    Compiling zerovec v0.11.8
[INFO] [stderr]    Compiling zerotrie v0.2.5
[INFO] [stderr]    Compiling tracing v0.1.44
[INFO] [stderr]    Compiling tinystr v0.8.4
[INFO] [stderr]    Compiling potential_utf v0.1.6
[INFO] [stderr]    Compiling tracing-subscriber v0.3.23
[INFO] [stderr]    Compiling icu_collections v2.3.0
[INFO] [stderr]    Compiling icu_locale_core v2.3.0
[INFO] [stderr]    Compiling clap v4.6.6
[INFO] [stderr]    Compiling icu_provider v2.3.1
[INFO] [stderr]    Compiling icu_properties v2.3.0
[INFO] [stderr]    Compiling icu_normalizer v2.3.0
[INFO] [stderr]    Compiling tokio-util v0.7.19
[INFO] [stderr]    Compiling tower v0.5.3
[INFO] [stderr]    Compiling idna_adapter v1.2.2
[INFO] [stderr]    Compiling h2 v0.4.19
[INFO] [stderr]    Compiling idna v1.1.0
[INFO] [stderr]    Compiling url v2.5.8
[INFO] [stderr]    Compiling tower-http v0.6.11
[INFO] [stderr]    Compiling hickory-proto v0.26.3
[INFO] [stderr]    Compiling hyper v1.11.1
[INFO] [stderr]    Compiling hyper-util v0.1.20
[INFO] [stderr]    Compiling rustls-webpki v0.103.15
[INFO] [stderr]    Compiling tokio-rustls v0.26.5
[INFO] [stderr]    Compiling rustls-platform-verifier v0.7.0
[INFO] [stderr]    Compiling hyper-rustls v0.27.9
[INFO] [stderr]    Compiling reqwest v0.13.5
[INFO] [stderr]    Compiling splithello v0.1.0 (/opt/rustwide/workdir)
[INFO] [stderr]     Finished `dev` profile [unoptimized + debuginfo] target(s) in 2m 23s
[INFO] running `Command { std: "docker" "inspect" "3d1131e5065eeb92420bb98f13c02e54acf071a00b07307694eb1c2725f76352", kill_on_drop: false }`
[INFO] running `Command { std: "docker" "exec" "-e" "SOURCE_DIR=/opt/rustwide/workdir" "-e" "CARGO_HOME=/opt/rustwide/cargo-home" "-e" "RUSTUP_HOME=/opt/rustwide/rustup-home" "-e" "CARGO_TARGET_DIR=/opt/rustwide/target" "-e" "CARGO_INCREMENTAL=0" "-e" "RUST_BACKTRACE=full" "-e" "RUSTFLAGS=--cap-lints=warn" "-e" "RUSTDOCFLAGS=--cap-lints=warn" "-w" "/opt/rustwide/workdir" "--user" "0:0" "3d1131e5065eeb92420bb98f13c02e54acf071a00b07307694eb1c2725f76352" "/opt/rustwide/cargo-home/bin/cargo" "+1.99.0-beta.8" "test" "--frozen" "--no-run" "--message-format=json", kill_on_drop: false }`
[INFO] [stderr]    Compiling ring v0.17.14
[INFO] [stderr]    Compiling getrandom v0.2.17
[INFO] [stderr]    Compiling aho-corasick v1.1.5
[INFO] [stderr]    Compiling regex-syntax v0.8.11
[INFO] [stderr]    Compiling rustls v0.23.44
[INFO] [stderr]    Compiling autocfg v1.5.1
[INFO] [stderr]    Compiling bitflags v2.13.2
[INFO] [stderr]    Compiling num-conv v0.2.2
[INFO] [stderr]    Compiling deranged v0.5.8
[INFO] [stderr]    Compiling predicates-core v1.0.10
[INFO] [stderr]    Compiling time-core v0.1.9
[INFO] [stderr]    Compiling rustix v1.1.4
[INFO] [stderr]    Compiling tower-http v0.6.11
[INFO] [stderr]    Compiling linux-raw-sys v0.12.1
[INFO] [stderr]    Compiling num-traits v0.2.19
[INFO] [stderr]    Compiling termtree v0.5.1
[INFO] [stderr]    Compiling assert_cmd v2.2.2
[INFO] [stderr]    Compiling predicates-tree v1.0.13
[INFO] [stderr]    Compiling pem v4.0.0
[INFO] [stderr]    Compiling wait-timeout v0.2.1
[INFO] [stderr]    Compiling fastrand v2.5.0
[INFO] [stderr]    Compiling time v0.3.55
[INFO] [stderr]    Compiling float-cmp v0.10.0
[INFO] [stderr]    Compiling yasna v0.6.0
[INFO] [stderr]    Compiling regex-automata v0.4.18
[INFO] [stderr]    Compiling tempfile v3.27.0
[INFO] [stderr]    Compiling rustls-webpki v0.103.15
[INFO] [stderr]    Compiling rcgen v0.14.10
[INFO] [stderr]    Compiling regex v1.13.1
[INFO] [stderr]    Compiling matchers v0.2.0
[INFO] [stderr]    Compiling bstr v1.13.1
[INFO] [stderr]    Compiling tracing-subscriber v0.3.23
[INFO] [stderr]    Compiling predicates v3.1.4
[INFO] [stderr]    Compiling tokio-rustls v0.26.5
[INFO] [stderr]    Compiling rustls-platform-verifier v0.7.0
[INFO] [stderr]    Compiling hyper-rustls v0.27.9
[INFO] [stderr]    Compiling reqwest v0.13.5
[INFO] [stderr]    Compiling splithello v0.1.0 (/opt/rustwide/workdir)
[INFO] [stderr]     Finished `test` profile [unoptimized + debuginfo] target(s) in 1m 06s
[INFO] running `Command { std: "docker" "inspect" "3d1131e5065eeb92420bb98f13c02e54acf071a00b07307694eb1c2725f76352", kill_on_drop: false }`
[INFO] running `Command { std: "docker" "exec" "-e" "SOURCE_DIR=/opt/rustwide/workdir" "-e" "CARGO_HOME=/opt/rustwide/cargo-home" "-e" "RUSTUP_HOME=/opt/rustwide/rustup-home" "-e" "CARGO_TARGET_DIR=/opt/rustwide/target" "-e" "CARGO_INCREMENTAL=0" "-e" "RUST_BACKTRACE=full" "-e" "RUSTFLAGS=--cap-lints=warn" "-e" "RUSTDOCFLAGS=--cap-lints=warn" "-w" "/opt/rustwide/workdir" "--user" "0:0" "3d1131e5065eeb92420bb98f13c02e54acf071a00b07307694eb1c2725f76352" "/opt/rustwide/cargo-home/bin/cargo" "+1.99.0-beta.8" "test" "--frozen", kill_on_drop: false }`
[INFO] [stderr]     Finished `test` profile [unoptimized + debuginfo] target(s) in 0.31s
[INFO] [stderr]      Running unittests src/main.rs (/opt/rustwide/target/debug/deps/splithello-b87d365eaab63ffd)
[INFO] [stdout] 
[INFO] [stdout] running 66 tests
[INFO] [stdout] test cli::tests::start_requires_config_path ... ok
[INFO] [stdout] test config::tests::ephemeral_loopback_listener_mode_is_scoped_and_keeps_production_ports_safe ... ok
[INFO] [stdout] test cli::tests::start_accepts_exact_config_shape ... ok
[INFO] [stdout] test config::tests::rejects_unknown_missing_and_unsafe_values_with_exact_errors ... ok
[INFO] [stdout] test config::tests::repository_example_and_readme_define_the_same_operating_contract ... ok
[INFO] [stdout] test diagnostics::tests::outcome_strings_are_stable_kebab_case ... ok
[INFO] [stdout] test config::tests::representative_config_loads_and_materializes_defaults ... ok
[INFO] [stdout] test app::tests::drain_aborts_and_joins_stuck_tasks_at_deadline ... ok
[INFO] [stdout] test config::tests::validates_additional_ca_pem_during_loading ... ok
[INFO] [stdout] test diagnostics::tests::tunnel_report_formats_only_bounded_secret_safe_metadata ... ok
[INFO] [stdout] test dns::tests::builds_a_in_query_and_accepts_matching_a_and_bounded_cname_answers ... ok
[INFO] [stdout] test dns::tests::cache_obeys_expiry_ttl_ceiling_and_deterministic_lru_capacity ... ok
[INFO] [stdout] test app::tests::second_bind_failure_drops_the_first_listener_without_ready_runtime ... ok
[INFO] [stdout] test app::tests::direct_cancellation_seam_stops_services_and_closes_listeners ... ok
[INFO] [stdout] test dns::tests::doh_does_not_follow_redirects ... ok
[INFO] [stdout] test dns::tests::doh_posts_dns_message_reuses_cache_and_returns_only_ipv4 ... ok
[INFO] [stdout] test dns::tests::rejects_oversized_malformed_mismatched_truncated_rcode_and_empty_responses ... ok
[INFO] [stdout] test dns::tests::rejects_each_dns_identity_mismatch_with_exact_error ... ok
[INFO] [stdout] test dns::tests::rejects_unrelated_looping_and_excessive_cname_answers ... ok
[INFO] [stdout] test domain::tests::canonicalizes_case_trailing_dot_and_idna ... ok
[INFO] [stdout] test domain::tests::exact_only_rule_does_not_match_subdomains ... ok
[INFO] [stdout] test domain::tests::exact_rule_wins_over_parent_subdomain_rule ... ok
[INFO] [stdout] test pac::tests::emits_only_canonical_ascii_host_constants ... ok
[INFO] [stdout] test pac::tests::pac_cancellation_aborts_a_stalled_child_after_deadline ... ok
[INFO] [stdout] test domain::tests::rejects_invalid_domains_and_canonical_duplicates ... ok
[INFO] [stdout] test pac::tests::renders_deterministic_target_only_policy ... ok
[INFO] [stdout] test pac::tests::pac_server_serves_only_bounded_get_proxy_pac_and_survives_bad_clients ... ok
[INFO] [stdout] test pac::tests::uses_leading_dot_only_for_enabled_subdomains ... ok
[INFO] [stdout] test dns::tests::doh_rejects_declared_oversized_body_before_buffering ... ok
[INFO] [stdout] test proxy::tests::concurrent_malformed_selected_tunnel_does_not_break_direct_relay ... ok
[INFO] [stdout] test app::tests::start_binds_all_listeners_before_ready_and_exposes_actual_metadata ... ok
[INFO] [stdout] test proxy::tests::direct_handler_sends_200_only_after_upstream_and_relays_both_directions ... ok
[INFO] [stdout] test proxy::tests::direct_handler_never_acknowledges_an_unreachable_upstream ... ok
[INFO] [stdout] test proxy::tests::direct_resolution_timeout_returns_504_report_and_releases_permit ... ok
[INFO] [stdout] test proxy::tests::explicitly_configured_dynamic_port_does_not_allow_other_ports ... ok
[INFO] [stdout] test proxy::tests::injected_direct_resolution_preserves_candidate_family_and_order ... ok
[INFO] [stdout] test proxy::tests::parses_normalized_hostname_connect_request ... ok
[INFO] [stdout] test proxy::tests::proxy_server_isolates_client_errors_and_stops_accepting_on_cancellation ... ok
[INFO] [stdout] test proxy::tests::rejects_authority_matrix_with_exact_errors_and_statuses ... ok
[INFO] [stdout] test proxy::tests::rejects_disallowed_ports_and_body_semantics ... ok
[INFO] [stdout] test proxy::tests::rejects_header_matrix_with_exact_errors_and_statuses_without_panicking ... ok
[INFO] [stdout] test proxy::tests::rejects_incomplete_and_defensively_oversized_headers ... ok
[INFO] [stdout] test proxy::tests::rejects_unsupported_method_and_version_with_exact_status ... ok
[INFO] [stdout] test proxy::tests::direct_resolution_cancellation_returns_stable_report_without_200 ... ok
[INFO] [stdout] test app::tests::task_panic_maps_to_internal_error ... ok
[INFO] [stdout] test proxy::tests::candidate_connector_preserves_order_and_accepts_both_address_families ... FAILED
[INFO] [stdout] test proxy::tests::selected_reject_closes_only_tunnel_without_forwarding_prefix ... ok
[INFO] [stdout] test proxy::tests::selected_rule_is_explicit_in_state_without_affecting_direct_policy ... ok
[INFO] [stdout] test proxy::tests::selected_resolution_failure_happens_before_200_without_os_fallback ... ok
[INFO] [stdout] test proxy::tests::selected_safe_pass_through_is_forwarded_once_then_relay_stays_opaque ... ok
[INFO] [stdout] test tls::tests::distinguishes_safe_pass_through_from_rejection ... ok
[INFO] [stdout] test tls::tests::enforces_input_limit_and_never_panics_for_arbitrary_bounded_bytes ... ok
[INFO] [stdout] test tls::tests::parses_equivalent_client_hello_across_one_and_many_records ... ok
[INFO] [stdout] test tls::tests::preserves_consumed_extent_and_trailing_handshake_bytes ... ok
[INFO] [stdout] test tls::tests::preserves_trailing_handshake_and_opaque_buffered_bytes ... ok
[INFO] [stdout] test tls::tests::rejects_malformed_lengths_extensions_and_sni ... ok
[INFO] [stdout] test tls::tests::reports_need_more_for_every_truncated_valid_prefix ... ok
[INFO] [stdout] test dns::tests::client_rejects_malformed_additional_ca_and_system_results_preserve_families ... ok
[INFO] [stdout] test tls::tests::rewrites_matching_sni_into_two_valid_records_with_identical_handshake ... ok
[INFO] [stdout] test tls::tests::returns_explicit_need_more_pass_through_and_rejection_outcomes ... ok
[INFO] [stdout] test proxy::tests::selected_handler_uses_only_target_resolver_and_writes_one_rewritten_prefix ... ok
[INFO] [stdout] test domain::tests::matches_exact_and_enabled_subdomains_without_suffix_overmatch ... ok
[INFO] [stdout] test proxy::tests::stalled_connect_header_times_out_with_431_and_releases_waiting_permit ... ok
[INFO] [stdout] test proxy::tests::selected_client_hello_decision_has_one_total_timeout ... ok
[INFO] [stdout] test dns::tests::doh_rejects_unknown_length_stream_when_chunks_cross_body_limit ... ok
[INFO] [stdout] test proxy::tests::concurrency_permit_is_held_for_the_full_tunnel_lifetime ... ok
[INFO] [stdout] 
[INFO] [stdout] failures:
[INFO] [stdout] 
[INFO] [stdout] ---- proxy::tests::candidate_connector_preserves_order_and_accepts_both_address_families stdout ----
[INFO] [stdout] 
[INFO] [stdout] thread 'proxy::tests::candidate_connector_preserves_order_and_accepts_both_address_families' (3705) panicked at src/proxy.rs:1620:9:
[INFO] [stdout] assertion failed: matches!(error, ConnectError::Cancelled)
[INFO] [stdout] stack backtrace:
[INFO] [stdout]    0:     0x5fd67a1fd701 - std[70759c8f55707aa4]::backtrace_rs::backtrace::libunwind::trace
[INFO] [stdout]                                at /rustc/dfb0accb7f508ae8be965d8629557221c889dd98/library/std/src/../../backtrace/src/backtrace/libunwind.rs:117:9
[INFO] [stdout]    1:     0x5fd67a1fd701 - std[70759c8f55707aa4]::backtrace_rs::backtrace::trace_unsynchronized::<std[70759c8f55707aa4]::sys::backtrace::_print_fmt::{closure#1}>
[INFO] [stdout]                                at /rustc/dfb0accb7f508ae8be965d8629557221c889dd98/library/std/src/../../backtrace/src/backtrace/mod.rs:66:14
[INFO] [stdout]    2:     0x5fd67a1fd701 - std[70759c8f55707aa4]::sys::backtrace::_print_fmt
[INFO] [stdout]                                at /rustc/dfb0accb7f508ae8be965d8629557221c889dd98/library/std/src/sys/backtrace.rs:74:9
[INFO] [stdout]    3:     0x5fd67a1fd701 - <<std[70759c8f55707aa4]::sys::backtrace::BacktraceLock>::print::DisplayBacktrace as core[df12db4294e9bfd3]::fmt::Display>::fmt
[INFO] [stdout]                                at /rustc/dfb0accb7f508ae8be965d8629557221c889dd98/library/std/src/sys/backtrace.rs:44:26
[INFO] [stdout]    4:     0x5fd67a2156ba - <core[df12db4294e9bfd3]::fmt::rt::Argument>::fmt
[INFO] [stdout]                                at /rustc/dfb0accb7f508ae8be965d8629557221c889dd98/library/core/src/fmt/rt.rs:152:76
[INFO] [stdout]    5:     0x5fd67a2156ba - core[df12db4294e9bfd3]::fmt::write
[INFO] [stdout]    6:     0x5fd67a202b6c - core[df12db4294e9bfd3]::io::write::default_write_fmt::<alloc[2182bb758b4b3781]::vec::Vec<u8>>
[INFO] [stdout]                                at /rustc/dfb0accb7f508ae8be965d8629557221c889dd98/library/core/src/io/write.rs:402:11
[INFO] [stdout]    7:     0x5fd67a202b6c - <alloc[2182bb758b4b3781]::vec::Vec<u8> as core[df12db4294e9bfd3]::io::write::Write>::write_fmt
[INFO] [stdout]                                at /rustc/dfb0accb7f508ae8be965d8629557221c889dd98/library/core/src/io/write.rs:335:13
[INFO] [stdout]    8:     0x5fd67a1d62a6 - <std[70759c8f55707aa4]::sys::backtrace::BacktraceLock>::print
[INFO] [stdout]                                at /rustc/dfb0accb7f508ae8be965d8629557221c889dd98/library/std/src/sys/backtrace.rs:47:9
[INFO] [stdout]    9:     0x5fd67a1d62a6 - std[70759c8f55707aa4]::panicking::default_hook::{closure#0}
[INFO] [stdout]                                at /rustc/dfb0accb7f508ae8be965d8629557221c889dd98/library/std/src/panicking.rs:292:27
[INFO] [stdout]   10:     0x5fd67a1f3f39 - std[70759c8f55707aa4]::panicking::default_hook
[INFO] [stdout]                                at /rustc/dfb0accb7f508ae8be965d8629557221c889dd98/library/std/src/panicking.rs:316:9
[INFO] [stdout]   11:     0x5fd679eee790 - <alloc[2182bb758b4b3781]::boxed::Box<dyn for<'a, 'b> core[df12db4294e9bfd3]::ops::function::Fn<(&'a std[70759c8f55707aa4]::panic::PanicHookInfo<'b>,), Output = ()> + core[df12db4294e9bfd3]::marker::Send + core[df12db4294e9bfd3]::marker::Sync> as core[df12db4294e9bfd3]::ops::function::Fn<(&std[70759c8f55707aa4]::panic::PanicHookInfo,)>>::call
[INFO] [stdout]                                at /rustc/dfb0accb7f508ae8be965d8629557221c889dd98/library/alloc/src/boxed.rs:2334:9
[INFO] [stdout]   12:     0x5fd679eee790 - test[9d35eded1c95d3be]::test_main_inner::<test[9d35eded1c95d3be]::test_main_static::{closure#0}>::{closure#0}
[INFO] [stdout]                                at /rustc/dfb0accb7f508ae8be965d8629557221c889dd98/library/test/src/lib.rs:155:21
[INFO] [stdout]   13:     0x5fd67a1f4262 - <alloc[2182bb758b4b3781]::boxed::Box<dyn for<'a, 'b> core[df12db4294e9bfd3]::ops::function::Fn<(&'a std[70759c8f55707aa4]::panic::PanicHookInfo<'b>,), Output = ()> + core[df12db4294e9bfd3]::marker::Send + core[df12db4294e9bfd3]::marker::Sync> as core[df12db4294e9bfd3]::ops::function::Fn<(&std[70759c8f55707aa4]::panic::PanicHookInfo,)>>::call
[INFO] [stdout]                                at /rustc/dfb0accb7f508ae8be965d8629557221c889dd98/library/alloc/src/boxed.rs:2334:9
[INFO] [stdout]   14:     0x5fd67a1f4262 - std[70759c8f55707aa4]::panicking::panic_with_hook
[INFO] [stdout]                                at /rustc/dfb0accb7f508ae8be965d8629557221c889dd98/library/std/src/panicking.rs:823:13
[INFO] [stdout]   15:     0x5fd67a1d6384 - std[70759c8f55707aa4]::panicking::panic_handler::{closure#0}
[INFO] [stdout]                                at /rustc/dfb0accb7f508ae8be965d8629557221c889dd98/library/std/src/panicking.rs:681:13
[INFO] [stdout]   16:     0x5fd67a1ceca9 - std[70759c8f55707aa4]::sys::backtrace::__rust_end_short_backtrace::<std[70759c8f55707aa4]::panicking::panic_handler::{closure#0}, !>
[INFO] [stdout]                                at /rustc/dfb0accb7f508ae8be965d8629557221c889dd98/library/std/src/sys/backtrace.rs:182:18
[INFO] [stdout]   17:     0x5fd67a1d713d - __rustc[8fa7c3cbc660c2b3]::rust_begin_unwind
[INFO] [stdout]                                at /rustc/dfb0accb7f508ae8be965d8629557221c889dd98/library/std/src/panicking.rs:679:5
[INFO] [stdout]   18:     0x5fd67a215edc - core[df12db4294e9bfd3]::panicking::panic_fmt
[INFO] [stdout]                                at /rustc/dfb0accb7f508ae8be965d8629557221c889dd98/library/core/src/panicking.rs:80:14
[INFO] [stdout]   19:     0x5fd67a215ea2 - core[df12db4294e9bfd3]::panicking::panic
[INFO] [stdout]                                at /rustc/dfb0accb7f508ae8be965d8629557221c889dd98/library/core/src/panicking.rs:150:5
[INFO] [stdout]   20:     0x5fd6797c0bb4 - splithello[abd4e28dfae9ab18]::proxy::tests::candidate_connector_preserves_order_and_accepts_both_address_families::{closure#0}
[INFO] [stdout]                                at /opt/rustwide/workdir/src/proxy.rs:1620:9
[INFO] [stdout]   21:     0x5fd6797d3e22 - <core[df12db4294e9bfd3]::pin::Pin<&mut dyn core[df12db4294e9bfd3]::future::future::Future<Output = ()>> as core[df12db4294e9bfd3]::future::future::Future>::poll
[INFO] [stdout]                                at /rustc/dfb0accb7f508ae8be965d8629557221c889dd98/library/core/src/future/future.rs:133:9
[INFO] [stdout]   22:     0x5fd6797d3e9d - <core[df12db4294e9bfd3]::pin::Pin<&mut core[df12db4294e9bfd3]::pin::Pin<&mut dyn core[df12db4294e9bfd3]::future::future::Future<Output = ()>>> as core[df12db4294e9bfd3]::future::future::Future>::poll
[INFO] [stdout]                                at /rustc/dfb0accb7f508ae8be965d8629557221c889dd98/library/core/src/future/future.rs:133:9
[INFO] [stdout]   23:     0x5fd67968174d - <tokio[393717336d0df5ca]::runtime::scheduler::current_thread::CoreGuard>::block_on::<core[df12db4294e9bfd3]::pin::Pin<&mut core[df12db4294e9bfd3]::pin::Pin<&mut dyn core[df12db4294e9bfd3]::future::future::Future<Output = ()>>>>::{closure#0}::{closure#0}::{closure#0}
[INFO] [stdout]                                at /opt/rustwide/cargo-home/registry/src/index.crates.io-1949cf8c6b5b557f/tokio-1.53.1/src/runtime/scheduler/current_thread/mod.rs:830:70
[INFO] [stdout]   24:     0x5fd679681685 - tokio[393717336d0df5ca]::task::coop::with_budget::<core[df12db4294e9bfd3]::task::poll::Poll<()>, <tokio[393717336d0df5ca]::runtime::scheduler::current_thread::CoreGuard>::block_on<core[df12db4294e9bfd3]::pin::Pin<&mut core[df12db4294e9bfd3]::pin::Pin<&mut dyn core[df12db4294e9bfd3]::future::future::Future<Output = ()>>>>::{closure#0}::{closure#0}::{closure#0}>
[INFO] [stdout]                                at /opt/rustwide/cargo-home/registry/src/index.crates.io-1949cf8c6b5b557f/tokio-1.53.1/src/task/coop/mod.rs:167:5
[INFO] [stdout]   25:     0x5fd679681685 - tokio[393717336d0df5ca]::task::coop::budget::<core[df12db4294e9bfd3]::task::poll::Poll<()>, <tokio[393717336d0df5ca]::runtime::scheduler::current_thread::CoreGuard>::block_on<core[df12db4294e9bfd3]::pin::Pin<&mut core[df12db4294e9bfd3]::pin::Pin<&mut dyn core[df12db4294e9bfd3]::future::future::Future<Output = ()>>>>::{closure#0}::{closure#0}::{closure#0}>
[INFO] [stdout]                                at /opt/rustwide/cargo-home/registry/src/index.crates.io-1949cf8c6b5b557f/tokio-1.53.1/src/task/coop/mod.rs:133:5
[INFO] [stdout]   26:     0x5fd679681685 - <tokio[393717336d0df5ca]::runtime::scheduler::current_thread::CoreGuard>::block_on::<core[df12db4294e9bfd3]::pin::Pin<&mut core[df12db4294e9bfd3]::pin::Pin<&mut dyn core[df12db4294e9bfd3]::future::future::Future<Output = ()>>>>::{closure#0}::{closure#0}
[INFO] [stdout]                                at /opt/rustwide/cargo-home/registry/src/index.crates.io-1949cf8c6b5b557f/tokio-1.53.1/src/runtime/scheduler/current_thread/mod.rs:830:25
[INFO] [stdout]   27:     0x5fd67966d882 - <tokio[393717336d0df5ca]::runtime::scheduler::current_thread::Context>::enter::<core[df12db4294e9bfd3]::task::poll::Poll<()>, <tokio[393717336d0df5ca]::runtime::scheduler::current_thread::CoreGuard>::block_on<core[df12db4294e9bfd3]::pin::Pin<&mut core[df12db4294e9bfd3]::pin::Pin<&mut dyn core[df12db4294e9bfd3]::future::future::Future<Output = ()>>>>::{closure#0}::{closure#0}>
[INFO] [stdout]                                at /opt/rustwide/cargo-home/registry/src/index.crates.io-1949cf8c6b5b557f/tokio-1.53.1/src/runtime/scheduler/current_thread/mod.rs:488:19
[INFO] [stdout]   28:     0x5fd67968079d - <tokio[393717336d0df5ca]::runtime::scheduler::current_thread::CoreGuard>::block_on::<core[df12db4294e9bfd3]::pin::Pin<&mut core[df12db4294e9bfd3]::pin::Pin<&mut dyn core[df12db4294e9bfd3]::future::future::Future<Output = ()>>>>::{closure#0}
[INFO] [stdout]                                at /opt/rustwide/cargo-home/registry/src/index.crates.io-1949cf8c6b5b557f/tokio-1.53.1/src/runtime/scheduler/current_thread/mod.rs:829:44
[INFO] [stdout]   29:     0x5fd67967fa34 - <tokio[393717336d0df5ca]::runtime::scheduler::current_thread::CoreGuard>::enter::<<tokio[393717336d0df5ca]::runtime::scheduler::current_thread::CoreGuard>::block_on<core[df12db4294e9bfd3]::pin::Pin<&mut core[df12db4294e9bfd3]::pin::Pin<&mut dyn core[df12db4294e9bfd3]::future::future::Future<Output = ()>>>>::{closure#0}, core[df12db4294e9bfd3]::option::Option<()>>::{closure#0}
[INFO] [stdout]                                at /opt/rustwide/cargo-home/registry/src/index.crates.io-1949cf8c6b5b557f/tokio-1.53.1/src/runtime/scheduler/current_thread/mod.rs:906:68
[INFO] [stdout]   30:     0x5fd67976100b - <tokio[393717336d0df5ca]::runtime::context::scoped::Scoped<tokio[393717336d0df5ca]::runtime::scheduler::Context>>::set::<<tokio[393717336d0df5ca]::runtime::scheduler::current_thread::CoreGuard>::enter<<tokio[393717336d0df5ca]::runtime::scheduler::current_thread::CoreGuard>::block_on<core[df12db4294e9bfd3]::pin::Pin<&mut core[df12db4294e9bfd3]::pin::Pin<&mut dyn core[df12db4294e9bfd3]::future::future::Future<Output = ()>>>>::{closure#0}, core[df12db4294e9bfd3]::option::Option<()>>::{closure#0}, (alloc[2182bb758b4b3781]::boxed::Box<tokio[393717336d0df5ca]::runtime::scheduler::current_thread::Core>, core[df12db4294e9bfd3]::option::Option<()>)>
[INFO] [stdout]                                at /opt/rustwide/cargo-home/registry/src/index.crates.io-1949cf8c6b5b557f/tokio-1.53.1/src/runtime/context/scoped.rs:40:9
[INFO] [stdout]   31:     0x5fd67971b389 - tokio[393717336d0df5ca]::runtime::context::set_scheduler::<(alloc[2182bb758b4b3781]::boxed::Box<tokio[393717336d0df5ca]::runtime::scheduler::current_thread::Core>, core[df12db4294e9bfd3]::option::Option<()>), <tokio[393717336d0df5ca]::runtime::scheduler::current_thread::CoreGuard>::enter<<tokio[393717336d0df5ca]::runtime::scheduler::current_thread::CoreGuard>::block_on<core[df12db4294e9bfd3]::pin::Pin<&mut core[df12db4294e9bfd3]::pin::Pin<&mut dyn core[df12db4294e9bfd3]::future::future::Future<Output = ()>>>>::{closure#0}, core[df12db4294e9bfd3]::option::Option<()>>::{closure#0}>::{closure#0}
[INFO] [stdout]                                at /opt/rustwide/cargo-home/registry/src/index.crates.io-1949cf8c6b5b557f/tokio-1.53.1/src/runtime/context.rs:187:38
[INFO] [stdout]   32:     0x5fd67965cd8f - <std[70759c8f55707aa4]::thread::local::LocalKey<tokio[393717336d0df5ca]::runtime::context::Context>>::try_with::<tokio[393717336d0df5ca]::runtime::context::set_scheduler<(alloc[2182bb758b4b3781]::boxed::Box<tokio[393717336d0df5ca]::runtime::scheduler::current_thread::Core>, core[df12db4294e9bfd3]::option::Option<()>), <tokio[393717336d0df5ca]::runtime::scheduler::current_thread::CoreGuard>::enter<<tokio[393717336d0df5ca]::runtime::scheduler::current_thread::CoreGuard>::block_on<core[df12db4294e9bfd3]::pin::Pin<&mut core[df12db4294e9bfd3]::pin::Pin<&mut dyn core[df12db4294e9bfd3]::future::future::Future<Output = ()>>>>::{closure#0}, core[df12db4294e9bfd3]::option::Option<()>>::{closure#0}>::{closure#0}, (alloc[2182bb758b4b3781]::boxed::Box<tokio[393717336d0df5ca]::runtime::scheduler::current_thread::Core>, core[df12db4294e9bfd3]::option::Option<()>)>
[INFO] [stdout]                                at /rustc/dfb0accb7f508ae8be965d8629557221c889dd98/library/std/src/thread/local.rs:463:12
[INFO] [stdout]   33:     0x5fd67965c93e - <std[70759c8f55707aa4]::thread::local::LocalKey<tokio[393717336d0df5ca]::runtime::context::Context>>::with::<tokio[393717336d0df5ca]::runtime::context::set_scheduler<(alloc[2182bb758b4b3781]::boxed::Box<tokio[393717336d0df5ca]::runtime::scheduler::current_thread::Core>, core[df12db4294e9bfd3]::option::Option<()>), <tokio[393717336d0df5ca]::runtime::scheduler::current_thread::CoreGuard>::enter<<tokio[393717336d0df5ca]::runtime::scheduler::current_thread::CoreGuard>::block_on<core[df12db4294e9bfd3]::pin::Pin<&mut core[df12db4294e9bfd3]::pin::Pin<&mut dyn core[df12db4294e9bfd3]::future::future::Future<Output = ()>>>>::{closure#0}, core[df12db4294e9bfd3]::option::Option<()>>::{closure#0}>::{closure#0}, (alloc[2182bb758b4b3781]::boxed::Box<tokio[393717336d0df5ca]::runtime::scheduler::current_thread::Core>, core[df12db4294e9bfd3]::option::Option<()>)>
[INFO] [stdout]                                at /rustc/dfb0accb7f508ae8be965d8629557221c889dd98/library/std/src/thread/local.rs:427:20
[INFO] [stdout]   34:     0x5fd67970a3bd - tokio[393717336d0df5ca]::runtime::context::set_scheduler::<(alloc[2182bb758b4b3781]::boxed::Box<tokio[393717336d0df5ca]::runtime::scheduler::current_thread::Core>, core[df12db4294e9bfd3]::option::Option<()>), <tokio[393717336d0df5ca]::runtime::scheduler::current_thread::CoreGuard>::enter<<tokio[393717336d0df5ca]::runtime::scheduler::current_thread::CoreGuard>::block_on<core[df12db4294e9bfd3]::pin::Pin<&mut core[df12db4294e9bfd3]::pin::Pin<&mut dyn core[df12db4294e9bfd3]::future::future::Future<Output = ()>>>>::{closure#0}, core[df12db4294e9bfd3]::option::Option<()>>::{closure#0}>
[INFO] [stdout]                                at /opt/rustwide/cargo-home/registry/src/index.crates.io-1949cf8c6b5b557f/tokio-1.53.1/src/runtime/context.rs:187:17
[INFO] [stdout]   35:     0x5fd67967b090 - <tokio[393717336d0df5ca]::runtime::scheduler::current_thread::CoreGuard>::enter::<<tokio[393717336d0df5ca]::runtime::scheduler::current_thread::CoreGuard>::block_on<core[df12db4294e9bfd3]::pin::Pin<&mut core[df12db4294e9bfd3]::pin::Pin<&mut dyn core[df12db4294e9bfd3]::future::future::Future<Output = ()>>>>::{closure#0}, core[df12db4294e9bfd3]::option::Option<()>>
[INFO] [stdout]                                at /opt/rustwide/cargo-home/registry/src/index.crates.io-1949cf8c6b5b557f/tokio-1.53.1/src/runtime/scheduler/current_thread/mod.rs:906:27
[INFO] [stdout]   36:     0x5fd67967b386 - <tokio[393717336d0df5ca]::runtime::scheduler::current_thread::CoreGuard>::block_on::<core[df12db4294e9bfd3]::pin::Pin<&mut core[df12db4294e9bfd3]::pin::Pin<&mut dyn core[df12db4294e9bfd3]::future::future::Future<Output = ()>>>>
[INFO] [stdout]                                at /opt/rustwide/cargo-home/registry/src/index.crates.io-1949cf8c6b5b557f/tokio-1.53.1/src/runtime/scheduler/current_thread/mod.rs:817:24
[INFO] [stdout]   37:     0x5fd67967f7e0 - <tokio[393717336d0df5ca]::runtime::scheduler::current_thread::CurrentThread>::block_on::<core[df12db4294e9bfd3]::pin::Pin<&mut dyn core[df12db4294e9bfd3]::future::future::Future<Output = ()>>>::{closure#0}
[INFO] [stdout]                                at /opt/rustwide/cargo-home/registry/src/index.crates.io-1949cf8c6b5b557f/tokio-1.53.1/src/runtime/scheduler/current_thread/mod.rs:218:33
[INFO] [stdout]   38:     0x5fd6796665d8 - tokio[393717336d0df5ca]::runtime::context::runtime::enter_runtime::<<tokio[393717336d0df5ca]::runtime::scheduler::current_thread::CurrentThread>::block_on<core[df12db4294e9bfd3]::pin::Pin<&mut dyn core[df12db4294e9bfd3]::future::future::Future<Output = ()>>>::{closure#0}, ()>
[INFO] [stdout]                                at /opt/rustwide/cargo-home/registry/src/index.crates.io-1949cf8c6b5b557f/tokio-1.53.1/src/runtime/context/runtime.rs:65:16
[INFO] [stdout]   39:     0x5fd67966d174 - <tokio[393717336d0df5ca]::runtime::scheduler::current_thread::CurrentThread>::block_on::<core[df12db4294e9bfd3]::pin::Pin<&mut dyn core[df12db4294e9bfd3]::future::future::Future<Output = ()>>>
[INFO] [stdout]                                at /opt/rustwide/cargo-home/registry/src/index.crates.io-1949cf8c6b5b557f/tokio-1.53.1/src/runtime/scheduler/current_thread/mod.rs:206:9
[INFO] [stdout]   40:     0x5fd67965131f - <tokio[393717336d0df5ca]::runtime::runtime::Runtime>::block_on_inner::<core[df12db4294e9bfd3]::pin::Pin<&mut dyn core[df12db4294e9bfd3]::future::future::Future<Output = ()>>>
[INFO] [stdout]                                at /opt/rustwide/cargo-home/registry/src/index.crates.io-1949cf8c6b5b557f/tokio-1.53.1/src/runtime/runtime.rs:374:52
[INFO] [stdout]   41:     0x5fd67965146b - <tokio[393717336d0df5ca]::runtime::runtime::Runtime>::block_on::<core[df12db4294e9bfd3]::pin::Pin<&mut dyn core[df12db4294e9bfd3]::future::future::Future<Output = ()>>>
[INFO] [stdout]                                at /opt/rustwide/cargo-home/registry/src/index.crates.io-1949cf8c6b5b557f/tokio-1.53.1/src/runtime/runtime.rs:343:18
[INFO] [stdout]   42:     0x5fd6797d1895 - splithello[abd4e28dfae9ab18]::proxy::tests::candidate_connector_preserves_order_and_accepts_both_address_families
[INFO] [stdout]                                at /opt/rustwide/workdir/src/proxy.rs:1620:58
[INFO] [stdout]   43:     0x5fd6797a9277 - splithello[abd4e28dfae9ab18]::proxy::tests::candidate_connector_preserves_order_and_accepts_both_address_families::{closure#0}
[INFO] [stdout]                                at /opt/rustwide/workdir/src/proxy.rs:1589:85
[INFO] [stdout]   44:     0x5fd6795f5016 - <splithello[abd4e28dfae9ab18]::proxy::tests::candidate_connector_preserves_order_and_accepts_both_address_families::{closure#0} as core[df12db4294e9bfd3]::ops::function::FnOnce<()>>::call_once
[INFO] [stdout]                                at /rustc/dfb0accb7f508ae8be965d8629557221c889dd98/library/core/src/ops/function.rs:250:5
[INFO] [stdout]   45:     0x5fd679ee1a7b - <fn() -> core[df12db4294e9bfd3]::result::Result<(), alloc[2182bb758b4b3781]::string::String> as core[df12db4294e9bfd3]::ops::function::FnOnce<()>>::call_once
[INFO] [stdout]                                at /rustc/dfb0accb7f508ae8be965d8629557221c889dd98/library/core/src/ops/function.rs:250:5
[INFO] [stdout]   46:     0x5fd679ee1a7b - test[9d35eded1c95d3be]::__rust_begin_short_backtrace::<core[df12db4294e9bfd3]::result::Result<(), alloc[2182bb758b4b3781]::string::String>, fn() -> core[df12db4294e9bfd3]::result::Result<(), alloc[2182bb758b4b3781]::string::String>>
[INFO] [stdout]                                at /rustc/dfb0accb7f508ae8be965d8629557221c889dd98/library/test/src/lib.rs:733:18
[INFO] [stdout]   47:     0x5fd679eef0e5 - test[9d35eded1c95d3be]::run_test_in_process::{closure#0}
[INFO] [stdout]                                at /rustc/dfb0accb7f508ae8be965d8629557221c889dd98/library/test/src/lib.rs:756:74
[INFO] [stdout]   48:     0x5fd679eef0e5 - <core[df12db4294e9bfd3]::panic::unwind_safe::AssertUnwindSafe<test[9d35eded1c95d3be]::run_test_in_process::{closure#0}> as core[df12db4294e9bfd3]::ops::function::FnOnce<()>>::call_once
[INFO] [stdout]                                at /rustc/dfb0accb7f508ae8be965d8629557221c889dd98/library/core/src/panic/unwind_safe.rs:275:9
[INFO] [stdout]   49:     0x5fd679eef0e5 - std[70759c8f55707aa4]::panicking::catch_unwind::do_call::<core[df12db4294e9bfd3]::panic::unwind_safe::AssertUnwindSafe<test[9d35eded1c95d3be]::run_test_in_process::{closure#0}>, core[df12db4294e9bfd3]::result::Result<(), alloc[2182bb758b4b3781]::string::String>>
[INFO] [stdout]                                at /rustc/dfb0accb7f508ae8be965d8629557221c889dd98/library/std/src/panicking.rs:576:43
[INFO] [stdout]   50:     0x5fd679eef0e5 - std[70759c8f55707aa4]::panicking::catch_unwind::<core[df12db4294e9bfd3]::result::Result<(), alloc[2182bb758b4b3781]::string::String>, core[df12db4294e9bfd3]::panic::unwind_safe::AssertUnwindSafe<test[9d35eded1c95d3be]::run_test_in_process::{closure#0}>>
[INFO] [stdout]                                at /rustc/dfb0accb7f508ae8be965d8629557221c889dd98/library/std/src/panicking.rs:544:19
[INFO] [stdout]   51:     0x5fd679eef0e5 - std[70759c8f55707aa4]::panic::catch_unwind::<core[df12db4294e9bfd3]::panic::unwind_safe::AssertUnwindSafe<test[9d35eded1c95d3be]::run_test_in_process::{closure#0}>, core[df12db4294e9bfd3]::result::Result<(), alloc[2182bb758b4b3781]::string::String>>
[INFO] [stdout]                                at /rustc/dfb0accb7f508ae8be965d8629557221c889dd98/library/std/src/panic.rs:359:14
[INFO] [stdout]   52:     0x5fd679eef0e5 - test[9d35eded1c95d3be]::run_test_in_process
[INFO] [stdout]                                at /rustc/dfb0accb7f508ae8be965d8629557221c889dd98/library/test/src/lib.rs:756:27
[INFO] [stdout]   53:     0x5fd679eef0e5 - test[9d35eded1c95d3be]::run_test::{closure#0}
[INFO] [stdout]                                at /rustc/dfb0accb7f508ae8be965d8629557221c889dd98/library/test/src/lib.rs:677:43
[INFO] [stdout]   54:     0x5fd679ee89a4 - test[9d35eded1c95d3be]::run_test::{closure#1}
[INFO] [stdout]                                at /rustc/dfb0accb7f508ae8be965d8629557221c889dd98/library/test/src/lib.rs:707:41
[INFO] [stdout]   55:     0x5fd679ee89a4 - std[70759c8f55707aa4]::sys::backtrace::__rust_begin_short_backtrace::<test[9d35eded1c95d3be]::run_test::{closure#1}, ()>
[INFO] [stdout]                                at /rustc/dfb0accb7f508ae8be965d8629557221c889dd98/library/std/src/sys/backtrace.rs:166:18
[INFO] [stdout]   56:     0x5fd679ef2242 - std[70759c8f55707aa4]::thread::lifecycle::spawn_unchecked::<test[9d35eded1c95d3be]::run_test::{closure#1}, ()>::{closure#1}::{closure#0}
[INFO] [stdout]                                at /rustc/dfb0accb7f508ae8be965d8629557221c889dd98/library/std/src/thread/lifecycle.rs:70:13
[INFO] [stdout]   57:     0x5fd679ef2242 - <core[df12db4294e9bfd3]::panic::unwind_safe::AssertUnwindSafe<std[70759c8f55707aa4]::thread::lifecycle::spawn_unchecked<test[9d35eded1c95d3be]::run_test::{closure#1}, ()>::{closure#1}::{closure#0}> as core[df12db4294e9bfd3]::ops::function::FnOnce<()>>::call_once
[INFO] [stdout]                                at /rustc/dfb0accb7f508ae8be965d8629557221c889dd98/library/core/src/panic/unwind_safe.rs:275:9
[INFO] [stdout]   58:     0x5fd679ef2242 - std[70759c8f55707aa4]::panicking::catch_unwind::do_call::<core[df12db4294e9bfd3]::panic::unwind_safe::AssertUnwindSafe<std[70759c8f55707aa4]::thread::lifecycle::spawn_unchecked<test[9d35eded1c95d3be]::run_test::{closure#1}, ()>::{closure#1}::{closure#0}>, ()>
[INFO] [stdout]                                at /rustc/dfb0accb7f508ae8be965d8629557221c889dd98/library/std/src/panicking.rs:576:43
[INFO] [stdout]   59:     0x5fd679ef2242 - std[70759c8f55707aa4]::panicking::catch_unwind::<(), core[df12db4294e9bfd3]::panic::unwind_safe::AssertUnwindSafe<std[70759c8f55707aa4]::thread::lifecycle::spawn_unchecked<test[9d35eded1c95d3be]::run_test::{closure#1}, ()>::{closure#1}::{closure#0}>>
[INFO] [stdout]                                at /rustc/dfb0accb7f508ae8be965d8629557221c889dd98/library/std/src/panicking.rs:544:19
[INFO] [stdout]   60:     0x5fd679ef2242 - std[70759c8f55707aa4]::panic::catch_unwind::<core[df12db4294e9bfd3]::panic::unwind_safe::AssertUnwindSafe<std[70759c8f55707aa4]::thread::lifecycle::spawn_unchecked<test[9d35eded1c95d3be]::run_test::{closure#1}, ()>::{closure#1}::{closure#0}>, ()>
[INFO] [stdout]                                at /rustc/dfb0accb7f508ae8be965d8629557221c889dd98/library/std/src/panic.rs:359:14
[INFO] [stdout]   61:     0x5fd679ef2242 - std[70759c8f55707aa4]::thread::lifecycle::spawn_unchecked::<test[9d35eded1c95d3be]::run_test::{closure#1}, ()>::{closure#1}
[INFO] [stdout]                                at /rustc/dfb0accb7f508ae8be965d8629557221c889dd98/library/std/src/thread/lifecycle.rs:68:26
[INFO] [stdout]   62:     0x5fd679ef2242 - <std[70759c8f55707aa4]::thread::lifecycle::spawn_unchecked<test[9d35eded1c95d3be]::run_test::{closure#1}, ()>::{closure#1} as core[df12db4294e9bfd3]::ops::function::FnOnce<()>>::call_once::{shim:vtable#0}
[INFO] [stdout]                                at /rustc/dfb0accb7f508ae8be965d8629557221c889dd98/library/core/src/ops/function.rs:250:5
[INFO] [stdout]   63:     0x5fd67a1fc3a9 - <alloc[2182bb758b4b3781]::boxed::Box<dyn core[df12db4294e9bfd3]::ops::function::FnOnce<(), Output = ()> + core[df12db4294e9bfd3]::marker::Send> as core[df12db4294e9bfd3]::ops::function::FnOnce<()>>::call_once
[INFO] [stdout]                                at /rustc/dfb0accb7f508ae8be965d8629557221c889dd98/library/alloc/src/boxed.rs:2320:9
[INFO] [stdout]   64:     0x5fd67a1fc3a9 - <std[70759c8f55707aa4]::sys::thread::unix::Thread>::new::thread_start
[INFO] [stdout]                                at /rustc/dfb0accb7f508ae8be965d8629557221c889dd98/library/std/src/sys/thread/unix.rs:123:17
[INFO] [stdout]   65:     0x778407231dfa - <unknown>
[INFO] [stdout]   66:     0x7784072c53d4 - clone
[INFO] [stdout]   67:                0x0 - <unknown>
[INFO] [stdout] 
[INFO] [stdout] 
[INFO] [stdout] failures:
[INFO] [stdout]     proxy::tests::candidate_connector_preserves_order_and_accepts_both_address_families
[INFO] [stdout] 
[INFO] [stdout] test result: FAILED. 65 passed; 1 failed; 0 ignored; 0 measured; 0 filtered out; finished in 2.45s
[INFO] [stdout] 
[INFO] [stderr] error: test failed, to rerun pass `--bin splithello`
[INFO] running `Command { std: "docker" "inspect" "3d1131e5065eeb92420bb98f13c02e54acf071a00b07307694eb1c2725f76352", kill_on_drop: false }`
[INFO] running `Command { std: "docker" "rm" "-f" "3d1131e5065eeb92420bb98f13c02e54acf071a00b07307694eb1c2725f76352", kill_on_drop: false }`
[INFO] [stdout] 3d1131e5065eeb92420bb98f13c02e54acf071a00b07307694eb1c2725f76352
