[INFO] cloning repository https://github.com/hsqStephenZhang/git-rs
[INFO] running `Command { std: "git" "-c" "credential.helper=" "-c" "credential.helper=/workspace/cargo-home/bin/git-credential-null" "clone" "--bare" "https://github.com/hsqStephenZhang/git-rs" "/workspace/cache/git-repos/https%3A%2F%2Fgithub.com%2FhsqStephenZhang%2Fgit-rs", kill_on_drop: false }`
[INFO] [stderr] Cloning into bare repository '/workspace/cache/git-repos/https%3A%2F%2Fgithub.com%2FhsqStephenZhang%2Fgit-rs'...
[INFO] running `Command { std: "git" "rev-parse" "HEAD", kill_on_drop: false }`
[INFO] [stdout] f0040f78c24ff93e60cefe6b989614af8e7761d4
[INFO] testing hsqStephenZhang/git-rs against 1.99.0-beta.8 for beta-1.100-3
[INFO] running `Command { std: "git" "clone" "/workspace/cache/git-repos/https%3A%2F%2Fgithub.com%2FhsqStephenZhang%2Fgit-rs" "/workspace/builds/worker-7-tc1/source", kill_on_drop: false }`
[INFO] [stderr] Cloning into '/workspace/builds/worker-7-tc1/source'...
[INFO] [stderr] done.
[INFO] started tweaking git repo https://github.com/hsqStephenZhang/git-rs
[INFO] finished tweaking git repo https://github.com/hsqStephenZhang/git-rs
[INFO] tweaked toml for git repo https://github.com/hsqStephenZhang/git-rs written to /workspace/builds/worker-7-tc1/source/Cargo.toml
[INFO] validating manifest of git repo https://github.com/hsqStephenZhang/git-rs on toolchain 1.99.0-beta.8
[INFO] running `Command { std: CARGO_HOME="/workspace/cargo-home" RUSTUP_HOME="/workspace/rustup-home" "/workspace/cargo-home/bin/cargo" "+1.99.0-beta.8" "metadata" "--manifest-path" "Cargo.toml" "--no-deps", kill_on_drop: false }`
[INFO] crate git repo https://github.com/hsqStephenZhang/git-rs already has a lockfile, it will not be regenerated
[INFO] running `Command { std: CARGO_HOME="/workspace/cargo-home" RUSTUP_HOME="/workspace/rustup-home" "/workspace/cargo-home/bin/cargo" "+1.99.0-beta.8" "fetch" "--manifest-path" "Cargo.toml", kill_on_drop: false }`
[INFO] [stderr]     Updating crates.io index
[INFO] [stderr]  Downloading crates ...
[INFO] [stderr]   Downloaded thiserror-impl v1.0.30
[INFO] [stderr]   Downloaded thiserror v1.0.30
[INFO] [stderr]   Downloaded quote v1.0.10
[INFO] [stderr]   Downloaded proc-macro2 v1.0.32
[INFO] [stderr]   Downloaded sha-1 v0.9.4
[INFO] [stderr]   Downloaded cpuid-bool v0.1.2
[INFO] [stderr]   Downloaded hex-literal v0.3.1
[INFO] [stderr]   Downloaded version_check v0.9.2
[INFO] [stderr]   Downloaded simplelog v0.11.0
[INFO] [stderr]   Downloaded termcolor v1.1.2
[INFO] [stderr]   Downloaded structopt-derive v0.4.18
[INFO] [stderr]   Downloaded time v0.1.44
[INFO] [stderr]   Downloaded typenum v1.12.0
[INFO] [stderr]   Downloaded memchr v2.4.1
[INFO] [stderr]   Downloaded structopt v0.3.25
[INFO] [stderr]   Downloaded nom v7.1.0
[INFO] [stderr]   Downloaded syn v1.0.82
[INFO] [stderr]   Downloaded clap v2.34.0
[INFO] [stderr]   Downloaded libc v0.2.88
[INFO] running `Command { std: "docker" "create" "-v" "/var/lib/crater-agent-workspace/builds/worker-7-tc1/source:/opt/rustwide/workdir:ro,Z" "-v" "/var/lib/crater-agent-workspace/builds/worker-7-tc1/target:/opt/rustwide/target:rw,Z" "-v" "/var/lib/crater-agent-workspace/cargo-home:/opt/rustwide/cargo-home:ro,Z" "-v" "/var/lib/crater-agent-workspace/rustup-home:/opt/rustwide/rustup-home:ro,Z" "-m" "1610612736" "--network" "none" "ghcr.io/rust-lang/crates-build-env/linux@sha256:77db811e55d90add9212f6832c23229e3de5f1c1f9905e8cb07319ea15df73ac" "sleep" "infinity", kill_on_drop: false }`
[INFO] [stdout] 93680ef6b1a1e1f121f385f6843c57a350754cc0f10d0f479ec3f8f8d3dd37aa
[INFO] running `Command { std: "docker" "start" "93680ef6b1a1e1f121f385f6843c57a350754cc0f10d0f479ec3f8f8d3dd37aa", kill_on_drop: false }`
[INFO] running `Command { std: "docker" "inspect" "93680ef6b1a1e1f121f385f6843c57a350754cc0f10d0f479ec3f8f8d3dd37aa", kill_on_drop: false }`
[INFO] running `Command { std: "docker" "exec" "-e" "SOURCE_DIR=/opt/rustwide/workdir" "-e" "CARGO_HOME=/opt/rustwide/cargo-home" "-e" "RUSTUP_HOME=/opt/rustwide/rustup-home" "-e" "CARGO_TARGET_DIR=/opt/rustwide/target" "-w" "/opt/rustwide/workdir" "--user" "0:0" "93680ef6b1a1e1f121f385f6843c57a350754cc0f10d0f479ec3f8f8d3dd37aa" "/opt/rustwide/cargo-home/bin/cargo" "+1.99.0-beta.8" "metadata" "--no-deps" "--format-version=1", kill_on_drop: false }`
[INFO] running `Command { std: "docker" "inspect" "93680ef6b1a1e1f121f385f6843c57a350754cc0f10d0f479ec3f8f8d3dd37aa", kill_on_drop: false }`
[INFO] running `Command { std: "docker" "exec" "-e" "SOURCE_DIR=/opt/rustwide/workdir" "-e" "CARGO_HOME=/opt/rustwide/cargo-home" "-e" "RUSTUP_HOME=/opt/rustwide/rustup-home" "-e" "CARGO_TARGET_DIR=/opt/rustwide/target" "-e" "CARGO_INCREMENTAL=0" "-e" "RUST_BACKTRACE=full" "-e" "RUSTFLAGS=--cap-lints=warn" "-e" "RUSTDOCFLAGS=--cap-lints=warn" "-w" "/opt/rustwide/workdir" "--user" "0:0" "93680ef6b1a1e1f121f385f6843c57a350754cc0f10d0f479ec3f8f8d3dd37aa" "/opt/rustwide/cargo-home/bin/cargo" "+1.99.0-beta.8" "build" "--frozen" "--message-format=json", kill_on_drop: false }`
[INFO] [stderr]    Compiling version_check v0.9.2
[INFO] [stderr]    Compiling autocfg v1.0.1
[INFO] [stderr]    Compiling proc-macro2 v1.0.32
[INFO] [stderr]    Compiling unicode-xid v0.2.2
[INFO] [stderr]    Compiling syn v1.0.82
[INFO] [stderr]    Compiling typenum v1.12.0
[INFO] [stderr]    Compiling libc v0.2.88
[INFO] [stderr]    Compiling memchr v2.4.1
[INFO] [stderr]    Compiling crc32fast v1.2.1
[INFO] [stderr]    Compiling unicode-segmentation v1.8.0
[INFO] [stderr]    Compiling unicode-width v0.1.9
[INFO] [stderr]    Compiling log v0.4.14
[INFO] [stderr]    Compiling same-file v1.0.6
[INFO] [stderr]    Compiling cpuid-bool v0.1.2
[INFO] [stderr]    Compiling termcolor v1.1.2
[INFO] [stderr]    Compiling itoa v0.4.8
[INFO] [stderr]    Compiling textwrap v0.11.0
[INFO] [stderr]    Compiling hex-literal v0.3.1
[INFO] [stderr]    Compiling walkdir v2.3.2
[INFO] [stderr]    Compiling generic-array v0.14.4
[INFO] [stderr]    Compiling proc-macro-error-attr v1.0.4
[INFO] [stderr]    Compiling proc-macro-error v1.0.4
[INFO] [stderr]    Compiling nom v7.1.0
[INFO] [stderr]    Compiling clap v2.34.0
[INFO] [stderr]    Compiling num-traits v0.2.14
[INFO] [stderr]    Compiling num-integer v0.1.44
[INFO] [stderr]    Compiling miniz_oxide v0.4.4
[INFO] [stderr]    Compiling time v0.1.44
[INFO] [stderr]    Compiling heck v0.3.3
[INFO] [stderr]    Compiling quote v1.0.10
[INFO] [stderr]    Compiling flate2 v1.0.20
[INFO] [stderr]    Compiling chrono v0.4.19
[INFO] [stderr]    Compiling digest v0.9.0
[INFO] [stderr]    Compiling block-buffer v0.9.0
[INFO] [stderr]    Compiling sha-1 v0.9.4
[INFO] [stderr]    Compiling simplelog v0.11.0
[INFO] [stderr]    Compiling thiserror-impl v1.0.30
[INFO] [stderr]    Compiling structopt-derive v0.4.18
[INFO] [stderr]    Compiling thiserror v1.0.30
[INFO] [stderr]    Compiling structopt v0.3.25
[INFO] [stderr]    Compiling git-rs v0.1.0 (/opt/rustwide/workdir)
[INFO] [stdout] warning: eliding a lifetime that's named elsewhere is confusing
[INFO] [stdout]   --> src/parser/decode.rs:20:81
[INFO] [stdout]    |
[INFO] [stdout] 20 | pub fn decode_object<'a, E: ParseError<&'a [u8]>>(content: &'a [u8]) -> IResult<&[u8], Object, E> {
[INFO] [stdout]    |                                                             --                  ^^^^^ the same lifetime is elided here
[INFO] [stdout]    |                                                             |
[INFO] [stdout]    |                                                             the lifetime is named here
[INFO] [stdout]    |
[INFO] [stdout]    = help: the same lifetime is referred to in inconsistent ways, making the signature confusing
[INFO] [stdout]    = note: `#[warn(mismatched_lifetime_syntaxes)]` on by default
[INFO] [stdout] help: consistently use `'a`
[INFO] [stdout]    |
[INFO] [stdout] 20 | pub fn decode_object<'a, E: ParseError<&'a [u8]>>(content: &'a [u8]) -> IResult<&'a [u8], Object, E> {
[INFO] [stdout]    |                                                                                  ++
[INFO] [stdout] 
[INFO] [stdout] 
[INFO] [stdout] warning: eliding a lifetime that's named elsewhere is confusing
[INFO] [stdout]   --> src/parser/decode.rs:25:79
[INFO] [stdout]    |
[INFO] [stdout] 25 | pub fn decode_blob<'a, E: ParseError<&'a [u8]>>(content: &'a [u8]) -> IResult<&[u8], Object, E> {
[INFO] [stdout]    |                                                           --                  ^^^^^ the same lifetime is elided here
[INFO] [stdout]    |                                                           |
[INFO] [stdout]    |                                                           the lifetime is named here
[INFO] [stdout]    |
[INFO] [stdout]    = help: the same lifetime is referred to in inconsistent ways, making the signature confusing
[INFO] [stdout] help: consistently use `'a`
[INFO] [stdout]    |
[INFO] [stdout] 25 | pub fn decode_blob<'a, E: ParseError<&'a [u8]>>(content: &'a [u8]) -> IResult<&'a [u8], Object, E> {
[INFO] [stdout]    |                                                                                ++
[INFO] [stdout] 
[INFO] [stdout] 
[INFO] [stdout] warning: eliding a lifetime that's named elsewhere is confusing
[INFO] [stdout]   --> src/parser/decode.rs:35:79
[INFO] [stdout]    |
[INFO] [stdout] 35 | pub fn decode_tree<'a, E: ParseError<&'a [u8]>>(content: &'a [u8]) -> IResult<&[u8], Object, E> {
[INFO] [stdout]    |                                                           --                  ^^^^^ the same lifetime is elided here
[INFO] [stdout]    |                                                           |
[INFO] [stdout]    |                                                           the lifetime is named here
[INFO] [stdout]    |
[INFO] [stdout]    = help: the same lifetime is referred to in inconsistent ways, making the signature confusing
[INFO] [stdout] help: consistently use `'a`
[INFO] [stdout]    |
[INFO] [stdout] 35 | pub fn decode_tree<'a, E: ParseError<&'a [u8]>>(content: &'a [u8]) -> IResult<&'a [u8], Object, E> {
[INFO] [stdout]    |                                                                                ++
[INFO] [stdout] 
[INFO] [stdout] 
[INFO] [stdout] warning: eliding a lifetime that's named elsewhere is confusing
[INFO] [stdout]   --> src/parser/decode.rs:60:81
[INFO] [stdout]    |
[INFO] [stdout] 60 | pub fn decode_commit<'a, E: ParseError<&'a [u8]>>(content: &'a [u8]) -> IResult<&[u8], Object, E> {
[INFO] [stdout]    |                                                             --                  ^^^^^ the same lifetime is elided here
[INFO] [stdout]    |                                                             |
[INFO] [stdout]    |                                                             the lifetime is named here
[INFO] [stdout]    |
[INFO] [stdout]    = help: the same lifetime is referred to in inconsistent ways, making the signature confusing
[INFO] [stdout] help: consistently use `'a`
[INFO] [stdout]    |
[INFO] [stdout] 60 | pub fn decode_commit<'a, E: ParseError<&'a [u8]>>(content: &'a [u8]) -> IResult<&'a [u8], Object, E> {
[INFO] [stdout]    |                                                                                  ++
[INFO] [stdout] 
[INFO] [stdout] 
[INFO] [stderr]     Finished `dev` profile [unoptimized + debuginfo] target(s) in 13.80s
[INFO] running `Command { std: "docker" "inspect" "93680ef6b1a1e1f121f385f6843c57a350754cc0f10d0f479ec3f8f8d3dd37aa", kill_on_drop: false }`
[INFO] running `Command { std: "docker" "exec" "-e" "SOURCE_DIR=/opt/rustwide/workdir" "-e" "CARGO_HOME=/opt/rustwide/cargo-home" "-e" "RUSTUP_HOME=/opt/rustwide/rustup-home" "-e" "CARGO_TARGET_DIR=/opt/rustwide/target" "-e" "CARGO_INCREMENTAL=0" "-e" "RUST_BACKTRACE=full" "-e" "RUSTFLAGS=--cap-lints=warn" "-e" "RUSTDOCFLAGS=--cap-lints=warn" "-w" "/opt/rustwide/workdir" "--user" "0:0" "93680ef6b1a1e1f121f385f6843c57a350754cc0f10d0f479ec3f8f8d3dd37aa" "/opt/rustwide/cargo-home/bin/cargo" "+1.99.0-beta.8" "test" "--frozen" "--no-run" "--message-format=json", kill_on_drop: false }`
[INFO] [stderr]    Compiling git-rs v0.1.0 (/opt/rustwide/workdir)
[INFO] [stdout] warning: eliding a lifetime that's named elsewhere is confusing
[INFO] [stdout]   --> src/parser/decode.rs:20:81
[INFO] [stdout]    |
[INFO] [stdout] 20 | pub fn decode_object<'a, E: ParseError<&'a [u8]>>(content: &'a [u8]) -> IResult<&[u8], Object, E> {
[INFO] [stdout]    |                                                             --                  ^^^^^ the same lifetime is elided here
[INFO] [stdout]    |                                                             |
[INFO] [stdout]    |                                                             the lifetime is named here
[INFO] [stdout]    |
[INFO] [stdout]    = help: the same lifetime is referred to in inconsistent ways, making the signature confusing
[INFO] [stdout]    = note: `#[warn(mismatched_lifetime_syntaxes)]` on by default
[INFO] [stdout] help: consistently use `'a`
[INFO] [stdout]    |
[INFO] [stdout] 20 | pub fn decode_object<'a, E: ParseError<&'a [u8]>>(content: &'a [u8]) -> IResult<&'a [u8], Object, E> {
[INFO] [stdout]    |                                                                                  ++
[INFO] [stdout] 
[INFO] [stdout] 
[INFO] [stdout] warning: eliding a lifetime that's named elsewhere is confusing
[INFO] [stdout]   --> src/parser/decode.rs:25:79
[INFO] [stdout]    |
[INFO] [stdout] 25 | pub fn decode_blob<'a, E: ParseError<&'a [u8]>>(content: &'a [u8]) -> IResult<&[u8], Object, E> {
[INFO] [stdout]    |                                                           --                  ^^^^^ the same lifetime is elided here
[INFO] [stdout]    |                                                           |
[INFO] [stdout]    |                                                           the lifetime is named here
[INFO] [stdout]    |
[INFO] [stdout]    = help: the same lifetime is referred to in inconsistent ways, making the signature confusing
[INFO] [stdout] help: consistently use `'a`
[INFO] [stdout]    |
[INFO] [stdout] 25 | pub fn decode_blob<'a, E: ParseError<&'a [u8]>>(content: &'a [u8]) -> IResult<&'a [u8], Object, E> {
[INFO] [stdout]    |                                                                                ++
[INFO] [stdout] 
[INFO] [stdout] 
[INFO] [stdout] warning: eliding a lifetime that's named elsewhere is confusing
[INFO] [stdout]   --> src/parser/decode.rs:35:79
[INFO] [stdout]    |
[INFO] [stdout] 35 | pub fn decode_tree<'a, E: ParseError<&'a [u8]>>(content: &'a [u8]) -> IResult<&[u8], Object, E> {
[INFO] [stdout]    |                                                           --                  ^^^^^ the same lifetime is elided here
[INFO] [stdout]    |                                                           |
[INFO] [stdout]    |                                                           the lifetime is named here
[INFO] [stdout]    |
[INFO] [stdout]    = help: the same lifetime is referred to in inconsistent ways, making the signature confusing
[INFO] [stdout] help: consistently use `'a`
[INFO] [stdout]    |
[INFO] [stdout] 35 | pub fn decode_tree<'a, E: ParseError<&'a [u8]>>(content: &'a [u8]) -> IResult<&'a [u8], Object, E> {
[INFO] [stdout]    |                                                                                ++
[INFO] [stdout] 
[INFO] [stdout] 
[INFO] [stdout] warning: eliding a lifetime that's named elsewhere is confusing
[INFO] [stdout]   --> src/parser/decode.rs:60:81
[INFO] [stdout]    |
[INFO] [stdout] 60 | pub fn decode_commit<'a, E: ParseError<&'a [u8]>>(content: &'a [u8]) -> IResult<&[u8], Object, E> {
[INFO] [stdout]    |                                                             --                  ^^^^^ the same lifetime is elided here
[INFO] [stdout]    |                                                             |
[INFO] [stdout]    |                                                             the lifetime is named here
[INFO] [stdout]    |
[INFO] [stdout]    = help: the same lifetime is referred to in inconsistent ways, making the signature confusing
[INFO] [stdout] help: consistently use `'a`
[INFO] [stdout]    |
[INFO] [stdout] 60 | pub fn decode_commit<'a, E: ParseError<&'a [u8]>>(content: &'a [u8]) -> IResult<&'a [u8], Object, E> {
[INFO] [stdout]    |                                                                                  ++
[INFO] [stdout] 
[INFO] [stdout] 
[INFO] [stderr]     Finished `test` profile [unoptimized + debuginfo] target(s) in 1.14s
[INFO] running `Command { std: "docker" "inspect" "93680ef6b1a1e1f121f385f6843c57a350754cc0f10d0f479ec3f8f8d3dd37aa", kill_on_drop: false }`
[INFO] running `Command { std: "docker" "exec" "-e" "SOURCE_DIR=/opt/rustwide/workdir" "-e" "CARGO_HOME=/opt/rustwide/cargo-home" "-e" "RUSTUP_HOME=/opt/rustwide/rustup-home" "-e" "CARGO_TARGET_DIR=/opt/rustwide/target" "-e" "CARGO_INCREMENTAL=0" "-e" "RUST_BACKTRACE=full" "-e" "RUSTFLAGS=--cap-lints=warn" "-e" "RUSTDOCFLAGS=--cap-lints=warn" "-w" "/opt/rustwide/workdir" "--user" "0:0" "93680ef6b1a1e1f121f385f6843c57a350754cc0f10d0f479ec3f8f8d3dd37aa" "/opt/rustwide/cargo-home/bin/cargo" "+1.99.0-beta.8" "test" "--frozen", kill_on_drop: false }`
[INFO] [stderr] warning: eliding a lifetime that's named elsewhere is confusing
[INFO] [stderr]   --> src/parser/decode.rs:20:81
[INFO] [stderr]    |
[INFO] [stderr] 20 | pub fn decode_object<'a, E: ParseError<&'a [u8]>>(content: &'a [u8]) -> IResult<&[u8], Object, E> {
[INFO] [stderr]    |                                                             --                  ^^^^^ the same lifetime is elided here
[INFO] [stderr]    |                                                             |
[INFO] [stderr]    |                                                             the lifetime is named here
[INFO] [stderr]    |
[INFO] [stderr]    = help: the same lifetime is referred to in inconsistent ways, making the signature confusing
[INFO] [stderr]    = note: `#[warn(mismatched_lifetime_syntaxes)]` on by default
[INFO] [stderr] help: consistently use `'a`
[INFO] [stderr]    |
[INFO] [stderr] 20 | pub fn decode_object<'a, E: ParseError<&'a [u8]>>(content: &'a [u8]) -> IResult<&'a [u8], Object, E> {
[INFO] [stderr]    |                                                                                  ++
[INFO] [stderr] 
[INFO] [stderr] warning: eliding a lifetime that's named elsewhere is confusing
[INFO] [stderr]   --> src/parser/decode.rs:25:79
[INFO] [stderr]    |
[INFO] [stderr] 25 | pub fn decode_blob<'a, E: ParseError<&'a [u8]>>(content: &'a [u8]) -> IResult<&[u8], Object, E> {
[INFO] [stderr]    |                                                           --                  ^^^^^ the same lifetime is elided here
[INFO] [stderr]    |                                                           |
[INFO] [stderr]    |                                                           the lifetime is named here
[INFO] [stderr]    |
[INFO] [stderr]    = help: the same lifetime is referred to in inconsistent ways, making the signature confusing
[INFO] [stderr] help: consistently use `'a`
[INFO] [stderr]    |
[INFO] [stderr] 25 | pub fn decode_blob<'a, E: ParseError<&'a [u8]>>(content: &'a [u8]) -> IResult<&'a [u8], Object, E> {
[INFO] [stderr]    |                                                                                ++
[INFO] [stderr] 
[INFO] [stderr] warning: eliding a lifetime that's named elsewhere is confusing
[INFO] [stderr]   --> src/parser/decode.rs:35:79
[INFO] [stderr]    |
[INFO] [stderr] 35 | pub fn decode_tree<'a, E: ParseError<&'a [u8]>>(content: &'a [u8]) -> IResult<&[u8], Object, E> {
[INFO] [stderr]    |                                                           --                  ^^^^^ the same lifetime is elided here
[INFO] [stderr]    |                                                           |
[INFO] [stderr]    |                                                           the lifetime is named here
[INFO] [stderr]    |
[INFO] [stderr]    = help: the same lifetime is referred to in inconsistent ways, making the signature confusing
[INFO] [stderr] help: consistently use `'a`
[INFO] [stderr]    |
[INFO] [stderr] 35 | pub fn decode_tree<'a, E: ParseError<&'a [u8]>>(content: &'a [u8]) -> IResult<&'a [u8], Object, E> {
[INFO] [stderr]    |                                                                                ++
[INFO] [stderr] 
[INFO] [stderr] warning: eliding a lifetime that's named elsewhere is confusing
[INFO] [stderr]   --> src/parser/decode.rs:60:81
[INFO] [stderr]    |
[INFO] [stderr] 60 | pub fn decode_commit<'a, E: ParseError<&'a [u8]>>(content: &'a [u8]) -> IResult<&[u8], Object, E> {
[INFO] [stderr]    |                                                             --                  ^^^^^ the same lifetime is elided here
[INFO] [stderr]    |                                                             |
[INFO] [stderr]    |                                                             the lifetime is named here
[INFO] [stderr]    |
[INFO] [stderr]    = help: the same lifetime is referred to in inconsistent ways, making the signature confusing
[INFO] [stderr] help: consistently use `'a`
[INFO] [stderr]    |
[INFO] [stderr] 60 | pub fn decode_commit<'a, E: ParseError<&'a [u8]>>(content: &'a [u8]) -> IResult<&'a [u8], Object, E> {
[INFO] [stderr]    |                                                                                  ++
[INFO] [stderr] 
[INFO] [stderr] warning: `git-rs` (bin "git-rs" test) generated 4 warnings (run `cargo fix --bin "git-rs" -p git-rs --tests` to apply 4 suggestions)
[INFO] [stderr]     Finished `test` profile [unoptimized + debuginfo] target(s) in 0.08s
[INFO] [stderr]      Running unittests src/main.rs (/opt/rustwide/target/debug/deps/git_rs-db91ce6302e9eddc)
[INFO] [stdout] 
[INFO] [stdout] running 21 tests
[INFO] [stdout] test context::tests::test_build_context ... ignored
[INFO] [stdout] test object::tests::test_blob_encode ... ok
[INFO] [stdout] test parser::decode::tests::test_blob_decode_encode ... ok
[INFO] [stdout] test core::tests::test_walk_dir ... ok
[INFO] [stdout] test utils::bytes::tests::t1 ... ok
[INFO] [stdout] test parser::decode::tests::test_decode_index ... ok
[INFO] [stdout] test parser::decode::tests::test_commit_decode_encode2 ... ok
[INFO] [stdout] test parser::decode::tests::test_tree_decode_encode2 ... ok
[INFO] [stdout] test parser::decode::tests::test_commit_decode_encode ... ok
[INFO] [stdout] test parser::decode::tests::test_tree_decode_encode ... ok
[INFO] [stdout] test utils::bytes::tests::t2 ... ok
[INFO] [stdout] test utils::bytes::tests::t3 ... ok
[INFO] [stdout] test utils::sha1::tests::test_decode_blob ... ok
[INFO] [stdout] test parser::decode::tests::test_decode_header ... ok
[INFO] [stdout] test parser::decode::tests::test_object_decode ... ok
[INFO] [stdout] test utils::path::tests::test1 ... ok
[INFO] [stdout] test utils::sha1::tests::test_encode ... ok
[INFO] [stdout] test utils::sha1::tests::test_sha_name ... ok
[INFO] [stdout] test core::working_area::tests::test ... FAILED
[INFO] [stdout] test parser::decode::tests::test_decode_index3 ... FAILED
[INFO] [stdout] test parser::decode::tests::test_decode_index2 ... FAILED
[INFO] [stdout] 
[INFO] [stdout] failures:
[INFO] [stdout] 
[INFO] [stdout] ---- core::working_area::tests::test stdout ----
[INFO] [stdout] 
[INFO] [stdout] thread 'core::working_area::tests::test' (1046) panicked at src/core/working_area.rs:41:39:
[INFO] [stdout] called `Result::unwrap()` on an `Err` value: Os { code: 2, kind: NotFound, message: "No such file or directory" }
[INFO] [stdout] stack backtrace:
[INFO] [stdout]    0:     0x60278a5e87a1 - std[70759c8f55707aa4]::backtrace_rs::backtrace::libunwind::trace
[INFO] [stdout]                                at /rustc/dfb0accb7f508ae8be965d8629557221c889dd98/library/std/src/../../backtrace/src/backtrace/libunwind.rs:117:9
[INFO] [stdout]    1:     0x60278a5e87a1 - std[70759c8f55707aa4]::backtrace_rs::backtrace::trace_unsynchronized::<std[70759c8f55707aa4]::sys::backtrace::_print_fmt::{closure#1}>
[INFO] [stdout]                                at /rustc/dfb0accb7f508ae8be965d8629557221c889dd98/library/std/src/../../backtrace/src/backtrace/mod.rs:66:14
[INFO] [stdout]    2:     0x60278a5e87a1 - std[70759c8f55707aa4]::sys::backtrace::_print_fmt
[INFO] [stdout]                                at /rustc/dfb0accb7f508ae8be965d8629557221c889dd98/library/std/src/sys/backtrace.rs:74:9
[INFO] [stdout]    3:     0x60278a5e87a1 - <<std[70759c8f55707aa4]::sys::backtrace::BacktraceLock>::print::DisplayBacktrace as core[df12db4294e9bfd3]::fmt::Display>::fmt
[INFO] [stdout]                                at /rustc/dfb0accb7f508ae8be965d8629557221c889dd98/library/std/src/sys/backtrace.rs:44:26
[INFO] [stdout]    4:     0x60278a5fd6fa - <core[df12db4294e9bfd3]::fmt::rt::Argument>::fmt
[INFO] [stdout]                                at /rustc/dfb0accb7f508ae8be965d8629557221c889dd98/library/core/src/fmt/rt.rs:152:76
[INFO] [stdout]    5:     0x60278a5fd6fa - core[df12db4294e9bfd3]::fmt::write
[INFO] [stdout]    6:     0x60278a5ecf6c - core[df12db4294e9bfd3]::io::write::default_write_fmt::<alloc[2182bb758b4b3781]::vec::Vec<u8>>
[INFO] [stdout]                                at /rustc/dfb0accb7f508ae8be965d8629557221c889dd98/library/core/src/io/write.rs:402:11
[INFO] [stdout]    7:     0x60278a5ecf6c - <alloc[2182bb758b4b3781]::vec::Vec<u8> as core[df12db4294e9bfd3]::io::write::Write>::write_fmt
[INFO] [stdout]                                at /rustc/dfb0accb7f508ae8be965d8629557221c889dd98/library/core/src/io/write.rs:335:13
[INFO] [stdout]    8:     0x60278a5c43d6 - <std[70759c8f55707aa4]::sys::backtrace::BacktraceLock>::print
[INFO] [stderr] error: test failed, to rerun pass `--bin git-rs`
[INFO] [stdout]                                at /rustc/dfb0accb7f508ae8be965d8629557221c889dd98/library/std/src/sys/backtrace.rs:47:9
[INFO] [stdout]    9:     0x60278a5c43d6 - std[70759c8f55707aa4]::panicking::default_hook::{closure#0}
[INFO] [stdout]                                at /rustc/dfb0accb7f508ae8be965d8629557221c889dd98/library/std/src/panicking.rs:292:27
[INFO] [stdout]   10:     0x60278a5e08e9 - std[70759c8f55707aa4]::panicking::default_hook
[INFO] [stdout]                                at /rustc/dfb0accb7f508ae8be965d8629557221c889dd98/library/std/src/panicking.rs:316:9
[INFO] [stdout]   11:     0x60278a54ae60 - <alloc[2182bb758b4b3781]::boxed::Box<dyn for<'a, 'b> core[df12db4294e9bfd3]::ops::function::Fn<(&'a std[70759c8f55707aa4]::panic::PanicHookInfo<'b>,), Output = ()> + core[df12db4294e9bfd3]::marker::Send + core[df12db4294e9bfd3]::marker::Sync> as core[df12db4294e9bfd3]::ops::function::Fn<(&std[70759c8f55707aa4]::panic::PanicHookInfo,)>>::call
[INFO] [stdout]                                at /rustc/dfb0accb7f508ae8be965d8629557221c889dd98/library/alloc/src/boxed.rs:2334:9
[INFO] [stdout]   12:     0x60278a54ae60 - test[9d35eded1c95d3be]::test_main_inner::<test[9d35eded1c95d3be]::test_main_static::{closure#0}>::{closure#0}
[INFO] [stdout]                                at /rustc/dfb0accb7f508ae8be965d8629557221c889dd98/library/test/src/lib.rs:155:21
[INFO] [stdout]   13:     0x60278a5e0aa2 - <alloc[2182bb758b4b3781]::boxed::Box<dyn for<'a, 'b> core[df12db4294e9bfd3]::ops::function::Fn<(&'a std[70759c8f55707aa4]::panic::PanicHookInfo<'b>,), Output = ()> + core[df12db4294e9bfd3]::marker::Send + core[df12db4294e9bfd3]::marker::Sync> as core[df12db4294e9bfd3]::ops::function::Fn<(&std[70759c8f55707aa4]::panic::PanicHookInfo,)>>::call
[INFO] [stdout]                                at /rustc/dfb0accb7f508ae8be965d8629557221c889dd98/library/alloc/src/boxed.rs:2334:9
[INFO] [stdout]   14:     0x60278a5e0aa2 - std[70759c8f55707aa4]::panicking::panic_with_hook
[INFO] [stdout]                                at /rustc/dfb0accb7f508ae8be965d8629557221c889dd98/library/std/src/panicking.rs:823:13
[INFO] [stdout]   15:     0x60278a5c4482 - std[70759c8f55707aa4]::panicking::panic_handler::{closure#0}
[INFO] [stdout]                                at /rustc/dfb0accb7f508ae8be965d8629557221c889dd98/library/std/src/panicking.rs:688:13
[INFO] [stdout]   16:     0x60278a5bcf49 - std[70759c8f55707aa4]::sys::backtrace::__rust_end_short_backtrace::<std[70759c8f55707aa4]::panicking::panic_handler::{closure#0}, !>
[INFO] [stdout]                                at /rustc/dfb0accb7f508ae8be965d8629557221c889dd98/library/std/src/sys/backtrace.rs:182:18
[INFO] [stdout]   17:     0x60278a5c507d - __rustc[8fa7c3cbc660c2b3]::rust_begin_unwind
[INFO] [stdout]                                at /rustc/dfb0accb7f508ae8be965d8629557221c889dd98/library/std/src/panicking.rs:679:5
[INFO] [stdout]   18:     0x60278a5fdeac - core[df12db4294e9bfd3]::panicking::panic_fmt
[INFO] [stdout]                                at /rustc/dfb0accb7f508ae8be965d8629557221c889dd98/library/core/src/panicking.rs:80:14
[INFO] [stdout]   19:     0x60278a5fdc02 - core[df12db4294e9bfd3]::result::unwrap_failed
[INFO] [stdout]                                at /rustc/dfb0accb7f508ae8be965d8629557221c889dd98/library/core/src/result.rs:1871:5
[INFO] [stdout]   20:     0x60278a513b1d - <core[df12db4294e9bfd3]::result::Result<alloc[2182bb758b4b3781]::vec::Vec<u8>, core[df12db4294e9bfd3]::io::error::Error>>::unwrap
[INFO] [stdout]                                at /rustc/dfb0accb7f508ae8be965d8629557221c889dd98/library/core/src/result.rs:1232:23
[INFO] [stdout]   21:     0x60278a513b1d - git_rs[18625c1c6a86be8b]::core::working_area::add_child
[INFO] [stdout]                                at /opt/rustwide/workdir/src/core/working_area.rs:41:39
[INFO] [stdout]   22:     0x60278a510f03 - git_rs[18625c1c6a86be8b]::core::working_area::add_child::{closure#0}
[INFO] [stdout]                                at /opt/rustwide/workdir/src/core/working_area.rs:30:29
[INFO] [stdout]   23:     0x60278a5201df - <&mut git_rs[18625c1c6a86be8b]::core::working_area::add_child::{closure#0} as core[df12db4294e9bfd3]::ops::function::FnOnce<(core[df12db4294e9bfd3]::result::Result<std[70759c8f55707aa4]::fs::DirEntry, core[df12db4294e9bfd3]::io::error::Error>,)>>::call_once
[INFO] [stdout]                                at /rustc/dfb0accb7f508ae8be965d8629557221c889dd98/library/core/src/ops/function.rs:310:21
[INFO] [stdout]   24:     0x60278a5201df - <core[df12db4294e9bfd3]::option::Option<core[df12db4294e9bfd3]::result::Result<std[70759c8f55707aa4]::fs::DirEntry, core[df12db4294e9bfd3]::io::error::Error>>>::map::<git_rs[18625c1c6a86be8b]::core::File, &mut git_rs[18625c1c6a86be8b]::core::working_area::add_child::{closure#0}>
[INFO] [stdout]                                at /rustc/dfb0accb7f508ae8be965d8629557221c889dd98/library/core/src/option.rs:1163:29
[INFO] [stdout]   25:     0x60278a5201df - <core[df12db4294e9bfd3]::iter::adapters::map::Map<std[70759c8f55707aa4]::fs::ReadDir, git_rs[18625c1c6a86be8b]::core::working_area::add_child::{closure#0}> as core[df12db4294e9bfd3]::iter::traits::iterator::Iterator>::next
[INFO] [stdout]                                at /rustc/dfb0accb7f508ae8be965d8629557221c889dd98/library/core/src/iter/adapters/map.rs:107:26
[INFO] [stdout]   26:     0x60278a515885 - <alloc[2182bb758b4b3781]::vec::Vec<git_rs[18625c1c6a86be8b]::core::File> as alloc[2182bb758b4b3781]::vec::spec_from_iter_nested::SpecFromIterNested<git_rs[18625c1c6a86be8b]::core::File, core[df12db4294e9bfd3]::iter::adapters::map::Map<std[70759c8f55707aa4]::fs::ReadDir, git_rs[18625c1c6a86be8b]::core::working_area::add_child::{closure#0}>>>::from_iter
[INFO] [stdout]                                at /rustc/dfb0accb7f508ae8be965d8629557221c889dd98/library/alloc/src/vec/spec_from_iter_nested.rs:24:41
[INFO] [stdout]   27:     0x60278a5157b6 - <alloc[2182bb758b4b3781]::vec::Vec<git_rs[18625c1c6a86be8b]::core::File> as alloc[2182bb758b4b3781]::vec::spec_from_iter::SpecFromIter<git_rs[18625c1c6a86be8b]::core::File, core[df12db4294e9bfd3]::iter::adapters::map::Map<std[70759c8f55707aa4]::fs::ReadDir, git_rs[18625c1c6a86be8b]::core::working_area::add_child::{closure#0}>>>::from_iter
[INFO] [stdout]                                at /rustc/dfb0accb7f508ae8be965d8629557221c889dd98/library/alloc/src/vec/spec_from_iter.rs:33:9
[INFO] [stdout]   28:     0x60278a50f187 - <alloc[2182bb758b4b3781]::vec::Vec<git_rs[18625c1c6a86be8b]::core::File> as core[df12db4294e9bfd3]::iter::traits::collect::FromIterator<git_rs[18625c1c6a86be8b]::core::File>>::from_iter::<core[df12db4294e9bfd3]::iter::adapters::map::Map<std[70759c8f55707aa4]::fs::ReadDir, git_rs[18625c1c6a86be8b]::core::working_area::add_child::{closure#0}>>
[INFO] [stdout]                                at /rustc/dfb0accb7f508ae8be965d8629557221c889dd98/library/alloc/src/vec/mod.rs:3996:9
[INFO] [stdout]   29:     0x60278a51b436 - <core[df12db4294e9bfd3]::iter::adapters::map::Map<std[70759c8f55707aa4]::fs::ReadDir, git_rs[18625c1c6a86be8b]::core::working_area::add_child::{closure#0}> as core[df12db4294e9bfd3]::iter::traits::iterator::Iterator>::collect::<alloc[2182bb758b4b3781]::vec::Vec<git_rs[18625c1c6a86be8b]::core::File>>
[INFO] [stdout]                                at /rustc/dfb0accb7f508ae8be965d8629557221c889dd98/library/core/src/iter/traits/iterator.rs:2086:9
[INFO] [stdout]   30:     0x60278a513c7b - git_rs[18625c1c6a86be8b]::core::working_area::add_child
[INFO] [stdout]                                at /opt/rustwide/workdir/src/core/working_area.rs:33:14
[INFO] [stdout]   31:     0x60278a510f03 - git_rs[18625c1c6a86be8b]::core::working_area::add_child::{closure#0}
[INFO] [stdout]                                at /opt/rustwide/workdir/src/core/working_area.rs:30:29
[INFO] [stdout]   32:     0x60278a5201df - <&mut git_rs[18625c1c6a86be8b]::core::working_area::add_child::{closure#0} as core[df12db4294e9bfd3]::ops::function::FnOnce<(core[df12db4294e9bfd3]::result::Result<std[70759c8f55707aa4]::fs::DirEntry, core[df12db4294e9bfd3]::io::error::Error>,)>>::call_once
[INFO] [stdout]                                at /rustc/dfb0accb7f508ae8be965d8629557221c889dd98/library/core/src/ops/function.rs:310:21
[INFO] [stdout]   33:     0x60278a5201df - <core[df12db4294e9bfd3]::option::Option<core[df12db4294e9bfd3]::result::Result<std[70759c8f55707aa4]::fs::DirEntry, core[df12db4294e9bfd3]::io::error::Error>>>::map::<git_rs[18625c1c6a86be8b]::core::File, &mut git_rs[18625c1c6a86be8b]::core::working_area::add_child::{closure#0}>
[INFO] [stdout]                                at /rustc/dfb0accb7f508ae8be965d8629557221c889dd98/library/core/src/option.rs:1163:29
[INFO] [stdout]   34:     0x60278a5201df - <core[df12db4294e9bfd3]::iter::adapters::map::Map<std[70759c8f55707aa4]::fs::ReadDir, git_rs[18625c1c6a86be8b]::core::working_area::add_child::{closure#0}> as core[df12db4294e9bfd3]::iter::traits::iterator::Iterator>::next
[INFO] [stdout]                                at /rustc/dfb0accb7f508ae8be965d8629557221c889dd98/library/core/src/iter/adapters/map.rs:107:26
[INFO] [stdout]   35:     0x60278a50d7b4 - <alloc[2182bb758b4b3781]::vec::Vec<git_rs[18625c1c6a86be8b]::core::File>>::extend_desugared::<core[df12db4294e9bfd3]::iter::adapters::map::Map<std[70759c8f55707aa4]::fs::ReadDir, git_rs[18625c1c6a86be8b]::core::working_area::add_child::{closure#0}>>
[INFO] [stdout]                                at /rustc/dfb0accb7f508ae8be965d8629557221c889dd98/library/alloc/src/vec/mod.rs:4100:44
[INFO] [stdout]   36:     0x60278a515703 - <alloc[2182bb758b4b3781]::vec::Vec<git_rs[18625c1c6a86be8b]::core::File> as alloc[2182bb758b4b3781]::vec::spec_extend::SpecExtend<git_rs[18625c1c6a86be8b]::core::File, core[df12db4294e9bfd3]::iter::adapters::map::Map<std[70759c8f55707aa4]::fs::ReadDir, git_rs[18625c1c6a86be8b]::core::working_area::add_child::{closure#0}>>>::spec_extend
[INFO] [stdout]                                at /rustc/dfb0accb7f508ae8be965d8629557221c889dd98/library/alloc/src/vec/spec_extend.rs:18:14
[INFO] [stdout]   37:     0x60278a515ab6 - <alloc[2182bb758b4b3781]::vec::Vec<git_rs[18625c1c6a86be8b]::core::File> as alloc[2182bb758b4b3781]::vec::spec_from_iter_nested::SpecFromIterNested<git_rs[18625c1c6a86be8b]::core::File, core[df12db4294e9bfd3]::iter::adapters::map::Map<std[70759c8f55707aa4]::fs::ReadDir, git_rs[18625c1c6a86be8b]::core::working_area::add_child::{closure#0}>>>::from_iter
[INFO] [stdout]                                at /rustc/dfb0accb7f508ae8be965d8629557221c889dd98/library/alloc/src/vec/spec_from_iter_nested.rs:41:9
[INFO] [stdout]   38:     0x60278a5157b6 - <alloc[2182bb758b4b3781]::vec::Vec<git_rs[18625c1c6a86be8b]::core::File> as alloc[2182bb758b4b3781]::vec::spec_from_iter::SpecFromIter<git_rs[18625c1c6a86be8b]::core::File, core[df12db4294e9bfd3]::iter::adapters::map::Map<std[70759c8f55707aa4]::fs::ReadDir, git_rs[18625c1c6a86be8b]::core::working_area::add_child::{closure#0}>>>::from_iter
[INFO] [stdout]                                at /rustc/dfb0accb7f508ae8be965d8629557221c889dd98/library/alloc/src/vec/spec_from_iter.rs:33:9
[INFO] [stdout]   39:     0x60278a50f187 - <alloc[2182bb758b4b3781]::vec::Vec<git_rs[18625c1c6a86be8b]::core::File> as core[df12db4294e9bfd3]::iter::traits::collect::FromIterator<git_rs[18625c1c6a86be8b]::core::File>>::from_iter::<core[df12db4294e9bfd3]::iter::adapters::map::Map<std[70759c8f55707aa4]::fs::ReadDir, git_rs[18625c1c6a86be8b]::core::working_area::add_child::{closure#0}>>
[INFO] [stdout]                                at /rustc/dfb0accb7f508ae8be965d8629557221c889dd98/library/alloc/src/vec/mod.rs:3996:9
[INFO] [stdout]   40:     0x60278a51b436 - <core[df12db4294e9bfd3]::iter::adapters::map::Map<std[70759c8f55707aa4]::fs::ReadDir, git_rs[18625c1c6a86be8b]::core::working_area::add_child::{closure#0}> as core[df12db4294e9bfd3]::iter::traits::iterator::Iterator>::collect::<alloc[2182bb758b4b3781]::vec::Vec<git_rs[18625c1c6a86be8b]::core::File>>
[INFO] [stdout]                                at /rustc/dfb0accb7f508ae8be965d8629557221c889dd98/library/core/src/iter/traits/iterator.rs:2086:9
[INFO] [stdout]   41:     0x60278a513c7b - git_rs[18625c1c6a86be8b]::core::working_area::add_child
[INFO] [stdout]                                at /opt/rustwide/workdir/src/core/working_area.rs:33:14
[INFO] [stdout]   42:     0x60278a51266d - <git_rs[18625c1c6a86be8b]::core::working_area::WorkingArea>::new
[INFO] [stdout]                                at /opt/rustwide/workdir/src/core/working_area.rs:18:20
[INFO] [stdout]   43:     0x60278a514d8d - git_rs[18625c1c6a86be8b]::core::working_area::tests::test
[INFO] [stdout]                                at /opt/rustwide/workdir/src/core/working_area.rs:58:27
[INFO] [stdout]   44:     0x60278a510fb7 - git_rs[18625c1c6a86be8b]::core::working_area::tests::test::{closure#0}
[INFO] [stdout]                                at /opt/rustwide/workdir/src/core/working_area.rs:56:14
[INFO] [stdout]   45:     0x60278a52f0e6 - <git_rs[18625c1c6a86be8b]::core::working_area::tests::test::{closure#0} as core[df12db4294e9bfd3]::ops::function::FnOnce<()>>::call_once
[INFO] [stdout]                                at /rustc/dfb0accb7f508ae8be965d8629557221c889dd98/library/core/src/ops/function.rs:250:5
[INFO] [stdout]   46:     0x60278a53e14b - <fn() -> core[df12db4294e9bfd3]::result::Result<(), alloc[2182bb758b4b3781]::string::String> as core[df12db4294e9bfd3]::ops::function::FnOnce<()>>::call_once
[INFO] [stdout]                                at /rustc/dfb0accb7f508ae8be965d8629557221c889dd98/library/core/src/ops/function.rs:250:5
[INFO] [stdout]   47:     0x60278a53e14b - test[9d35eded1c95d3be]::__rust_begin_short_backtrace::<core[df12db4294e9bfd3]::result::Result<(), alloc[2182bb758b4b3781]::string::String>, fn() -> core[df12db4294e9bfd3]::result::Result<(), alloc[2182bb758b4b3781]::string::String>>
[INFO] [stdout]                                at /rustc/dfb0accb7f508ae8be965d8629557221c889dd98/library/test/src/lib.rs:733:18
[INFO] [stdout]   48:     0x60278a54b7b5 - test[9d35eded1c95d3be]::run_test_in_process::{closure#0}
[INFO] [stdout]                                at /rustc/dfb0accb7f508ae8be965d8629557221c889dd98/library/test/src/lib.rs:756:74
[INFO] [stdout]   49:     0x60278a54b7b5 - <core[df12db4294e9bfd3]::panic::unwind_safe::AssertUnwindSafe<test[9d35eded1c95d3be]::run_test_in_process::{closure#0}> as core[df12db4294e9bfd3]::ops::function::FnOnce<()>>::call_once
[INFO] [stdout]                                at /rustc/dfb0accb7f508ae8be965d8629557221c889dd98/library/core/src/panic/unwind_safe.rs:275:9
[INFO] [stdout]   50:     0x60278a54b7b5 - std[70759c8f55707aa4]::panicking::catch_unwind::do_call::<core[df12db4294e9bfd3]::panic::unwind_safe::AssertUnwindSafe<test[9d35eded1c95d3be]::run_test_in_process::{closure#0}>, core[df12db4294e9bfd3]::result::Result<(), alloc[2182bb758b4b3781]::string::String>>
[INFO] [stdout]                                at /rustc/dfb0accb7f508ae8be965d8629557221c889dd98/library/std/src/panicking.rs:576:43
[INFO] [stdout]   51:     0x60278a54b7b5 - std[70759c8f55707aa4]::panicking::catch_unwind::<core[df12db4294e9bfd3]::result::Result<(), alloc[2182bb758b4b3781]::string::String>, core[df12db4294e9bfd3]::panic::unwind_safe::AssertUnwindSafe<test[9d35eded1c95d3be]::run_test_in_process::{closure#0}>>
[INFO] [stdout]                                at /rustc/dfb0accb7f508ae8be965d8629557221c889dd98/library/std/src/panicking.rs:544:19
[INFO] [stdout]   52:     0x60278a54b7b5 - std[70759c8f55707aa4]::panic::catch_unwind::<core[df12db4294e9bfd3]::panic::unwind_safe::AssertUnwindSafe<test[9d35eded1c95d3be]::run_test_in_process::{closure#0}>, core[df12db4294e9bfd3]::result::Result<(), alloc[2182bb758b4b3781]::string::String>>
[INFO] [stdout]                                at /rustc/dfb0accb7f508ae8be965d8629557221c889dd98/library/std/src/panic.rs:359:14
[INFO] [stdout]   53:     0x60278a54b7b5 - test[9d35eded1c95d3be]::run_test_in_process
[INFO] [stdout]                                at /rustc/dfb0accb7f508ae8be965d8629557221c889dd98/library/test/src/lib.rs:756:27
[INFO] [stdout]   54:     0x60278a54b7b5 - test[9d35eded1c95d3be]::run_test::{closure#0}
[INFO] [stdout]                                at /rustc/dfb0accb7f508ae8be965d8629557221c889dd98/library/test/src/lib.rs:677:43
[INFO] [stdout]   55:     0x60278a545074 - test[9d35eded1c95d3be]::run_test::{closure#1}
[INFO] [stdout]                                at /rustc/dfb0accb7f508ae8be965d8629557221c889dd98/library/test/src/lib.rs:707:41
[INFO] [stdout]   56:     0x60278a545074 - std[70759c8f55707aa4]::sys::backtrace::__rust_begin_short_backtrace::<test[9d35eded1c95d3be]::run_test::{closure#1}, ()>
[INFO] [stdout]                                at /rustc/dfb0accb7f508ae8be965d8629557221c889dd98/library/std/src/sys/backtrace.rs:166:18
[INFO] [stdout]   57:     0x60278a54e912 - std[70759c8f55707aa4]::thread::lifecycle::spawn_unchecked::<test[9d35eded1c95d3be]::run_test::{closure#1}, ()>::{closure#1}::{closure#0}
[INFO] [stdout]                                at /rustc/dfb0accb7f508ae8be965d8629557221c889dd98/library/std/src/thread/lifecycle.rs:70:13
[INFO] [stdout]   58:     0x60278a54e912 - <core[df12db4294e9bfd3]::panic::unwind_safe::AssertUnwindSafe<std[70759c8f55707aa4]::thread::lifecycle::spawn_unchecked<test[9d35eded1c95d3be]::run_test::{closure#1}, ()>::{closure#1}::{closure#0}> as core[df12db4294e9bfd3]::ops::function::FnOnce<()>>::call_once
[INFO] [stdout]                                at /rustc/dfb0accb7f508ae8be965d8629557221c889dd98/library/core/src/panic/unwind_safe.rs:275:9
[INFO] [stdout]   59:     0x60278a54e912 - std[70759c8f55707aa4]::panicking::catch_unwind::do_call::<core[df12db4294e9bfd3]::panic::unwind_safe::AssertUnwindSafe<std[70759c8f55707aa4]::thread::lifecycle::spawn_unchecked<test[9d35eded1c95d3be]::run_test::{closure#1}, ()>::{closure#1}::{closure#0}>, ()>
[INFO] [stdout]                                at /rustc/dfb0accb7f508ae8be965d8629557221c889dd98/library/std/src/panicking.rs:576:43
[INFO] [stdout]   60:     0x60278a54e912 - std[70759c8f55707aa4]::panicking::catch_unwind::<(), core[df12db4294e9bfd3]::panic::unwind_safe::AssertUnwindSafe<std[70759c8f55707aa4]::thread::lifecycle::spawn_unchecked<test[9d35eded1c95d3be]::run_test::{closure#1}, ()>::{closure#1}::{closure#0}>>
[INFO] [stdout]                                at /rustc/dfb0accb7f508ae8be965d8629557221c889dd98/library/std/src/panicking.rs:544:19
[INFO] [stdout]   61:     0x60278a54e912 - std[70759c8f55707aa4]::panic::catch_unwind::<core[df12db4294e9bfd3]::panic::unwind_safe::AssertUnwindSafe<std[70759c8f55707aa4]::thread::lifecycle::spawn_unchecked<test[9d35eded1c95d3be]::run_test::{closure#1}, ()>::{closure#1}::{closure#0}>, ()>
[INFO] [stdout]                                at /rustc/dfb0accb7f508ae8be965d8629557221c889dd98/library/std/src/panic.rs:359:14
[INFO] [stdout]   62:     0x60278a54e912 - std[70759c8f55707aa4]::thread::lifecycle::spawn_unchecked::<test[9d35eded1c95d3be]::run_test::{closure#1}, ()>::{closure#1}
[INFO] [stdout]                                at /rustc/dfb0accb7f508ae8be965d8629557221c889dd98/library/std/src/thread/lifecycle.rs:68:26
[INFO] [stdout]   63:     0x60278a54e912 - <std[70759c8f55707aa4]::thread::lifecycle::spawn_unchecked<test[9d35eded1c95d3be]::run_test::{closure#1}, ()>::{closure#1} as core[df12db4294e9bfd3]::ops::function::FnOnce<()>>::call_once::{shim:vtable#0}
[INFO] [stdout]                                at /rustc/dfb0accb7f508ae8be965d8629557221c889dd98/library/core/src/ops/function.rs:250:5
[INFO] [stdout]   64:     0x60278a5e7d59 - <alloc[2182bb758b4b3781]::boxed::Box<dyn core[df12db4294e9bfd3]::ops::function::FnOnce<(), Output = ()> + core[df12db4294e9bfd3]::marker::Send> as core[df12db4294e9bfd3]::ops::function::FnOnce<()>>::call_once
[INFO] [stdout]                                at /rustc/dfb0accb7f508ae8be965d8629557221c889dd98/library/alloc/src/boxed.rs:2320:9
[INFO] [stdout]   65:     0x60278a5e7d59 - <std[70759c8f55707aa4]::sys::thread::unix::Thread>::new::thread_start
[INFO] [stdout]                                at /rustc/dfb0accb7f508ae8be965d8629557221c889dd98/library/std/src/sys/thread/unix.rs:123:17
[INFO] [stdout]   66:     0x7e72da609dfa - <unknown>
[INFO] [stdout]   67:     0x7e72da69d3d4 - clone
[INFO] [stdout]   68:                0x0 - <unknown>
[INFO] [stdout] 
[INFO] [stdout] ---- parser::decode::tests::test_decode_index3 stdout ----
[INFO] [stdout] 
[INFO] [stdout] thread 'parser::decode::tests::test_decode_index3' (1054) panicked at src/parser/decode.rs:408:51:
[INFO] [stdout] called `Result::unwrap()` on an `Err` value: Os { code: 2, kind: NotFound, message: "No such file or directory" }
[INFO] [stdout] stack backtrace:
[INFO] [stdout]    0:     0x60278a5e87a1 - std[70759c8f55707aa4]::backtrace_rs::backtrace::libunwind::trace
[INFO] [stdout]                                at /rustc/dfb0accb7f508ae8be965d8629557221c889dd98/library/std/src/../../backtrace/src/backtrace/libunwind.rs:117:9
[INFO] [stdout]    1:     0x60278a5e87a1 - std[70759c8f55707aa4]::backtrace_rs::backtrace::trace_unsynchronized::<std[70759c8f55707aa4]::sys::backtrace::_print_fmt::{closure#1}>
[INFO] [stdout]                                at /rustc/dfb0accb7f508ae8be965d8629557221c889dd98/library/std/src/../../backtrace/src/backtrace/mod.rs:66:14
[INFO] [stdout]    2:     0x60278a5e87a1 - std[70759c8f55707aa4]::sys::backtrace::_print_fmt
[INFO] [stdout]                                at /rustc/dfb0accb7f508ae8be965d8629557221c889dd98/library/std/src/sys/backtrace.rs:74:9
[INFO] [stdout]    3:     0x60278a5e87a1 - <<std[70759c8f55707aa4]::sys::backtrace::BacktraceLock>::print::DisplayBacktrace as core[df12db4294e9bfd3]::fmt::Display>::fmt
[INFO] [stdout]                                at /rustc/dfb0accb7f508ae8be965d8629557221c889dd98/library/std/src/sys/backtrace.rs:44:26
[INFO] [stdout]    4:     0x60278a5fd6fa - <core[df12db4294e9bfd3]::fmt::rt::Argument>::fmt
[INFO] [stdout]                                at /rustc/dfb0accb7f508ae8be965d8629557221c889dd98/library/core/src/fmt/rt.rs:152:76
[INFO] [stdout]    5:     0x60278a5fd6fa - core[df12db4294e9bfd3]::fmt::write
[INFO] [stdout]    6:     0x60278a5ecf6c - core[df12db4294e9bfd3]::io::write::default_write_fmt::<alloc[2182bb758b4b3781]::vec::Vec<u8>>
[INFO] [stdout]                                at /rustc/dfb0accb7f508ae8be965d8629557221c889dd98/library/core/src/io/write.rs:402:11
[INFO] [stdout]    7:     0x60278a5ecf6c - <alloc[2182bb758b4b3781]::vec::Vec<u8> as core[df12db4294e9bfd3]::io::write::Write>::write_fmt
[INFO] [stdout]                                at /rustc/dfb0accb7f508ae8be965d8629557221c889dd98/library/core/src/io/write.rs:335:13
[INFO] [stdout]    8:     0x60278a5c43d6 - <std[70759c8f55707aa4]::sys::backtrace::BacktraceLock>::print
[INFO] [stdout]                                at /rustc/dfb0accb7f508ae8be965d8629557221c889dd98/library/std/src/sys/backtrace.rs:47:9
[INFO] [stdout]    9:     0x60278a5c43d6 - std[70759c8f55707aa4]::panicking::default_hook::{closure#0}
[INFO] [stdout]                                at /rustc/dfb0accb7f508ae8be965d8629557221c889dd98/library/std/src/panicking.rs:292:27
[INFO] [stdout]   10:     0x60278a5e08e9 - std[70759c8f55707aa4]::panicking::default_hook
[INFO] [stdout]                                at /rustc/dfb0accb7f508ae8be965d8629557221c889dd98/library/std/src/panicking.rs:316:9
[INFO] [stdout]   11:     0x60278a54ae60 - <alloc[2182bb758b4b3781]::boxed::Box<dyn for<'a, 'b> core[df12db4294e9bfd3]::ops::function::Fn<(&'a std[70759c8f55707aa4]::panic::PanicHookInfo<'b>,), Output = ()> + core[df12db4294e9bfd3]::marker::Send + core[df12db4294e9bfd3]::marker::Sync> as core[df12db4294e9bfd3]::ops::function::Fn<(&std[70759c8f55707aa4]::panic::PanicHookInfo,)>>::call
[INFO] [stdout]                                at /rustc/dfb0accb7f508ae8be965d8629557221c889dd98/library/alloc/src/boxed.rs:2334:9
[INFO] [stdout]   12:     0x60278a54ae60 - test[9d35eded1c95d3be]::test_main_inner::<test[9d35eded1c95d3be]::test_main_static::{closure#0}>::{closure#0}
[INFO] [stdout]                                at /rustc/dfb0accb7f508ae8be965d8629557221c889dd98/library/test/src/lib.rs:155:21
[INFO] [stdout]   13:     0x60278a5e0aa2 - <alloc[2182bb758b4b3781]::boxed::Box<dyn for<'a, 'b> core[df12db4294e9bfd3]::ops::function::Fn<(&'a std[70759c8f55707aa4]::panic::PanicHookInfo<'b>,), Output = ()> + core[df12db4294e9bfd3]::marker::Send + core[df12db4294e9bfd3]::marker::Sync> as core[df12db4294e9bfd3]::ops::function::Fn<(&std[70759c8f55707aa4]::panic::PanicHookInfo,)>>::call
[INFO] [stdout]                                at /rustc/dfb0accb7f508ae8be965d8629557221c889dd98/library/alloc/src/boxed.rs:2334:9
[INFO] [stdout]   14:     0x60278a5e0aa2 - std[70759c8f55707aa4]::panicking::panic_with_hook
[INFO] [stdout]                                at /rustc/dfb0accb7f508ae8be965d8629557221c889dd98/library/std/src/panicking.rs:823:13
[INFO] [stdout]   15:     0x60278a5c4482 - std[70759c8f55707aa4]::panicking::panic_handler::{closure#0}
[INFO] [stdout]                                at /rustc/dfb0accb7f508ae8be965d8629557221c889dd98/library/std/src/panicking.rs:688:13
[INFO] [stdout]   16:     0x60278a5bcf49 - std[70759c8f55707aa4]::sys::backtrace::__rust_end_short_backtrace::<std[70759c8f55707aa4]::panicking::panic_handler::{closure#0}, !>
[INFO] [stdout]                                at /rustc/dfb0accb7f508ae8be965d8629557221c889dd98/library/std/src/sys/backtrace.rs:182:18
[INFO] [stdout]   17:     0x60278a5c507d - __rustc[8fa7c3cbc660c2b3]::rust_begin_unwind
[INFO] [stdout]                                at /rustc/dfb0accb7f508ae8be965d8629557221c889dd98/library/std/src/panicking.rs:679:5
[INFO] [stdout]   18:     0x60278a5fdeac - core[df12db4294e9bfd3]::panicking::panic_fmt
[INFO] [stdout]                                at /rustc/dfb0accb7f508ae8be965d8629557221c889dd98/library/core/src/panicking.rs:80:14
[INFO] [stdout]   19:     0x60278a5fdc02 - core[df12db4294e9bfd3]::result::unwrap_failed
[INFO] [stdout]                                at /rustc/dfb0accb7f508ae8be965d8629557221c889dd98/library/core/src/result.rs:1871:5
[INFO] [stdout]   20:     0x60278a52a4ae - <core[df12db4294e9bfd3]::result::Result<alloc[2182bb758b4b3781]::vec::Vec<u8>, core[df12db4294e9bfd3]::io::error::Error>>::unwrap
[INFO] [stdout]                                at /rustc/dfb0accb7f508ae8be965d8629557221c889dd98/library/core/src/result.rs:1232:23
[INFO] [stdout]   21:     0x60278a52a4ae - git_rs[18625c1c6a86be8b]::parser::decode::tests::test_decode_index3
[INFO] [stdout]                                at /opt/rustwide/workdir/src/parser/decode.rs:408:51
[INFO] [stdout]   22:     0x60278a527b67 - git_rs[18625c1c6a86be8b]::parser::decode::tests::test_decode_index3::{closure#0}
[INFO] [stdout]                                at /opt/rustwide/workdir/src/parser/decode.rs:407:28
[INFO] [stdout]   23:     0x60278a52f246 - <git_rs[18625c1c6a86be8b]::parser::decode::tests::test_decode_index3::{closure#0} as core[df12db4294e9bfd3]::ops::function::FnOnce<()>>::call_once
[INFO] [stdout]                                at /rustc/dfb0accb7f508ae8be965d8629557221c889dd98/library/core/src/ops/function.rs:250:5
[INFO] [stdout]   24:     0x60278a53e14b - <fn() -> core[df12db4294e9bfd3]::result::Result<(), alloc[2182bb758b4b3781]::string::String> as core[df12db4294e9bfd3]::ops::function::FnOnce<()>>::call_once
[INFO] [stdout]                                at /rustc/dfb0accb7f508ae8be965d8629557221c889dd98/library/core/src/ops/function.rs:250:5
[INFO] [stdout]   25:     0x60278a53e14b - test[9d35eded1c95d3be]::__rust_begin_short_backtrace::<core[df12db4294e9bfd3]::result::Result<(), alloc[2182bb758b4b3781]::string::String>, fn() -> core[df12db4294e9bfd3]::result::Result<(), alloc[2182bb758b4b3781]::string::String>>
[INFO] [stdout]                                at /rustc/dfb0accb7f508ae8be965d8629557221c889dd98/library/test/src/lib.rs:733:18
[INFO] [stdout]   26:     0x60278a54b7b5 - test[9d35eded1c95d3be]::run_test_in_process::{closure#0}
[INFO] [stdout]                                at /rustc/dfb0accb7f508ae8be965d8629557221c889dd98/library/test/src/lib.rs:756:74
[INFO] [stdout]   27:     0x60278a54b7b5 - <core[df12db4294e9bfd3]::panic::unwind_safe::AssertUnwindSafe<test[9d35eded1c95d3be]::run_test_in_process::{closure#0}> as core[df12db4294e9bfd3]::ops::function::FnOnce<()>>::call_once
[INFO] [stdout]                                at /rustc/dfb0accb7f508ae8be965d8629557221c889dd98/library/core/src/panic/unwind_safe.rs:275:9
[INFO] [stdout]   28:     0x60278a54b7b5 - std[70759c8f55707aa4]::panicking::catch_unwind::do_call::<core[df12db4294e9bfd3]::panic::unwind_safe::AssertUnwindSafe<test[9d35eded1c95d3be]::run_test_in_process::{closure#0}>, core[df12db4294e9bfd3]::result::Result<(), alloc[2182bb758b4b3781]::string::String>>
[INFO] [stdout]                                at /rustc/dfb0accb7f508ae8be965d8629557221c889dd98/library/std/src/panicking.rs:576:43
[INFO] [stdout]   29:     0x60278a54b7b5 - std[70759c8f55707aa4]::panicking::catch_unwind::<core[df12db4294e9bfd3]::result::Result<(), alloc[2182bb758b4b3781]::string::String>, core[df12db4294e9bfd3]::panic::unwind_safe::AssertUnwindSafe<test[9d35eded1c95d3be]::run_test_in_process::{closure#0}>>
[INFO] [stdout]                                at /rustc/dfb0accb7f508ae8be965d8629557221c889dd98/library/std/src/panicking.rs:544:19
[INFO] [stdout]   30:     0x60278a54b7b5 - std[70759c8f55707aa4]::panic::catch_unwind::<core[df12db4294e9bfd3]::panic::unwind_safe::AssertUnwindSafe<test[9d35eded1c95d3be]::run_test_in_process::{closure#0}>, core[df12db4294e9bfd3]::result::Result<(), alloc[2182bb758b4b3781]::string::String>>
[INFO] [stdout]                                at /rustc/dfb0accb7f508ae8be965d8629557221c889dd98/library/std/src/panic.rs:359:14
[INFO] [stdout]   31:     0x60278a54b7b5 - test[9d35eded1c95d3be]::run_test_in_process
[INFO] [stdout]                                at /rustc/dfb0accb7f508ae8be965d8629557221c889dd98/library/test/src/lib.rs:756:27
[INFO] [stdout]   32:     0x60278a54b7b5 - test[9d35eded1c95d3be]::run_test::{closure#0}
[INFO] [stdout]                                at /rustc/dfb0accb7f508ae8be965d8629557221c889dd98/library/test/src/lib.rs:677:43
[INFO] [stdout]   33:     0x60278a545074 - test[9d35eded1c95d3be]::run_test::{closure#1}
[INFO] [stdout]                                at /rustc/dfb0accb7f508ae8be965d8629557221c889dd98/library/test/src/lib.rs:707:41
[INFO] [stdout]   34:     0x60278a545074 - std[70759c8f55707aa4]::sys::backtrace::__rust_begin_short_backtrace::<test[9d35eded1c95d3be]::run_test::{closure#1}, ()>
[INFO] [stdout]                                at /rustc/dfb0accb7f508ae8be965d8629557221c889dd98/library/std/src/sys/backtrace.rs:166:18
[INFO] [stdout]   35:     0x60278a54e912 - std[70759c8f55707aa4]::thread::lifecycle::spawn_unchecked::<test[9d35eded1c95d3be]::run_test::{closure#1}, ()>::{closure#1}::{closure#0}
[INFO] [stdout]                                at /rustc/dfb0accb7f508ae8be965d8629557221c889dd98/library/std/src/thread/lifecycle.rs:70:13
[INFO] [stdout]   36:     0x60278a54e912 - <core[df12db4294e9bfd3]::panic::unwind_safe::AssertUnwindSafe<std[70759c8f55707aa4]::thread::lifecycle::spawn_unchecked<test[9d35eded1c95d3be]::run_test::{closure#1}, ()>::{closure#1}::{closure#0}> as core[df12db4294e9bfd3]::ops::function::FnOnce<()>>::call_once
[INFO] [stdout]                                at /rustc/dfb0accb7f508ae8be965d8629557221c889dd98/library/core/src/panic/unwind_safe.rs:275:9
[INFO] [stdout]   37:     0x60278a54e912 - std[70759c8f55707aa4]::panicking::catch_unwind::do_call::<core[df12db4294e9bfd3]::panic::unwind_safe::AssertUnwindSafe<std[70759c8f55707aa4]::thread::lifecycle::spawn_unchecked<test[9d35eded1c95d3be]::run_test::{closure#1}, ()>::{closure#1}::{closure#0}>, ()>
[INFO] [stdout]                                at /rustc/dfb0accb7f508ae8be965d8629557221c889dd98/library/std/src/panicking.rs:576:43
[INFO] [stdout]   38:     0x60278a54e912 - std[70759c8f55707aa4]::panicking::catch_unwind::<(), core[df12db4294e9bfd3]::panic::unwind_safe::AssertUnwindSafe<std[70759c8f55707aa4]::thread::lifecycle::spawn_unchecked<test[9d35eded1c95d3be]::run_test::{closure#1}, ()>::{closure#1}::{closure#0}>>
[INFO] [stdout]                                at /rustc/dfb0accb7f508ae8be965d8629557221c889dd98/library/std/src/panicking.rs:544:19
[INFO] [stdout]   39:     0x60278a54e912 - std[70759c8f55707aa4]::panic::catch_unwind::<core[df12db4294e9bfd3]::panic::unwind_safe::AssertUnwindSafe<std[70759c8f55707aa4]::thread::lifecycle::spawn_unchecked<test[9d35eded1c95d3be]::run_test::{closure#1}, ()>::{closure#1}::{closure#0}>, ()>
[INFO] [stdout]                                at /rustc/dfb0accb7f508ae8be965d8629557221c889dd98/library/std/src/panic.rs:359:14
[INFO] [stdout]   40:     0x60278a54e912 - std[70759c8f55707aa4]::thread::lifecycle::spawn_unchecked::<test[9d35eded1c95d3be]::run_test::{closure#1}, ()>::{closure#1}
[INFO] [stdout]                                at /rustc/dfb0accb7f508ae8be965d8629557221c889dd98/library/std/src/thread/lifecycle.rs:68:26
[INFO] [stdout]   41:     0x60278a54e912 - <std[70759c8f55707aa4]::thread::lifecycle::spawn_unchecked<test[9d35eded1c95d3be]::run_test::{closure#1}, ()>::{closure#1} as core[df12db4294e9bfd3]::ops::function::FnOnce<()>>::call_once::{shim:vtable#0}
[INFO] [stdout]                                at /rustc/dfb0accb7f508ae8be965d8629557221c889dd98/library/core/src/ops/function.rs:250:5
[INFO] [stdout]   42:     0x60278a5e7d59 - <alloc[2182bb758b4b3781]::boxed::Box<dyn core[df12db4294e9bfd3]::ops::function::FnOnce<(), Output = ()> + core[df12db4294e9bfd3]::marker::Send> as core[df12db4294e9bfd3]::ops::function::FnOnce<()>>::call_once
[INFO] [stdout]                                at /rustc/dfb0accb7f508ae8be965d8629557221c889dd98/library/alloc/src/boxed.rs:2320:9
[INFO] [stdout]   43:     0x60278a5e7d59 - <std[70759c8f55707aa4]::sys::thread::unix::Thread>::new::thread_start
[INFO] [stdout]                                at /rustc/dfb0accb7f508ae8be965d8629557221c889dd98/library/std/src/sys/thread/unix.rs:123:17
[INFO] [stdout]   44:     0x7e72da609dfa - <unknown>
[INFO] [stdout]   45:     0x7e72da69d3d4 - clone
[INFO] [stdout]   46:                0x0 - <unknown>
[INFO] [stdout] 
[INFO] [stdout] ---- parser::decode::tests::test_decode_index2 stdout ----
[INFO] [stdout] 
[INFO] [stdout] thread 'parser::decode::tests::test_decode_index2' (1053) panicked at src/parser/decode.rs:398:52:
[INFO] [stdout] called `Result::unwrap()` on an `Err` value: Os { code: 2, kind: NotFound, message: "No such file or directory" }
[INFO] [stdout] stack backtrace:
[INFO] [stdout]    0:     0x60278a5e87a1 - std[70759c8f55707aa4]::backtrace_rs::backtrace::libunwind::trace
[INFO] [stdout]                                at /rustc/dfb0accb7f508ae8be965d8629557221c889dd98/library/std/src/../../backtrace/src/backtrace/libunwind.rs:117:9
[INFO] [stdout]    1:     0x60278a5e87a1 - std[70759c8f55707aa4]::backtrace_rs::backtrace::trace_unsynchronized::<std[70759c8f55707aa4]::sys::backtrace::_print_fmt::{closure#1}>
[INFO] [stdout]                                at /rustc/dfb0accb7f508ae8be965d8629557221c889dd98/library/std/src/../../backtrace/src/backtrace/mod.rs:66:14
[INFO] [stdout]    2:     0x60278a5e87a1 - std[70759c8f55707aa4]::sys::backtrace::_print_fmt
[INFO] [stdout]                                at /rustc/dfb0accb7f508ae8be965d8629557221c889dd98/library/std/src/sys/backtrace.rs:74:9
[INFO] [stdout]    3:     0x60278a5e87a1 - <<std[70759c8f55707aa4]::sys::backtrace::BacktraceLock>::print::DisplayBacktrace as core[df12db4294e9bfd3]::fmt::Display>::fmt
[INFO] [stdout]                                at /rustc/dfb0accb7f508ae8be965d8629557221c889dd98/library/std/src/sys/backtrace.rs:44:26
[INFO] [stdout]    4:     0x60278a5fd6fa - <core[df12db4294e9bfd3]::fmt::rt::Argument>::fmt
[INFO] [stdout]                                at /rustc/dfb0accb7f508ae8be965d8629557221c889dd98/library/core/src/fmt/rt.rs:152:76
[INFO] [stdout]    5:     0x60278a5fd6fa - core[df12db4294e9bfd3]::fmt::write
[INFO] [stdout]    6:     0x60278a5ecf6c - core[df12db4294e9bfd3]::io::write::default_write_fmt::<alloc[2182bb758b4b3781]::vec::Vec<u8>>
[INFO] [stdout]                                at /rustc/dfb0accb7f508ae8be965d8629557221c889dd98/library/core/src/io/write.rs:402:11
[INFO] [stdout]    7:     0x60278a5ecf6c - <alloc[2182bb758b4b3781]::vec::Vec<u8> as core[df12db4294e9bfd3]::io::write::Write>::write_fmt
[INFO] [stdout]                                at /rustc/dfb0accb7f508ae8be965d8629557221c889dd98/library/core/src/io/write.rs:335:13
[INFO] [stdout]    8:     0x60278a5c43d6 - <std[70759c8f55707aa4]::sys::backtrace::BacktraceLock>::print
[INFO] [stdout]                                at /rustc/dfb0accb7f508ae8be965d8629557221c889dd98/library/std/src/sys/backtrace.rs:47:9
[INFO] [stdout]    9:     0x60278a5c43d6 - std[70759c8f55707aa4]::panicking::default_hook::{closure#0}
[INFO] [stdout]                                at /rustc/dfb0accb7f508ae8be965d8629557221c889dd98/library/std/src/panicking.rs:292:27
[INFO] [stdout]   10:     0x60278a5e08e9 - std[70759c8f55707aa4]::panicking::default_hook
[INFO] [stdout]                                at /rustc/dfb0accb7f508ae8be965d8629557221c889dd98/library/std/src/panicking.rs:316:9
[INFO] [stdout]   11:     0x60278a54ae60 - <alloc[2182bb758b4b3781]::boxed::Box<dyn for<'a, 'b> core[df12db4294e9bfd3]::ops::function::Fn<(&'a std[70759c8f55707aa4]::panic::PanicHookInfo<'b>,), Output = ()> + core[df12db4294e9bfd3]::marker::Send + core[df12db4294e9bfd3]::marker::Sync> as core[df12db4294e9bfd3]::ops::function::Fn<(&std[70759c8f55707aa4]::panic::PanicHookInfo,)>>::call
[INFO] [stdout]                                at /rustc/dfb0accb7f508ae8be965d8629557221c889dd98/library/alloc/src/boxed.rs:2334:9
[INFO] [stdout]   12:     0x60278a54ae60 - test[9d35eded1c95d3be]::test_main_inner::<test[9d35eded1c95d3be]::test_main_static::{closure#0}>::{closure#0}
[INFO] [stdout]                                at /rustc/dfb0accb7f508ae8be965d8629557221c889dd98/library/test/src/lib.rs:155:21
[INFO] [stdout]   13:     0x60278a5e0aa2 - <alloc[2182bb758b4b3781]::boxed::Box<dyn for<'a, 'b> core[df12db4294e9bfd3]::ops::function::Fn<(&'a std[70759c8f55707aa4]::panic::PanicHookInfo<'b>,), Output = ()> + core[df12db4294e9bfd3]::marker::Send + core[df12db4294e9bfd3]::marker::Sync> as core[df12db4294e9bfd3]::ops::function::Fn<(&std[70759c8f55707aa4]::panic::PanicHookInfo,)>>::call
[INFO] [stdout]                                at /rustc/dfb0accb7f508ae8be965d8629557221c889dd98/library/alloc/src/boxed.rs:2334:9
[INFO] [stdout]   14:     0x60278a5e0aa2 - std[70759c8f55707aa4]::panicking::panic_with_hook
[INFO] [stdout]                                at /rustc/dfb0accb7f508ae8be965d8629557221c889dd98/library/std/src/panicking.rs:823:13
[INFO] [stdout]   15:     0x60278a5c4482 - std[70759c8f55707aa4]::panicking::panic_handler::{closure#0}
[INFO] [stdout]                                at /rustc/dfb0accb7f508ae8be965d8629557221c889dd98/library/std/src/panicking.rs:688:13
[INFO] [stdout]   16:     0x60278a5bcf49 - std[70759c8f55707aa4]::sys::backtrace::__rust_end_short_backtrace::<std[70759c8f55707aa4]::panicking::panic_handler::{closure#0}, !>
[INFO] [stdout]                                at /rustc/dfb0accb7f508ae8be965d8629557221c889dd98/library/std/src/sys/backtrace.rs:182:18
[INFO] [stdout]   17:     0x60278a5c507d - __rustc[8fa7c3cbc660c2b3]::rust_begin_unwind
[INFO] [stdout]                                at /rustc/dfb0accb7f508ae8be965d8629557221c889dd98/library/std/src/panicking.rs:679:5
[INFO] [stdout]   18:     0x60278a5fdeac - core[df12db4294e9bfd3]::panicking::panic_fmt
[INFO] [stdout]                                at /rustc/dfb0accb7f508ae8be965d8629557221c889dd98/library/core/src/panicking.rs:80:14
[INFO] [stdout]   19:     0x60278a5fdc02 - core[df12db4294e9bfd3]::result::unwrap_failed
[INFO] [stdout]                                at /rustc/dfb0accb7f508ae8be965d8629557221c889dd98/library/core/src/result.rs:1871:5
[INFO] [stdout]   20:     0x60278a52a1ee - <core[df12db4294e9bfd3]::result::Result<alloc[2182bb758b4b3781]::vec::Vec<u8>, core[df12db4294e9bfd3]::io::error::Error>>::unwrap
[INFO] [stdout]                                at /rustc/dfb0accb7f508ae8be965d8629557221c889dd98/library/core/src/result.rs:1232:23
[INFO] [stdout]   21:     0x60278a52a1ee - git_rs[18625c1c6a86be8b]::parser::decode::tests::test_decode_index2
[INFO] [stdout]                                at /opt/rustwide/workdir/src/parser/decode.rs:398:52
[INFO] [stdout]   22:     0x60278a527b37 - git_rs[18625c1c6a86be8b]::parser::decode::tests::test_decode_index2::{closure#0}
[INFO] [stdout]                                at /opt/rustwide/workdir/src/parser/decode.rs:397:28
[INFO] [stdout]   23:     0x60278a52f226 - <git_rs[18625c1c6a86be8b]::parser::decode::tests::test_decode_index2::{closure#0} as core[df12db4294e9bfd3]::ops::function::FnOnce<()>>::call_once
[INFO] [stdout]                                at /rustc/dfb0accb7f508ae8be965d8629557221c889dd98/library/core/src/ops/function.rs:250:5
[INFO] [stdout]   24:     0x60278a53e14b - <fn() -> core[df12db4294e9bfd3]::result::Result<(), alloc[2182bb758b4b3781]::string::String> as core[df12db4294e9bfd3]::ops::function::FnOnce<()>>::call_once
[INFO] [stdout]                                at /rustc/dfb0accb7f508ae8be965d8629557221c889dd98/library/core/src/ops/function.rs:250:5
[INFO] [stdout]   25:     0x60278a53e14b - test[9d35eded1c95d3be]::__rust_begin_short_backtrace::<core[df12db4294e9bfd3]::result::Result<(), alloc[2182bb758b4b3781]::string::String>, fn() -> core[df12db4294e9bfd3]::result::Result<(), alloc[2182bb758b4b3781]::string::String>>
[INFO] [stdout]                                at /rustc/dfb0accb7f508ae8be965d8629557221c889dd98/library/test/src/lib.rs:733:18
[INFO] [stdout]   26:     0x60278a54b7b5 - test[9d35eded1c95d3be]::run_test_in_process::{closure#0}
[INFO] [stdout]                                at /rustc/dfb0accb7f508ae8be965d8629557221c889dd98/library/test/src/lib.rs:756:74
[INFO] [stdout]   27:     0x60278a54b7b5 - <core[df12db4294e9bfd3]::panic::unwind_safe::AssertUnwindSafe<test[9d35eded1c95d3be]::run_test_in_process::{closure#0}> as core[df12db4294e9bfd3]::ops::function::FnOnce<()>>::call_once
[INFO] [stdout]                                at /rustc/dfb0accb7f508ae8be965d8629557221c889dd98/library/core/src/panic/unwind_safe.rs:275:9
[INFO] [stdout]   28:     0x60278a54b7b5 - std[70759c8f55707aa4]::panicking::catch_unwind::do_call::<core[df12db4294e9bfd3]::panic::unwind_safe::AssertUnwindSafe<test[9d35eded1c95d3be]::run_test_in_process::{closure#0}>, core[df12db4294e9bfd3]::result::Result<(), alloc[2182bb758b4b3781]::string::String>>
[INFO] [stdout]                                at /rustc/dfb0accb7f508ae8be965d8629557221c889dd98/library/std/src/panicking.rs:576:43
[INFO] [stdout]   29:     0x60278a54b7b5 - std[70759c8f55707aa4]::panicking::catch_unwind::<core[df12db4294e9bfd3]::result::Result<(), alloc[2182bb758b4b3781]::string::String>, core[df12db4294e9bfd3]::panic::unwind_safe::AssertUnwindSafe<test[9d35eded1c95d3be]::run_test_in_process::{closure#0}>>
[INFO] [stdout]                                at /rustc/dfb0accb7f508ae8be965d8629557221c889dd98/library/std/src/panicking.rs:544:19
[INFO] [stdout]   30:     0x60278a54b7b5 - std[70759c8f55707aa4]::panic::catch_unwind::<core[df12db4294e9bfd3]::panic::unwind_safe::AssertUnwindSafe<test[9d35eded1c95d3be]::run_test_in_process::{closure#0}>, core[df12db4294e9bfd3]::result::Result<(), alloc[2182bb758b4b3781]::string::String>>
[INFO] [stdout]                                at /rustc/dfb0accb7f508ae8be965d8629557221c889dd98/library/std/src/panic.rs:359:14
[INFO] [stdout]   31:     0x60278a54b7b5 - test[9d35eded1c95d3be]::run_test_in_process
[INFO] [stdout]                                at /rustc/dfb0accb7f508ae8be965d8629557221c889dd98/library/test/src/lib.rs:756:27
[INFO] [stdout]   32:     0x60278a54b7b5 - test[9d35eded1c95d3be]::run_test::{closure#0}
[INFO] [stdout]                                at /rustc/dfb0accb7f508ae8be965d8629557221c889dd98/library/test/src/lib.rs:677:43
[INFO] [stdout]   33:     0x60278a545074 - test[9d35eded1c95d3be]::run_test::{closure#1}
[INFO] [stdout]                                at /rustc/dfb0accb7f508ae8be965d8629557221c889dd98/library/test/src/lib.rs:707:41
[INFO] [stdout]   34:     0x60278a545074 - std[70759c8f55707aa4]::sys::backtrace::__rust_begin_short_backtrace::<test[9d35eded1c95d3be]::run_test::{closure#1}, ()>
[INFO] [stdout]                                at /rustc/dfb0accb7f508ae8be965d8629557221c889dd98/library/std/src/sys/backtrace.rs:166:18
[INFO] [stdout]   35:     0x60278a54e912 - std[70759c8f55707aa4]::thread::lifecycle::spawn_unchecked::<test[9d35eded1c95d3be]::run_test::{closure#1}, ()>::{closure#1}::{closure#0}
[INFO] [stdout]                                at /rustc/dfb0accb7f508ae8be965d8629557221c889dd98/library/std/src/thread/lifecycle.rs:70:13
[INFO] [stdout]   36:     0x60278a54e912 - <core[df12db4294e9bfd3]::panic::unwind_safe::AssertUnwindSafe<std[70759c8f55707aa4]::thread::lifecycle::spawn_unchecked<test[9d35eded1c95d3be]::run_test::{closure#1}, ()>::{closure#1}::{closure#0}> as core[df12db4294e9bfd3]::ops::function::FnOnce<()>>::call_once
[INFO] [stdout]                                at /rustc/dfb0accb7f508ae8be965d8629557221c889dd98/library/core/src/panic/unwind_safe.rs:275:9
[INFO] [stdout]   37:     0x60278a54e912 - std[70759c8f55707aa4]::panicking::catch_unwind::do_call::<core[df12db4294e9bfd3]::panic::unwind_safe::AssertUnwindSafe<std[70759c8f55707aa4]::thread::lifecycle::spawn_unchecked<test[9d35eded1c95d3be]::run_test::{closure#1}, ()>::{closure#1}::{closure#0}>, ()>
[INFO] [stdout]                                at /rustc/dfb0accb7f508ae8be965d8629557221c889dd98/library/std/src/panicking.rs:576:43
[INFO] [stdout]   38:     0x60278a54e912 - std[70759c8f55707aa4]::panicking::catch_unwind::<(), core[df12db4294e9bfd3]::panic::unwind_safe::AssertUnwindSafe<std[70759c8f55707aa4]::thread::lifecycle::spawn_unchecked<test[9d35eded1c95d3be]::run_test::{closure#1}, ()>::{closure#1}::{closure#0}>>
[INFO] [stdout]                                at /rustc/dfb0accb7f508ae8be965d8629557221c889dd98/library/std/src/panicking.rs:544:19
[INFO] [stdout]   39:     0x60278a54e912 - std[70759c8f55707aa4]::panic::catch_unwind::<core[df12db4294e9bfd3]::panic::unwind_safe::AssertUnwindSafe<std[70759c8f55707aa4]::thread::lifecycle::spawn_unchecked<test[9d35eded1c95d3be]::run_test::{closure#1}, ()>::{closure#1}::{closure#0}>, ()>
[INFO] [stdout]                                at /rustc/dfb0accb7f508ae8be965d8629557221c889dd98/library/std/src/panic.rs:359:14
[INFO] [stdout]   40:     0x60278a54e912 - std[70759c8f55707aa4]::thread::lifecycle::spawn_unchecked::<test[9d35eded1c95d3be]::run_test::{closure#1}, ()>::{closure#1}
[INFO] [stdout]                                at /rustc/dfb0accb7f508ae8be965d8629557221c889dd98/library/std/src/thread/lifecycle.rs:68:26
[INFO] [stdout]   41:     0x60278a54e912 - <std[70759c8f55707aa4]::thread::lifecycle::spawn_unchecked<test[9d35eded1c95d3be]::run_test::{closure#1}, ()>::{closure#1} as core[df12db4294e9bfd3]::ops::function::FnOnce<()>>::call_once::{shim:vtable#0}
[INFO] [stdout]                                at /rustc/dfb0accb7f508ae8be965d8629557221c889dd98/library/core/src/ops/function.rs:250:5
[INFO] [stdout]   42:     0x60278a5e7d59 - <alloc[2182bb758b4b3781]::boxed::Box<dyn core[df12db4294e9bfd3]::ops::function::FnOnce<(), Output = ()> + core[df12db4294e9bfd3]::marker::Send> as core[df12db4294e9bfd3]::ops::function::FnOnce<()>>::call_once
[INFO] [stdout]                                at /rustc/dfb0accb7f508ae8be965d8629557221c889dd98/library/alloc/src/boxed.rs:2320:9
[INFO] [stdout]   43:     0x60278a5e7d59 - <std[70759c8f55707aa4]::sys::thread::unix::Thread>::new::thread_start
[INFO] [stdout]                                at /rustc/dfb0accb7f508ae8be965d8629557221c889dd98/library/std/src/sys/thread/unix.rs:123:17
[INFO] [stdout]   44:     0x7e72da609dfa - <unknown>
[INFO] [stdout]   45:     0x7e72da69d3d4 - clone
[INFO] [stdout]   46:                0x0 - <unknown>
[INFO] [stdout] 
[INFO] [stdout] 
[INFO] [stdout] failures:
[INFO] [stdout]     core::working_area::tests::test
[INFO] [stdout]     parser::decode::tests::test_decode_index2
[INFO] [stdout]     parser::decode::tests::test_decode_index3
[INFO] [stdout] 
[INFO] [stdout] test result: FAILED. 17 passed; 3 failed; 1 ignored; 0 measured; 0 filtered out; finished in 0.04s
[INFO] [stdout] 
[INFO] running `Command { std: "docker" "inspect" "93680ef6b1a1e1f121f385f6843c57a350754cc0f10d0f479ec3f8f8d3dd37aa", kill_on_drop: false }`
[INFO] running `Command { std: "docker" "rm" "-f" "93680ef6b1a1e1f121f385f6843c57a350754cc0f10d0f479ec3f8f8d3dd37aa", kill_on_drop: false }`
[INFO] [stdout] 93680ef6b1a1e1f121f385f6843c57a350754cc0f10d0f479ec3f8f8d3dd37aa
