[INFO] fetching crate vbumpp-core 6.3.0...
[INFO] testing vbumpp-core-6.3.0 against 1.99.0-beta.8 for beta-1.100-3
[INFO] extracting crate vbumpp-core 6.3.0 into /workspace/builds/worker-0-tc1/source
[INFO] started tweaking crates.io crate vbumpp-core 6.3.0
[INFO] removed 0 missing tests
[INFO] finished tweaking crates.io crate vbumpp-core 6.3.0
[INFO] tweaked toml for crates.io crate vbumpp-core 6.3.0 written to /workspace/builds/worker-0-tc1/source/Cargo.toml
[INFO] validating manifest of crates.io crate vbumpp-core 6.3.0 on toolchain 1.99.0-beta.8
[INFO] running `Command { std: CARGO_HOME="/workspace/cargo-home" RUSTUP_HOME="/workspace/rustup-home" "/workspace/cargo-home/bin/cargo" "+1.99.0-beta.8" "metadata" "--manifest-path" "Cargo.toml" "--no-deps", kill_on_drop: false }`
[INFO] crate crates.io crate vbumpp-core 6.3.0 already has a lockfile, it will not be regenerated
[INFO] running `Command { std: CARGO_HOME="/workspace/cargo-home" RUSTUP_HOME="/workspace/rustup-home" "/workspace/cargo-home/bin/cargo" "+1.99.0-beta.8" "fetch" "--manifest-path" "Cargo.toml", kill_on_drop: false }`
[INFO] [stderr]     Updating crates.io index
[INFO] [stderr]  Downloading crates ...
[INFO] [stderr]   Downloaded ureq v3.3.0
[INFO] [stderr]   Downloaded utf8-zero v0.8.1
[INFO] [stderr]   Downloaded ref-cast v1.0.26
[INFO] [stderr]   Downloaded ref-cast-impl v1.0.26
[INFO] [stderr]   Downloaded libredox v0.1.19
[INFO] [stderr]   Downloaded shell-words v1.1.1
[INFO] [stderr]   Downloaded fuzzy-matcher v0.3.7
[INFO] [stderr]   Downloaded time-macros v0.2.29
[INFO] [stderr]   Downloaded thiserror-impl v2.0.19
[INFO] [stderr]   Downloaded thiserror v2.0.19
[INFO] [stderr]   Downloaded cookie_store v0.22.1
[INFO] [stderr]   Downloaded dialoguer v0.12.0
[INFO] [stderr]   Downloaded console v0.16.4
[INFO] [stderr]   Downloaded ureq-proto v0.6.0
[INFO] [stderr]   Downloaded jsonc-parser v0.33.1
[INFO] [stderr]   Downloaded cc v1.4.0
[INFO] [stderr]   Downloaded zerocopy-derive v0.8.55
[INFO] [stderr]   Downloaded time v0.3.49
[INFO] [stderr]   Downloaded zerocopy v0.8.55
[INFO] running `Command { std: "docker" "create" "-v" "/var/lib/crater-agent-workspace/builds/worker-0-tc1/source:/opt/rustwide/workdir:ro,Z" "-v" "/var/lib/crater-agent-workspace/builds/worker-0-tc1/target:/opt/rustwide/target:rw,Z" "-v" "/var/lib/crater-agent-workspace/cargo-home:/opt/rustwide/cargo-home:ro,Z" "-v" "/var/lib/crater-agent-workspace/rustup-home:/opt/rustwide/rustup-home:ro,Z" "-m" "1610612736" "--network" "none" "ghcr.io/rust-lang/crates-build-env/linux@sha256:77db811e55d90add9212f6832c23229e3de5f1c1f9905e8cb07319ea15df73ac" "sleep" "infinity", kill_on_drop: false }`
[INFO] [stdout] 644dfeb623a0217faaa853c49895b14d00486cd80e7865878a9333f5141f562d
[INFO] running `Command { std: "docker" "start" "644dfeb623a0217faaa853c49895b14d00486cd80e7865878a9333f5141f562d", kill_on_drop: false }`
[INFO] running `Command { std: "docker" "inspect" "644dfeb623a0217faaa853c49895b14d00486cd80e7865878a9333f5141f562d", kill_on_drop: false }`
[INFO] running `Command { std: "docker" "exec" "-e" "SOURCE_DIR=/opt/rustwide/workdir" "-e" "CARGO_HOME=/opt/rustwide/cargo-home" "-e" "RUSTUP_HOME=/opt/rustwide/rustup-home" "-e" "CARGO_TARGET_DIR=/opt/rustwide/target" "-w" "/opt/rustwide/workdir" "--user" "0:0" "644dfeb623a0217faaa853c49895b14d00486cd80e7865878a9333f5141f562d" "/opt/rustwide/cargo-home/bin/cargo" "+1.99.0-beta.8" "metadata" "--no-deps" "--format-version=1", kill_on_drop: false }`
[INFO] running `Command { std: "docker" "inspect" "644dfeb623a0217faaa853c49895b14d00486cd80e7865878a9333f5141f562d", kill_on_drop: false }`
[INFO] running `Command { std: "docker" "exec" "-e" "SOURCE_DIR=/opt/rustwide/workdir" "-e" "CARGO_HOME=/opt/rustwide/cargo-home" "-e" "RUSTUP_HOME=/opt/rustwide/rustup-home" "-e" "CARGO_TARGET_DIR=/opt/rustwide/target" "-e" "CARGO_INCREMENTAL=0" "-e" "RUST_BACKTRACE=full" "-e" "RUSTFLAGS=--cap-lints=warn" "-e" "RUSTDOCFLAGS=--cap-lints=warn" "-w" "/opt/rustwide/workdir" "--user" "0:0" "644dfeb623a0217faaa853c49895b14d00486cd80e7865878a9333f5141f562d" "/opt/rustwide/cargo-home/bin/cargo" "+1.99.0-beta.8" "build" "--frozen" "--message-format=json", kill_on_drop: false }`
[INFO] [stderr]    Compiling syn v3.0.3
[INFO] [stderr]    Compiling syn v2.0.119
[INFO] [stderr]    Compiling getrandom v0.2.17
[INFO] [stderr]    Compiling serde_core v1.0.229
[INFO] [stderr]    Compiling zeroize v1.9.0
[INFO] [stderr]    Compiling cc v1.4.0
[INFO] [stderr]    Compiling zerocopy v0.8.55
[INFO] [stderr]    Compiling serde v1.0.229
[INFO] [stderr]    Compiling serde_json v1.0.151
[INFO] [stderr]    Compiling smallvec v1.15.2
[INFO] [stderr]    Compiling inout v0.1.4
[INFO] [stderr]    Compiling crc32fast v1.5.0
[INFO] [stderr]    Compiling httparse v1.10.1
[INFO] [stderr]    Compiling ref-cast v1.0.26
[INFO] [stderr]    Compiling simd-adler32 v0.3.10
[INFO] [stderr]    Compiling winnow v1.0.4
[INFO] [stderr]    Compiling rustls v0.23.43
[INFO] [stderr]    Compiling rand_core v0.6.4
[INFO] [stderr]    Compiling rustls-pki-types v1.15.1
[INFO] [stderr]    Compiling bytes v1.12.1
[INFO] [stderr]    Compiling log v0.4.33
[INFO] [stderr]    Compiling aho-corasick v1.1.4
[INFO] [stderr]    Compiling miniz_oxide v0.8.9
[INFO] [stderr]    Compiling option-ext v0.2.0
[INFO] [stderr]    Compiling unicode-width v0.2.2
[INFO] [stderr]    Compiling toml_writer v1.1.2+spec-1.1.0
[INFO] [stderr]    Compiling tempfile v3.27.0
[INFO] [stderr]    Compiling crypto-common v0.1.7
[INFO] [stderr]    Compiling cipher v0.4.4
[INFO] [stderr]    Compiling universal-hash v0.5.1
[INFO] [stderr]    Compiling aead v0.5.2
[INFO] [stderr]    Compiling polyval v0.6.2
[INFO] [stderr]    Compiling flate2 v1.1.9
[INFO] [stderr]    Compiling console v0.16.4
[INFO] [stderr]    Compiling ctr v0.9.2
[INFO] [stderr]    Compiling aes v0.8.4
[INFO] [stderr]    Compiling ghash v0.5.1
[INFO] [stderr]    Compiling toml_parser v1.1.3+spec-1.1.0
[INFO] [stderr]    Compiling webpki-roots v1.0.9
[INFO] [stderr]    Compiling dirs-sys v0.5.0
[INFO] [stderr]    Compiling fuzzy-matcher v0.3.7
[INFO] [stderr]    Compiling shell-words v1.1.1
[INFO] [stderr]    Compiling utf8-zero v0.8.1
[INFO] [stderr]    Compiling dirs v6.0.0
[INFO] [stderr]    Compiling semver v1.0.28
[INFO] [stderr]    Compiling glob v0.3.4
[INFO] [stderr]    Compiling dialoguer v0.12.0
[INFO] [stderr]    Compiling http v1.5.0
[INFO] [stderr]    Compiling aes-gcm v0.10.3
[INFO] [stderr]    Compiling ring v0.17.14
[INFO] [stderr]    Compiling serde_derive_internals v0.30.0
[INFO] [stderr]    Compiling regex-automata v0.4.16
[INFO] [stderr]    Compiling displaydoc v0.2.7
[INFO] [stderr]    Compiling serde_derive v1.0.229
[INFO] [stderr]    Compiling ref-cast-impl v1.0.26
[INFO] [stderr]    Compiling schemars_derive v1.2.2
[INFO] [stderr]    Compiling ureq-proto v0.6.0
[INFO] [stderr]    Compiling synstructure v0.13.2
[INFO] [stderr]    Compiling zerovec-derive v0.11.3
[INFO] [stderr]    Compiling zerofrom-derive v0.1.7
[INFO] [stderr]    Compiling yoke-derive v0.8.2
[INFO] [stderr]    Compiling toml_datetime v0.7.5+spec-1.1.0
[INFO] [stderr]    Compiling serde_spanned v1.1.1
[INFO] [stderr]    Compiling serde_path_to_error v0.1.20
[INFO] [stderr]    Compiling zerofrom v0.1.8
[INFO] [stderr]    Compiling toml_edit v0.23.10+spec-1.0.0
[INFO] [stderr]    Compiling yoke v0.8.3
[INFO] [stderr]    Compiling toml v0.9.12+spec-1.1.0
[INFO] [stderr]    Compiling zerotrie v0.2.4
[INFO] [stderr]    Compiling zerovec v0.11.6
[INFO] [stderr]    Compiling regex v1.13.1
[INFO] [stderr]    Compiling tinystr v0.8.3
[INFO] [stderr]    Compiling potential_utf v0.1.5
[INFO] [stderr]    Compiling icu_collections v2.2.0
[INFO] [stderr]    Compiling icu_locale_core v2.2.0
[INFO] [stderr]    Compiling jsonc-parser v0.33.1
[INFO] [stderr]    Compiling schemars v1.2.2
[INFO] [stderr]    Compiling icu_provider v2.2.0
[INFO] [stderr]    Compiling ppv-lite86 v0.2.21
[INFO] [stderr]    Compiling rustls-webpki v0.103.13
[INFO] [stderr]    Compiling icu_properties v2.2.0
[INFO] [stderr]    Compiling icu_normalizer v2.2.0
[INFO] [stderr]    Compiling rand_chacha v0.9.0
[INFO] [stderr]    Compiling rand v0.9.5
[INFO] [stderr]    Compiling idna_adapter v1.2.2
[INFO] [stderr]    Compiling idna v1.1.0
[INFO] [stderr]    Compiling url v2.5.8
[INFO] [stderr]    Compiling ureq v3.3.0
[INFO] [stderr]    Compiling vbumpp-core v6.3.0 (/opt/rustwide/workdir)
[INFO] [stderr]     Finished `dev` profile [unoptimized + debuginfo] target(s) in 47.11s
[INFO] running `Command { std: "docker" "inspect" "644dfeb623a0217faaa853c49895b14d00486cd80e7865878a9333f5141f562d", kill_on_drop: false }`
[INFO] running `Command { std: "docker" "exec" "-e" "SOURCE_DIR=/opt/rustwide/workdir" "-e" "CARGO_HOME=/opt/rustwide/cargo-home" "-e" "RUSTUP_HOME=/opt/rustwide/rustup-home" "-e" "CARGO_TARGET_DIR=/opt/rustwide/target" "-e" "CARGO_INCREMENTAL=0" "-e" "RUST_BACKTRACE=full" "-e" "RUSTFLAGS=--cap-lints=warn" "-e" "RUSTDOCFLAGS=--cap-lints=warn" "-w" "/opt/rustwide/workdir" "--user" "0:0" "644dfeb623a0217faaa853c49895b14d00486cd80e7865878a9333f5141f562d" "/opt/rustwide/cargo-home/bin/cargo" "+1.99.0-beta.8" "test" "--frozen" "--no-run" "--message-format=json", kill_on_drop: false }`
[INFO] [stderr]    Compiling vbumpp-core v6.3.0 (/opt/rustwide/workdir)
[INFO] [stderr] error: could not compile `vbumpp-core` (lib test)
[INFO] [stderr] 
[INFO] [stderr] Caused by:
[INFO] [stderr]   process didn't exit successfully: `/opt/rustwide/rustup-home/toolchains/1.99.0-beta.8-x86_64-unknown-linux-gnu/bin/rustc --crate-name vbumpp_core --edition=2021 src/lib.rs --error-format=json --json=diagnostic-rendered-ansi,artifacts,future-incompat --emit=dep-info,link -C embed-bitcode=no -C debuginfo=2 --test --check-cfg 'cfg(docsrs,test)' --check-cfg 'cfg(feature, values())' -C metadata=34ed28060b811919 -C extra-filename=-2e49f32e492b4151 --out-dir /opt/rustwide/target/debug/deps -L dependency=/opt/rustwide/target/debug/deps --extern aes_gcm=/opt/rustwide/target/debug/deps/libaes_gcm-add1006e2872a447.rlib --extern dialoguer=/opt/rustwide/target/debug/deps/libdialoguer-5766893d3dd418b9.rlib --extern dirs=/opt/rustwide/target/debug/deps/libdirs-678ca70ff0ea31ca.rlib --extern glob=/opt/rustwide/target/debug/deps/libglob-9ed1b461ddded6dd.rlib --extern jsonc_parser=/opt/rustwide/target/debug/deps/libjsonc_parser-95a17568b6eca900.rlib --extern rand=/opt/rustwide/target/debug/deps/librand-a58088962e5ffe0b.rlib --extern regex=/opt/rustwide/target/debug/deps/libregex-818aa96f598bdf4a.rlib --extern schemars=/opt/rustwide/target/debug/deps/libschemars-ef1f222bd3963693.rlib --extern semver=/opt/rustwide/target/debug/deps/libsemver-f2ab12e28ce3f339.rlib --extern serde=/opt/rustwide/target/debug/deps/libserde-d9531e8696e4e89a.rlib --extern serde_json=/opt/rustwide/target/debug/deps/libserde_json-f9679c774a573038.rlib --extern serde_path_to_error=/opt/rustwide/target/debug/deps/libserde_path_to_error-095ce2a69d8a6357.rlib --extern shell_words=/opt/rustwide/target/debug/deps/libshell_words-d186b621774bbdb4.rlib --extern tempfile=/opt/rustwide/target/debug/deps/libtempfile-5f05b73ed713bc25.rlib --extern toml=/opt/rustwide/target/debug/deps/libtoml-19eaf952f40e3748.rlib --extern toml_edit=/opt/rustwide/target/debug/deps/libtoml_edit-43328caeff9e6101.rlib --extern ureq=/opt/rustwide/target/debug/deps/libureq-a46fa9c9199b70ba.rlib --extern url=/opt/rustwide/target/debug/deps/liburl-b7366b34baed17be.rlib --cap-lints=warn -L native=/opt/rustwide/target/debug/build/ring-e1367c6653867bbf/out` (signal: 9, SIGKILL: kill)
[INFO] [stderr] warning: build failed, waiting for other jobs to finish...
[INFO] [stdout] error: linking with `cc` failed: exit status: 1
[INFO] [stdout]   |
[INFO] [stdout]   = note:  "cc" "-m64" "/opt/rustwide/target/debug/deps/rustcxDesil/symbols.o" "<2 object files omitted>" "-Wl,--as-needed" "-Wl,-Bstatic" "<sysroot>/lib/rustlib/x86_64-unknown-linux-gnu/lib/{libtest-*,libgetopts-*,librustc_std_workspace_std-*}.rlib" "/opt/rustwide/target/debug/deps/{libvbumpp_core-34c901745faa2950,libdirs-678ca70ff0ea31ca,libdirs_sys-9b5b26daf8732554,liboption_ext-61303ef911796993,liburl-b7366b34baed17be,libidna-05faa4ac7e634d7d,libidna_adapter-c56a9fd84e0c7594,libicu_properties-bb975f28421e5a5a,libicu_properties_data-e6cf238fc98dd59d,libicu_normalizer-6f956526b4d3a8b7,libsmallvec-8991f9d163108ead,libicu_normalizer_data-8fea05bee0bb4e49,libicu_collections-3fa9f41c13365cb1,libutf8_iter-51566bbad89f3a68,libpotential_utf-73be63bd447bf57b,libicu_provider-e8f2bf5601a50acd,libicu_locale_core-7860d45796210771,libtinystr-4d40111033553691,liblitemap-dc288f07f8f61193,libwriteable-48b3e52227924bb5,libzerovec-2bdcf8f52a141596,libzerotrie-f58956d831156454,libyoke-193b28aae764ca61,libstable_deref_trait-63cbf3f3d3f94e56,libzerofrom-7d6d96c67671bfe1,libform_urlencoded-98cc7da289c29f13,libureq-a46fa9c9199b70ba,libwebpki_roots-8b4b3b3e18f86a51,librustls-d478893f278b17f6,libwebpki-0a357d97f8d24b92,libring-d600f47becde3e4a,libuntrusted-b2f816886faf2178,librustls_pki_types-f9d0b31df971a573,libpercent_encoding-fa055ecaa1e57cfa,libflate2-e618230293f46b8b,libminiz_oxide-93424680bf88636d,libsimd_adler32-2a047f2153860026,libcrc32fast-77160f4e25d6fc25,libutf8_zero-b1bfe7deddca0c76,libureq_proto-24e789480b53eb68,libhttparse-be605dd980e8a581,libbase64-32787b0325ea6df8,libhttp-afd8c2dcf723ab99,libbytes-5f66263ae3d5daa8,liblog-64a74e931fbdff63,libtoml-19eaf952f40e3748,libserde_spanned-89c3fd31cafc4353,libserde_path_to_error-095ce2a69d8a6357,libglob-9ed1b461ddded6dd,librand-a58088962e5ffe0b,librand_chacha-e5531571742a716b,libppv_lite86-85123b5fc2562260,libzerocopy-b946e089fb397e52,librand_core-c83eaed7defe7a9e,libaes_gcm-add1006e2872a447,libctr-7ffa468e408b6c2f,libghash-f43086aba9290f56,libpolyval-07b8b139c223f63c,libopaque_debug-90e66d859d53ff28,libuniversal_hash-3613764381079097,libsubtle-2ae6a7038b9a0630,libaes-aa4cd7f135ef8a5f,libcpufeatures-e04321643d03190d,libcipher-6a0212b0c0421443,libinout-8d21a13f43326a23,libaead-eab29339c0480010,libcrypto_common-28074552395b7d36,libgeneric_array-745cace30f1ed372,libtypenum-ed2b1c93b2a4333a,librand_core-ab43ee49732f09fe,libgetrandom-6b309e86c3fd7e8c,libtoml_edit-43328caeff9e6101,libwinnow-88e6acd6e2987984,libtoml_parser-520e63d1aaf7cd07,libwinnow-9ea79b6ed37d156b,libtoml_writer-fd166c917f792fda,libtoml_datetime-4dc7b236afd0c6ba,libjsonc_parser-95a17568b6eca900,libsemver-f2ab12e28ce3f339,libschemars-ef1f222bd3963693,libdyn_clone-319e7691ef78165b,libserde-d9531e8696e4e89a,libref_cast-39e7248fa7f58bb0,libregex-818aa96f598bdf4a,libregex_automata-a3a706a38c9d5926,libaho_corasick-5b74fb32056a7cd4,libregex_syntax-801391c65a42f645,libserde_json-f9679c774a573038,libmemchr-efcaf924912fba01,libitoa-5de11b3b23bfe572,libzmij-2ca2f302097868c6,libindexmap-b92bb9c25241b995,libequivalent-6a754676e6af62ae,libhashbrown-d7214d631586fd51,libserde_core-1024909fd700b20f,libdialoguer-5766893d3dd418b9,libshell_words-d186b621774bbdb4,libzeroize-37b2a6e0a2742c6a,libfuzzy_matcher-c111cb650fd96a1d,libthread_local-b4f6fe44d641c0b1,libconsole-5164f23028e17fd1,libunicode_width-c0be3735b741df1b,libtempfile-5f05b73ed713bc25,libgetrandom-1e62ef079fef2f0f,liblibc-32464e1b8391e223,libcfg_if-83060ec5685761ae,libfastrand-bab015aa83fcde07,libonce_cell-9d045526a262399f,librustix-04badb96c53eccb6,libbitflags-7039d3929d603d58,liblinux_raw_sys-0b6cde911e9a3109}.rlib" "<sysroot>/lib/rustlib/x86_64-unknown-linux-gnu/lib/{libstd-*,libpanic_unwind-*,libobject-*,libmemchr-*,libaddr2line-*,libgimli-*,libcfg_if-*,librustc_demangle-*,libstd_detect-*,libhashbrown-*,librustc_std_workspace_alloc-*,libminiz_oxide-*,libadler2-*,libunwind-*,liblibc-*,librustc_std_workspace_core-*,liballoc-*,libcore-*,libcompiler_builtins-*}.rlib" "-Wl,-Bdynamic" "-lgcc_s" "-lutil" "-lrt" "-lpthread" "-lm" "-ldl" "-lc" "-L" "/opt/rustwide/target/debug/deps/rustcxDesil/raw-dylibs" "-B<sysroot>/lib/rustlib/x86_64-unknown-linux-gnu/bin/gcc-ld" "-fuse-ld=lld" "-Wl,--eh-frame-hdr" "-Wl,-z,noexecstack" "-L" "/opt/rustwide/target/debug/build/ring-e1367c6653867bbf/out" "-L" "<sysroot>/lib/rustlib/x86_64-unknown-linux-gnu/lib" "-o" "/opt/rustwide/target/debug/deps/orchestrate-b7ccf4b866416877" "-Wl,--gc-sections" "-pie" "-Wl,-z,relro,-z,now" "-nodefaultlibs"
[INFO] [stdout]   = note: some arguments are omitted. use `--verbose` to show all linker arguments
[INFO] [stdout]   = note: collect2: fatal error: ld terminated with signal 9 [Killed]
[INFO] [stdout]           compilation terminated.
[INFO] [stdout]           
[INFO] [stdout] 
[INFO] [stdout] 
[INFO] [stdout] error: linking with `cc` failed: exit status: 1
[INFO] [stdout]   |
[INFO] [stdout]   = note:  "cc" "-m64" "/opt/rustwide/target/debug/deps/rustcz1KKB7/symbols.o" "<3 object files omitted>" "-Wl,--as-needed" "-Wl,-Bstatic" "<sysroot>/lib/rustlib/x86_64-unknown-linux-gnu/lib/{libtest-*,libgetopts-*,librustc_std_workspace_std-*}.rlib" "/opt/rustwide/target/debug/deps/{libvbumpp_core-34c901745faa2950,libdirs-678ca70ff0ea31ca,libdirs_sys-9b5b26daf8732554,liboption_ext-61303ef911796993,liburl-b7366b34baed17be,libidna-05faa4ac7e634d7d,libidna_adapter-c56a9fd84e0c7594,libicu_properties-bb975f28421e5a5a,libicu_properties_data-e6cf238fc98dd59d,libicu_normalizer-6f956526b4d3a8b7,libsmallvec-8991f9d163108ead,libicu_normalizer_data-8fea05bee0bb4e49,libicu_collections-3fa9f41c13365cb1,libutf8_iter-51566bbad89f3a68,libpotential_utf-73be63bd447bf57b,libicu_provider-e8f2bf5601a50acd,libicu_locale_core-7860d45796210771,libtinystr-4d40111033553691,liblitemap-dc288f07f8f61193,libwriteable-48b3e52227924bb5,libzerovec-2bdcf8f52a141596,libzerotrie-f58956d831156454,libyoke-193b28aae764ca61,libstable_deref_trait-63cbf3f3d3f94e56,libzerofrom-7d6d96c67671bfe1,libform_urlencoded-98cc7da289c29f13,libureq-a46fa9c9199b70ba,libwebpki_roots-8b4b3b3e18f86a51,librustls-d478893f278b17f6,libwebpki-0a357d97f8d24b92,libring-d600f47becde3e4a,libuntrusted-b2f816886faf2178,librustls_pki_types-f9d0b31df971a573,libpercent_encoding-fa055ecaa1e57cfa,libflate2-e618230293f46b8b,libminiz_oxide-93424680bf88636d,libsimd_adler32-2a047f2153860026,libcrc32fast-77160f4e25d6fc25,libutf8_zero-b1bfe7deddca0c76,libureq_proto-24e789480b53eb68,libhttparse-be605dd980e8a581,libbase64-32787b0325ea6df8,libhttp-afd8c2dcf723ab99,libbytes-5f66263ae3d5daa8,liblog-64a74e931fbdff63,libtoml-19eaf952f40e3748,libserde_spanned-89c3fd31cafc4353,libserde_path_to_error-095ce2a69d8a6357,libglob-9ed1b461ddded6dd,librand-a58088962e5ffe0b,librand_chacha-e5531571742a716b,libppv_lite86-85123b5fc2562260,libzerocopy-b946e089fb397e52,librand_core-c83eaed7defe7a9e,libaes_gcm-add1006e2872a447,libctr-7ffa468e408b6c2f,libghash-f43086aba9290f56,libpolyval-07b8b139c223f63c,libopaque_debug-90e66d859d53ff28,libuniversal_hash-3613764381079097,libsubtle-2ae6a7038b9a0630,libaes-aa4cd7f135ef8a5f,libcpufeatures-e04321643d03190d,libcipher-6a0212b0c0421443,libinout-8d21a13f43326a23,libaead-eab29339c0480010,libcrypto_common-28074552395b7d36,libgeneric_array-745cace30f1ed372,libtypenum-ed2b1c93b2a4333a,librand_core-ab43ee49732f09fe,libgetrandom-6b309e86c3fd7e8c,libtoml_edit-43328caeff9e6101,libwinnow-88e6acd6e2987984,libtoml_parser-520e63d1aaf7cd07,libwinnow-9ea79b6ed37d156b,libtoml_writer-fd166c917f792fda,libtoml_datetime-4dc7b236afd0c6ba,libjsonc_parser-95a17568b6eca900,libsemver-f2ab12e28ce3f339,libschemars-ef1f222bd3963693,libdyn_clone-319e7691ef78165b,libserde-d9531e8696e4e89a,libref_cast-39e7248fa7f58bb0,libregex-818aa96f598bdf4a,libregex_automata-a3a706a38c9d5926,libaho_corasick-5b74fb32056a7cd4,libregex_syntax-801391c65a42f645,libdialoguer-5766893d3dd418b9,libshell_words-d186b621774bbdb4,libzeroize-37b2a6e0a2742c6a,libfuzzy_matcher-c111cb650fd96a1d,libthread_local-b4f6fe44d641c0b1,libconsole-5164f23028e17fd1,libunicode_width-c0be3735b741df1b,libtempfile-5f05b73ed713bc25,libgetrandom-1e62ef079fef2f0f,liblibc-32464e1b8391e223,libcfg_if-83060ec5685761ae,libfastrand-bab015aa83fcde07,libonce_cell-9d045526a262399f,librustix-04badb96c53eccb6,libbitflags-7039d3929d603d58,liblinux_raw_sys-0b6cde911e9a3109,libserde_json-f9679c774a573038,libmemchr-efcaf924912fba01,libitoa-5de11b3b23bfe572,libzmij-2ca2f302097868c6,libindexmap-b92bb9c25241b995,libequivalent-6a754676e6af62ae,libhashbrown-d7214d631586fd51,libserde_core-1024909fd700b20f}.rlib" "<sysroot>/lib/rustlib/x86_64-unknown-linux-gnu/lib/{libstd-*,libpanic_unwind-*,libobject-*,libmemchr-*,libaddr2line-*,libgimli-*,libcfg_if-*,librustc_demangle-*,libstd_detect-*,libhashbrown-*,librustc_std_workspace_alloc-*,libminiz_oxide-*,libadler2-*,libunwind-*,liblibc-*,librustc_std_workspace_core-*,liballoc-*,libcore-*,libcompiler_builtins-*}.rlib" "-Wl,-Bdynamic" "-lgcc_s" "-lutil" "-lrt" "-lpthread" "-lm" "-ldl" "-lc" "-L" "/opt/rustwide/target/debug/deps/rustcz1KKB7/raw-dylibs" "-B<sysroot>/lib/rustlib/x86_64-unknown-linux-gnu/bin/gcc-ld" "-fuse-ld=lld" "-Wl,--eh-frame-hdr" "-Wl,-z,noexecstack" "-L" "/opt/rustwide/target/debug/build/ring-e1367c6653867bbf/out" "-L" "<sysroot>/lib/rustlib/x86_64-unknown-linux-gnu/lib" "-o" "/opt/rustwide/target/debug/deps/config-140d8d128f8d4f52" "-Wl,--gc-sections" "-pie" "-Wl,-z,relro,-z,now" "-nodefaultlibs"
[INFO] [stdout]   = note: some arguments are omitted. use `--verbose` to show all linker arguments
[INFO] [stdout]   = note: collect2: fatal error: ld terminated with signal 9 [Killed]
[INFO] [stdout]           compilation terminated.
[INFO] [stdout]           
[INFO] [stdout] 
[INFO] [stdout] 
[INFO] [stderr] error: could not compile `vbumpp-core` (test "config") due to 1 previous error
[INFO] [stderr] error: could not compile `vbumpp-core` (test "orchestrate") due to 1 previous error
[INFO] [stdout] error: linking with `cc` failed: exit status: 1
[INFO] [stdout]   |
[INFO] [stdout]   = note:  "cc" "-m64" "/opt/rustwide/target/debug/deps/rustc2uMfIR/symbols.o" "<3 object files omitted>" "-Wl,--as-needed" "-Wl,-Bstatic" "<sysroot>/lib/rustlib/x86_64-unknown-linux-gnu/lib/{libtest-*,libgetopts-*,librustc_std_workspace_std-*}.rlib" "/opt/rustwide/target/debug/deps/{libvbumpp_core-34c901745faa2950,libdirs-678ca70ff0ea31ca,libdirs_sys-9b5b26daf8732554,liboption_ext-61303ef911796993,liburl-b7366b34baed17be,libidna-05faa4ac7e634d7d,libidna_adapter-c56a9fd84e0c7594,libicu_properties-bb975f28421e5a5a,libicu_properties_data-e6cf238fc98dd59d,libicu_normalizer-6f956526b4d3a8b7,libsmallvec-8991f9d163108ead,libicu_normalizer_data-8fea05bee0bb4e49,libicu_collections-3fa9f41c13365cb1,libutf8_iter-51566bbad89f3a68,libpotential_utf-73be63bd447bf57b,libicu_provider-e8f2bf5601a50acd,libicu_locale_core-7860d45796210771,libtinystr-4d40111033553691,liblitemap-dc288f07f8f61193,libwriteable-48b3e52227924bb5,libzerovec-2bdcf8f52a141596,libzerotrie-f58956d831156454,libyoke-193b28aae764ca61,libstable_deref_trait-63cbf3f3d3f94e56,libzerofrom-7d6d96c67671bfe1,libform_urlencoded-98cc7da289c29f13,libureq-a46fa9c9199b70ba,libwebpki_roots-8b4b3b3e18f86a51,librustls-d478893f278b17f6,libwebpki-0a357d97f8d24b92,libring-d600f47becde3e4a,libuntrusted-b2f816886faf2178,librustls_pki_types-f9d0b31df971a573,libpercent_encoding-fa055ecaa1e57cfa,libflate2-e618230293f46b8b,libminiz_oxide-93424680bf88636d,libsimd_adler32-2a047f2153860026,libcrc32fast-77160f4e25d6fc25,libutf8_zero-b1bfe7deddca0c76,libureq_proto-24e789480b53eb68,libhttparse-be605dd980e8a581,libbase64-32787b0325ea6df8,libhttp-afd8c2dcf723ab99,libbytes-5f66263ae3d5daa8,liblog-64a74e931fbdff63,libtoml-19eaf952f40e3748,libserde_spanned-89c3fd31cafc4353,libserde_path_to_error-095ce2a69d8a6357,libglob-9ed1b461ddded6dd,librand-a58088962e5ffe0b,librand_chacha-e5531571742a716b,libppv_lite86-85123b5fc2562260,libzerocopy-b946e089fb397e52,librand_core-c83eaed7defe7a9e,libaes_gcm-add1006e2872a447,libctr-7ffa468e408b6c2f,libghash-f43086aba9290f56,libpolyval-07b8b139c223f63c,libopaque_debug-90e66d859d53ff28,libuniversal_hash-3613764381079097,libsubtle-2ae6a7038b9a0630,libaes-aa4cd7f135ef8a5f,libcpufeatures-e04321643d03190d,libcipher-6a0212b0c0421443,libinout-8d21a13f43326a23,libaead-eab29339c0480010,libcrypto_common-28074552395b7d36,libgeneric_array-745cace30f1ed372,libtypenum-ed2b1c93b2a4333a,librand_core-ab43ee49732f09fe,libgetrandom-6b309e86c3fd7e8c,libtoml_edit-43328caeff9e6101,libwinnow-88e6acd6e2987984,libtoml_parser-520e63d1aaf7cd07,libwinnow-9ea79b6ed37d156b,libtoml_writer-fd166c917f792fda,libtoml_datetime-4dc7b236afd0c6ba,libjsonc_parser-95a17568b6eca900,libsemver-f2ab12e28ce3f339,libschemars-ef1f222bd3963693,libdyn_clone-319e7691ef78165b,libserde-d9531e8696e4e89a,libref_cast-39e7248fa7f58bb0,libregex-818aa96f598bdf4a,libregex_automata-a3a706a38c9d5926,libaho_corasick-5b74fb32056a7cd4,libregex_syntax-801391c65a42f645,libserde_json-f9679c774a573038,libmemchr-efcaf924912fba01,libitoa-5de11b3b23bfe572,libzmij-2ca2f302097868c6,libindexmap-b92bb9c25241b995,libequivalent-6a754676e6af62ae,libhashbrown-d7214d631586fd51,libserde_core-1024909fd700b20f,libdialoguer-5766893d3dd418b9,libshell_words-d186b621774bbdb4,libzeroize-37b2a6e0a2742c6a,libfuzzy_matcher-c111cb650fd96a1d,libthread_local-b4f6fe44d641c0b1,libconsole-5164f23028e17fd1,libunicode_width-c0be3735b741df1b,libtempfile-5f05b73ed713bc25,libgetrandom-1e62ef079fef2f0f,liblibc-32464e1b8391e223,libcfg_if-83060ec5685761ae,libfastrand-bab015aa83fcde07,libonce_cell-9d045526a262399f,librustix-04badb96c53eccb6,libbitflags-7039d3929d603d58,liblinux_raw_sys-0b6cde911e9a3109}.rlib" "<sysroot>/lib/rustlib/x86_64-unknown-linux-gnu/lib/{libstd-*,libpanic_unwind-*,libobject-*,libmemchr-*,libaddr2line-*,libgimli-*,libcfg_if-*,librustc_demangle-*,libstd_detect-*,libhashbrown-*,librustc_std_workspace_alloc-*,libminiz_oxide-*,libadler2-*,libunwind-*,liblibc-*,librustc_std_workspace_core-*,liballoc-*,libcore-*,libcompiler_builtins-*}.rlib" "-Wl,-Bdynamic" "-lgcc_s" "-lutil" "-lrt" "-lpthread" "-lm" "-ldl" "-lc" "-L" "/opt/rustwide/target/debug/deps/rustc2uMfIR/raw-dylibs" "-B<sysroot>/lib/rustlib/x86_64-unknown-linux-gnu/bin/gcc-ld" "-fuse-ld=lld" "-Wl,--eh-frame-hdr" "-Wl,-z,noexecstack" "-L" "/opt/rustwide/target/debug/build/ring-e1367c6653867bbf/out" "-L" "<sysroot>/lib/rustlib/x86_64-unknown-linux-gnu/lib" "-o" "/opt/rustwide/target/debug/deps/release_dry_run-f73ba8626be76239" "-Wl,--gc-sections" "-pie" "-Wl,-z,relro,-z,now" "-nodefaultlibs"
[INFO] [stdout]   = note: some arguments are omitted. use `--verbose` to show all linker arguments
[INFO] [stdout]   = note: collect2: fatal error: ld terminated with signal 9 [Killed]
[INFO] [stdout]           compilation terminated.
[INFO] [stdout]           
[INFO] [stdout] 
[INFO] [stdout] 
[INFO] [stderr] error: could not compile `vbumpp-core` (test "release_dry_run") due to 1 previous error
[INFO] running `Command { std: "docker" "inspect" "644dfeb623a0217faaa853c49895b14d00486cd80e7865878a9333f5141f562d", kill_on_drop: false }`
[INFO] running `Command { std: "docker" "rm" "-f" "644dfeb623a0217faaa853c49895b14d00486cd80e7865878a9333f5141f562d", kill_on_drop: false }`
[INFO] [stdout] 644dfeb623a0217faaa853c49895b14d00486cd80e7865878a9333f5141f562d
