[INFO] fetching crate rgx-cli 0.14.2...
[INFO] testing rgx-cli-0.14.2 against 1.100.0-beta.1 for beta-1.100-3
[INFO] extracting crate rgx-cli 0.14.2 into /workspace/builds/worker-5-tc2/source
[INFO] started tweaking crates.io crate rgx-cli 0.14.2
[INFO] removed 0 missing tests
[INFO] finished tweaking crates.io crate rgx-cli 0.14.2
[INFO] tweaked toml for crates.io crate rgx-cli 0.14.2 written to /workspace/builds/worker-5-tc2/source/Cargo.toml
[INFO] validating manifest of crates.io crate rgx-cli 0.14.2 on toolchain 1.100.0-beta.1
[INFO] running `Command { std: CARGO_HOME="/workspace/cargo-home" RUSTUP_HOME="/workspace/rustup-home" "/workspace/cargo-home/bin/cargo" "+1.100.0-beta.1" "metadata" "--manifest-path" "Cargo.toml" "--no-deps", kill_on_drop: false }`
[INFO] crate crates.io crate rgx-cli 0.14.2 already has a lockfile, it will not be regenerated
[INFO] running `Command { std: CARGO_HOME="/workspace/cargo-home" RUSTUP_HOME="/workspace/rustup-home" "/workspace/cargo-home/bin/cargo" "+1.100.0-beta.1" "fetch" "--manifest-path" "Cargo.toml", kill_on_drop: false }`
[INFO] [stderr]     Blocking waiting for file lock on package cache
[INFO] [stderr]     Blocking waiting for file lock on package cache
[ERROR] error running command: no output for 300 seconds
[INFO] testing rgx-cli-0.14.2 against 1.100.0-beta.1 for beta-1.100-3
[INFO] extracting crate rgx-cli 0.14.2 into /workspace/builds/worker-5-tc2/source
[INFO] started tweaking crates.io crate rgx-cli 0.14.2
[INFO] removed 0 missing tests
[INFO] finished tweaking crates.io crate rgx-cli 0.14.2
[INFO] tweaked toml for crates.io crate rgx-cli 0.14.2 written to /workspace/builds/worker-5-tc2/source/Cargo.toml
[INFO] validating manifest of crates.io crate rgx-cli 0.14.2 on toolchain 1.100.0-beta.1
[INFO] running `Command { std: CARGO_HOME="/workspace/cargo-home" RUSTUP_HOME="/workspace/rustup-home" "/workspace/cargo-home/bin/cargo" "+1.100.0-beta.1" "metadata" "--manifest-path" "Cargo.toml" "--no-deps", kill_on_drop: false }`
[INFO] crate crates.io crate rgx-cli 0.14.2 already has a lockfile, it will not be regenerated
[INFO] running `Command { std: CARGO_HOME="/workspace/cargo-home" RUSTUP_HOME="/workspace/rustup-home" "/workspace/cargo-home/bin/cargo" "+1.100.0-beta.1" "fetch" "--manifest-path" "Cargo.toml", kill_on_drop: false }`
[INFO] [stderr]     Blocking waiting for file lock on package cache
[INFO] [stderr]     Blocking waiting for file lock on package cache
[ERROR] error running command: no output for 300 seconds
[INFO] testing rgx-cli-0.14.2 against 1.100.0-beta.1 for beta-1.100-3
[INFO] extracting crate rgx-cli 0.14.2 into /workspace/builds/worker-5-tc2/source
[INFO] started tweaking crates.io crate rgx-cli 0.14.2
[INFO] removed 0 missing tests
[INFO] finished tweaking crates.io crate rgx-cli 0.14.2
[INFO] tweaked toml for crates.io crate rgx-cli 0.14.2 written to /workspace/builds/worker-5-tc2/source/Cargo.toml
[INFO] validating manifest of crates.io crate rgx-cli 0.14.2 on toolchain 1.100.0-beta.1
[INFO] running `Command { std: CARGO_HOME="/workspace/cargo-home" RUSTUP_HOME="/workspace/rustup-home" "/workspace/cargo-home/bin/cargo" "+1.100.0-beta.1" "metadata" "--manifest-path" "Cargo.toml" "--no-deps", kill_on_drop: false }`
[INFO] crate crates.io crate rgx-cli 0.14.2 already has a lockfile, it will not be regenerated
[INFO] running `Command { std: CARGO_HOME="/workspace/cargo-home" RUSTUP_HOME="/workspace/rustup-home" "/workspace/cargo-home/bin/cargo" "+1.100.0-beta.1" "fetch" "--manifest-path" "Cargo.toml", kill_on_drop: false }`
[INFO] [stderr]     Blocking waiting for file lock on package cache
[INFO] [stderr]     Blocking waiting for file lock on package cache
[ERROR] error running command: no output for 300 seconds
[INFO] testing rgx-cli-0.14.2 against 1.100.0-beta.1 for beta-1.100-3
[INFO] extracting crate rgx-cli 0.14.2 into /workspace/builds/worker-5-tc2/source
[INFO] started tweaking crates.io crate rgx-cli 0.14.2
[INFO] removed 0 missing tests
[INFO] finished tweaking crates.io crate rgx-cli 0.14.2
[INFO] tweaked toml for crates.io crate rgx-cli 0.14.2 written to /workspace/builds/worker-5-tc2/source/Cargo.toml
[INFO] validating manifest of crates.io crate rgx-cli 0.14.2 on toolchain 1.100.0-beta.1
[INFO] running `Command { std: CARGO_HOME="/workspace/cargo-home" RUSTUP_HOME="/workspace/rustup-home" "/workspace/cargo-home/bin/cargo" "+1.100.0-beta.1" "metadata" "--manifest-path" "Cargo.toml" "--no-deps", kill_on_drop: false }`
[INFO] crate crates.io crate rgx-cli 0.14.2 already has a lockfile, it will not be regenerated
[INFO] running `Command { std: CARGO_HOME="/workspace/cargo-home" RUSTUP_HOME="/workspace/rustup-home" "/workspace/cargo-home/bin/cargo" "+1.100.0-beta.1" "fetch" "--manifest-path" "Cargo.toml", kill_on_drop: false }`
[INFO] [stderr]     Blocking waiting for file lock on package cache
[INFO] [stderr]     Blocking waiting for file lock on package cache
[ERROR] error running command: no output for 300 seconds
[INFO] testing rgx-cli-0.14.2 against 1.100.0-beta.1 for beta-1.100-3
[INFO] extracting crate rgx-cli 0.14.2 into /workspace/builds/worker-5-tc2/source
[INFO] started tweaking crates.io crate rgx-cli 0.14.2
[INFO] removed 0 missing tests
[INFO] finished tweaking crates.io crate rgx-cli 0.14.2
[INFO] tweaked toml for crates.io crate rgx-cli 0.14.2 written to /workspace/builds/worker-5-tc2/source/Cargo.toml
[INFO] validating manifest of crates.io crate rgx-cli 0.14.2 on toolchain 1.100.0-beta.1
[INFO] running `Command { std: CARGO_HOME="/workspace/cargo-home" RUSTUP_HOME="/workspace/rustup-home" "/workspace/cargo-home/bin/cargo" "+1.100.0-beta.1" "metadata" "--manifest-path" "Cargo.toml" "--no-deps", kill_on_drop: false }`
[INFO] crate crates.io crate rgx-cli 0.14.2 already has a lockfile, it will not be regenerated
[INFO] running `Command { std: CARGO_HOME="/workspace/cargo-home" RUSTUP_HOME="/workspace/rustup-home" "/workspace/cargo-home/bin/cargo" "+1.100.0-beta.1" "fetch" "--manifest-path" "Cargo.toml", kill_on_drop: false }`
[INFO] [stderr]     Blocking waiting for file lock on package cache
[INFO] [stderr]     Blocking waiting for file lock on package cache
[INFO] [stderr]  Downloading crates ...
[INFO] [stderr]   Downloaded toml v1.0.3+spec-1.1.0
[INFO] [stderr]   Downloaded toml_datetime v1.0.0+spec-1.1.0
[INFO] [stderr]   Downloaded toml_parser v1.0.9+spec-1.1.0
[INFO] [stderr]   Downloaded toml_writer v1.0.6+spec-1.1.0
[INFO] [stderr]   Downloaded wezterm-dynamic-derive v0.1.1
[INFO] [stderr]   Downloaded atomic v0.6.1
[INFO] [stderr]   Downloaded lab v0.11.0
[INFO] [stderr]   Downloaded serde_spanned v1.0.4
[INFO] [stderr]   Downloaded wezterm-blob-leases v0.1.1
[INFO] [stderr]   Downloaded wasm-bindgen-shared v0.2.111
[INFO] [stderr]   Downloaded mac_address v1.1.8
[INFO] [stderr]   Downloaded vtparse v0.6.2
[INFO] [stderr]   Downloaded wezterm-dynamic v0.2.1
[INFO] [stderr]   Downloaded wasm-bindgen-macro v0.2.111
[INFO] [stderr]   Downloaded rawpointer v0.2.1
[INFO] [stderr]   Downloaded bit-set v0.8.0
[INFO] [stderr]   Downloaded terminal_size v0.4.4
[INFO] [stderr]   Downloaded memmem v0.1.1
[INFO] [stderr]   Downloaded phf_codegen v0.11.3
[INFO] [stderr]   Downloaded csscolorparser v0.6.2
[INFO] [stderr]   Downloaded wezterm-input-types v0.1.0
[INFO] [stderr]   Downloaded ordered-float v4.6.0
[INFO] [stderr]   Downloaded wezterm-color-types v0.3.0
[INFO] [stderr]   Downloaded termios v0.3.3
[INFO] [stderr]   Downloaded ratatui-macros v0.7.0
[INFO] [stderr]   Downloaded ratatui-termwiz v0.1.0
[INFO] [stderr]   Downloaded rxray v0.1.0
[INFO] [stderr]   Downloaded jobserver v0.1.34
[INFO] [stderr]   Downloaded pcre2 v0.2.11
[INFO] [stderr]   Downloaded terminfo v0.9.0
[INFO] [stderr]   Downloaded pest_derive v2.8.6
[INFO] [stderr]   Downloaded console v0.15.11
[INFO] [stderr]   Downloaded gethostname v1.1.0
[INFO] [stderr]   Downloaded unicode-general-category v1.1.0
[INFO] [stderr]   Downloaded objc2-io-surface v0.3.2
[INFO] [stderr]   Downloaded bit-vec v0.8.0
[INFO] [stderr]   Downloaded quick-error v2.0.1
[INFO] [stderr]   Downloaded error-code v3.3.2
[INFO] [stderr]   Downloaded fax_derive v0.2.0
[INFO] [stderr]   Downloaded byteorder-lite v0.1.0
[INFO] [stderr]   Downloaded pest_generator v2.8.6
[INFO] [stderr]   Downloaded wasm-bindgen-macro-support v0.2.111
[INFO] [stderr]   Downloaded portable-atomic-util v0.2.7
[INFO] [stderr]   Downloaded clap_complete v4.6.0
[INFO] [stderr]   Downloaded wasm-bindgen v0.2.111
[INFO] [stderr]   Downloaded bytemuck v1.25.0
[INFO] [stderr]   Downloaded finl_unicode v1.4.0
[INFO] [stderr]   Downloaded similar v2.7.0
[INFO] [stderr]   Downloaded ratatui v0.30.0
[INFO] [stderr]   Downloaded winnow v0.7.14
[INFO] [stderr]   Downloaded zune-core v0.4.12
[INFO] [stderr]   Downloaded fax v0.2.6
[INFO] [stderr]   Downloaded clipboard-win v5.4.1
[INFO] [stderr]   Downloaded fdeflate v0.3.7
[INFO] [stderr]   Downloaded matrixmultiply v0.3.10
[INFO] [stderr]   Downloaded euclid v0.22.13
[INFO] [stderr]   Downloaded wezterm-bidi v0.2.3
[INFO] [stderr]   Downloaded js-sys v0.3.88
[INFO] [stderr]   Downloaded weezl v0.1.12
[INFO] [stderr]   Downloaded arboard v3.6.1
[INFO] [stderr]   Downloaded fancy-regex v0.11.0
[INFO] [stderr]   Downloaded dispatch2 v0.3.0
[INFO] [stderr]   Downloaded pest_meta v2.8.6
[INFO] [stderr]   Downloaded fancy-regex v0.17.0
[INFO] [stderr]   Downloaded zune-jpeg v0.4.21
[INFO] [stderr]   Downloaded insta v1.46.3
[INFO] [stderr]   Downloaded objc2-core-graphics v0.3.2
[INFO] [stderr]   Downloaded pest v2.8.6
[INFO] [stderr]   Downloaded png v0.18.1
[INFO] [stderr]   Downloaded moxcms v0.7.11
[INFO] [stderr]   Downloaded ndarray v0.17.2
[INFO] [stderr]   Downloaded x11rb v0.13.2
[INFO] [stderr]   Downloaded objc2 v0.6.3
[INFO] [stderr]   Downloaded nix v0.29.0
[INFO] [stderr]   Downloaded image v0.25.9
[INFO] [stderr]   Downloaded termwiz v0.23.3
[INFO] [stderr]   Downloaded x11rb-protocol v0.13.2
[INFO] [stderr]   Downloaded objc2-app-kit v0.3.2
[INFO] [stderr]   Downloaded grex v1.4.6
[INFO] [stderr]   Downloaded web-sys v0.3.88
[INFO] [stderr]   Downloaded pcre2-sys v0.2.10
[INFO] [stderr]   Downloaded pxfm v0.1.27
[INFO] [stderr]   Downloaded tiff v0.10.3
[INFO] [stderr]   Downloaded deltae v0.3.2
[INFO] running `Command { std: "docker" "create" "-v" "/var/lib/crater-agent-workspace/builds/worker-5-tc2/source:/opt/rustwide/workdir:ro,Z" "-v" "/var/lib/crater-agent-workspace/builds/worker-5-tc2/target:/opt/rustwide/target:rw,Z" "-v" "/var/lib/crater-agent-workspace/cargo-home:/opt/rustwide/cargo-home:ro,Z" "-v" "/var/lib/crater-agent-workspace/rustup-home:/opt/rustwide/rustup-home:ro,Z" "-m" "1610612736" "--network" "none" "ghcr.io/rust-lang/crates-build-env/linux@sha256:77db811e55d90add9212f6832c23229e3de5f1c1f9905e8cb07319ea15df73ac" "sleep" "infinity", kill_on_drop: false }`
[INFO] [stdout] 70b6d1befeb1b7b5a0e6ce4acc0bceb01d42c078e9d90f4575c18b89bde37c71
[INFO] running `Command { std: "docker" "start" "70b6d1befeb1b7b5a0e6ce4acc0bceb01d42c078e9d90f4575c18b89bde37c71", kill_on_drop: false }`
[INFO] running `Command { std: "docker" "inspect" "70b6d1befeb1b7b5a0e6ce4acc0bceb01d42c078e9d90f4575c18b89bde37c71", kill_on_drop: false }`
[INFO] running `Command { std: "docker" "exec" "-e" "SOURCE_DIR=/opt/rustwide/workdir" "-e" "CARGO_HOME=/opt/rustwide/cargo-home" "-e" "RUSTUP_HOME=/opt/rustwide/rustup-home" "-e" "CARGO_TARGET_DIR=/opt/rustwide/target" "-w" "/opt/rustwide/workdir" "--user" "0:0" "70b6d1befeb1b7b5a0e6ce4acc0bceb01d42c078e9d90f4575c18b89bde37c71" "/opt/rustwide/cargo-home/bin/cargo" "+1.100.0-beta.1" "metadata" "--no-deps" "--format-version=1", kill_on_drop: false }`
[INFO] running `Command { std: "docker" "inspect" "70b6d1befeb1b7b5a0e6ce4acc0bceb01d42c078e9d90f4575c18b89bde37c71", kill_on_drop: false }`
[INFO] running `Command { std: "docker" "exec" "-e" "SOURCE_DIR=/opt/rustwide/workdir" "-e" "CARGO_HOME=/opt/rustwide/cargo-home" "-e" "RUSTUP_HOME=/opt/rustwide/rustup-home" "-e" "CARGO_TARGET_DIR=/opt/rustwide/target" "-e" "CARGO_INCREMENTAL=0" "-e" "RUST_BACKTRACE=full" "-e" "RUSTFLAGS=--cap-lints=warn" "-e" "RUSTDOCFLAGS=--cap-lints=warn" "-w" "/opt/rustwide/workdir" "--user" "0:0" "70b6d1befeb1b7b5a0e6ce4acc0bceb01d42c078e9d90f4575c18b89bde37c71" "/opt/rustwide/cargo-home/bin/cargo" "+1.100.0-beta.1" "build" "--frozen" "--message-format=json", kill_on_drop: false }`
[INFO] [stderr]    Compiling bitflags v2.11.0
[INFO] [stderr]    Compiling rustix v1.1.3
[INFO] [stderr]    Compiling linux-raw-sys v0.11.0
[INFO] [stderr]    Compiling foldhash v0.2.0
[INFO] [stderr]    Compiling num-traits v0.2.19
[INFO] [stderr]    Compiling smallvec v1.15.1
[INFO] [stderr]    Compiling thiserror v2.0.18
[INFO] [stderr]    Compiling either v1.15.0
[INFO] [stderr]    Compiling serde_core v1.0.228
[INFO] [stderr]    Compiling indoc v2.0.7
[INFO] [stderr]    Compiling syn v2.0.117
[INFO] [stderr]    Compiling castaway v0.2.4
[INFO] [stderr]    Compiling mio v1.1.1
[INFO] [stderr]    Compiling memchr v2.8.0
[INFO] [stderr]    Compiling simd-adler32 v0.3.8
[INFO] [stderr]    Compiling unicode-width v0.2.2
[INFO] [stderr]    Compiling hashbrown v0.16.1
[INFO] [stderr]    Compiling instability v0.3.11
[INFO] [stderr]    Compiling signal-hook v0.3.18
[INFO] [stderr]    Compiling itertools v0.14.0
[INFO] [stderr]    Compiling compact_str v0.9.0
[INFO] [stderr]    Compiling convert_case v0.10.0
[INFO] [stderr]    Compiling miniz_oxide v0.8.9
[INFO] [stderr]    Compiling deranged v0.5.8
[INFO] [stderr]    Compiling matrixmultiply v0.3.10
[INFO] [stderr]    Compiling parking_lot_core v0.9.12
[INFO] [stderr]    Compiling time-core v0.1.8
[INFO] [stderr]    Compiling num-conv v0.2.0
[INFO] [stderr]    Compiling regex-syntax v0.8.10
[INFO] [stderr]    Compiling parking_lot v0.12.5
[INFO] [stderr]    Compiling aho-corasick v1.1.4
[INFO] [stderr]    Compiling clap_lex v1.0.0
[INFO] [stderr]    Compiling litrs v1.0.0
[INFO] [stderr]    Compiling num_threads v0.1.7
[INFO] [stderr]    Compiling flate2 v1.1.9
[INFO] [stderr]    Compiling signal-hook-mio v0.2.5
[INFO] [stderr]    Compiling pxfm v0.1.27
[INFO] [stderr]    Compiling fdeflate v0.3.7
[INFO] [stderr]    Compiling lru v0.16.3
[INFO] [stderr]    Compiling line-clipping v0.3.5
[INFO] [stderr]    Compiling rawpointer v0.2.1
[INFO] [stderr]    Compiling foldhash v0.1.5
[INFO] [stderr]    Compiling unicode-general-category v1.1.0
[INFO] [stderr]    Compiling hashbrown v0.15.5
[INFO] [stderr]    Compiling indexmap v2.13.0
[INFO] [stderr]    Compiling num-complex v0.4.6
[INFO] [stderr]    Compiling time v0.3.47
[INFO] [stderr]    Compiling png v0.18.1
[INFO] [stderr]    Compiling document-features v0.2.12
[INFO] [stderr]    Compiling num-integer v0.1.46
[INFO] [stderr]    Compiling serde_json v1.0.149
[INFO] [stderr]    Compiling winnow v0.7.14
[INFO] [stderr]    Compiling byteorder-lite v0.1.0
[INFO] [stderr]    Compiling bytemuck v1.25.0
[INFO] [stderr]    Compiling option-ext v0.2.0
[INFO] [stderr]    Compiling x11rb-protocol v0.13.2
[INFO] [stderr]    Compiling fixedbitset v0.5.7
[INFO] [stderr]    Compiling bit-vec v0.8.0
[INFO] [stderr]    Compiling dirs-sys v0.5.0
[INFO] [stderr]    Compiling ndarray v0.17.2
[INFO] [stderr]    Compiling bit-set v0.8.0
[INFO] [stderr]    Compiling petgraph v0.8.3
[INFO] [stderr]    Compiling unicode-truncate v2.0.1
[INFO] [stderr]    Compiling toml_writer v1.0.6+spec-1.1.0
[INFO] [stderr]    Compiling dirs v6.0.0
[INFO] [stderr]    Compiling regex-automata v0.4.14
[INFO] [stderr]    Compiling serde_spanned v1.0.4
[INFO] [stderr]    Compiling toml_datetime v1.0.0+spec-1.1.0
[INFO] [stderr]    Compiling darling_core v0.23.0
[INFO] [stderr]    Compiling moxcms v0.7.11
[INFO] [stderr]    Compiling toml_parser v1.0.9+spec-1.1.0
[INFO] [stderr]    Compiling toml v1.0.3+spec-1.1.0
[INFO] [stderr]    Compiling thiserror-impl v2.0.18
[INFO] [stderr]    Compiling strum_macros v0.27.2
[INFO] [stderr]    Compiling derive_more-impl v2.1.1
[INFO] [stderr]    Compiling clap_derive v4.5.55
[INFO] [stderr]    Compiling tokio-macros v2.6.0
[INFO] [stderr]    Compiling serde_derive v1.0.228
[INFO] [stderr]    Compiling terminal_size v0.4.4
[INFO] [stderr]    Compiling gethostname v1.1.0
[INFO] [stderr]    Compiling clap_builder v4.5.60
[INFO] [stderr]    Compiling tokio v1.49.0
[INFO] [stderr]    Compiling derive_more v2.1.1
[INFO] [stderr]    Compiling crossterm v0.29.0
[INFO] [stderr]    Compiling regex v1.12.3
[INFO] [stderr]    Compiling fancy-regex v0.17.0
[INFO] [stderr]    Compiling kasuari v0.4.11
[INFO] [stderr] error: could not compile `regex-automata` (lib)
[INFO] [stderr] 
[INFO] [stderr] Caused by:
[INFO] [stderr]   process didn't exit successfully: `/opt/rustwide/rustup-home/toolchains/1.100.0-beta.1-x86_64-unknown-linux-gnu/bin/rustc --crate-name regex_automata --edition=2021 /opt/rustwide/cargo-home/registry/src/index.crates.io-1949cf8c6b5b557f/regex-automata-0.4.14/src/lib.rs --error-format=json --json=diagnostic-rendered-ansi,artifacts,future-incompat,unused-externs-silent --crate-type lib --emit=dep-info,metadata,link -C embed-bitcode=no -C debuginfo=2 --cfg 'feature="alloc"' --cfg 'feature="dfa"' --cfg 'feature="dfa-build"' --cfg 'feature="dfa-onepass"' --cfg 'feature="dfa-search"' --cfg 'feature="hybrid"' --cfg 'feature="meta"' --cfg 'feature="nfa"' --cfg 'feature="nfa-backtrack"' --cfg 'feature="nfa-pikevm"' --cfg 'feature="nfa-thompson"' --cfg 'feature="perf"' --cfg 'feature="perf-inline"' --cfg 'feature="perf-literal"' --cfg 'feature="perf-literal-multisubstring"' --cfg 'feature="perf-literal-substring"' --cfg 'feature="std"' --cfg 'feature="syntax"' --cfg 'feature="unicode"' --cfg 'feature="unicode-age"' --cfg 'feature="unicode-bool"' --cfg 'feature="unicode-case"' --cfg 'feature="unicode-gencat"' --cfg 'feature="unicode-perl"' --cfg 'feature="unicode-script"' --cfg 'feature="unicode-segment"' --cfg 'feature="unicode-word-boundary"' --check-cfg 'cfg(docsrs,test)' --check-cfg 'cfg(feature, values("alloc", "default", "dfa", "dfa-build", "dfa-onepass", "dfa-search", "hybrid", "internal-instrument", "internal-instrument-pikevm", "logging", "meta", "nfa", "nfa-backtrack", "nfa-pikevm", "nfa-thompson", "perf", "perf-inline", "perf-literal", "perf-literal-multisubstring", "perf-literal-substring", "std", "syntax", "unicode", "unicode-age", "unicode-bool", "unicode-case", "unicode-gencat", "unicode-perl", "unicode-script", "unicode-segment", "unicode-word-boundary"))' -C metadata=030be90899e6ad0c -C extra-filename=-2b9b3ab403bb3622 --out-dir /opt/rustwide/target/debug/build/regex-automata/2b9b3ab403bb3622/out -L dependency=/opt/rustwide/target/debug/build/memchr/ba3829a276830806/out --extern aho_corasick=/opt/rustwide/target/debug/build/aho-corasick/86b7640b845670b7/out/libaho_corasick-86b7640b845670b7.rmeta --extern memchr=/opt/rustwide/target/debug/build/memchr/ba3829a276830806/out/libmemchr-ba3829a276830806.rmeta --extern regex_syntax=/opt/rustwide/target/debug/build/regex-syntax/6d6ee545e2ffad72/out/libregex_syntax-6d6ee545e2ffad72.rmeta --cap-lints allow --cap-lints=warn --force-warn=unused_crate_dependencies` (signal: 9, SIGKILL: kill)
[INFO] [stderr] warning: build failed, waiting for other jobs to finish...
[INFO] [stderr] error: could not compile `x11rb-protocol` (lib)
[INFO] [stderr] 
[INFO] [stderr] Caused by:
[INFO] [stderr]   process didn't exit successfully: `/opt/rustwide/rustup-home/toolchains/1.100.0-beta.1-x86_64-unknown-linux-gnu/bin/rustc --crate-name x11rb_protocol --edition=2021 /opt/rustwide/cargo-home/registry/src/index.crates.io-1949cf8c6b5b557f/x11rb-protocol-0.13.2/src/lib.rs --error-format=json --json=diagnostic-rendered-ansi,artifacts,future-incompat,unused-externs-silent --crate-type lib --emit=dep-info,metadata,link -C embed-bitcode=no -C debuginfo=2 --cfg 'feature="std"' --check-cfg 'cfg(docsrs,test)' --check-cfg 'cfg(feature, values("all-extensions", "composite", "damage", "dbe", "default", "dpms", "dri2", "dri3", "extra-traits", "glx", "present", "randr", "record", "render", "request-parsing", "res", "resource_manager", "screensaver", "serde", "shape", "shm", "std", "sync", "xevie", "xf86dri", "xf86vidmode", "xfixes", "xinerama", "xinput", "xkb", "xprint", "xselinux", "xtest", "xv", "xvmc"))' -C metadata=3a65ac1afe126dd5 -C extra-filename=-9b5798c2ec1bf1c4 --out-dir /opt/rustwide/target/debug/build/x11rb-protocol/9b5798c2ec1bf1c4/out --cap-lints allow --cap-lints=warn --force-warn=unused_crate_dependencies` (signal: 9, SIGKILL: kill)
[INFO] running `Command { std: "docker" "inspect" "70b6d1befeb1b7b5a0e6ce4acc0bceb01d42c078e9d90f4575c18b89bde37c71", kill_on_drop: false }`
[INFO] running `Command { std: "docker" "rm" "-f" "70b6d1befeb1b7b5a0e6ce4acc0bceb01d42c078e9d90f4575c18b89bde37c71", kill_on_drop: false }`
[INFO] [stdout] 70b6d1befeb1b7b5a0e6ce4acc0bceb01d42c078e9d90f4575c18b89bde37c71
