[INFO] cloning repository https://github.com/msamsonoff/cortex-m-aircr-prigroup
[INFO] running `Command { std: "git" "-c" "credential.helper=" "-c" "credential.helper=/workspace/cargo-home/bin/git-credential-null" "clone" "--bare" "https://github.com/msamsonoff/cortex-m-aircr-prigroup" "/workspace/cache/git-repos/https%3A%2F%2Fgithub.com%2Fmsamsonoff%2Fcortex-m-aircr-prigroup", kill_on_drop: false }`
[INFO] [stderr] Cloning into bare repository '/workspace/cache/git-repos/https%3A%2F%2Fgithub.com%2Fmsamsonoff%2Fcortex-m-aircr-prigroup'...
[INFO] running `Command { std: "git" "rev-parse" "HEAD", kill_on_drop: false }`
[INFO] [stdout] b85d9cfca1e3f2b923c1f66c50510ff93973a757
[INFO] testing msamsonoff/cortex-m-aircr-prigroup against 1.99.0-beta.8 for beta-1.100-3
[INFO] running `Command { std: "git" "clone" "/workspace/cache/git-repos/https%3A%2F%2Fgithub.com%2Fmsamsonoff%2Fcortex-m-aircr-prigroup" "/workspace/builds/worker-3-tc1/source", kill_on_drop: false }`
[INFO] [stderr] Cloning into '/workspace/builds/worker-3-tc1/source'...
[INFO] [stderr] done.
[INFO] removed /workspace/builds/worker-3-tc1/source/.cargo/config
[INFO] removed /workspace/builds/worker-3-tc1/source/rust-toolchain
[INFO] started tweaking git repo https://github.com/msamsonoff/cortex-m-aircr-prigroup
[INFO] finished tweaking git repo https://github.com/msamsonoff/cortex-m-aircr-prigroup
[INFO] tweaked toml for git repo https://github.com/msamsonoff/cortex-m-aircr-prigroup written to /workspace/builds/worker-3-tc1/source/Cargo.toml
[INFO] validating manifest of git repo https://github.com/msamsonoff/cortex-m-aircr-prigroup on toolchain 1.99.0-beta.8
[INFO] running `Command { std: CARGO_HOME="/workspace/cargo-home" RUSTUP_HOME="/workspace/rustup-home" "/workspace/cargo-home/bin/cargo" "+1.99.0-beta.8" "metadata" "--manifest-path" "Cargo.toml" "--no-deps", kill_on_drop: false }`
[INFO] crate git repo https://github.com/msamsonoff/cortex-m-aircr-prigroup already has a lockfile, it will not be regenerated
[INFO] running `Command { std: CARGO_HOME="/workspace/cargo-home" RUSTUP_HOME="/workspace/rustup-home" "/workspace/cargo-home/bin/cargo" "+1.99.0-beta.8" "fetch" "--manifest-path" "Cargo.toml", kill_on_drop: false }`
[INFO] [stderr]     Updating crates.io index
[INFO] [stderr]     Blocking waiting for file lock on package cache
[INFO] [stderr]  Downloading crates ...
[INFO] [stderr]   Downloaded cortex-m-rt v0.6.13
[INFO] [stderr]   Downloaded r0 v0.2.2
[INFO] [stderr]   Downloaded cortex-m-rt-macros v0.1.8
[INFO] [stderr]   Downloaded vcell v0.1.3
[INFO] [stderr]   Downloaded bitfield v0.13.2
[INFO] [stderr]   Downloaded volatile-register v0.2.0
[INFO] [stderr]   Downloaded nb v0.1.3
[INFO] [stderr]   Downloaded panic-semihosting v0.5.6
[INFO] [stderr]   Downloaded cortex-m-semihosting v0.3.7
[INFO] [stderr]   Downloaded bare-metal v0.2.5
[INFO] [stderr]   Downloaded proc-macro2 v1.0.26
[INFO] [stderr]   Downloaded nb v1.0.0
[INFO] [stderr]   Downloaded cortex-m v0.7.2
[INFO] [stderr]   Downloaded embedded-hal v0.2.4
[INFO] [stderr]   Downloaded syn v1.0.69
[INFO] [stderr]   Downloaded stm32h7 v0.13.0
[INFO] running `Command { std: "docker" "create" "-v" "/var/lib/crater-agent-workspace/builds/worker-3-tc1/source:/opt/rustwide/workdir:ro,Z" "-v" "/var/lib/crater-agent-workspace/builds/worker-3-tc1/target:/opt/rustwide/target:rw,Z" "-v" "/var/lib/crater-agent-workspace/cargo-home:/opt/rustwide/cargo-home:ro,Z" "-v" "/var/lib/crater-agent-workspace/rustup-home:/opt/rustwide/rustup-home:ro,Z" "-m" "1610612736" "--network" "none" "ghcr.io/rust-lang/crates-build-env/linux@sha256:77db811e55d90add9212f6832c23229e3de5f1c1f9905e8cb07319ea15df73ac" "sleep" "infinity", kill_on_drop: false }`
[INFO] [stdout] d8cf8d31359da850df7d97b17d893dedc2b6d12d7acc76463ad653930ca7ab15
[INFO] running `Command { std: "docker" "start" "d8cf8d31359da850df7d97b17d893dedc2b6d12d7acc76463ad653930ca7ab15", kill_on_drop: false }`
[INFO] running `Command { std: "docker" "inspect" "d8cf8d31359da850df7d97b17d893dedc2b6d12d7acc76463ad653930ca7ab15", kill_on_drop: false }`
[INFO] running `Command { std: "docker" "exec" "-e" "SOURCE_DIR=/opt/rustwide/workdir" "-e" "CARGO_HOME=/opt/rustwide/cargo-home" "-e" "RUSTUP_HOME=/opt/rustwide/rustup-home" "-e" "CARGO_TARGET_DIR=/opt/rustwide/target" "-w" "/opt/rustwide/workdir" "--user" "0:0" "d8cf8d31359da850df7d97b17d893dedc2b6d12d7acc76463ad653930ca7ab15" "/opt/rustwide/cargo-home/bin/cargo" "+1.99.0-beta.8" "metadata" "--no-deps" "--format-version=1", kill_on_drop: false }`
[INFO] running `Command { std: "docker" "inspect" "d8cf8d31359da850df7d97b17d893dedc2b6d12d7acc76463ad653930ca7ab15", kill_on_drop: false }`
[INFO] running `Command { std: "docker" "exec" "-e" "SOURCE_DIR=/opt/rustwide/workdir" "-e" "CARGO_HOME=/opt/rustwide/cargo-home" "-e" "RUSTUP_HOME=/opt/rustwide/rustup-home" "-e" "CARGO_TARGET_DIR=/opt/rustwide/target" "-e" "CARGO_INCREMENTAL=0" "-e" "RUST_BACKTRACE=full" "-e" "RUSTFLAGS=--cap-lints=warn" "-e" "RUSTDOCFLAGS=--cap-lints=warn" "-w" "/opt/rustwide/workdir" "--user" "0:0" "d8cf8d31359da850df7d97b17d893dedc2b6d12d7acc76463ad653930ca7ab15" "/opt/rustwide/cargo-home/bin/cargo" "+1.99.0-beta.8" "build" "--frozen" "--message-format=json", kill_on_drop: false }`
[INFO] [stderr]    Compiling semver-parser v0.7.0
[INFO] [stderr]    Compiling cortex-m v0.7.2
[INFO] [stderr]    Compiling proc-macro2 v1.0.26
[INFO] [stderr]    Compiling unicode-xid v0.2.1
[INFO] [stderr]    Compiling nb v1.0.0
[INFO] [stderr]    Compiling syn v1.0.69
[INFO] [stderr]    Compiling vcell v0.1.3
[INFO] [stderr]    Compiling void v1.0.2
[INFO] [stderr]    Compiling bitfield v0.13.2
[INFO] [stderr]    Compiling cortex-m-semihosting v0.3.7
[INFO] [stderr]    Compiling cortex-m-rt v0.6.13
[INFO] [stderr]    Compiling r0 v0.2.2
[INFO] [stderr]    Compiling stm32h7 v0.13.0
[INFO] [stderr]    Compiling cortex-m-aircr-prigroup v0.1.0 (/opt/rustwide/workdir)
[INFO] [stderr]    Compiling volatile-register v0.2.0
[INFO] [stderr]    Compiling nb v0.1.3
[INFO] [stderr]    Compiling embedded-hal v0.2.4
[INFO] [stderr]    Compiling semver v0.9.0
[INFO] [stderr]    Compiling rustc_version v0.2.3
[INFO] [stderr]    Compiling bare-metal v0.2.5
[INFO] [stderr]    Compiling quote v1.0.9
[INFO] [stderr]    Compiling panic-semihosting v0.5.6
[INFO] [stderr]    Compiling cortex-m-rt-macros v0.1.8
[INFO] [stdout] error: linking with `cc` failed: exit status: 1
[INFO] [stdout]   |
[INFO] [stdout]   = note:  "cc" "-m64" "/opt/rustwide/target/debug/deps/rustcN2S6BW/symbols.o" "<2 object files omitted>" "-Wl,--as-needed" "-Wl,-Bstatic" "/opt/rustwide/target/debug/deps/{libstm32h7-82027df404203cfb,libpanic_semihosting-02fa293748652818}.rlib" "<sysroot>/lib/rustlib/x86_64-unknown-linux-gnu/lib/{libstd-*,libpanic_unwind-*,libobject-*,libmemchr-*,libaddr2line-*,libgimli-*,libcfg_if-*,librustc_demangle-*,libstd_detect-*,libhashbrown-*,librustc_std_workspace_alloc-*,libminiz_oxide-*,libadler2-*,libunwind-*,liblibc-*,librustc_std_workspace_core-*,liballoc-*}.rlib" "/opt/rustwide/target/debug/deps/{libcortex_m_semihosting-cfcb301541215f3d,libcortex_m_rt-79ee41d9f2fe14fd,libr0-1a653440b77f6b79,libcortex_m-80af3c2a25f44c43,libembedded_hal-be9d067e9de58826,libvoid-6336667ff9ef9cc5,libnb-2ba68578c337fff6,libnb-33c70c8e0c38e960,libvolatile_register-94fa6a7c2ee568a3,libvcell-0eaad7c905f5a0e7,libbare_metal-042e3feb6b03abf6}.rlib" "<sysroot>/lib/rustlib/x86_64-unknown-linux-gnu/lib/{libcore-*,libcompiler_builtins-*}.rlib" "-Wl,-Bdynamic" "-lgcc_s" "-lutil" "-lrt" "-lpthread" "-lm" "-ldl" "-lc" "-L" "/opt/rustwide/target/debug/deps/rustcN2S6BW/raw-dylibs" "-B<sysroot>/lib/rustlib/x86_64-unknown-linux-gnu/bin/gcc-ld" "-fuse-ld=lld" "-Wl,--eh-frame-hdr" "-Wl,-z,noexecstack" "-L" "/opt/rustwide/target/debug/build/cortex-m-aircr-prigroup-e0e747a8794d7d3c/out" "-L" "/opt/rustwide/target/debug/build/cortex-m-rt-adfd3737ea7d33d4/out" "-L" "/opt/rustwide/target/debug/build/stm32h7-01b05d4b5e1fd253/out" "-L" "<sysroot>/lib/rustlib/x86_64-unknown-linux-gnu/lib" "-o" "/opt/rustwide/target/debug/deps/cortex_m_aircr_prigroup-726ecc447b87ebce" "-Wl,--gc-sections" "-pie" "-Wl,-z,relro,-z,now" "-nodefaultlibs"
[INFO] [stdout]   = note: some arguments are omitted. use `--verbose` to show all linker arguments
[INFO] [stdout]   = note: rust-lld: error: undefined symbol: __dsb
[INFO] [stdout]           >>> referenced by call_asm.rs:19 (/opt/rustwide/cargo-home/registry/src/index.crates.io-1949cf8c6b5b557f/cortex-m-0.7.2/src/call_asm.rs:19)
[INFO] [stdout]           >>>               /opt/rustwide/target/debug/deps/cortex_m_aircr_prigroup-726ecc447b87ebce.cortex_m_aircr_prigroup.3e5bc2fc265c4ce5-cgu.0.rcgu.o:(cortex_m::asm::dsb)
[INFO] [stdout]           
[INFO] [stdout]           rust-lld: error: undefined symbol: __nop
[INFO] [stdout]           >>> referenced by call_asm.rs:19 (/opt/rustwide/cargo-home/registry/src/index.crates.io-1949cf8c6b5b557f/cortex-m-0.7.2/src/call_asm.rs:19)
[INFO] [stdout]           >>>               /opt/rustwide/target/debug/deps/cortex_m_aircr_prigroup-726ecc447b87ebce.cortex_m_aircr_prigroup.3e5bc2fc265c4ce5-cgu.0.rcgu.o:(cortex_m::asm::nop)
[INFO] [stdout]           
[INFO] [stdout]           rust-lld: error: undefined symbol: __cpsie
[INFO] [stdout]           >>> referenced by call_asm.rs:19 (/opt/rustwide/cargo-home/registry/src/index.crates.io-1949cf8c6b5b557f/cortex-m-0.7.2/src/call_asm.rs:19)
[INFO] [stdout]           >>>               /opt/rustwide/target/debug/deps/cortex_m_aircr_prigroup-726ecc447b87ebce.cortex_m_aircr_prigroup.3e5bc2fc265c4ce5-cgu.0.rcgu.o:(cortex_m::interrupt::enable)
[INFO] [stdout]           >>> referenced by call_asm.rs:19 (/opt/rustwide/cargo-home/registry/src/index.crates.io-1949cf8c6b5b557f/cortex-m-0.7.2/src/call_asm.rs:19)
[INFO] [stdout]           >>>               cortex_m_semihosting-cfcb301541215f3d.cortex_m_semihosting.e5026b3e7db13e4f-cgu.0.rcgu.o:(cortex_m::interrupt::enable) in archive /opt/rustwide/target/debug/deps/libcortex_m_semihosting-cfcb301541215f3d.rlib
[INFO] [stdout]           
[INFO] [stdout]           rust-lld: error: undefined symbol: __cpsid
[INFO] [stdout]           >>> referenced by call_asm.rs:19 (/opt/rustwide/cargo-home/registry/src/index.crates.io-1949cf8c6b5b557f/cortex-m-0.7.2/src/call_asm.rs:19)
[INFO] [stdout]           >>>               /opt/rustwide/target/debug/deps/cortex_m_aircr_prigroup-726ecc447b87ebce.cortex_m_aircr_prigroup.3e5bc2fc265c4ce5-cgu.0.rcgu.o:(cortex_m::interrupt::disable)
[INFO] [stdout]           >>> referenced by call_asm.rs:19 (/opt/rustwide/cargo-home/registry/src/index.crates.io-1949cf8c6b5b557f/cortex-m-0.7.2/src/call_asm.rs:19)
[INFO] [stdout]           >>>               cortex_m_semihosting-cfcb301541215f3d.cortex_m_semihosting.e5026b3e7db13e4f-cgu.0.rcgu.o:(cortex_m::interrupt::disable) in archive /opt/rustwide/target/debug/deps/libcortex_m_semihosting-cfcb301541215f3d.rlib
[INFO] [stdout]           
[INFO] [stdout]           rust-lld: error: undefined symbol: __primask_r
[INFO] [stdout]           >>> referenced by call_asm.rs:19 (/opt/rustwide/cargo-home/registry/src/index.crates.io-1949cf8c6b5b557f/cortex-m-0.7.2/src/call_asm.rs:19)
[INFO] [stdout]           >>>               /opt/rustwide/target/debug/deps/cortex_m_aircr_prigroup-726ecc447b87ebce.cortex_m_aircr_prigroup.3e5bc2fc265c4ce5-cgu.0.rcgu.o:(cortex_m::register::primask::read)
[INFO] [stdout]           >>> referenced by call_asm.rs:19 (/opt/rustwide/cargo-home/registry/src/index.crates.io-1949cf8c6b5b557f/cortex-m-0.7.2/src/call_asm.rs:19)
[INFO] [stdout]           >>>               cortex_m_semihosting-cfcb301541215f3d.cortex_m_semihosting.e5026b3e7db13e4f-cgu.0.rcgu.o:(cortex_m::register::primask::read) in archive /opt/rustwide/target/debug/deps/libcortex_m_semihosting-cfcb301541215f3d.rlib
[INFO] [stdout]           collect2: error: ld returned 1 exit status
[INFO] [stdout]           
[INFO] [stdout] 
[INFO] [stdout] 
[INFO] [stderr] error: could not compile `cortex-m-aircr-prigroup` (bin "cortex-m-aircr-prigroup") due to 1 previous error
[INFO] running `Command { std: "docker" "inspect" "d8cf8d31359da850df7d97b17d893dedc2b6d12d7acc76463ad653930ca7ab15", kill_on_drop: false }`
[INFO] running `Command { std: "docker" "rm" "-f" "d8cf8d31359da850df7d97b17d893dedc2b6d12d7acc76463ad653930ca7ab15", kill_on_drop: false }`
[INFO] [stdout] d8cf8d31359da850df7d97b17d893dedc2b6d12d7acc76463ad653930ca7ab15
