[INFO] cloning repository https://github.com/mohsen1/yek
[INFO] running `Command { std: "git" "-c" "credential.helper=" "-c" "credential.helper=/workspace/cargo-home/bin/git-credential-null" "clone" "--bare" "https://github.com/mohsen1/yek" "/workspace/cache/git-repos/https%3A%2F%2Fgithub.com%2Fmohsen1%2Fyek", kill_on_drop: false }`
[INFO] [stderr] Cloning into bare repository '/workspace/cache/git-repos/https%3A%2F%2Fgithub.com%2Fmohsen1%2Fyek'...
[INFO] running `Command { std: "git" "rev-parse" "HEAD", kill_on_drop: false }`
[INFO] [stdout] 29a2acc15152ac539836b19ab647d4fe62a238b7
[INFO] testing mohsen1/yek against 1.99.0-beta.8 for beta-1.100-3
[INFO] running `Command { std: "git" "clone" "/workspace/cache/git-repos/https%3A%2F%2Fgithub.com%2Fmohsen1%2Fyek" "/workspace/builds/worker-6-tc1/source", kill_on_drop: false }`
[INFO] [stderr] Cloning into '/workspace/builds/worker-6-tc1/source'...
[INFO] [stderr] done.
[INFO] removed /workspace/builds/worker-6-tc1/source/.cargo/config.toml
[INFO] started tweaking git repo https://github.com/mohsen1/yek
[INFO] finished tweaking git repo https://github.com/mohsen1/yek
[INFO] tweaked toml for git repo https://github.com/mohsen1/yek written to /workspace/builds/worker-6-tc1/source/Cargo.toml
[INFO] validating manifest of git repo https://github.com/mohsen1/yek on toolchain 1.99.0-beta.8
[INFO] running `Command { std: CARGO_HOME="/workspace/cargo-home" RUSTUP_HOME="/workspace/rustup-home" "/workspace/cargo-home/bin/cargo" "+1.99.0-beta.8" "metadata" "--manifest-path" "Cargo.toml" "--no-deps", kill_on_drop: false }`
[INFO] crate git repo https://github.com/mohsen1/yek already has a lockfile, it will not be regenerated
[INFO] running `Command { std: CARGO_HOME="/workspace/cargo-home" RUSTUP_HOME="/workspace/rustup-home" "/workspace/cargo-home/bin/cargo" "+1.99.0-beta.8" "fetch" "--manifest-path" "Cargo.toml", kill_on_drop: false }`
[INFO] [stderr]     Updating crates.io index
[INFO] [stderr]  Downloading crates ...
[INFO] [stderr]   Downloaded toml_datetime v0.7.0
[INFO] [stderr]   Downloaded toml v0.9.5
[INFO] [stderr]   Downloaded num_threads v0.1.7
[INFO] [stderr]   Downloaded toml_parser v1.0.2
[INFO] [stderr]   Downloaded toml_writer v1.0.3
[INFO] [stderr]   Downloaded bit-set v0.5.3
[INFO] [stderr]   Downloaded path-slash v0.2.1
[INFO] [stderr]   Downloaded normalize-path v0.2.1
[INFO] [stderr]   Downloaded wasm-bindgen v0.2.101
[INFO] [stderr]   Downloaded number_prefix v0.4.0
[INFO] [stderr]   Downloaded ignore v0.4.25
[INFO] [stderr]   Downloaded slug v0.1.6
[INFO] [stderr]   Downloaded serde_spanned v1.0.0
[INFO] [stderr]   Downloaded wasm-bindgen-shared v0.2.101
[INFO] [stderr]   Downloaded wasm-bindgen-macro v0.2.101
[INFO] [stderr]   Downloaded testing_table v0.3.0
[INFO] [stderr]   Downloaded tabled_derive v0.11.0
[INFO] [stderr]   Downloaded terminal_size v0.4.3
[INFO] [stderr]   Downloaded globset v0.4.18
[INFO] [stderr]   Downloaded wasm-bindgen-macro-support v0.2.101
[INFO] [stderr]   Downloaded pest_generator v2.8.2
[INFO] [stderr]   Downloaded find-msvc-tools v0.1.1
[INFO] [stderr]   Downloaded debugid v0.8.0
[INFO] [stderr]   Downloaded simplelog v0.12.2
[INFO] [stderr]   Downloaded infer v0.19.0
[INFO] [stderr]   Downloaded anstream v0.6.20
[INFO] [stderr]   Downloaded pest_derive v2.8.2
[INFO] [stderr]   Downloaded pest_meta v2.8.2
[INFO] [stderr]   Downloaded wasm-bindgen-backend v0.2.101
[INFO] [stderr]   Downloaded ucd-trie v0.1.7
[INFO] [stderr]   Downloaded bytecount v0.6.9
[INFO] [stderr]   Downloaded symbolic-common v12.16.2
[INFO] [stderr]   Downloaded wasi v0.14.5+wasi-0.2.4
[INFO] [stderr]   Downloaded wit-bindgen v0.45.1
[INFO] [stderr]   Downloaded js-sys v0.3.78
[INFO] [stderr]   Downloaded papergrid v0.17.0
[INFO] [stderr]   Downloaded msvc-demangler v0.10.1
[INFO] [stderr]   Downloaded cpp_demangle v0.4.4
[INFO] [stderr]   Downloaded cfb v0.7.3
[INFO] [stderr]   Downloaded indexmap v2.11.1
[INFO] [stderr]   Downloaded fancy-regex v0.13.0
[INFO] [stderr]   Downloaded wasip2 v1.0.0+wasi-0.2.4
[INFO] [stderr]   Downloaded indicatif v0.17.11
[INFO] [stderr]   Downloaded grcov v0.10.5
[INFO] [stderr]   Downloaded pest v2.8.2
[INFO] [stderr]   Downloaded cc v1.2.37
[INFO] [stderr]   Downloaded openssl-sys v0.9.109
[INFO] [stderr]   Downloaded time v0.3.43
[INFO] [stderr]   Downloaded deunicode v1.6.2
[INFO] [stderr]   Downloaded symbolic-demangle v12.16.2
[INFO] [stderr]   Downloaded quick-xml v0.38.3
[INFO] [stderr]   Downloaded serde-untagged v0.1.8
[INFO] [stderr]   Downloaded erased-serde v0.4.6
[INFO] [stderr]   Downloaded const-random v0.1.18
[INFO] [stderr]   Downloaded pathdiff v0.2.3
[INFO] [stderr]   Downloaded unicode-width v0.2.1
[INFO] [stderr]   Downloaded tabled v0.20.0
[INFO] [stderr]   Downloaded yaml-rust2 v0.10.3
[INFO] [stderr]   Downloaded plotters v0.3.7
[INFO] [stderr]   Downloaded clap-config-file v0.6.0
[INFO] [stderr]   Downloaded content_inspector v0.2.4
[INFO] [stderr]   Downloaded typeid v1.0.3
[INFO] [stderr]   Downloaded dlv-list v0.5.2
[INFO] [stderr]   Downloaded plotters-backend v0.3.7
[INFO] [stderr]   Downloaded is-terminal v0.4.16
[INFO] [stderr]   Downloaded arraydeque v0.5.1
[INFO] [stderr]   Downloaded ordered-multimap v0.7.3
[INFO] [stderr]   Downloaded const-random-macro v0.1.16
[INFO] [stderr]   Downloaded ron v0.8.1
[INFO] [stderr]   Downloaded plotters-svg v0.3.7
[INFO] [stderr]   Downloaded oorandom v11.1.5
[INFO] [stderr]   Downloaded rust-ini v0.21.3
[INFO] [stderr]   Downloaded tiny-keccak v2.0.2
[INFO] [stderr]   Downloaded bytesize v2.0.1
[INFO] [stderr]   Downloaded half v2.6.0
[INFO] [stderr]   Downloaded config v0.15.15
[INFO] [stderr]   Downloaded config v0.13.4
[INFO] [stderr]   Downloaded criterion v0.5.1
[INFO] [stderr]   Downloaded web-sys v0.3.78
[INFO] [stderr]   Downloaded windows-sys v0.61.0
[INFO] [stderr]   Downloaded tiktoken-rs v0.7.0
[INFO] [stderr]   Downloaded openssl-src v300.5.2+3.5.2
[INFO] running `Command { std: "docker" "create" "-v" "/var/lib/crater-agent-workspace/builds/worker-6-tc1/source:/opt/rustwide/workdir:ro,Z" "-v" "/var/lib/crater-agent-workspace/builds/worker-6-tc1/target:/opt/rustwide/target:rw,Z" "-v" "/var/lib/crater-agent-workspace/cargo-home:/opt/rustwide/cargo-home:ro,Z" "-v" "/var/lib/crater-agent-workspace/rustup-home:/opt/rustwide/rustup-home:ro,Z" "-m" "1610612736" "--network" "none" "ghcr.io/rust-lang/crates-build-env/linux@sha256:77db811e55d90add9212f6832c23229e3de5f1c1f9905e8cb07319ea15df73ac" "sleep" "infinity", kill_on_drop: false }`
[INFO] [stdout] 185d0bbd47f30c6cc2e328f79a3c6527fc494c9a5c15beb421eb7a110cf89bbc
[INFO] running `Command { std: "docker" "start" "185d0bbd47f30c6cc2e328f79a3c6527fc494c9a5c15beb421eb7a110cf89bbc", kill_on_drop: false }`
[INFO] running `Command { std: "docker" "inspect" "185d0bbd47f30c6cc2e328f79a3c6527fc494c9a5c15beb421eb7a110cf89bbc", kill_on_drop: false }`
[INFO] running `Command { std: "docker" "exec" "-e" "SOURCE_DIR=/opt/rustwide/workdir" "-e" "CARGO_HOME=/opt/rustwide/cargo-home" "-e" "RUSTUP_HOME=/opt/rustwide/rustup-home" "-e" "CARGO_TARGET_DIR=/opt/rustwide/target" "-w" "/opt/rustwide/workdir" "--user" "0:0" "185d0bbd47f30c6cc2e328f79a3c6527fc494c9a5c15beb421eb7a110cf89bbc" "/opt/rustwide/cargo-home/bin/cargo" "+1.99.0-beta.8" "metadata" "--no-deps" "--format-version=1", kill_on_drop: false }`
[INFO] running `Command { std: "docker" "inspect" "185d0bbd47f30c6cc2e328f79a3c6527fc494c9a5c15beb421eb7a110cf89bbc", kill_on_drop: false }`
[INFO] running `Command { std: "docker" "exec" "-e" "SOURCE_DIR=/opt/rustwide/workdir" "-e" "CARGO_HOME=/opt/rustwide/cargo-home" "-e" "RUSTUP_HOME=/opt/rustwide/rustup-home" "-e" "CARGO_TARGET_DIR=/opt/rustwide/target" "-e" "CARGO_INCREMENTAL=0" "-e" "RUST_BACKTRACE=full" "-e" "RUSTFLAGS=--cap-lints=warn" "-e" "RUSTDOCFLAGS=--cap-lints=warn" "-w" "/opt/rustwide/workdir" "--user" "0:0" "185d0bbd47f30c6cc2e328f79a3c6527fc494c9a5c15beb421eb7a110cf89bbc" "/opt/rustwide/cargo-home/bin/cargo" "+1.99.0-beta.8" "build" "--frozen" "--message-format=json", kill_on_drop: false }`
[INFO] [stderr]    Compiling quote v1.0.40
[INFO] [stderr]    Compiling memchr v2.7.5
[INFO] [stderr]    Compiling serde_core v1.0.228
[INFO] [stderr]    Compiling find-msvc-tools v0.1.1
[INFO] [stderr]    Compiling serde v1.0.228
[INFO] [stderr]    Compiling once_cell v1.21.3
[INFO] [stderr]    Compiling thiserror v2.0.16
[INFO] [stderr]    Compiling crossbeam-utils v0.8.21
[INFO] [stderr]    Compiling ucd-trie v0.1.7
[INFO] [stderr]    Compiling crunchy v0.2.4
[INFO] [stderr]    Compiling regex-syntax v0.8.6
[INFO] [stderr]    Compiling tiny-keccak v2.0.2
[INFO] [stderr]    Compiling writeable v0.6.1
[INFO] [stderr]    Compiling litemap v0.8.0
[INFO] [stderr]    Compiling jobserver v0.1.34
[INFO] [stderr]    Compiling getrandom v0.2.16
[INFO] [stderr]    Compiling ahash v0.7.8
[INFO] [stderr]    Compiling icu_normalizer_data v2.0.0
[INFO] [stderr]    Compiling icu_properties_data v2.0.1
[INFO] [stderr]    Compiling serde_json v1.0.145
[INFO] [stderr]    Compiling foldhash v0.1.5
[INFO] [stderr]    Compiling smallvec v1.15.1
[INFO] [stderr]    Compiling syn v2.0.106
[INFO] [stderr]    Compiling cc v1.2.37
[INFO] [stderr]    Compiling typeid v1.0.3
[INFO] [stderr]    Compiling aho-corasick v1.1.3
[INFO] [stderr]    Compiling hashbrown v0.15.5
[INFO] [stderr]    Compiling dlv-list v0.3.0
[INFO] [stderr]    Compiling anstyle v1.0.11
[INFO] [stderr]    Compiling tracing-core v0.1.34
[INFO] [stderr]    Compiling hashbrown v0.12.3
[INFO] [stderr]    Compiling const-random-macro v0.1.16
[INFO] [stderr]    Compiling minimal-lexical v0.2.1
[INFO] [stderr]    Compiling bit-vec v0.6.3
[INFO] [stderr]    Compiling anstream v0.6.20
[INFO] [stderr]    Compiling base64 v0.13.1
[INFO] [stderr]    Compiling rayon-core v1.13.0
[INFO] [stderr]    Compiling winnow v0.7.13
[INFO] [stderr]    Compiling pathdiff v0.2.3
[INFO] [stderr]    Compiling percent-encoding v2.3.2
[INFO] [stderr]    Compiling crossbeam-epoch v0.9.18
[INFO] [stderr]    Compiling const-random v0.1.18
[INFO] [stderr]    Compiling dlv-list v0.5.2
[INFO] [stderr]    Compiling anyhow v1.0.100
[INFO] [stderr]    Compiling linked-hash-map v0.5.6
[INFO] [stderr]    Compiling hashbrown v0.14.5
[INFO] [stderr]    Compiling clap_lex v0.7.5
[INFO] [stderr]    Compiling crossbeam-deque v0.8.6
[INFO] [stderr]    Compiling bitflags v1.3.2
[INFO] [stderr]    Compiling portable-atomic v1.11.1
[INFO] [stderr]    Compiling clap_builder v4.5.53
[INFO] [stderr]    Compiling yaml-rust v0.4.5
[INFO] [stderr]    Compiling form_urlencoded v1.2.2
[INFO] [stderr]    Compiling openssl-src v300.5.2+3.5.2
[INFO] [stderr]    Compiling nom v7.1.3
[INFO] [stderr]    Compiling bit-set v0.5.3
[INFO] [stderr]    Compiling encoding_rs v0.8.35
[INFO] [stderr]    Compiling hashlink v0.10.0
[INFO] [stderr]    Compiling ordered-multimap v0.4.3
[INFO] [stderr]    Compiling unicode-segmentation v1.12.0
[INFO] [stderr]    Compiling unicode-width v0.2.1
[INFO] [stderr]    Compiling arraydeque v0.5.1
[INFO] [stderr]    Compiling toml_writer v1.0.3
[INFO] [stderr]    Compiling same-file v1.0.6
[INFO] [stderr]    Compiling regex-automata v0.4.13
[INFO] [stderr]    Compiling rust-ini v0.18.0
[INFO] [stderr]    Compiling console v0.15.11
[INFO] [stderr]    Compiling walkdir v2.5.0
[INFO] [stderr]    Compiling deranged v0.5.3
[INFO] [stderr]    Compiling openssl-sys v0.9.109
[INFO] [stderr]    Compiling libz-sys v1.1.22
[INFO] [stderr]    Compiling libssh2-sys v0.3.1
[INFO] [stderr]    Compiling libgit2-sys v0.16.2+1.7.2
[INFO] [stderr]    Compiling ordered-multimap v0.7.3
[INFO] [stderr]    Compiling convert_case v0.6.0
[INFO] [stderr]    Compiling indexmap v2.11.1
[INFO] [stderr]    Compiling rust-ini v0.21.3
[INFO] [stderr]    Compiling digest v0.10.7
[INFO] [stderr]    Compiling yaml-rust2 v0.10.3
[INFO] [stderr]    Compiling tracing-log v0.2.0
[INFO] [stderr]    Compiling crossbeam-queue v0.3.12
[INFO] [stderr]    Compiling crossbeam-channel v0.5.15
[INFO] [stderr]    Compiling sharded-slab v0.1.7
[INFO] [stderr]    Compiling thread_local v1.1.9
[INFO] [stderr]    Compiling time-core v0.1.6
[INFO] [stderr]    Compiling nu-ansi-term v0.50.1
[INFO] [stderr]    Compiling unsafe-libyaml v0.2.11
[INFO] [stderr]    Compiling heck v0.4.1
[INFO] [stderr]    Compiling number_prefix v0.4.0
[INFO] [stderr]    Compiling rustc-hash v1.1.0
[INFO] [stderr]    Compiling toml_parser v1.0.2
[INFO] [stderr]    Compiling indicatif v0.17.11
[INFO] [stderr]    Compiling sha2 v0.10.9
[INFO] [stderr]    Compiling time v0.3.43
[INFO] [stderr]    Compiling rayon v1.11.0
[INFO] [stderr]    Compiling crossbeam v0.8.4
[INFO] [stderr]    Compiling content_inspector v0.2.4
[INFO] [stderr]    Compiling num_cpus v1.17.0
[INFO] [stderr]    Compiling atty v0.2.14
[INFO] [stderr]    Compiling path-slash v0.2.1
[INFO] [stderr]    Compiling glob v0.3.3
[INFO] [stderr]    Compiling normalize-path v0.2.1
[INFO] [stderr]    Compiling bytesize v2.0.1
[INFO] [stderr]    Compiling synstructure v0.13.2
[INFO] [stderr]    Compiling bstr v1.12.0
[INFO] [stderr]    Compiling regex v1.12.2
[INFO] [stderr]    Compiling matchers v0.2.0
[INFO] [stderr]    Compiling fancy-regex v0.13.0
[INFO] [stderr]    Compiling serde_derive v1.0.228
[INFO] [stderr]    Compiling zerovec-derive v0.11.1
[INFO] [stderr]    Compiling displaydoc v0.2.5
[INFO] [stderr]    Compiling thiserror-impl v2.0.16
[INFO] [stderr]    Compiling async-trait v0.1.89
[INFO] [stderr]    Compiling tracing-attributes v0.1.30
[INFO] [stderr]    Compiling clap_derive v4.5.49
[INFO] [stderr]    Compiling zerofrom-derive v0.1.6
[INFO] [stderr]    Compiling yoke-derive v0.8.0
[INFO] [stderr]    Compiling globset v0.4.18
[INFO] [stderr]    Compiling tiktoken-rs v0.7.0
[INFO] [stderr]    Compiling zerofrom v0.1.6
[INFO] [stderr]    Compiling ignore v0.4.25
[INFO] [stderr]    Compiling pest v2.8.2
[INFO] [stderr]    Compiling yoke v0.8.0
[INFO] [stderr]    Compiling tracing v0.1.41
[INFO] [stderr]    Compiling zerovec v0.11.4
[INFO] [stderr]    Compiling zerotrie v0.2.2
[INFO] [stderr]    Compiling tracing-subscriber v0.3.20
[INFO] [stderr]    Compiling clap v4.5.53
[INFO] [stderr]    Compiling tinystr v0.8.1
[INFO] [stderr]    Compiling potential_utf v0.1.3
[INFO] [stderr]    Compiling icu_collections v2.0.0
[INFO] [stderr]    Compiling icu_locale_core v2.0.0
[INFO] [stderr]    Compiling icu_provider v2.0.0
[INFO] [stderr]    Compiling pest_meta v2.8.2
[INFO] [stderr]    Compiling icu_properties v2.0.1
[INFO] [stderr]    Compiling icu_normalizer v2.0.0
[INFO] [stderr]    Compiling bitflags v2.9.4
[INFO] [stderr]    Compiling erased-serde v0.4.6
[INFO] [stderr]    Compiling serde_spanned v1.0.0
[INFO] [stderr]    Compiling toml_datetime v0.7.0
[INFO] [stderr]    Compiling serde_yaml v0.9.34+deprecated
[INFO] [stderr]    Compiling pest_generator v2.8.2
[INFO] [stderr]    Compiling toml v0.9.5
[INFO] [stderr]    Compiling ron v0.8.1
[INFO] [stderr]    Compiling toml v0.5.11
[INFO] [stderr]    Compiling ron v0.7.1
[INFO] [stderr]    Compiling pest_derive v2.8.2
[INFO] [stderr]    Compiling idna_adapter v1.2.1
[INFO] [stderr]    Compiling idna v1.1.0
[INFO] [stderr]    Compiling json5 v0.4.1
[INFO] [stderr]    Compiling serde-untagged v0.1.8
[INFO] [stderr]    Compiling url v2.5.7
[INFO] [stderr]    Compiling config v0.15.15
[INFO] [stderr]    Compiling config v0.13.4
[INFO] [stderr]    Compiling clap-config-file v0.6.0
[INFO] [stderr]    Compiling git2 v0.18.3
[INFO] [stderr]    Compiling yek v0.25.5 (/opt/rustwide/workdir)
[INFO] [stderr]     Finished `dev` profile [unoptimized + debuginfo] target(s) in 4m 09s
[INFO] running `Command { std: "docker" "inspect" "185d0bbd47f30c6cc2e328f79a3c6527fc494c9a5c15beb421eb7a110cf89bbc", kill_on_drop: false }`
[INFO] running `Command { std: "docker" "exec" "-e" "SOURCE_DIR=/opt/rustwide/workdir" "-e" "CARGO_HOME=/opt/rustwide/cargo-home" "-e" "RUSTUP_HOME=/opt/rustwide/rustup-home" "-e" "CARGO_TARGET_DIR=/opt/rustwide/target" "-e" "CARGO_INCREMENTAL=0" "-e" "RUST_BACKTRACE=full" "-e" "RUSTFLAGS=--cap-lints=warn" "-e" "RUSTDOCFLAGS=--cap-lints=warn" "-w" "/opt/rustwide/workdir" "--user" "0:0" "185d0bbd47f30c6cc2e328f79a3c6527fc494c9a5c15beb421eb7a110cf89bbc" "/opt/rustwide/cargo-home/bin/cargo" "+1.99.0-beta.8" "test" "--frozen" "--no-run" "--message-format=json", kill_on_drop: false }`
[INFO] [stderr]    Compiling stable_deref_trait v1.2.0
[INFO] [stderr]    Compiling bitflags v2.9.4
[INFO] [stderr]    Compiling siphasher v1.0.1
[INFO] [stderr]    Compiling num-traits v0.2.19
[INFO] [stderr]    Compiling rustix v1.1.2
[INFO] [stderr]    Compiling getrandom v0.3.3
[INFO] [stderr]    Compiling yoke v0.8.0
[INFO] [stderr]    Compiling linux-raw-sys v0.11.0
[INFO] [stderr]    Compiling rand_core v0.6.4
[INFO] [stderr]    Compiling regex-syntax v0.8.6
[INFO] [stderr]    Compiling clap_derive v4.5.49
[INFO] [stderr]    Compiling either v1.15.0
[INFO] [stderr]    Compiling zerocopy v0.8.27
[INFO] [stderr]    Compiling time-macros v0.2.24
[INFO] [stderr]    Compiling getrandom v0.2.16
[INFO] [stderr]    Compiling crc32fast v1.5.0
[INFO] [stderr]    Compiling unic-common v0.9.0
[INFO] [stderr]    Compiling phf_shared v0.11.3
[INFO] [stderr]    Compiling zerovec v0.11.4
[INFO] [stderr]    Compiling zerotrie v0.2.2
[INFO] [stderr]    Compiling rand v0.8.5
[INFO] [stderr]    Compiling phf v0.11.3
[INFO] [stderr]    Compiling num_threads v0.1.7
[INFO] [stderr]    Compiling libm v0.2.15
[INFO] [stderr]    Compiling unic-char-range v0.9.0
[INFO] [stderr]    Compiling uuid v1.18.1
[INFO] [stderr]    Compiling unic-char-property v0.9.0
[INFO] [stderr]    Compiling rayon v1.11.0
[INFO] [stderr]    Compiling unic-ucd-version v0.9.0
[INFO] [stderr]    Compiling clap_builder v4.5.53
[INFO] [stderr]    Compiling proc-macro-error-attr2 v2.0.0
[INFO] [stderr]    Compiling iana-time-zone v0.1.64
[INFO] [stderr]    Compiling cpp_demangle v0.4.4
[INFO] [stderr]    Compiling zlib-rs v0.5.2
[INFO] [stderr]    Compiling semver v1.0.26
[INFO] [stderr]    Compiling miniz_oxide v0.8.9
[INFO] [stderr]    Compiling ron v0.8.1
[INFO] [stderr]    Compiling phf_generator v0.11.3
[INFO] [stderr]    Compiling proc-macro-error2 v2.0.1
[INFO] [stderr]    Compiling debugid v0.8.0
[INFO] [stderr]    Compiling phf_codegen v0.11.3
[INFO] [stderr]    Compiling unic-ucd-segment v0.9.0
[INFO] [stderr]    Compiling half v2.6.0
[INFO] [stderr]    Compiling tinystr v0.8.1
[INFO] [stderr]    Compiling potential_utf v0.1.3
[INFO] [stderr]    Compiling icu_collections v2.0.0
[INFO] [stderr]    Compiling chrono v0.4.42
[INFO] [stderr]    Compiling memmap2 v0.9.8
[INFO] [stderr]    Compiling icu_locale_core v2.0.0
[INFO] [stderr]    Compiling deunicode v1.6.2
[INFO] [stderr]    Compiling bytecount v0.6.9
[INFO] [stderr]    Compiling symbolic-demangle v12.16.2
[INFO] [stderr]    Compiling ciborium-io v0.2.2
[INFO] [stderr]    Compiling regex-automata v0.4.13
[INFO] [stderr]    Compiling doc-comment v0.3.3
[INFO] [stderr]    Compiling plotters-backend v0.3.7
[INFO] [stderr]    Compiling time v0.3.43
[INFO] [stderr]    Compiling predicates-core v1.0.9
[INFO] [stderr]    Compiling plotters-svg v0.3.7
[INFO] [stderr]    Compiling cfb v0.7.3
[INFO] [stderr]    Compiling config v0.15.15
[INFO] [stderr]    Compiling humansize v2.1.3
[INFO] [stderr]    Compiling symbolic-common v12.16.2
[INFO] [stderr]    Compiling slug v0.1.6
[INFO] [stderr]    Compiling icu_provider v2.0.0
[INFO] [stderr]    Compiling ciborium-ll v0.2.2
[INFO] [stderr]    Compiling papergrid v0.17.0
[INFO] [stderr]    Compiling float-cmp v0.10.0
[INFO] [stderr]    Compiling terminal_size v0.4.3
[INFO] [stderr]    Compiling ppv-lite86 v0.2.21
[INFO] [stderr]    Compiling unic-segment v0.9.0
[INFO] [stderr]    Compiling tabled_derive v0.11.0
[INFO] [stderr]    Compiling icu_properties v2.0.1
[INFO] [stderr]    Compiling icu_normalizer v2.0.0
[INFO] [stderr]    Compiling itertools v0.10.5
[INFO] [stderr]    Compiling rand_chacha v0.3.1
[INFO] [stderr]    Compiling globwalk v0.9.1
[INFO] [stderr]    Compiling msvc-demangler v0.10.1
[INFO] [stderr]    Compiling clap v4.5.53
[INFO] [stderr]    Compiling testing_table v0.3.0
[INFO] [stderr]    Compiling assert_cmd v2.0.17
[INFO] [stderr]    Compiling normalize-line-endings v0.3.0
[INFO] [stderr]    Compiling cast v0.3.0
[INFO] [stderr]    Compiling difflib v0.4.0
[INFO] [stderr]    Compiling termtree v0.5.1
[INFO] [stderr]    Compiling predicates-tree v1.0.12
[INFO] [stderr]    Compiling tempfile v3.22.0
[INFO] [stderr]    Compiling simplelog v0.12.2
[INFO] [stderr]    Compiling predicates v3.1.3
[INFO] [stderr]    Compiling rustc_version v0.4.1
[INFO] [stderr]    Compiling idna_adapter v1.2.1
[INFO] [stderr]    Compiling ciborium v0.2.2
[INFO] [stderr]    Compiling regex v1.12.2
[INFO] [stderr]    Compiling idna v1.1.0
[INFO] [stderr]    Compiling infer v0.19.0
[INFO] [stderr]    Compiling plotters v0.3.7
[INFO] [stderr]    Compiling md-5 v0.10.6
[INFO] [stderr]    Compiling clap-config-file v0.6.0
[INFO] [stderr]    Compiling tabled v0.20.0
[INFO] [stderr]    Compiling tinytemplate v1.2.1
[INFO] [stderr]    Compiling parse-zoneinfo v0.3.1
[INFO] [stderr]    Compiling url v2.5.7
[INFO] [stderr]    Compiling libz-rs-sys v0.5.2
[INFO] [stderr]    Compiling flate2 v1.1.2
[INFO] [stderr]    Compiling criterion-plot v0.5.0
[INFO] [stderr]    Compiling chrono-tz-build v0.3.0
[INFO] [stderr]    Compiling quick-xml v0.38.3
[INFO] [stderr]    Compiling zip v4.6.1
[INFO] [stderr]    Compiling is-terminal v0.4.16
[INFO] [stderr]    Compiling wait-timeout v0.2.1
[INFO] [stderr]    Compiling oorandom v11.1.5
[INFO] [stderr]    Compiling git2 v0.18.3
[INFO] [stderr]    Compiling anes v0.1.6
[INFO] [stderr]    Compiling chrono-tz v0.9.0
[INFO] [stderr]    Compiling criterion v0.5.1
[INFO] [stderr]    Compiling yek v0.25.5 (/opt/rustwide/workdir)
[INFO] [stderr]    Compiling tera v1.20.0
[INFO] [stderr]    Compiling grcov v0.10.5
[INFO] [stderr] error: could not compile `yek` (test "error_test")
[INFO] [stderr] 
[INFO] [stderr] Caused by:
[INFO] [stderr]   process didn't exit successfully: `/opt/rustwide/rustup-home/toolchains/1.99.0-beta.8-x86_64-unknown-linux-gnu/bin/rustc --crate-name error_test --edition=2021 tests/error_test.rs --error-format=json --json=diagnostic-rendered-ansi,artifacts,future-incompat --emit=dep-info,link -C embed-bitcode=no -C debuginfo=2 --test --check-cfg 'cfg(docsrs,test)' --check-cfg 'cfg(feature, values())' -C metadata=184a486aee7e2f1a -C extra-filename=-42579e280358d9bf --out-dir /opt/rustwide/target/debug/deps -L dependency=/opt/rustwide/target/debug/deps --extern anyhow=/opt/rustwide/target/debug/deps/libanyhow-4342eda19ce54c8e.rlib --extern assert_cmd=/opt/rustwide/target/debug/deps/libassert_cmd-e308d4a183ee0606.rlib --extern atty=/opt/rustwide/target/debug/deps/libatty-1951800b4810e96e.rlib --extern bytesize=/opt/rustwide/target/debug/deps/libbytesize-40be86ede621e261.rlib --extern chrono=/opt/rustwide/target/debug/deps/libchrono-a678045f2f14ba0c.rlib --extern clap=/opt/rustwide/target/debug/deps/libclap-b4e2d049f3556889.rlib --extern clap_config_file=/opt/rustwide/target/debug/deps/libclap_config_file-28b000631fa9d24f.so --extern config=/opt/rustwide/target/debug/deps/libconfig-891496ccabc0ca43.rlib --extern content_inspector=/opt/rustwide/target/debug/deps/libcontent_inspector-9a7e5ca5396132cf.rlib --extern criterion=/opt/rustwide/target/debug/deps/libcriterion-0053a621a68f5f11.rlib --extern crossbeam=/opt/rustwide/target/debug/deps/libcrossbeam-d9b3420304a6536c.rlib --extern crossbeam_channel=/opt/rustwide/target/debug/deps/libcrossbeam_channel-c975edaf87631b25.rlib --extern git2=/opt/rustwide/target/debug/deps/libgit2-3b2b5b4321bd636e.rlib --extern glob=/opt/rustwide/target/debug/deps/libglob-7748687a416caec7.rlib --extern grcov=/opt/rustwide/target/debug/deps/libgrcov-36330f60cc0494bf.rlib --extern ignore=/opt/rustwide/target/debug/deps/libignore-cbc26ee962586027.rlib --extern indicatif=/opt/rustwide/target/debug/deps/libindicatif-2766e428e117d9a9.rlib --extern normalize_path=/opt/rustwide/target/debug/deps/libnormalize_path-bcb61047cd8207ef.rlib --extern num_cpus=/opt/rustwide/target/debug/deps/libnum_cpus-755ac2b3f01e3d48.rlib --extern path_slash=/opt/rustwide/target/debug/deps/libpath_slash-a0303be2014ca89a.rlib --extern predicates=/opt/rustwide/target/debug/deps/libpredicates-c4de0a872758df9f.rlib --extern rand=/opt/rustwide/target/debug/deps/librand-0fc9a9445b75da64.rlib --extern rayon=/opt/rustwide/target/debug/deps/librayon-cddd5520333a5540.rlib --extern regex=/opt/rustwide/target/debug/deps/libregex-819cffd1dbfc96e1.rlib --extern serde=/opt/rustwide/target/debug/deps/libserde-17a70b64633560f7.rlib --extern serde_derive=/opt/rustwide/target/debug/deps/libserde_derive-59deb58b92154bb1.so --extern serde_json=/opt/rustwide/target/debug/deps/libserde_json-374d0eee775ea6fb.rlib --extern serde_yaml=/opt/rustwide/target/debug/deps/libserde_yaml-9162527e87585e1e.rlib --extern sha2=/opt/rustwide/target/debug/deps/libsha2-48d6680166dec53c.rlib --extern tempfile=/opt/rustwide/target/debug/deps/libtempfile-b615867748ab928d.rlib --extern tiktoken_rs=/opt/rustwide/target/debug/deps/libtiktoken_rs-00b306c6311abd02.rlib --extern time=/opt/rustwide/target/debug/deps/libtime-1b8f24b09e521c51.rlib --extern toml=/opt/rustwide/target/debug/deps/libtoml-27a07393d6d07703.rlib --extern tracing=/opt/rustwide/target/debug/deps/libtracing-319d2583854ecf8e.rlib --extern tracing_subscriber=/opt/rustwide/target/debug/deps/libtracing_subscriber-b87f2ebbfeca622d.rlib --extern walkdir=/opt/rustwide/target/debug/deps/libwalkdir-7cc6f300a6f0bf06.rlib --extern yek=/opt/rustwide/target/debug/deps/libyek-b5d47d3132a0f3a3.rlib --cap-lints=warn -L native=/opt/rustwide/target/debug/build/libgit2-sys-0738f13804c94105/out/build -L native=/opt/rustwide/target/debug/build/libssh2-sys-9754a97fb52e4cfc/out/build -L native=/opt/rustwide/target/debug/build/openssl-sys-71db66179477536e/out/openssl-build/install/lib` (signal: 9, SIGKILL: kill)
[INFO] [stderr] warning: build failed, waiting for other jobs to finish...
[INFO] [stderr] error: could not compile `yek` (lib test)
[INFO] [stderr] 
[INFO] [stderr] Caused by:
[INFO] [stderr]   process didn't exit successfully: `/opt/rustwide/rustup-home/toolchains/1.99.0-beta.8-x86_64-unknown-linux-gnu/bin/rustc --crate-name yek --edition=2021 src/lib.rs --error-format=json --json=diagnostic-rendered-ansi,artifacts,future-incompat --emit=dep-info,link -C embed-bitcode=no -C debuginfo=2 --test --check-cfg 'cfg(docsrs,test)' --check-cfg 'cfg(feature, values())' -C metadata=bbf2e31441ec90ab -C extra-filename=-44d1f2fb3fb9546b --out-dir /opt/rustwide/target/debug/deps -L dependency=/opt/rustwide/target/debug/deps --extern anyhow=/opt/rustwide/target/debug/deps/libanyhow-4342eda19ce54c8e.rlib --extern assert_cmd=/opt/rustwide/target/debug/deps/libassert_cmd-e308d4a183ee0606.rlib --extern atty=/opt/rustwide/target/debug/deps/libatty-1951800b4810e96e.rlib --extern bytesize=/opt/rustwide/target/debug/deps/libbytesize-40be86ede621e261.rlib --extern chrono=/opt/rustwide/target/debug/deps/libchrono-a678045f2f14ba0c.rlib --extern clap=/opt/rustwide/target/debug/deps/libclap-b4e2d049f3556889.rlib --extern clap_config_file=/opt/rustwide/target/debug/deps/libclap_config_file-28b000631fa9d24f.so --extern config=/opt/rustwide/target/debug/deps/libconfig-891496ccabc0ca43.rlib --extern content_inspector=/opt/rustwide/target/debug/deps/libcontent_inspector-9a7e5ca5396132cf.rlib --extern criterion=/opt/rustwide/target/debug/deps/libcriterion-0053a621a68f5f11.rlib --extern crossbeam=/opt/rustwide/target/debug/deps/libcrossbeam-d9b3420304a6536c.rlib --extern crossbeam_channel=/opt/rustwide/target/debug/deps/libcrossbeam_channel-c975edaf87631b25.rlib --extern git2=/opt/rustwide/target/debug/deps/libgit2-3b2b5b4321bd636e.rlib --extern glob=/opt/rustwide/target/debug/deps/libglob-7748687a416caec7.rlib --extern grcov=/opt/rustwide/target/debug/deps/libgrcov-36330f60cc0494bf.rlib --extern ignore=/opt/rustwide/target/debug/deps/libignore-cbc26ee962586027.rlib --extern indicatif=/opt/rustwide/target/debug/deps/libindicatif-2766e428e117d9a9.rlib --extern normalize_path=/opt/rustwide/target/debug/deps/libnormalize_path-bcb61047cd8207ef.rlib --extern num_cpus=/opt/rustwide/target/debug/deps/libnum_cpus-755ac2b3f01e3d48.rlib --extern path_slash=/opt/rustwide/target/debug/deps/libpath_slash-a0303be2014ca89a.rlib --extern predicates=/opt/rustwide/target/debug/deps/libpredicates-c4de0a872758df9f.rlib --extern rand=/opt/rustwide/target/debug/deps/librand-0fc9a9445b75da64.rlib --extern rayon=/opt/rustwide/target/debug/deps/librayon-cddd5520333a5540.rlib --extern regex=/opt/rustwide/target/debug/deps/libregex-819cffd1dbfc96e1.rlib --extern serde=/opt/rustwide/target/debug/deps/libserde-17a70b64633560f7.rlib --extern serde_derive=/opt/rustwide/target/debug/deps/libserde_derive-59deb58b92154bb1.so --extern serde_json=/opt/rustwide/target/debug/deps/libserde_json-374d0eee775ea6fb.rlib --extern serde_yaml=/opt/rustwide/target/debug/deps/libserde_yaml-9162527e87585e1e.rlib --extern sha2=/opt/rustwide/target/debug/deps/libsha2-48d6680166dec53c.rlib --extern tempfile=/opt/rustwide/target/debug/deps/libtempfile-b615867748ab928d.rlib --extern tiktoken_rs=/opt/rustwide/target/debug/deps/libtiktoken_rs-00b306c6311abd02.rlib --extern time=/opt/rustwide/target/debug/deps/libtime-1b8f24b09e521c51.rlib --extern toml=/opt/rustwide/target/debug/deps/libtoml-27a07393d6d07703.rlib --extern tracing=/opt/rustwide/target/debug/deps/libtracing-319d2583854ecf8e.rlib --extern tracing_subscriber=/opt/rustwide/target/debug/deps/libtracing_subscriber-b87f2ebbfeca622d.rlib --extern walkdir=/opt/rustwide/target/debug/deps/libwalkdir-7cc6f300a6f0bf06.rlib --cap-lints=warn -L native=/opt/rustwide/target/debug/build/libgit2-sys-0738f13804c94105/out/build -L native=/opt/rustwide/target/debug/build/libssh2-sys-9754a97fb52e4cfc/out/build -L native=/opt/rustwide/target/debug/build/openssl-sys-71db66179477536e/out/openssl-build/install/lib` (signal: 9, SIGKILL: kill)
[INFO] [stdout] error: linking with `cc` failed: exit status: 1
[INFO] [stdout]   |
[INFO] [stdout]   = note:  "cc" "-m64" "/opt/rustwide/target/debug/deps/rustcUVCtbT/symbols.o" "<2 object files omitted>" "-Wl,--as-needed" "-Wl,-Bstatic" "<sysroot>/lib/rustlib/x86_64-unknown-linux-gnu/lib/{libtest-*,libgetopts-*,librustc_std_workspace_std-*}.rlib" "/opt/rustwide/target/debug/deps/{libyek-b5d47d3132a0f3a3,libconfig-891496ccabc0ca43,libpathdiff-3903ede7ad100cac,libjson5-9c93a4e1fb3671ab,libpest-dbe526c2a3c5b34d,libucd_trie-64e35acb102f3b4d,libthiserror-dbd1878f41f24a10,libserde_untagged-2be72cbed3d1f142,liberased_serde-cb24e540cc14e048,libtypeid-f817466d1cfd48b6,libron-3b8e06649e57f054,libbase64-13144a1f1e192158,libtoml-27a07393d6d07703,libtoml_writer-6df72e92520fa638,libtoml_parser-eb9064a6fac042ec,libserde_spanned-e802d34e20089f8b,libtoml_datetime-8fe423b2e734d578,libwinnow-d98b4b6bf9645098,libini-3478cdc0f7fac162,libordered_multimap-648bd27dc661d9cd,libhashbrown-d952ad0946629507,libdlv_list-160b048476445fa2,libyaml_rust2-3ee1b8590cd3667a,libencoding_rs-12137936ea3fe5ee,libarraydeque-113b06ef7681d200,libhashlink-2e976e08e9e3b634,libhashbrown-8da8fd0b7703f558,libfoldhash-07f233db1c671507,libconvert_case-38f39321ace21c2d,libunicode_segmentation-421de088ab714999,libserde_json-374d0eee775ea6fb,libitoa-ef40fa516293a9d3,libryu-a7164637bc4900ee,libclap-b4e2d049f3556889,libclap_builder-c720d99dec39cdb5,libterminal_size-53024b7981affc6b,librustix-b9770a02e8894e32,liblinux_raw_sys-7c0af75954695899,libstrsim-4d1ed08a123238dc,libanstream-9bd84e1b76db945f,libanstyle_query-01c9a556ffcdbece,libis_terminal_polyfill-e39671344234c74d,libcolorchoice-8e2615b3451b028d,libanstyle_parse-2b179629a907e4e4,libutf8parse-92d0158219063202,libclap_lex-005b57ef74360062,libanstyle-2f06797f0de1416c,libregex-819cffd1dbfc96e1,libgit2-3b2b5b4321bd636e,libopenssl_probe-2c6d21a9709cae46,liburl-cf1241154beb09bf,libidna-27225fbe91f60daf,libutf8_iter-51566bbad89f3a68,libidna_adapter-0466fd189f00bc94,libicu_properties-f2bbe888276bcb39,libicu_properties_data-b53d225676b50701,libicu_normalizer-51500f04b9e3d609,libsmallvec-3281308869c19c4b,libicu_normalizer_data-ff82f05aef08137e,libicu_collections-7f57edc535f1e27e,libpotential_utf-611d1334986b56d8,libicu_provider-ed775a8b1b57b627,libicu_locale_core-1acdd9f05881991c,libtinystr-97e1139755822798,liblitemap-76c583890b84c465,libwriteable-240af3fb4837c678,libzerovec-ec8f770ca71855b8,libzerotrie-316405b7dd5edbf6,libyoke-6bd395d3a56069c9,libstable_deref_trait-a9f42b1d2f15127d,libzerofrom-59c3254bae742b86,libform_urlencoded-98cc7da289c29f13,libpercent_encoding-fa055ecaa1e57cfa,liblibgit2_sys-555bb7d999698b5d,liblibssh2_sys-38279dad4639492e,libopenssl_sys-7207ac248820bf9f,liblibz_sys-45ed7e551cd40136,liblibc-1af63e2d88f1975c,libbitflags-80757486e0ef5166,libglob-7748687a416caec7,libtracing-319d2583854ecf8e,libpin_project_lite-72bf04572caa1c84,libtracing_core-aa4ed84ab5d584f8,libonce_cell-e9252a7b5119f3eb,libpath_slash-a0303be2014ca89a,libignore-cbc26ee962586027,libwalkdir-7cc6f300a6f0bf06,libsame_file-ff49545450c0b63c,libglobset-d13a59f23e42a0b2,liblog-28ade3d6717210f3,libsha2-48d6680166dec53c,libcpufeatures-e04321643d03190d,libcfg_if-ae1e883b62e8dab7,libdigest-0dc99e4daa127caa,libblock_buffer-0dc685f90ebcf515,libcrypto_common-05bf6487d37e6f7c,libgeneric_array-373dfccc781d5b87,libtypenum-2411508f27232473,libserde-17a70b64633560f7,libserde_core-21f22ac7b803fb0e,libtiktoken_rs-00b306c6311abd02,libbstr-9319222a8932f12c,libbase64-32787b0325ea6df8,liblazy_static-3674be3f4245d19b,librustc_hash-d7c4a66f98a2548f,libfancy_regex-80e606e3c185c065,libbit_set-b675e30cd7af7863,libbit_vec-b06753219a6ccf92,libregex_automata-32b72e52b1d1ed74,libaho_corasick-5bc65c5f7f6b70ca,libregex_syntax-c1c62fdedc196a6a,librayon-cddd5520333a5540,librayon_core-e986c1d1845fe6c3,libcrossbeam_deque-e71c6317821167fb,libcrossbeam_epoch-5fdcd5978a9f0010,libcrossbeam_utils-f696a08ab1e94e7a,libeither-e5ea87bd27ac73a9,libcontent_inspector-9a7e5ca5396132cf,libmemchr-eb753e192a6bbd2d,libbytesize-40be86ede621e261,libanyhow-4342eda19ce54c8e}.rlib" "<sysroot>/lib/rustlib/x86_64-unknown-linux-gnu/lib/{libstd-*,libpanic_unwind-*,libobject-*,libmemchr-*,libaddr2line-*,libgimli-*,libcfg_if-*,librustc_demangle-*,libstd_detect-*,libhashbrown-*,librustc_std_workspace_alloc-*,libminiz_oxide-*,libadler2-*,libunwind-*,liblibc-*,librustc_std_workspace_core-*,liballoc-*,libcore-*,libcompiler_builtins-*}.rlib" "-Wl,-Bdynamic" "-lz" "-lgcc_s" "-lutil" "-lrt" "-lpthread" "-lm" "-ldl" "-lc" "-L" "/opt/rustwide/target/debug/deps/rustcUVCtbT/raw-dylibs" "-B<sysroot>/lib/rustlib/x86_64-unknown-linux-gnu/bin/gcc-ld" "-fuse-ld=lld" "-Wl,--eh-frame-hdr" "-Wl,-z,noexecstack" "-L" "/opt/rustwide/target/debug/build/libgit2-sys-0738f13804c94105/out/build" "-L" "/opt/rustwide/target/debug/build/libssh2-sys-9754a97fb52e4cfc/out/build" "-L" "/opt/rustwide/target/debug/build/openssl-sys-71db66179477536e/out/openssl-build/install/lib" "-L" "<sysroot>/lib/rustlib/x86_64-unknown-linux-gnu/lib" "-o" "/opt/rustwide/target/debug/deps/models_test-6e53ebae4bf8608e" "-Wl,--gc-sections" "-pie" "-Wl,-z,relro,-z,now" "-nodefaultlibs"
[INFO] [stdout]   = note: some arguments are omitted. use `--verbose` to show all linker arguments
[INFO] [stdout]   = note: collect2: fatal error: ld terminated with signal 9 [Killed]
[INFO] [stdout]           compilation terminated.
[INFO] [stdout]           
[INFO] [stdout] 
[INFO] [stdout] 
[INFO] [stdout] error: linking with `cc` failed: exit status: 1
[INFO] [stdout]   |
[INFO] [stdout]   = note:  "cc" "-m64" "/opt/rustwide/target/debug/deps/rustcSlNngH/symbols.o" "<2 object files omitted>" "-Wl,--as-needed" "-Wl,-Bstatic" "<sysroot>/lib/rustlib/x86_64-unknown-linux-gnu/lib/{libtest-*,libgetopts-*,librustc_std_workspace_std-*}.rlib" "/opt/rustwide/target/debug/deps/{libyek-b5d47d3132a0f3a3,libconfig-891496ccabc0ca43,libpathdiff-3903ede7ad100cac,libjson5-9c93a4e1fb3671ab,libpest-dbe526c2a3c5b34d,libucd_trie-64e35acb102f3b4d,libthiserror-dbd1878f41f24a10,libserde_untagged-2be72cbed3d1f142,liberased_serde-cb24e540cc14e048,libtypeid-f817466d1cfd48b6,libron-3b8e06649e57f054,libbase64-13144a1f1e192158,libtoml-27a07393d6d07703,libtoml_writer-6df72e92520fa638,libtoml_parser-eb9064a6fac042ec,libserde_spanned-e802d34e20089f8b,libtoml_datetime-8fe423b2e734d578,libwinnow-d98b4b6bf9645098,libini-3478cdc0f7fac162,libordered_multimap-648bd27dc661d9cd,libhashbrown-d952ad0946629507,libdlv_list-160b048476445fa2,libyaml_rust2-3ee1b8590cd3667a,libencoding_rs-12137936ea3fe5ee,libarraydeque-113b06ef7681d200,libhashlink-2e976e08e9e3b634,libhashbrown-8da8fd0b7703f558,libfoldhash-07f233db1c671507,libconvert_case-38f39321ace21c2d,libunicode_segmentation-421de088ab714999,libserde_json-374d0eee775ea6fb,libitoa-ef40fa516293a9d3,libryu-a7164637bc4900ee,libclap-b4e2d049f3556889,libclap_builder-c720d99dec39cdb5,libterminal_size-53024b7981affc6b,libstrsim-4d1ed08a123238dc,libanstream-9bd84e1b76db945f,libanstyle_query-01c9a556ffcdbece,libis_terminal_polyfill-e39671344234c74d,libcolorchoice-8e2615b3451b028d,libanstyle_parse-2b179629a907e4e4,libutf8parse-92d0158219063202,libclap_lex-005b57ef74360062,libanstyle-2f06797f0de1416c,libregex-819cffd1dbfc96e1,libgit2-3b2b5b4321bd636e,libopenssl_probe-2c6d21a9709cae46,liburl-cf1241154beb09bf,libidna-27225fbe91f60daf,libutf8_iter-51566bbad89f3a68,libidna_adapter-0466fd189f00bc94,libicu_properties-f2bbe888276bcb39,libicu_properties_data-b53d225676b50701,libicu_normalizer-51500f04b9e3d609,libsmallvec-3281308869c19c4b,libicu_normalizer_data-ff82f05aef08137e,libicu_collections-7f57edc535f1e27e,libpotential_utf-611d1334986b56d8,libicu_provider-ed775a8b1b57b627,libicu_locale_core-1acdd9f05881991c,libtinystr-97e1139755822798,liblitemap-76c583890b84c465,libwriteable-240af3fb4837c678,libzerovec-ec8f770ca71855b8,libzerotrie-316405b7dd5edbf6,libyoke-6bd395d3a56069c9,libstable_deref_trait-a9f42b1d2f15127d,libzerofrom-59c3254bae742b86,libform_urlencoded-98cc7da289c29f13,libpercent_encoding-fa055ecaa1e57cfa,liblibgit2_sys-555bb7d999698b5d,liblibssh2_sys-38279dad4639492e,libopenssl_sys-7207ac248820bf9f,liblibz_sys-45ed7e551cd40136,libglob-7748687a416caec7,libtracing-319d2583854ecf8e,libpin_project_lite-72bf04572caa1c84,libtracing_core-aa4ed84ab5d584f8,libpath_slash-a0303be2014ca89a,libignore-cbc26ee962586027,libwalkdir-7cc6f300a6f0bf06,libsame_file-ff49545450c0b63c,libglobset-d13a59f23e42a0b2,liblog-28ade3d6717210f3,libsha2-48d6680166dec53c,libcpufeatures-e04321643d03190d,libdigest-0dc99e4daa127caa,libblock_buffer-0dc685f90ebcf515,libcrypto_common-05bf6487d37e6f7c,libgeneric_array-373dfccc781d5b87,libtypenum-2411508f27232473,libtiktoken_rs-00b306c6311abd02,libbstr-9319222a8932f12c,libbase64-32787b0325ea6df8,liblazy_static-3674be3f4245d19b,librustc_hash-d7c4a66f98a2548f,libfancy_regex-80e606e3c185c065,libbit_set-b675e30cd7af7863,libbit_vec-b06753219a6ccf92,libregex_automata-32b72e52b1d1ed74,libaho_corasick-5bc65c5f7f6b70ca,libregex_syntax-c1c62fdedc196a6a,librayon-cddd5520333a5540,librayon_core-e986c1d1845fe6c3,libcrossbeam_deque-e71c6317821167fb,libcrossbeam_epoch-5fdcd5978a9f0010,libcrossbeam_utils-f696a08ab1e94e7a,libeither-e5ea87bd27ac73a9,libcontent_inspector-9a7e5ca5396132cf,libmemchr-eb753e192a6bbd2d,libbytesize-40be86ede621e261,libanyhow-4342eda19ce54c8e,libtempfile-b615867748ab928d,libgetrandom-202feb809db92092,liblibc-1af63e2d88f1975c,libcfg_if-ae1e883b62e8dab7,libfastrand-751bcde24b8aa073,libonce_cell-e9252a7b5119f3eb,librustix-b9770a02e8894e32,libbitflags-80757486e0ef5166,libserde-17a70b64633560f7,libserde_core-21f22ac7b803fb0e,liblinux_raw_sys-7c0af75954695899}.rlib" "<sysroot>/lib/rustlib/x86_64-unknown-linux-gnu/lib/{libstd-*,libpanic_unwind-*,libobject-*,libmemchr-*,libaddr2line-*,libgimli-*,libcfg_if-*,librustc_demangle-*,libstd_detect-*,libhashbrown-*,librustc_std_workspace_alloc-*,libminiz_oxide-*,libadler2-*,libunwind-*,liblibc-*,librustc_std_workspace_core-*,liballoc-*,libcore-*,libcompiler_builtins-*}.rlib" "-Wl,-Bdynamic" "-lz" "-lgcc_s" "-lutil" "-lrt" "-lpthread" "-lm" "-ldl" "-lc" "-L" "/opt/rustwide/target/debug/deps/rustcSlNngH/raw-dylibs" "-B<sysroot>/lib/rustlib/x86_64-unknown-linux-gnu/bin/gcc-ld" "-fuse-ld=lld" "-Wl,--eh-frame-hdr" "-Wl,-z,noexecstack" "-L" "/opt/rustwide/target/debug/build/libgit2-sys-0738f13804c94105/out/build" "-L" "/opt/rustwide/target/debug/build/libssh2-sys-9754a97fb52e4cfc/out/build" "-L" "/opt/rustwide/target/debug/build/openssl-sys-71db66179477536e/out/openssl-build/install/lib" "-L" "<sysroot>/lib/rustlib/x86_64-unknown-linux-gnu/lib" "-o" "/opt/rustwide/target/debug/deps/symlink_test-7aedcc5dcf104094" "-Wl,--gc-sections" "-pie" "-Wl,-z,relro,-z,now" "-nodefaultlibs"
[INFO] [stdout]   = note: some arguments are omitted. use `--verbose` to show all linker arguments
[INFO] [stdout]   = note: collect2: fatal error: ld terminated with signal 9 [Killed]
[INFO] [stdout]           compilation terminated.
[INFO] [stdout]           
[INFO] [stdout] 
[INFO] [stdout] 
[INFO] [stderr] error: could not compile `yek` (test "models_test") due to 1 previous error
[INFO] [stderr] error: could not compile `yek` (test "symlink_test") due to 1 previous error
[INFO] [stdout] error: linking with `cc` failed: exit status: 1
[INFO] [stdout]   |
[INFO] [stdout]   = note:  "cc" "-m64" "/opt/rustwide/target/debug/deps/rustcgc5VbR/symbols.o" "<2 object files omitted>" "-Wl,--as-needed" "-Wl,-Bstatic" "<sysroot>/lib/rustlib/x86_64-unknown-linux-gnu/lib/{libtest-*,libgetopts-*,librustc_std_workspace_std-*}.rlib" "/opt/rustwide/target/debug/deps/{libyek-b5d47d3132a0f3a3,libconfig-891496ccabc0ca43,libpathdiff-3903ede7ad100cac,libjson5-9c93a4e1fb3671ab,libpest-dbe526c2a3c5b34d,libucd_trie-64e35acb102f3b4d,libthiserror-dbd1878f41f24a10,libserde_untagged-2be72cbed3d1f142,liberased_serde-cb24e540cc14e048,libtypeid-f817466d1cfd48b6,libron-3b8e06649e57f054,libbase64-13144a1f1e192158,libtoml-27a07393d6d07703,libtoml_writer-6df72e92520fa638,libtoml_parser-eb9064a6fac042ec,libserde_spanned-e802d34e20089f8b,libtoml_datetime-8fe423b2e734d578,libwinnow-d98b4b6bf9645098,libini-3478cdc0f7fac162,libordered_multimap-648bd27dc661d9cd,libhashbrown-d952ad0946629507,libdlv_list-160b048476445fa2,libyaml_rust2-3ee1b8590cd3667a,libencoding_rs-12137936ea3fe5ee,libarraydeque-113b06ef7681d200,libhashlink-2e976e08e9e3b634,libhashbrown-8da8fd0b7703f558,libfoldhash-07f233db1c671507,libconvert_case-38f39321ace21c2d,libunicode_segmentation-421de088ab714999,libserde_json-374d0eee775ea6fb,libitoa-ef40fa516293a9d3,libryu-a7164637bc4900ee,libclap-b4e2d049f3556889,libclap_builder-c720d99dec39cdb5,libterminal_size-53024b7981affc6b,librustix-b9770a02e8894e32,liblinux_raw_sys-7c0af75954695899,libstrsim-4d1ed08a123238dc,libanstream-9bd84e1b76db945f,libanstyle_query-01c9a556ffcdbece,libis_terminal_polyfill-e39671344234c74d,libcolorchoice-8e2615b3451b028d,libanstyle_parse-2b179629a907e4e4,libutf8parse-92d0158219063202,libclap_lex-005b57ef74360062,libanstyle-2f06797f0de1416c,libregex-819cffd1dbfc96e1,libgit2-3b2b5b4321bd636e,libopenssl_probe-2c6d21a9709cae46,liburl-cf1241154beb09bf,libidna-27225fbe91f60daf,libutf8_iter-51566bbad89f3a68,libidna_adapter-0466fd189f00bc94,libicu_properties-f2bbe888276bcb39,libicu_properties_data-b53d225676b50701,libicu_normalizer-51500f04b9e3d609,libsmallvec-3281308869c19c4b,libicu_normalizer_data-ff82f05aef08137e,libicu_collections-7f57edc535f1e27e,libpotential_utf-611d1334986b56d8,libicu_provider-ed775a8b1b57b627,libicu_locale_core-1acdd9f05881991c,libtinystr-97e1139755822798,liblitemap-76c583890b84c465,libwriteable-240af3fb4837c678,libzerovec-ec8f770ca71855b8,libzerotrie-316405b7dd5edbf6,libyoke-6bd395d3a56069c9,libstable_deref_trait-a9f42b1d2f15127d,libzerofrom-59c3254bae742b86,libform_urlencoded-98cc7da289c29f13,libpercent_encoding-fa055ecaa1e57cfa,liblibgit2_sys-555bb7d999698b5d,liblibssh2_sys-38279dad4639492e,libopenssl_sys-7207ac248820bf9f,liblibz_sys-45ed7e551cd40136,liblibc-1af63e2d88f1975c,libbitflags-80757486e0ef5166,libglob-7748687a416caec7,libtracing-319d2583854ecf8e,libpin_project_lite-72bf04572caa1c84,libtracing_core-aa4ed84ab5d584f8,libonce_cell-e9252a7b5119f3eb,libpath_slash-a0303be2014ca89a,libignore-cbc26ee962586027,libwalkdir-7cc6f300a6f0bf06,libsame_file-ff49545450c0b63c,libglobset-d13a59f23e42a0b2,liblog-28ade3d6717210f3,libsha2-48d6680166dec53c,libcpufeatures-e04321643d03190d,libcfg_if-ae1e883b62e8dab7,libdigest-0dc99e4daa127caa,libblock_buffer-0dc685f90ebcf515,libcrypto_common-05bf6487d37e6f7c,libgeneric_array-373dfccc781d5b87,libtypenum-2411508f27232473,libserde-17a70b64633560f7,libserde_core-21f22ac7b803fb0e,libtiktoken_rs-00b306c6311abd02,libbstr-9319222a8932f12c,libbase64-32787b0325ea6df8,liblazy_static-3674be3f4245d19b,librustc_hash-d7c4a66f98a2548f,libfancy_regex-80e606e3c185c065,libbit_set-b675e30cd7af7863,libbit_vec-b06753219a6ccf92,libregex_automata-32b72e52b1d1ed74,libaho_corasick-5bc65c5f7f6b70ca,libregex_syntax-c1c62fdedc196a6a,librayon-cddd5520333a5540,librayon_core-e986c1d1845fe6c3,libcrossbeam_deque-e71c6317821167fb,libcrossbeam_epoch-5fdcd5978a9f0010,libcrossbeam_utils-f696a08ab1e94e7a,libeither-e5ea87bd27ac73a9,libcontent_inspector-9a7e5ca5396132cf,libmemchr-eb753e192a6bbd2d,libbytesize-40be86ede621e261,libanyhow-4342eda19ce54c8e}.rlib" "<sysroot>/lib/rustlib/x86_64-unknown-linux-gnu/lib/{libstd-*,libpanic_unwind-*,libobject-*,libmemchr-*,libaddr2line-*,libgimli-*,libcfg_if-*,librustc_demangle-*,libstd_detect-*,libhashbrown-*,librustc_std_workspace_alloc-*,libminiz_oxide-*,libadler2-*,libunwind-*,liblibc-*,librustc_std_workspace_core-*,liballoc-*,libcore-*,libcompiler_builtins-*}.rlib" "-Wl,-Bdynamic" "-lz" "-lgcc_s" "-lutil" "-lrt" "-lpthread" "-lm" "-ldl" "-lc" "-L" "/opt/rustwide/target/debug/deps/rustcgc5VbR/raw-dylibs" "-B<sysroot>/lib/rustlib/x86_64-unknown-linux-gnu/bin/gcc-ld" "-fuse-ld=lld" "-Wl,--eh-frame-hdr" "-Wl,-z,noexecstack" "-L" "/opt/rustwide/target/debug/build/libgit2-sys-0738f13804c94105/out/build" "-L" "/opt/rustwide/target/debug/build/libssh2-sys-9754a97fb52e4cfc/out/build" "-L" "/opt/rustwide/target/debug/build/openssl-sys-71db66179477536e/out/openssl-build/install/lib" "-L" "<sysroot>/lib/rustlib/x86_64-unknown-linux-gnu/lib" "-o" "/opt/rustwide/target/debug/deps/category_test-2ee5b1e3fddb13e1" "-Wl,--gc-sections" "-pie" "-Wl,-z,relro,-z,now" "-nodefaultlibs"
[INFO] [stdout]   = note: some arguments are omitted. use `--verbose` to show all linker arguments
[INFO] [stdout]   = note: collect2: fatal error: ld terminated with signal 9 [Killed]
[INFO] [stdout]           compilation terminated.
[INFO] [stdout]           
[INFO] [stdout] 
[INFO] [stdout] 
[INFO] [stderr] error: could not compile `yek` (test "category_test") due to 1 previous error
[INFO] [stdout] error: linking with `cc` failed: exit status: 1
[INFO] [stdout]   |
[INFO] [stdout]   = note:  "cc" "-m64" "/opt/rustwide/target/debug/deps/rustcmSrkEJ/symbols.o" "<2 object files omitted>" "-Wl,--as-needed" "-Wl,-Bstatic" "<sysroot>/lib/rustlib/x86_64-unknown-linux-gnu/lib/{libtest-*,libgetopts-*,librustc_std_workspace_std-*}.rlib" "/opt/rustwide/target/debug/deps/{libyek-b5d47d3132a0f3a3,libconfig-891496ccabc0ca43,libpathdiff-3903ede7ad100cac,libjson5-9c93a4e1fb3671ab,libpest-dbe526c2a3c5b34d,libucd_trie-64e35acb102f3b4d,libthiserror-dbd1878f41f24a10,libserde_untagged-2be72cbed3d1f142,liberased_serde-cb24e540cc14e048,libtypeid-f817466d1cfd48b6,libron-3b8e06649e57f054,libbase64-13144a1f1e192158,libtoml-27a07393d6d07703,libtoml_writer-6df72e92520fa638,libtoml_parser-eb9064a6fac042ec,libserde_spanned-e802d34e20089f8b,libtoml_datetime-8fe423b2e734d578,libwinnow-d98b4b6bf9645098,libini-3478cdc0f7fac162,libordered_multimap-648bd27dc661d9cd,libhashbrown-d952ad0946629507,libdlv_list-160b048476445fa2,libyaml_rust2-3ee1b8590cd3667a,libencoding_rs-12137936ea3fe5ee,libarraydeque-113b06ef7681d200,libhashlink-2e976e08e9e3b634,libhashbrown-8da8fd0b7703f558,libfoldhash-07f233db1c671507,libconvert_case-38f39321ace21c2d,libunicode_segmentation-421de088ab714999,libserde_json-374d0eee775ea6fb,libitoa-ef40fa516293a9d3,libryu-a7164637bc4900ee,libclap-b4e2d049f3556889,libclap_builder-c720d99dec39cdb5,libterminal_size-53024b7981affc6b,libstrsim-4d1ed08a123238dc,libanstream-9bd84e1b76db945f,libanstyle_query-01c9a556ffcdbece,libis_terminal_polyfill-e39671344234c74d,libcolorchoice-8e2615b3451b028d,libanstyle_parse-2b179629a907e4e4,libutf8parse-92d0158219063202,libclap_lex-005b57ef74360062,libgit2-3b2b5b4321bd636e,libopenssl_probe-2c6d21a9709cae46,liburl-cf1241154beb09bf,libidna-27225fbe91f60daf,libutf8_iter-51566bbad89f3a68,libidna_adapter-0466fd189f00bc94,libicu_properties-f2bbe888276bcb39,libicu_properties_data-b53d225676b50701,libicu_normalizer-51500f04b9e3d609,libsmallvec-3281308869c19c4b,libicu_normalizer_data-ff82f05aef08137e,libicu_collections-7f57edc535f1e27e,libpotential_utf-611d1334986b56d8,libicu_provider-ed775a8b1b57b627,libicu_locale_core-1acdd9f05881991c,libtinystr-97e1139755822798,liblitemap-76c583890b84c465,libwriteable-240af3fb4837c678,libzerovec-ec8f770ca71855b8,libzerotrie-316405b7dd5edbf6,libyoke-6bd395d3a56069c9,libstable_deref_trait-a9f42b1d2f15127d,libzerofrom-59c3254bae742b86,libform_urlencoded-98cc7da289c29f13,libpercent_encoding-fa055ecaa1e57cfa,liblibgit2_sys-555bb7d999698b5d,liblibssh2_sys-38279dad4639492e,libopenssl_sys-7207ac248820bf9f,liblibz_sys-45ed7e551cd40136,libglob-7748687a416caec7,libtracing-319d2583854ecf8e,libpin_project_lite-72bf04572caa1c84,libtracing_core-aa4ed84ab5d584f8,libpath_slash-a0303be2014ca89a,libignore-cbc26ee962586027,libwalkdir-7cc6f300a6f0bf06,libsame_file-ff49545450c0b63c,libglobset-d13a59f23e42a0b2,liblog-28ade3d6717210f3,libsha2-48d6680166dec53c,libcpufeatures-e04321643d03190d,libdigest-0dc99e4daa127caa,libblock_buffer-0dc685f90ebcf515,libcrypto_common-05bf6487d37e6f7c,libgeneric_array-373dfccc781d5b87,libtypenum-2411508f27232473,libtiktoken_rs-00b306c6311abd02,libbase64-32787b0325ea6df8,liblazy_static-3674be3f4245d19b,librustc_hash-d7c4a66f98a2548f,libfancy_regex-80e606e3c185c065,libbit_set-b675e30cd7af7863,libbit_vec-b06753219a6ccf92,librayon-cddd5520333a5540,librayon_core-e986c1d1845fe6c3,libcrossbeam_deque-e71c6317821167fb,libcrossbeam_epoch-5fdcd5978a9f0010,libcrossbeam_utils-f696a08ab1e94e7a,libeither-e5ea87bd27ac73a9,libcontent_inspector-9a7e5ca5396132cf,libbytesize-40be86ede621e261,libanyhow-4342eda19ce54c8e,libtempfile-b615867748ab928d,libgetrandom-202feb809db92092,libcfg_if-ae1e883b62e8dab7,libfastrand-751bcde24b8aa073,libonce_cell-e9252a7b5119f3eb,librustix-b9770a02e8894e32,libbitflags-80757486e0ef5166,libserde-17a70b64633560f7,libserde_core-21f22ac7b803fb0e,liblinux_raw_sys-7c0af75954695899,libassert_cmd-e308d4a183ee0606,libwait_timeout-c5c54a4e46a3c3f5,liblibc-1af63e2d88f1975c,libdoc_comment-60fe4761a9fa9746,libbstr-9319222a8932f12c,libpredicates_tree-46ad03f9768d69b0,libtermtree-521441ca5d2a12de,libpredicates-c4de0a872758df9f,libanstyle-2f06797f0de1416c,libregex-819cffd1dbfc96e1,libregex_automata-32b72e52b1d1ed74,libaho_corasick-5bc65c5f7f6b70ca,libmemchr-eb753e192a6bbd2d,libregex_syntax-c1c62fdedc196a6a,libdifflib-c2a6125f2253bb24,libnormalize_line_endings-ba1ed9a80c452738,libfloat_cmp-b1320dbaeb021d8c,libnum_traits-8025aadba3f5277e,libpredicates_core-3695342782bdead5}.rlib" "<sysroot>/lib/rustlib/x86_64-unknown-linux-gnu/lib/{libstd-*,libpanic_unwind-*,libobject-*,libmemchr-*,libaddr2line-*,libgimli-*,libcfg_if-*,librustc_demangle-*,libstd_detect-*,libhashbrown-*,librustc_std_workspace_alloc-*,libminiz_oxide-*,libadler2-*,libunwind-*,liblibc-*,librustc_std_workspace_core-*,liballoc-*,libcore-*,libcompiler_builtins-*}.rlib" "-Wl,-Bdynamic" "-lz" "-lgcc_s" "-lutil" "-lrt" "-lpthread" "-lm" "-ldl" "-lc" "-L" "/opt/rustwide/target/debug/deps/rustcmSrkEJ/raw-dylibs" "-B<sysroot>/lib/rustlib/x86_64-unknown-linux-gnu/bin/gcc-ld" "-fuse-ld=lld" "-Wl,--eh-frame-hdr" "-Wl,-z,noexecstack" "-L" "/opt/rustwide/target/debug/build/libgit2-sys-0738f13804c94105/out/build" "-L" "/opt/rustwide/target/debug/build/libssh2-sys-9754a97fb52e4cfc/out/build" "-L" "/opt/rustwide/target/debug/build/openssl-sys-71db66179477536e/out/openssl-build/install/lib" "-L" "<sysroot>/lib/rustlib/x86_64-unknown-linux-gnu/lib" "-o" "/opt/rustwide/target/debug/deps/extra_tests-1a9da8e592452330" "-Wl,--gc-sections" "-pie" "-Wl,-z,relro,-z,now" "-nodefaultlibs"
[INFO] [stdout]   = note: some arguments are omitted. use `--verbose` to show all linker arguments
[INFO] [stdout]   = note: collect2: fatal error: ld terminated with signal 9 [Killed]
[INFO] [stdout]           compilation terminated.
[INFO] [stdout]           
[INFO] [stdout] 
[INFO] [stdout] 
[INFO] [stdout] error: linking with `cc` failed: exit status: 1
[INFO] [stdout]   |
[INFO] [stdout]   = note:  "cc" "-m64" "/opt/rustwide/target/debug/deps/rustcOweiqn/symbols.o" "<2 object files omitted>" "-Wl,--as-needed" "-Wl,-Bstatic" "<sysroot>/lib/rustlib/x86_64-unknown-linux-gnu/lib/{libtest-*,libgetopts-*,librustc_std_workspace_std-*}.rlib" "/opt/rustwide/target/debug/deps/{libyek-b5d47d3132a0f3a3,libconfig-891496ccabc0ca43,libpathdiff-3903ede7ad100cac,libjson5-9c93a4e1fb3671ab,libpest-dbe526c2a3c5b34d,libucd_trie-64e35acb102f3b4d,libthiserror-dbd1878f41f24a10,libserde_untagged-2be72cbed3d1f142,liberased_serde-cb24e540cc14e048,libtypeid-f817466d1cfd48b6,libron-3b8e06649e57f054,libbase64-13144a1f1e192158,libtoml-27a07393d6d07703,libtoml_writer-6df72e92520fa638,libtoml_parser-eb9064a6fac042ec,libserde_spanned-e802d34e20089f8b,libtoml_datetime-8fe423b2e734d578,libwinnow-d98b4b6bf9645098,libini-3478cdc0f7fac162,libordered_multimap-648bd27dc661d9cd,libhashbrown-d952ad0946629507,libdlv_list-160b048476445fa2,libyaml_rust2-3ee1b8590cd3667a,libencoding_rs-12137936ea3fe5ee,libarraydeque-113b06ef7681d200,libhashlink-2e976e08e9e3b634,libhashbrown-8da8fd0b7703f558,libfoldhash-07f233db1c671507,libconvert_case-38f39321ace21c2d,libunicode_segmentation-421de088ab714999,libserde_json-374d0eee775ea6fb,libitoa-ef40fa516293a9d3,libryu-a7164637bc4900ee,libclap-b4e2d049f3556889,libclap_builder-c720d99dec39cdb5,libterminal_size-53024b7981affc6b,libstrsim-4d1ed08a123238dc,libanstream-9bd84e1b76db945f,libanstyle_query-01c9a556ffcdbece,libis_terminal_polyfill-e39671344234c74d,libcolorchoice-8e2615b3451b028d,libanstyle_parse-2b179629a907e4e4,libutf8parse-92d0158219063202,libclap_lex-005b57ef74360062,libanstyle-2f06797f0de1416c,libregex-819cffd1dbfc96e1,libgit2-3b2b5b4321bd636e,libopenssl_probe-2c6d21a9709cae46,liburl-cf1241154beb09bf,libidna-27225fbe91f60daf,libutf8_iter-51566bbad89f3a68,libidna_adapter-0466fd189f00bc94,libicu_properties-f2bbe888276bcb39,libicu_properties_data-b53d225676b50701,libicu_normalizer-51500f04b9e3d609,libsmallvec-3281308869c19c4b,libicu_normalizer_data-ff82f05aef08137e,libicu_collections-7f57edc535f1e27e,libpotential_utf-611d1334986b56d8,libicu_provider-ed775a8b1b57b627,libicu_locale_core-1acdd9f05881991c,libtinystr-97e1139755822798,liblitemap-76c583890b84c465,libwriteable-240af3fb4837c678,libzerovec-ec8f770ca71855b8,libzerotrie-316405b7dd5edbf6,libyoke-6bd395d3a56069c9,libstable_deref_trait-a9f42b1d2f15127d,libzerofrom-59c3254bae742b86,libform_urlencoded-98cc7da289c29f13,libpercent_encoding-fa055ecaa1e57cfa,liblibgit2_sys-555bb7d999698b5d,liblibssh2_sys-38279dad4639492e,libopenssl_sys-7207ac248820bf9f,liblibz_sys-45ed7e551cd40136,libglob-7748687a416caec7,libtracing-319d2583854ecf8e,libpin_project_lite-72bf04572caa1c84,libtracing_core-aa4ed84ab5d584f8,libpath_slash-a0303be2014ca89a,libignore-cbc26ee962586027,libwalkdir-7cc6f300a6f0bf06,libsame_file-ff49545450c0b63c,libglobset-d13a59f23e42a0b2,liblog-28ade3d6717210f3,libsha2-48d6680166dec53c,libcpufeatures-e04321643d03190d,libdigest-0dc99e4daa127caa,libblock_buffer-0dc685f90ebcf515,libcrypto_common-05bf6487d37e6f7c,libgeneric_array-373dfccc781d5b87,libtypenum-2411508f27232473,libtiktoken_rs-00b306c6311abd02,libbstr-9319222a8932f12c,libbase64-32787b0325ea6df8,liblazy_static-3674be3f4245d19b,librustc_hash-d7c4a66f98a2548f,libfancy_regex-80e606e3c185c065,libbit_set-b675e30cd7af7863,libbit_vec-b06753219a6ccf92,libregex_automata-32b72e52b1d1ed74,libaho_corasick-5bc65c5f7f6b70ca,libregex_syntax-c1c62fdedc196a6a,librayon-cddd5520333a5540,librayon_core-e986c1d1845fe6c3,libcrossbeam_deque-e71c6317821167fb,libcrossbeam_epoch-5fdcd5978a9f0010,libcrossbeam_utils-f696a08ab1e94e7a,libeither-e5ea87bd27ac73a9,libcontent_inspector-9a7e5ca5396132cf,libmemchr-eb753e192a6bbd2d,libbytesize-40be86ede621e261,libanyhow-4342eda19ce54c8e,libtempfile-b615867748ab928d,libgetrandom-202feb809db92092,liblibc-1af63e2d88f1975c,libcfg_if-ae1e883b62e8dab7,libfastrand-751bcde24b8aa073,libonce_cell-e9252a7b5119f3eb,librustix-b9770a02e8894e32,libbitflags-80757486e0ef5166,libserde-17a70b64633560f7,libserde_core-21f22ac7b803fb0e,liblinux_raw_sys-7c0af75954695899}.rlib" "<sysroot>/lib/rustlib/x86_64-unknown-linux-gnu/lib/{libstd-*,libpanic_unwind-*,libobject-*,libmemchr-*,libaddr2line-*,libgimli-*,libcfg_if-*,librustc_demangle-*,libstd_detect-*,libhashbrown-*,librustc_std_workspace_alloc-*,libminiz_oxide-*,libadler2-*,libunwind-*,liblibc-*,librustc_std_workspace_core-*,liballoc-*,libcore-*,libcompiler_builtins-*}.rlib" "-Wl,-Bdynamic" "-lz" "-lgcc_s" "-lutil" "-lrt" "-lpthread" "-lm" "-ldl" "-lc" "-L" "/opt/rustwide/target/debug/deps/rustcOweiqn/raw-dylibs" "-B<sysroot>/lib/rustlib/x86_64-unknown-linux-gnu/bin/gcc-ld" "-fuse-ld=lld" "-Wl,--eh-frame-hdr" "-Wl,-z,noexecstack" "-L" "/opt/rustwide/target/debug/build/libgit2-sys-0738f13804c94105/out/build" "-L" "/opt/rustwide/target/debug/build/libssh2-sys-9754a97fb52e4cfc/out/build" "-L" "/opt/rustwide/target/debug/build/openssl-sys-71db66179477536e/out/openssl-build/install/lib" "-L" "<sysroot>/lib/rustlib/x86_64-unknown-linux-gnu/lib" "-o" "/opt/rustwide/target/debug/deps/integration_tests-a46917cb9f4bf779" "-Wl,--gc-sections" "-pie" "-Wl,-z,relro,-z,now" "-nodefaultlibs"
[INFO] [stdout]   = note: some arguments are omitted. use `--verbose` to show all linker arguments
[INFO] [stdout]   = note: collect2: fatal error: ld terminated with signal 9 [Killed]
[INFO] [stdout]           compilation terminated.
[INFO] [stdout]           
[INFO] [stdout] 
[INFO] [stdout] 
[INFO] [stderr] error: could not compile `yek` (test "extra_tests") due to 1 previous error
[INFO] [stderr] error: could not compile `yek` (test "integration_tests") due to 1 previous error
[INFO] running `Command { std: "docker" "inspect" "185d0bbd47f30c6cc2e328f79a3c6527fc494c9a5c15beb421eb7a110cf89bbc", kill_on_drop: false }`
[INFO] running `Command { std: "docker" "rm" "-f" "185d0bbd47f30c6cc2e328f79a3c6527fc494c9a5c15beb421eb7a110cf89bbc", kill_on_drop: false }`
[INFO] [stdout] 185d0bbd47f30c6cc2e328f79a3c6527fc494c9a5c15beb421eb7a110cf89bbc
