[INFO] cloning repository https://github.com/mai-space/rust-ai-agents-jarvis
[INFO] running `Command { std: "git" "-c" "credential.helper=" "-c" "credential.helper=/workspace/cargo-home/bin/git-credential-null" "clone" "--bare" "https://github.com/mai-space/rust-ai-agents-jarvis" "/workspace/cache/git-repos/https%3A%2F%2Fgithub.com%2Fmai-space%2Frust-ai-agents-jarvis", kill_on_drop: false }`
[INFO] [stderr] Cloning into bare repository '/workspace/cache/git-repos/https%3A%2F%2Fgithub.com%2Fmai-space%2Frust-ai-agents-jarvis'...
[INFO] running `Command { std: "git" "rev-parse" "HEAD", kill_on_drop: false }`
[INFO] [stdout] a12df1ccb63c796b3318dffd6df7283e9e0e26a6
[INFO] testing mai-space/rust-ai-agents-jarvis against 1.99.0-beta.8 for beta-1.100-3
[INFO] running `Command { std: "git" "clone" "/workspace/cache/git-repos/https%3A%2F%2Fgithub.com%2Fmai-space%2Frust-ai-agents-jarvis" "/workspace/builds/worker-2-tc1/source", kill_on_drop: false }`
[INFO] [stderr] Cloning into '/workspace/builds/worker-2-tc1/source'...
[INFO] [stderr] done.
[INFO] started tweaking git repo https://github.com/mai-space/rust-ai-agents-jarvis
[INFO] finished tweaking git repo https://github.com/mai-space/rust-ai-agents-jarvis
[INFO] tweaked toml for git repo https://github.com/mai-space/rust-ai-agents-jarvis written to /workspace/builds/worker-2-tc1/source/Cargo.toml
[INFO] validating manifest of git repo https://github.com/mai-space/rust-ai-agents-jarvis on toolchain 1.99.0-beta.8
[INFO] running `Command { std: CARGO_HOME="/workspace/cargo-home" RUSTUP_HOME="/workspace/rustup-home" "/workspace/cargo-home/bin/cargo" "+1.99.0-beta.8" "metadata" "--manifest-path" "Cargo.toml" "--no-deps", kill_on_drop: false }`
[INFO] crate git repo https://github.com/mai-space/rust-ai-agents-jarvis already has a lockfile, it will not be regenerated
[INFO] running `Command { std: CARGO_HOME="/workspace/cargo-home" RUSTUP_HOME="/workspace/rustup-home" "/workspace/cargo-home/bin/cargo" "+1.99.0-beta.8" "fetch" "--manifest-path" "Cargo.toml", kill_on_drop: false }`
[INFO] [stderr]     Blocking waiting for file lock on package cache
[INFO] [stderr]     Updating crates.io index
[INFO] [stderr]     Blocking waiting for file lock on package cache
[INFO] [stderr]  Downloading crates ...
[INFO] [stderr]   Downloaded proc-macro2 v1.0.104
[INFO] [stderr]   Downloaded uuid v1.19.0
[INFO] [stderr]   Downloaded thiserror-impl v1.0.60
[INFO] [stderr]   Downloaded thiserror v1.0.60
[INFO] [stderr]   Downloaded zmij v1.0.0
[INFO] [stderr]   Downloaded serde_json v1.0.148
[INFO] [stderr]   Downloaded find-msvc-tools v0.1.6
[INFO] [stderr]   Downloaded cc v1.2.51
[INFO] [stderr]   Downloaded redox_syscall v0.7.0
[INFO] [stderr]   Downloaded libredox v0.1.12
[INFO] [stderr]   Downloaded rsa v0.9.9
[INFO] [stderr]   Downloaded ratatui v0.26.3
[INFO] [stderr]   Downloaded stability v0.2.1
[INFO] [stderr]   Downloaded compact_str v0.7.1
[INFO] [stderr]   Downloaded ollama-rs v0.2.1
[INFO] [stderr]   Downloaded patch v0.7.0
[INFO] [stderr]   Downloaded nom_locate v4.2.0
[INFO] [stderr]   Downloaded bytecount v0.6.9
[INFO] [stderr]   Downloaded rustls-pki-types v1.13.2
[INFO] [stderr]   Downloaded directories v4.0.1
[INFO] running `Command { std: "docker" "create" "-v" "/var/lib/crater-agent-workspace/builds/worker-2-tc1/source:/opt/rustwide/workdir:ro,Z" "-v" "/var/lib/crater-agent-workspace/builds/worker-2-tc1/target:/opt/rustwide/target:rw,Z" "-v" "/var/lib/crater-agent-workspace/cargo-home:/opt/rustwide/cargo-home:ro,Z" "-v" "/var/lib/crater-agent-workspace/rustup-home:/opt/rustwide/rustup-home:ro,Z" "-m" "1610612736" "--network" "none" "ghcr.io/rust-lang/crates-build-env/linux@sha256:77db811e55d90add9212f6832c23229e3de5f1c1f9905e8cb07319ea15df73ac" "sleep" "infinity", kill_on_drop: false }`
[INFO] [stdout] 7b05aeeb8be5a6149cc2bf8f04f56f7d3158a36d5a70a55b57a734caefad0f6f
[INFO] running `Command { std: "docker" "start" "7b05aeeb8be5a6149cc2bf8f04f56f7d3158a36d5a70a55b57a734caefad0f6f", kill_on_drop: false }`
[INFO] running `Command { std: "docker" "inspect" "7b05aeeb8be5a6149cc2bf8f04f56f7d3158a36d5a70a55b57a734caefad0f6f", kill_on_drop: false }`
[INFO] running `Command { std: "docker" "exec" "-e" "SOURCE_DIR=/opt/rustwide/workdir" "-e" "CARGO_HOME=/opt/rustwide/cargo-home" "-e" "RUSTUP_HOME=/opt/rustwide/rustup-home" "-e" "CARGO_TARGET_DIR=/opt/rustwide/target" "-w" "/opt/rustwide/workdir" "--user" "0:0" "7b05aeeb8be5a6149cc2bf8f04f56f7d3158a36d5a70a55b57a734caefad0f6f" "/opt/rustwide/cargo-home/bin/cargo" "+1.99.0-beta.8" "metadata" "--no-deps" "--format-version=1", kill_on_drop: false }`
[INFO] running `Command { std: "docker" "inspect" "7b05aeeb8be5a6149cc2bf8f04f56f7d3158a36d5a70a55b57a734caefad0f6f", kill_on_drop: false }`
[INFO] running `Command { std: "docker" "exec" "-e" "SOURCE_DIR=/opt/rustwide/workdir" "-e" "CARGO_HOME=/opt/rustwide/cargo-home" "-e" "RUSTUP_HOME=/opt/rustwide/rustup-home" "-e" "CARGO_TARGET_DIR=/opt/rustwide/target" "-e" "CARGO_INCREMENTAL=0" "-e" "RUST_BACKTRACE=full" "-e" "RUSTFLAGS=--cap-lints=warn" "-e" "RUSTDOCFLAGS=--cap-lints=warn" "-w" "/opt/rustwide/workdir" "--user" "0:0" "7b05aeeb8be5a6149cc2bf8f04f56f7d3158a36d5a70a55b57a734caefad0f6f" "/opt/rustwide/cargo-home/bin/cargo" "+1.99.0-beta.8" "build" "--frozen" "--message-format=json", kill_on_drop: false }`
[INFO] [stderr]    Compiling libc v0.2.178
[INFO] [stderr]    Compiling proc-macro2 v1.0.104
[INFO] [stderr]    Compiling unicode-ident v1.0.22
[INFO] [stderr]    Compiling find-msvc-tools v0.1.6
[INFO] [stderr]    Compiling quote v1.0.42
[INFO] [stderr]    Compiling memchr v2.7.6
[INFO] [stderr]    Compiling futures-sink v0.3.31
[INFO] [stderr]    Compiling getrandom v0.3.4
[INFO] [stderr]    Compiling tinyvec v1.10.0
[INFO] [stderr]    Compiling serde_json v1.0.148
[INFO] [stderr]    Compiling http v1.4.0
[INFO] [stderr]    Compiling zmij v1.0.0
[INFO] [stderr]    Compiling digest v0.10.7
[INFO] [stderr]    Compiling thiserror v1.0.60
[INFO] [stderr]    Compiling smallvec v1.15.1
[INFO] [stderr]    Compiling crc v3.0.0
[INFO] [stderr]    Compiling futures-channel v0.3.31
[INFO] [stderr]    Compiling ppv-lite86 v0.2.21
[INFO] [stderr]    Compiling rustix v1.1.3
[INFO] [stderr]    Compiling cc v1.2.51
[INFO] [stderr]    Compiling sha2 v0.10.9
[INFO] [stderr]    Compiling hmac v0.12.1
[INFO] [stderr]    Compiling tracing-core v0.1.36
[INFO] [stderr]    Compiling ryu v1.0.22
[INFO] [stderr]    Compiling log v0.4.29
[INFO] [stderr]    Compiling native-tls v0.2.11
[INFO] [stderr]    Compiling hkdf v0.12.4
[INFO] [stderr]    Compiling md-5 v0.10.6
[INFO] [stderr]    Compiling unicode-normalization v0.1.25
[INFO] [stderr]    Compiling signal-hook v0.3.18
[INFO] [stderr]    Compiling uuid v1.19.0
[INFO] [stderr]    Compiling multer v3.1.0
[INFO] [stderr]    Compiling hashbrown v0.15.5
[INFO] [stderr]    Compiling rustls-pki-types v1.13.2
[INFO] [stderr]    Compiling castaway v0.2.4
[INFO] [stderr]    Compiling spin v0.9.8
[INFO] [stderr]    Compiling anyhow v1.0.100
[INFO] [stderr]    Compiling bytecount v0.6.9
[INFO] [stderr]    Compiling static_assertions v1.1.0
[INFO] [stderr]    Compiling compact_str v0.7.1
[INFO] [stderr]    Compiling clap_builder v4.5.53
[INFO] [stderr]    Compiling serde_path_to_error v0.1.20
[INFO] [stderr]    Compiling nom v7.1.3
[INFO] [stderr]    Compiling syn v2.0.111
[INFO] [stderr]    Compiling futures-util v0.3.31
[INFO] [stderr]    Compiling syn v1.0.109
[INFO] [stderr]    Compiling cassowary v0.3.0
[INFO] [stderr]    Compiling idna v0.5.0
[INFO] [stderr]    Compiling stringprep v0.1.5
[INFO] [stderr]    Compiling mio v1.1.1
[INFO] [stderr]    Compiling socket2 v0.6.1
[INFO] [stderr]    Compiling errno v0.3.14
[INFO] [stderr]    Compiling parking_lot_core v0.9.12
[INFO] [stderr]    Compiling getrandom v0.2.16
[INFO] [stderr]    Compiling signal-hook-registry v1.4.8
[INFO] [stderr]    Compiling parking_lot v0.12.5
[INFO] [stderr]    Compiling ring v0.17.14
[INFO] [stderr]    Compiling openssl-sys v0.9.111
[INFO] [stderr]    Compiling ahash v0.8.12
[INFO] [stderr]    Compiling http-body v1.0.1
[INFO] [stderr]    Compiling rand_core v0.6.4
[INFO] [stderr]    Compiling rand_chacha v0.3.1
[INFO] [stderr]    Compiling http-body-util v0.1.3
[INFO] [stderr]    Compiling openssl v0.10.75
[INFO] [stderr]    Compiling tokio v1.48.0
[INFO] [stderr]    Compiling hashbrown v0.14.5
[INFO] [stderr]    Compiling rand v0.8.5
[INFO] [stderr]    Compiling url v2.5.0
[INFO] [stderr]    Compiling tempfile v3.24.0
[INFO] [stderr]    Compiling futures-intrusive v0.5.0
[INFO] [stderr]    Compiling sqlformat v0.2.6
[INFO] [stderr]    Compiling hashlink v0.8.4
[INFO] [stderr]    Compiling indexmap v2.0.0
[INFO] [stderr]    Compiling mio v0.8.11
[INFO] [stderr]    Compiling nom_locate v4.2.0
[INFO] [stderr]    Compiling lru v0.12.5
[INFO] [stderr]    Compiling console v0.15.11
[INFO] [stderr]    Compiling dirs-sys v0.3.7
[INFO] [stderr]    Compiling shell-words v1.1.1
[INFO] [stderr]    Compiling tracing-subscriber v0.3.22
[INFO] [stderr]    Compiling tower-http v0.5.2
[INFO] [stderr]    Compiling signal-hook-mio v0.2.5
[INFO] [stderr]    Compiling crossterm v0.27.0
[INFO] [stderr]    Compiling directories v4.0.1
[INFO] [stderr]    Compiling dialoguer v0.10.4
[INFO] [stderr]    Compiling base64ct v1.6.0
[INFO] [stderr]    Compiling rustls v0.21.12
[INFO] [stderr]    Compiling serde_derive v1.0.228
[INFO] [stderr]    Compiling tracing-attributes v0.1.31
[INFO] [stderr]    Compiling futures-macro v0.3.31
[INFO] [stderr]    Compiling tokio-macros v2.6.0
[INFO] [stderr]    Compiling thiserror-impl v1.0.60
[INFO] [stderr]    Compiling openssl-macros v0.1.1
[INFO] [stderr]    Compiling async-trait v0.1.89
[INFO] [stderr]    Compiling async-stream-impl v0.3.6
[INFO] [stderr]    Compiling strum_macros v0.26.4
[INFO] [stderr]    Compiling clap_derive v4.5.49
[INFO] [stderr]    Compiling stability v0.2.1
[INFO] [stderr]    Compiling async-stream v0.3.6
[INFO] [stderr]    Compiling tracing v0.1.44
[INFO] [stderr]    Compiling tokio-stream v0.1.17
[INFO] [stderr]    Compiling clap v4.5.53
[INFO] [stderr]    Compiling rustls-webpki v0.101.7
[INFO] [stderr]    Compiling sct v0.7.1
[INFO] [stderr]    Compiling strum v0.26.3
[INFO] [stderr]    Compiling serde v1.0.228
[INFO] [stderr]    Compiling axum-core v0.4.5
[INFO] [stderr]    Compiling futures-executor v0.3.31
[INFO] [stderr]    Compiling either v1.15.0
[INFO] [stderr]    Compiling chrono v0.4.42
[INFO] [stderr]    Compiling serde_urlencoded v0.7.1
[INFO] [stderr]    Compiling toml v0.5.11
[INFO] [stderr]    Compiling futures v0.3.31
[INFO] [stderr]    Compiling itertools v0.13.0
[INFO] [stderr]    Compiling itertools v0.12.1
[INFO] [stderr]    Compiling sqlx-core v0.7.4
[INFO] [stderr]    Compiling patch v0.7.0
[INFO] [stderr]    Compiling unicode-truncate v1.1.0
[INFO] [stderr]    Compiling ratatui v0.26.3
[INFO] [stderr]    Compiling hyper v1.8.1
[INFO] [stderr]    Compiling tower v0.5.2
[INFO] [stderr]    Compiling tokio-native-tls v0.3.1
[INFO] [stderr]    Compiling tower-http v0.6.8
[INFO] [stderr]    Compiling hyper-util v0.1.19
[INFO] [stderr]    Compiling sqlx-postgres v0.7.4
[INFO] [stderr]    Compiling hyper-tls v0.6.0
[INFO] [stderr]    Compiling axum v0.7.9
[INFO] [stderr]    Compiling reqwest v0.12.28
[INFO] [stderr]    Compiling ollama-rs v0.2.1
[INFO] [stderr]    Compiling sqlx-macros-core v0.7.4
[INFO] [stderr]    Compiling sqlx-macros v0.7.4
[INFO] [stderr]    Compiling sqlx v0.7.4
[INFO] [stderr]    Compiling jarvis v0.1.0 (/opt/rustwide/workdir/jarvis)
[INFO] [stderr]     Finished `dev` profile [unoptimized + debuginfo] target(s) in 1m 37s
[INFO] [stderr] warning: the following packages contain code that will be rejected by a future version of Rust: sqlx-postgres v0.7.4
[INFO] [stderr] note: to see what the problems were, use the option `--future-incompat-report`, or run `cargo report future-incompatibilities --id 3`
[INFO] running `Command { std: "docker" "inspect" "7b05aeeb8be5a6149cc2bf8f04f56f7d3158a36d5a70a55b57a734caefad0f6f", kill_on_drop: false }`
[INFO] running `Command { std: "docker" "exec" "-e" "SOURCE_DIR=/opt/rustwide/workdir" "-e" "CARGO_HOME=/opt/rustwide/cargo-home" "-e" "RUSTUP_HOME=/opt/rustwide/rustup-home" "-e" "CARGO_TARGET_DIR=/opt/rustwide/target" "-e" "CARGO_INCREMENTAL=0" "-e" "RUST_BACKTRACE=full" "-e" "RUSTFLAGS=--cap-lints=warn" "-e" "RUSTDOCFLAGS=--cap-lints=warn" "-w" "/opt/rustwide/workdir" "--user" "0:0" "7b05aeeb8be5a6149cc2bf8f04f56f7d3158a36d5a70a55b57a734caefad0f6f" "/opt/rustwide/cargo-home/bin/cargo" "+1.99.0-beta.8" "test" "--frozen" "--no-run" "--message-format=json", kill_on_drop: false }`
[INFO] [stderr]    Compiling jarvis v0.1.0 (/opt/rustwide/workdir/jarvis)
[INFO] [stderr] error: could not compile `jarvis` (test "phase10_test")
[INFO] [stderr] 
[INFO] [stderr] Caused by:
[INFO] [stderr]   process didn't exit successfully: `/opt/rustwide/rustup-home/toolchains/1.99.0-beta.8-x86_64-unknown-linux-gnu/bin/rustc --crate-name phase10_test --edition=2021 jarvis/tests/phase10_test.rs --error-format=json --json=diagnostic-rendered-ansi,artifacts,future-incompat --emit=dep-info,link -C embed-bitcode=no -C debuginfo=2 --test --check-cfg 'cfg(docsrs,test)' --check-cfg 'cfg(feature, values())' -C metadata=541e949e3c2fad67 -C extra-filename=-afed2772d0f89776 --out-dir /opt/rustwide/target/debug/deps -L dependency=/opt/rustwide/target/debug/deps --extern anyhow=/opt/rustwide/target/debug/deps/libanyhow-4342eda19ce54c8e.rlib --extern async_trait=/opt/rustwide/target/debug/deps/libasync_trait-78779c470cc747fa.so --extern axum=/opt/rustwide/target/debug/deps/libaxum-6eda4ba0b18b6770.rlib --extern base64ct=/opt/rustwide/target/debug/deps/libbase64ct-8162745f0eb54d37.rlib --extern bytes=/opt/rustwide/target/debug/deps/libbytes-3529dc27cc7678fe.rlib --extern chrono=/opt/rustwide/target/debug/deps/libchrono-478692cdfbc4e2e1.rlib --extern clap=/opt/rustwide/target/debug/deps/libclap-cc9b87a3376253ff.rlib --extern crossterm=/opt/rustwide/target/debug/deps/libcrossterm-70afdfcd274216ab.rlib --extern dialoguer=/opt/rustwide/target/debug/deps/libdialoguer-e3abce8b698d1f81.rlib --extern directories=/opt/rustwide/target/debug/deps/libdirectories-c4dfa26414318254.rlib --extern dotenvy=/opt/rustwide/target/debug/deps/libdotenvy-6d8015f91495fe74.rlib --extern futures=/opt/rustwide/target/debug/deps/libfutures-84b38e9ce3584d05.rlib --extern home=/opt/rustwide/target/debug/deps/libhome-a88fbcd35354456a.rlib --extern idna=/opt/rustwide/target/debug/deps/libidna-d13b24a512a41fa7.rlib --extern indexmap=/opt/rustwide/target/debug/deps/libindexmap-8b2ef47c1a12fb23.rlib --extern jarvis=/opt/rustwide/target/debug/deps/libjarvis-f5f24f5f6e824d21.rlib --extern ollama_rs=/opt/rustwide/target/debug/deps/libollama_rs-c5ce2c294bff8a16.rlib --extern patch=/opt/rustwide/target/debug/deps/libpatch-7efd2b9c9cd305f7.rlib --extern ratatui=/opt/rustwide/target/debug/deps/libratatui-6559db4f43f5f6a4.rlib --extern serde=/opt/rustwide/target/debug/deps/libserde-230927df2aacdd34.rlib --extern serde_json=/opt/rustwide/target/debug/deps/libserde_json-345a7ada2dace957.rlib --extern sha2=/opt/rustwide/target/debug/deps/libsha2-095ad84fd5bfa493.rlib --extern sqlx=/opt/rustwide/target/debug/deps/libsqlx-39a384f7d235386c.rlib --extern tempfile=/opt/rustwide/target/debug/deps/libtempfile-9b02be220f4559d8.rlib --extern thiserror=/opt/rustwide/target/debug/deps/libthiserror-4a12c89ed88536d5.rlib --extern tokio=/opt/rustwide/target/debug/deps/libtokio-71230d8e89ffbaa8.rlib --extern tokio_stream=/opt/rustwide/target/debug/deps/libtokio_stream-3679a52e5c550d73.rlib --extern toml=/opt/rustwide/target/debug/deps/libtoml-459dc0a1fc045af7.rlib --extern tower=/opt/rustwide/target/debug/deps/libtower-dbf09e127b043afd.rlib --extern tower_http=/opt/rustwide/target/debug/deps/libtower_http-2654f0b414fd5379.rlib --extern tracing=/opt/rustwide/target/debug/deps/libtracing-83ba22d9cd8a1338.rlib --extern tracing_subscriber=/opt/rustwide/target/debug/deps/libtracing_subscriber-aa24ce3bbf46b051.rlib --extern url=/opt/rustwide/target/debug/deps/liburl-3790bd67ac0d245f.rlib --extern uuid=/opt/rustwide/target/debug/deps/libuuid-d8e7ab3658da07e6.rlib --extern walkdir=/opt/rustwide/target/debug/deps/libwalkdir-7cc6f300a6f0bf06.rlib --cap-lints=warn -L native=/opt/rustwide/target/debug/build/ring-3fcb8f624825c01d/out` (signal: 9, SIGKILL: kill)
[INFO] [stderr] warning: build failed, waiting for other jobs to finish...
[INFO] [stderr] error: could not compile `jarvis` (bin "jarvis" test)
[INFO] [stderr] 
[INFO] [stderr] Caused by:
[INFO] [stderr]   process didn't exit successfully: `/opt/rustwide/rustup-home/toolchains/1.99.0-beta.8-x86_64-unknown-linux-gnu/bin/rustc --crate-name jarvis --edition=2021 jarvis/src/main.rs --error-format=json --json=diagnostic-rendered-ansi,artifacts,future-incompat --emit=dep-info,link -C embed-bitcode=no -C debuginfo=2 --test --check-cfg 'cfg(docsrs,test)' --check-cfg 'cfg(feature, values())' -C metadata=30592d55aec6c76b -C extra-filename=-85e080bbe0d01a67 --out-dir /opt/rustwide/target/debug/deps -L dependency=/opt/rustwide/target/debug/deps --extern anyhow=/opt/rustwide/target/debug/deps/libanyhow-4342eda19ce54c8e.rlib --extern async_trait=/opt/rustwide/target/debug/deps/libasync_trait-78779c470cc747fa.so --extern axum=/opt/rustwide/target/debug/deps/libaxum-6eda4ba0b18b6770.rlib --extern base64ct=/opt/rustwide/target/debug/deps/libbase64ct-8162745f0eb54d37.rlib --extern bytes=/opt/rustwide/target/debug/deps/libbytes-3529dc27cc7678fe.rlib --extern chrono=/opt/rustwide/target/debug/deps/libchrono-478692cdfbc4e2e1.rlib --extern clap=/opt/rustwide/target/debug/deps/libclap-cc9b87a3376253ff.rlib --extern crossterm=/opt/rustwide/target/debug/deps/libcrossterm-70afdfcd274216ab.rlib --extern dialoguer=/opt/rustwide/target/debug/deps/libdialoguer-e3abce8b698d1f81.rlib --extern directories=/opt/rustwide/target/debug/deps/libdirectories-c4dfa26414318254.rlib --extern dotenvy=/opt/rustwide/target/debug/deps/libdotenvy-6d8015f91495fe74.rlib --extern futures=/opt/rustwide/target/debug/deps/libfutures-84b38e9ce3584d05.rlib --extern home=/opt/rustwide/target/debug/deps/libhome-a88fbcd35354456a.rlib --extern idna=/opt/rustwide/target/debug/deps/libidna-d13b24a512a41fa7.rlib --extern indexmap=/opt/rustwide/target/debug/deps/libindexmap-8b2ef47c1a12fb23.rlib --extern jarvis=/opt/rustwide/target/debug/deps/libjarvis-f5f24f5f6e824d21.rlib --extern ollama_rs=/opt/rustwide/target/debug/deps/libollama_rs-c5ce2c294bff8a16.rlib --extern patch=/opt/rustwide/target/debug/deps/libpatch-7efd2b9c9cd305f7.rlib --extern ratatui=/opt/rustwide/target/debug/deps/libratatui-6559db4f43f5f6a4.rlib --extern serde=/opt/rustwide/target/debug/deps/libserde-230927df2aacdd34.rlib --extern serde_json=/opt/rustwide/target/debug/deps/libserde_json-345a7ada2dace957.rlib --extern sha2=/opt/rustwide/target/debug/deps/libsha2-095ad84fd5bfa493.rlib --extern sqlx=/opt/rustwide/target/debug/deps/libsqlx-39a384f7d235386c.rlib --extern tempfile=/opt/rustwide/target/debug/deps/libtempfile-9b02be220f4559d8.rlib --extern thiserror=/opt/rustwide/target/debug/deps/libthiserror-4a12c89ed88536d5.rlib --extern tokio=/opt/rustwide/target/debug/deps/libtokio-71230d8e89ffbaa8.rlib --extern tokio_stream=/opt/rustwide/target/debug/deps/libtokio_stream-3679a52e5c550d73.rlib --extern toml=/opt/rustwide/target/debug/deps/libtoml-459dc0a1fc045af7.rlib --extern tower=/opt/rustwide/target/debug/deps/libtower-dbf09e127b043afd.rlib --extern tower_http=/opt/rustwide/target/debug/deps/libtower_http-2654f0b414fd5379.rlib --extern tracing=/opt/rustwide/target/debug/deps/libtracing-83ba22d9cd8a1338.rlib --extern tracing_subscriber=/opt/rustwide/target/debug/deps/libtracing_subscriber-aa24ce3bbf46b051.rlib --extern url=/opt/rustwide/target/debug/deps/liburl-3790bd67ac0d245f.rlib --extern uuid=/opt/rustwide/target/debug/deps/libuuid-d8e7ab3658da07e6.rlib --extern walkdir=/opt/rustwide/target/debug/deps/libwalkdir-7cc6f300a6f0bf06.rlib --cap-lints=warn -L native=/opt/rustwide/target/debug/build/ring-3fcb8f624825c01d/out` (signal: 9, SIGKILL: kill)
[INFO] [stderr] error: could not compile `jarvis` (lib test)
[INFO] [stderr] 
[INFO] [stderr] Caused by:
[INFO] [stderr]   process didn't exit successfully: `/opt/rustwide/rustup-home/toolchains/1.99.0-beta.8-x86_64-unknown-linux-gnu/bin/rustc --crate-name jarvis --edition=2021 jarvis/src/lib.rs --error-format=json --json=diagnostic-rendered-ansi,artifacts,future-incompat --emit=dep-info,link -C embed-bitcode=no -C debuginfo=2 --test --check-cfg 'cfg(docsrs,test)' --check-cfg 'cfg(feature, values())' -C metadata=b2bc09e4846ffc77 -C extra-filename=-d066898fe407c7d9 --out-dir /opt/rustwide/target/debug/deps -L dependency=/opt/rustwide/target/debug/deps --extern anyhow=/opt/rustwide/target/debug/deps/libanyhow-4342eda19ce54c8e.rlib --extern async_trait=/opt/rustwide/target/debug/deps/libasync_trait-78779c470cc747fa.so --extern axum=/opt/rustwide/target/debug/deps/libaxum-6eda4ba0b18b6770.rlib --extern base64ct=/opt/rustwide/target/debug/deps/libbase64ct-8162745f0eb54d37.rlib --extern bytes=/opt/rustwide/target/debug/deps/libbytes-3529dc27cc7678fe.rlib --extern chrono=/opt/rustwide/target/debug/deps/libchrono-478692cdfbc4e2e1.rlib --extern clap=/opt/rustwide/target/debug/deps/libclap-cc9b87a3376253ff.rlib --extern crossterm=/opt/rustwide/target/debug/deps/libcrossterm-70afdfcd274216ab.rlib --extern dialoguer=/opt/rustwide/target/debug/deps/libdialoguer-e3abce8b698d1f81.rlib --extern directories=/opt/rustwide/target/debug/deps/libdirectories-c4dfa26414318254.rlib --extern dotenvy=/opt/rustwide/target/debug/deps/libdotenvy-6d8015f91495fe74.rlib --extern futures=/opt/rustwide/target/debug/deps/libfutures-84b38e9ce3584d05.rlib --extern home=/opt/rustwide/target/debug/deps/libhome-a88fbcd35354456a.rlib --extern idna=/opt/rustwide/target/debug/deps/libidna-d13b24a512a41fa7.rlib --extern indexmap=/opt/rustwide/target/debug/deps/libindexmap-8b2ef47c1a12fb23.rlib --extern ollama_rs=/opt/rustwide/target/debug/deps/libollama_rs-c5ce2c294bff8a16.rlib --extern patch=/opt/rustwide/target/debug/deps/libpatch-7efd2b9c9cd305f7.rlib --extern ratatui=/opt/rustwide/target/debug/deps/libratatui-6559db4f43f5f6a4.rlib --extern serde=/opt/rustwide/target/debug/deps/libserde-230927df2aacdd34.rlib --extern serde_json=/opt/rustwide/target/debug/deps/libserde_json-345a7ada2dace957.rlib --extern sha2=/opt/rustwide/target/debug/deps/libsha2-095ad84fd5bfa493.rlib --extern sqlx=/opt/rustwide/target/debug/deps/libsqlx-39a384f7d235386c.rlib --extern tempfile=/opt/rustwide/target/debug/deps/libtempfile-9b02be220f4559d8.rlib --extern thiserror=/opt/rustwide/target/debug/deps/libthiserror-4a12c89ed88536d5.rlib --extern tokio=/opt/rustwide/target/debug/deps/libtokio-71230d8e89ffbaa8.rlib --extern tokio_stream=/opt/rustwide/target/debug/deps/libtokio_stream-3679a52e5c550d73.rlib --extern toml=/opt/rustwide/target/debug/deps/libtoml-459dc0a1fc045af7.rlib --extern tower=/opt/rustwide/target/debug/deps/libtower-dbf09e127b043afd.rlib --extern tower_http=/opt/rustwide/target/debug/deps/libtower_http-2654f0b414fd5379.rlib --extern tracing=/opt/rustwide/target/debug/deps/libtracing-83ba22d9cd8a1338.rlib --extern tracing_subscriber=/opt/rustwide/target/debug/deps/libtracing_subscriber-aa24ce3bbf46b051.rlib --extern url=/opt/rustwide/target/debug/deps/liburl-3790bd67ac0d245f.rlib --extern uuid=/opt/rustwide/target/debug/deps/libuuid-d8e7ab3658da07e6.rlib --extern walkdir=/opt/rustwide/target/debug/deps/libwalkdir-7cc6f300a6f0bf06.rlib --cap-lints=warn -L native=/opt/rustwide/target/debug/build/ring-3fcb8f624825c01d/out` (signal: 9, SIGKILL: kill)
[INFO] [stdout] error: linking with `cc` failed: exit status: 1
[INFO] [stdout]   |
[INFO] [stdout]   = note:  "cc" "-m64" "/opt/rustwide/target/debug/deps/rustcMvzYh7/symbols.o" "<3 object files omitted>" "-Wl,--as-needed" "-Wl,-Bstatic" "<sysroot>/lib/rustlib/x86_64-unknown-linux-gnu/lib/{libtest-*,libgetopts-*,librustc_std_workspace_std-*}.rlib" "/opt/rustwide/target/debug/deps/{libtempfile-9b02be220f4559d8,libfastrand-751bcde24b8aa073,librustix-bcbc58348a6e2b95,liblinux_raw_sys-7c0af75954695899,libjarvis-f5f24f5f6e824d21,libtoml-459dc0a1fc045af7,libwalkdir-7cc6f300a6f0bf06,libsame_file-ff49545450c0b63c,libpatch-7efd2b9c9cd305f7,libnom_locate-0c52d274713b81b9,libbytecount-76626be7681a4686,libdirectories-c4dfa26414318254,libdirs_sys-6cd17cf9ed869138,libratatui-6559db4f43f5f6a4,libunicode_truncate-2f99f6ab29869c8e,libitertools-ebb27e374643f6b0,liblru-3af40d5519ef5719,libhashbrown-621f4a290160b487,libfoldhash-07f233db1c671507,libcassowary-12d00e585f48d567,libitertools-5b0e2d221de0225a,libcompact_str-81d80de1f2677ebc,libstatic_assertions-f0217ecdd817a834,libcastaway-ed2f41f7ce181af7,libunicode_segmentation-421de088ab714999,libunicode_width-b1bc0d6c10c00ecc,libstrum-4d54b93393616acd,libcrossterm-70afdfcd274216ab,libsignal_hook_mio-13e7bdaef5f20ae3,libsignal_hook-326d5666f57df6a0,libmio-e508333a13407dd1,libtokio_stream-3679a52e5c550d73,libfutures-84b38e9ce3584d05,libfutures_executor-d73514a24eec7ff9,libaxum-6eda4ba0b18b6770,libmulter-11aed33373ef494b,libspin-dc062d377076afff,libencoding_rs-c7a67ac351c2b19f,libserde_path_to_error-25f7af8ccb522fb7,libmatchit-616cb01453b9e7d4,libaxum_core-3affb83b45b461ce,libmime-0188e0814ca7ddbf,libsqlx-39a384f7d235386c,libsqlx_postgres-6d1a2ace9b7f809f,libdotenvy-6d8015f91495fe74,libcrc-f1dfa004b592e022,libcrc_catalog-5af10f2bf5720cb5,libhex-13e08b3b00984ab7,libwhoami-679b18861a32e944,libhome-a88fbcd35354456a,libmd5-d8c1649bad7aff8e,libbyteorder-7fb216e967c6a54f,libatoi-0b4bb2197bb1ff28,libstringprep-94fdae503584f596,libunicode_properties-d98df78cf9438258,librand-1ee1d9aa08f319b3,librand_chacha-dde9d89e42e19bb2,libppv_lite86-19d4d8ff1e20f179,librand_core-120d77fc3381845b,libhkdf-16555026228ea0f0,libhmac-741d575b19be3fc6,libsqlx_core-afe498f95d70687d,librustls_pemfile-30aaf682314043cb,libbase64-13144a1f1e192158,libwebpki_roots-da6c00699c81e448,libthiserror-4a12c89ed88536d5,libindexmap-8b2ef47c1a12fb23,libequivalent-6a754676e6af62ae,libsha2-095ad84fd5bfa493,libcpufeatures-e04321643d03190d,libdigest-55f2c16e3612c500,libsubtle-2ae6a7038b9a0630,libblock_buffer-ceb5bfb4b62e5dc4,libcrypto_common-56b940ef3ee0385e,libgeneric_array-3399f74876fb1fa9,libtypenum-973adb5204d6e560,librustls-25ccf9b5b8688bcd,libsct-dd9d71ceafdeb435,libwebpki-a667987d2b11ff1a,libring-4091d268270852b0,libgetrandom-7655105a49d53db9,libuntrusted-b2f816886faf2178,libsqlformat-73ea3c2ecb4e3d3f,libunicode_categories-6f2b7f5ace1e9985,libnom-5be510df60c9707a,libhashlink-9cf87bee397507a3,libhashbrown-e853d06db2480e26,libahash-eb1ca6d411b3d78e,libzerocopy-c2b1af6c91b16afc,liballocator_api2-8d9c1e895dea53bd,libchrono-478692cdfbc4e2e1,libiana_time_zone-bab5d12b40894ac1,libnum_traits-78e6e49ea324715f,libuuid-d8e7ab3658da07e6,libgetrandom-bb57e69990fa6863,libcrossbeam_queue-7c6dbf82c0535e67,libcrossbeam_utils-076f45bf81d9c2d2,libeither-d9b76fb2406786fe,libevent_listener-0282a877755a83ef,libollama_rs-c5ce2c294bff8a16,libreqwest-cf55f0f4bf6582c7,libserde_urlencoded-e5bf3da454f87e64,libryu-25f59e4cd0d23219,librustls_pki_types-41a1b679b3e0ee26,libzeroize-7f213bea776ca5b6,libhyper_tls-5b669ed3180724d3,libtokio_native_tls-bee49c34705a31a1,libtower_http-57bcdf4beea4cc51,libiri_string-de8b1024d8676424,libtower-dbf09e127b043afd,libtower_layer-d908dd771b239ecd,libnative_tls-c8ec5dcfab6e47de,libopenssl_probe-2c6d21a9709cae46,libopenssl-88e8a479cfb50944,libbitflags-9362e66b8880981a,libforeign_types-4fe1886d5d9265b9,libforeign_types_shared-47b443a4583fd949,libopenssl_sys-001136389adaed9a,libhyper_util-40f33fa9036b533c,libbase64-32787b0325ea6df8,libipnet-a38805d99c19843f,libtower_service-3fb88d28c2218805,libtracing-83ba22d9cd8a1338,libtracing_core-4cc82aeb094c2c39,libonce_cell-e9252a7b5119f3eb,libhyper-103df1a48e227257,libwant-7a6260b9c50f1479,libtry_lock-8fa2f6971035be84,libhttparse-8c9b827b8f345444,libatomic_waker-06950c8c08d2b8fa,libhttpdate-331798cefc82cc7e,libfutures_util-e98616b7892e8d8b,libfutures_io-6a4719510b0746bc,libslab-5629529544b2a983,libfutures_channel-c13537dec5cb7565,libfutures_sink-4f3ee80fddadef94,libfutures_task-e09ab7898221cb97,libpin_utils-3860774ad9b215b5,libtokio-71230d8e89ffbaa8,libsignal_hook_registry-85b3826c4d353e4a,liberrno-7e8a74097a62983a,libsocket2-856364c7d89d7eaf,libmio-ff9053d28b5ac315,libparking_lot-74e777ceedf85711,libparking_lot_core-0a46ea8e833124aa,liblibc-a24490d9e26425aa,libcfg_if-83060ec5685761ae,libsmallvec-bc3128fdd57228fc,liblock_api-16d46fed645f7bff,libscopeguard-7ec2214574194454,libhttp_body_util-19838e9fe8fe6196,libpin_project_lite-72bf04572caa1c84,libhttp_body-475394a7f396512d,liblog-b262261d47bd2eba,libhttp-a4484436616bd9d7,libbytes-3529dc27cc7678fe,libsync_wrapper-a254cb6192850e87,libfutures_core-3b920243fce8fec0,libserde_json-345a7ada2dace957,libmemchr-d1a1a14f4e2277cc,libitoa-f3a70a1441f7f89b,libzmij-676129eb1aa054d3,libserde-230927df2aacdd34,libserde_core-49c5f0449f9ff544,liburl-3790bd67ac0d245f,libidna-d13b24a512a41fa7,libunicode_normalization-e2f4b6af903d2f78,libtinyvec-0e7c5ebf3c1ba3ec,libtinyvec_macros-7b77ea21c73594ca,libunicode_bidi-a9d2c96e849c6f3c,libform_urlencoded-58b0f0edb59b40d2,libpercent_encoding-fa055ecaa1e57cfa,libanyhow-4342eda19ce54c8e}.rlib" "<sysroot>/lib/rustlib/x86_64-unknown-linux-gnu/lib/{libstd-*,libpanic_unwind-*,libobject-*,libmemchr-*,libaddr2line-*,libgimli-*,libcfg_if-*,librustc_demangle-*,libstd_detect-*,libhashbrown-*,librustc_std_workspace_alloc-*,libminiz_oxide-*,libadler2-*,libunwind-*,liblibc-*,librustc_std_workspace_core-*,liballoc-*,libcore-*,libcompiler_builtins-*}.rlib" "-Wl,-Bdynamic" "-lssl" "-lcrypto" "-lgcc_s" "-lutil" "-lrt" "-lpthread" "-lm" "-ldl" "-lc" "-L" "/opt/rustwide/target/debug/deps/rustcMvzYh7/raw-dylibs" "-B<sysroot>/lib/rustlib/x86_64-unknown-linux-gnu/bin/gcc-ld" "-fuse-ld=lld" "-Wl,--eh-frame-hdr" "-Wl,-z,noexecstack" "-L" "/opt/rustwide/target/debug/build/ring-3fcb8f624825c01d/out" "-L" "<sysroot>/lib/rustlib/x86_64-unknown-linux-gnu/lib" "-o" "/opt/rustwide/target/debug/deps/context_files_integration_test-0176bba3b9392360" "-Wl,--gc-sections" "-pie" "-Wl,-z,relro,-z,now" "-nodefaultlibs"
[INFO] [stdout]   = note: some arguments are omitted. use `--verbose` to show all linker arguments
[INFO] [stdout]   = note: collect2: fatal error: ld terminated with signal 9 [Killed]
[INFO] [stdout]           compilation terminated.
[INFO] [stdout]           
[INFO] [stdout] 
[INFO] [stdout] 
[INFO] [stderr] error: could not compile `jarvis` (test "context_files_integration_test") due to 1 previous error
[INFO] [stdout] error: linking with `cc` failed: exit status: 1
[INFO] [stdout]   |
[INFO] [stdout]   = note:  "cc" "-m64" "/opt/rustwide/target/debug/deps/rustc2lCiEv/symbols.o" "<2 object files omitted>" "-Wl,--as-needed" "-Wl,-Bstatic" "<sysroot>/lib/rustlib/x86_64-unknown-linux-gnu/lib/{libtest-*,libgetopts-*,librustc_std_workspace_std-*}.rlib" "/opt/rustwide/target/debug/deps/{libjarvis-f5f24f5f6e824d21,libtoml-459dc0a1fc045af7,libwalkdir-7cc6f300a6f0bf06,libsame_file-ff49545450c0b63c,libpatch-7efd2b9c9cd305f7,libnom_locate-0c52d274713b81b9,libbytecount-76626be7681a4686,libdirectories-c4dfa26414318254,libdirs_sys-6cd17cf9ed869138,libratatui-6559db4f43f5f6a4,libunicode_truncate-2f99f6ab29869c8e,libitertools-ebb27e374643f6b0,liblru-3af40d5519ef5719,libhashbrown-621f4a290160b487,libfoldhash-07f233db1c671507,libcassowary-12d00e585f48d567,libitertools-5b0e2d221de0225a,libcompact_str-81d80de1f2677ebc,libstatic_assertions-f0217ecdd817a834,libcastaway-ed2f41f7ce181af7,libunicode_segmentation-421de088ab714999,libunicode_width-b1bc0d6c10c00ecc,libstrum-4d54b93393616acd,libcrossterm-70afdfcd274216ab,libsignal_hook_mio-13e7bdaef5f20ae3,libsignal_hook-326d5666f57df6a0,libmio-e508333a13407dd1,libtokio_stream-3679a52e5c550d73,libfutures-84b38e9ce3584d05,libfutures_executor-d73514a24eec7ff9,libaxum-6eda4ba0b18b6770,libmulter-11aed33373ef494b,libspin-dc062d377076afff,libencoding_rs-c7a67ac351c2b19f,libserde_path_to_error-25f7af8ccb522fb7,libmatchit-616cb01453b9e7d4,libaxum_core-3affb83b45b461ce,libmime-0188e0814ca7ddbf,libsqlx-39a384f7d235386c,libsqlx_postgres-6d1a2ace9b7f809f,libdotenvy-6d8015f91495fe74,libcrc-f1dfa004b592e022,libcrc_catalog-5af10f2bf5720cb5,libhex-13e08b3b00984ab7,libwhoami-679b18861a32e944,libhome-a88fbcd35354456a,libmd5-d8c1649bad7aff8e,libbyteorder-7fb216e967c6a54f,libatoi-0b4bb2197bb1ff28,libstringprep-94fdae503584f596,libunicode_properties-d98df78cf9438258,librand-1ee1d9aa08f319b3,librand_chacha-dde9d89e42e19bb2,libppv_lite86-19d4d8ff1e20f179,librand_core-120d77fc3381845b,libhkdf-16555026228ea0f0,libhmac-741d575b19be3fc6,libsqlx_core-afe498f95d70687d,librustls_pemfile-30aaf682314043cb,libbase64-13144a1f1e192158,libwebpki_roots-da6c00699c81e448,libthiserror-4a12c89ed88536d5,libindexmap-8b2ef47c1a12fb23,libequivalent-6a754676e6af62ae,libsha2-095ad84fd5bfa493,libcpufeatures-e04321643d03190d,libdigest-55f2c16e3612c500,libsubtle-2ae6a7038b9a0630,libblock_buffer-ceb5bfb4b62e5dc4,libcrypto_common-56b940ef3ee0385e,libgeneric_array-3399f74876fb1fa9,libtypenum-973adb5204d6e560,librustls-25ccf9b5b8688bcd,libsct-dd9d71ceafdeb435,libwebpki-a667987d2b11ff1a,libring-4091d268270852b0,libgetrandom-7655105a49d53db9,libuntrusted-b2f816886faf2178,libsqlformat-73ea3c2ecb4e3d3f,libunicode_categories-6f2b7f5ace1e9985,libnom-5be510df60c9707a,libhashlink-9cf87bee397507a3,libhashbrown-e853d06db2480e26,libahash-eb1ca6d411b3d78e,libzerocopy-c2b1af6c91b16afc,liballocator_api2-8d9c1e895dea53bd,libchrono-478692cdfbc4e2e1,libiana_time_zone-bab5d12b40894ac1,libnum_traits-78e6e49ea324715f,libuuid-d8e7ab3658da07e6,libgetrandom-bb57e69990fa6863,libcrossbeam_queue-7c6dbf82c0535e67,libcrossbeam_utils-076f45bf81d9c2d2,libeither-d9b76fb2406786fe,libevent_listener-0282a877755a83ef,libollama_rs-c5ce2c294bff8a16,libreqwest-cf55f0f4bf6582c7,libserde_urlencoded-e5bf3da454f87e64,libryu-25f59e4cd0d23219,librustls_pki_types-41a1b679b3e0ee26,libzeroize-7f213bea776ca5b6,libhyper_tls-5b669ed3180724d3,libtokio_native_tls-bee49c34705a31a1,libtower_http-57bcdf4beea4cc51,libiri_string-de8b1024d8676424,libtower-dbf09e127b043afd,libtower_layer-d908dd771b239ecd,libnative_tls-c8ec5dcfab6e47de,libopenssl_probe-2c6d21a9709cae46,libopenssl-88e8a479cfb50944,libbitflags-9362e66b8880981a,libforeign_types-4fe1886d5d9265b9,libforeign_types_shared-47b443a4583fd949,libopenssl_sys-001136389adaed9a,libhyper_util-40f33fa9036b533c,libbase64-32787b0325ea6df8,libipnet-a38805d99c19843f,libtower_service-3fb88d28c2218805,libtracing-83ba22d9cd8a1338,libtracing_core-4cc82aeb094c2c39,libonce_cell-e9252a7b5119f3eb,libhyper-103df1a48e227257,libwant-7a6260b9c50f1479,libtry_lock-8fa2f6971035be84,libhttparse-8c9b827b8f345444,libatomic_waker-06950c8c08d2b8fa,libhttpdate-331798cefc82cc7e,libfutures_util-e98616b7892e8d8b,libfutures_io-6a4719510b0746bc,libslab-5629529544b2a983,libfutures_channel-c13537dec5cb7565,libfutures_sink-4f3ee80fddadef94,libfutures_task-e09ab7898221cb97,libpin_utils-3860774ad9b215b5,libtokio-71230d8e89ffbaa8,libsignal_hook_registry-85b3826c4d353e4a,liberrno-7e8a74097a62983a,libsocket2-856364c7d89d7eaf,libmio-ff9053d28b5ac315,libparking_lot-74e777ceedf85711,libparking_lot_core-0a46ea8e833124aa,liblibc-a24490d9e26425aa,libcfg_if-83060ec5685761ae,libsmallvec-bc3128fdd57228fc,liblock_api-16d46fed645f7bff,libscopeguard-7ec2214574194454,libhttp_body_util-19838e9fe8fe6196,libpin_project_lite-72bf04572caa1c84,libhttp_body-475394a7f396512d,liblog-b262261d47bd2eba,libhttp-a4484436616bd9d7,libbytes-3529dc27cc7678fe,libsync_wrapper-a254cb6192850e87,libfutures_core-3b920243fce8fec0,libserde_json-345a7ada2dace957,libmemchr-d1a1a14f4e2277cc,libitoa-f3a70a1441f7f89b,libzmij-676129eb1aa054d3,libserde-230927df2aacdd34,libserde_core-49c5f0449f9ff544,liburl-3790bd67ac0d245f,libidna-d13b24a512a41fa7,libunicode_normalization-e2f4b6af903d2f78,libtinyvec-0e7c5ebf3c1ba3ec,libtinyvec_macros-7b77ea21c73594ca,libunicode_bidi-a9d2c96e849c6f3c,libform_urlencoded-58b0f0edb59b40d2,libpercent_encoding-fa055ecaa1e57cfa,libanyhow-4342eda19ce54c8e}.rlib" "<sysroot>/lib/rustlib/x86_64-unknown-linux-gnu/lib/{libstd-*,libpanic_unwind-*,libobject-*,libmemchr-*,libaddr2line-*,libgimli-*,libcfg_if-*,librustc_demangle-*,libstd_detect-*,libhashbrown-*,librustc_std_workspace_alloc-*,libminiz_oxide-*,libadler2-*,libunwind-*,liblibc-*,librustc_std_workspace_core-*,liballoc-*,libcore-*,libcompiler_builtins-*}.rlib" "-Wl,-Bdynamic" "-lssl" "-lcrypto" "-lgcc_s" "-lutil" "-lrt" "-lpthread" "-lm" "-ldl" "-lc" "-L" "/opt/rustwide/target/debug/deps/rustc2lCiEv/raw-dylibs" "-B<sysroot>/lib/rustlib/x86_64-unknown-linux-gnu/bin/gcc-ld" "-fuse-ld=lld" "-Wl,--eh-frame-hdr" "-Wl,-z,noexecstack" "-L" "/opt/rustwide/target/debug/build/ring-3fcb8f624825c01d/out" "-L" "<sysroot>/lib/rustlib/x86_64-unknown-linux-gnu/lib" "-o" "/opt/rustwide/target/debug/deps/phase3_test-94d0ad8ba2b3ede8" "-Wl,--gc-sections" "-pie" "-Wl,-z,relro,-z,now" "-nodefaultlibs"
[INFO] [stdout]   = note: some arguments are omitted. use `--verbose` to show all linker arguments
[INFO] [stdout]   = note: collect2: fatal error: ld terminated with signal 9 [Killed]
[INFO] [stdout]           compilation terminated.
[INFO] [stdout]           
[INFO] [stdout] 
[INFO] [stdout] 
[INFO] [stderr] error: could not compile `jarvis` (test "phase3_test") due to 1 previous error
[INFO] [stdout] error: linking with `cc` failed: exit status: 1
[INFO] [stdout]   |
[INFO] [stdout]   = note:  "cc" "-m64" "/opt/rustwide/target/debug/deps/rustcir0UDZ/symbols.o" "<3 object files omitted>" "-Wl,--as-needed" "-Wl,-Bstatic" "<sysroot>/lib/rustlib/x86_64-unknown-linux-gnu/lib/{libtest-*,libgetopts-*,librustc_std_workspace_std-*}.rlib" "/opt/rustwide/target/debug/deps/{libjarvis-f5f24f5f6e824d21,libtoml-459dc0a1fc045af7,libwalkdir-7cc6f300a6f0bf06,libsame_file-ff49545450c0b63c,libpatch-7efd2b9c9cd305f7,libnom_locate-0c52d274713b81b9,libbytecount-76626be7681a4686,libdirectories-c4dfa26414318254,libdirs_sys-6cd17cf9ed869138,libratatui-6559db4f43f5f6a4,libunicode_truncate-2f99f6ab29869c8e,libitertools-ebb27e374643f6b0,liblru-3af40d5519ef5719,libhashbrown-621f4a290160b487,libfoldhash-07f233db1c671507,libcassowary-12d00e585f48d567,libitertools-5b0e2d221de0225a,libcompact_str-81d80de1f2677ebc,libstatic_assertions-f0217ecdd817a834,libcastaway-ed2f41f7ce181af7,libunicode_segmentation-421de088ab714999,libunicode_width-b1bc0d6c10c00ecc,libstrum-4d54b93393616acd,libcrossterm-70afdfcd274216ab,libsignal_hook_mio-13e7bdaef5f20ae3,libsignal_hook-326d5666f57df6a0,libmio-e508333a13407dd1,libtokio_stream-3679a52e5c550d73,libfutures-84b38e9ce3584d05,libfutures_executor-d73514a24eec7ff9,libaxum-6eda4ba0b18b6770,libmulter-11aed33373ef494b,libspin-dc062d377076afff,libencoding_rs-c7a67ac351c2b19f,libserde_path_to_error-25f7af8ccb522fb7,libmatchit-616cb01453b9e7d4,libaxum_core-3affb83b45b461ce,libmime-0188e0814ca7ddbf,libsqlx-39a384f7d235386c,libsqlx_postgres-6d1a2ace9b7f809f,libdotenvy-6d8015f91495fe74,libcrc-f1dfa004b592e022,libcrc_catalog-5af10f2bf5720cb5,libhex-13e08b3b00984ab7,libwhoami-679b18861a32e944,libhome-a88fbcd35354456a,libmd5-d8c1649bad7aff8e,libbyteorder-7fb216e967c6a54f,libatoi-0b4bb2197bb1ff28,libstringprep-94fdae503584f596,libunicode_properties-d98df78cf9438258,librand-1ee1d9aa08f319b3,librand_chacha-dde9d89e42e19bb2,libppv_lite86-19d4d8ff1e20f179,librand_core-120d77fc3381845b,libhkdf-16555026228ea0f0,libhmac-741d575b19be3fc6,libsqlx_core-afe498f95d70687d,librustls_pemfile-30aaf682314043cb,libbase64-13144a1f1e192158,libwebpki_roots-da6c00699c81e448,libthiserror-4a12c89ed88536d5,libindexmap-8b2ef47c1a12fb23,libequivalent-6a754676e6af62ae,libsha2-095ad84fd5bfa493,libcpufeatures-e04321643d03190d,libdigest-55f2c16e3612c500,libsubtle-2ae6a7038b9a0630,libblock_buffer-ceb5bfb4b62e5dc4,libcrypto_common-56b940ef3ee0385e,libgeneric_array-3399f74876fb1fa9,libtypenum-973adb5204d6e560,librustls-25ccf9b5b8688bcd,libsct-dd9d71ceafdeb435,libwebpki-a667987d2b11ff1a,libring-4091d268270852b0,libgetrandom-7655105a49d53db9,libuntrusted-b2f816886faf2178,libsqlformat-73ea3c2ecb4e3d3f,libunicode_categories-6f2b7f5ace1e9985,libnom-5be510df60c9707a,libhashlink-9cf87bee397507a3,libhashbrown-e853d06db2480e26,libahash-eb1ca6d411b3d78e,libzerocopy-c2b1af6c91b16afc,liballocator_api2-8d9c1e895dea53bd,libchrono-478692cdfbc4e2e1,libiana_time_zone-bab5d12b40894ac1,libnum_traits-78e6e49ea324715f,libuuid-d8e7ab3658da07e6,libgetrandom-bb57e69990fa6863,libcrossbeam_queue-7c6dbf82c0535e67,libcrossbeam_utils-076f45bf81d9c2d2,libeither-d9b76fb2406786fe,libevent_listener-0282a877755a83ef,libollama_rs-c5ce2c294bff8a16,libreqwest-cf55f0f4bf6582c7,libserde_urlencoded-e5bf3da454f87e64,libryu-25f59e4cd0d23219,librustls_pki_types-41a1b679b3e0ee26,libzeroize-7f213bea776ca5b6,libhyper_tls-5b669ed3180724d3,libtokio_native_tls-bee49c34705a31a1,libtower_http-57bcdf4beea4cc51,libiri_string-de8b1024d8676424,libtower-dbf09e127b043afd,libtower_layer-d908dd771b239ecd,libnative_tls-c8ec5dcfab6e47de,libopenssl_probe-2c6d21a9709cae46,libopenssl-88e8a479cfb50944,libbitflags-9362e66b8880981a,libforeign_types-4fe1886d5d9265b9,libforeign_types_shared-47b443a4583fd949,libopenssl_sys-001136389adaed9a,libhyper_util-40f33fa9036b533c,libbase64-32787b0325ea6df8,libipnet-a38805d99c19843f,libtower_service-3fb88d28c2218805,libtracing-83ba22d9cd8a1338,libtracing_core-4cc82aeb094c2c39,libonce_cell-e9252a7b5119f3eb,libhyper-103df1a48e227257,libwant-7a6260b9c50f1479,libtry_lock-8fa2f6971035be84,libhttparse-8c9b827b8f345444,libatomic_waker-06950c8c08d2b8fa,libhttpdate-331798cefc82cc7e,libfutures_util-e98616b7892e8d8b,libfutures_io-6a4719510b0746bc,libslab-5629529544b2a983,libfutures_channel-c13537dec5cb7565,libfutures_sink-4f3ee80fddadef94,libfutures_task-e09ab7898221cb97,libpin_utils-3860774ad9b215b5,libtokio-71230d8e89ffbaa8,libsignal_hook_registry-85b3826c4d353e4a,liberrno-7e8a74097a62983a,libsocket2-856364c7d89d7eaf,libmio-ff9053d28b5ac315,libparking_lot-74e777ceedf85711,libparking_lot_core-0a46ea8e833124aa,liblibc-a24490d9e26425aa,libcfg_if-83060ec5685761ae,libsmallvec-bc3128fdd57228fc,liblock_api-16d46fed645f7bff,libscopeguard-7ec2214574194454,libhttp_body_util-19838e9fe8fe6196,libpin_project_lite-72bf04572caa1c84,libhttp_body-475394a7f396512d,liblog-b262261d47bd2eba,libhttp-a4484436616bd9d7,libbytes-3529dc27cc7678fe,libsync_wrapper-a254cb6192850e87,libfutures_core-3b920243fce8fec0,libserde_json-345a7ada2dace957,libmemchr-d1a1a14f4e2277cc,libitoa-f3a70a1441f7f89b,libzmij-676129eb1aa054d3,libserde-230927df2aacdd34,libserde_core-49c5f0449f9ff544,liburl-3790bd67ac0d245f,libidna-d13b24a512a41fa7,libunicode_normalization-e2f4b6af903d2f78,libtinyvec-0e7c5ebf3c1ba3ec,libtinyvec_macros-7b77ea21c73594ca,libunicode_bidi-a9d2c96e849c6f3c,libform_urlencoded-58b0f0edb59b40d2,libpercent_encoding-fa055ecaa1e57cfa,libanyhow-4342eda19ce54c8e}.rlib" "<sysroot>/lib/rustlib/x86_64-unknown-linux-gnu/lib/{libstd-*,libpanic_unwind-*,libobject-*,libmemchr-*,libaddr2line-*,libgimli-*,libcfg_if-*,librustc_demangle-*,libstd_detect-*,libhashbrown-*,librustc_std_workspace_alloc-*,libminiz_oxide-*,libadler2-*,libunwind-*,liblibc-*,librustc_std_workspace_core-*,liballoc-*,libcore-*,libcompiler_builtins-*}.rlib" "-Wl,-Bdynamic" "-lssl" "-lcrypto" "-lgcc_s" "-lutil" "-lrt" "-lpthread" "-lm" "-ldl" "-lc" "-L" "/opt/rustwide/target/debug/deps/rustcir0UDZ/raw-dylibs" "-B<sysroot>/lib/rustlib/x86_64-unknown-linux-gnu/bin/gcc-ld" "-fuse-ld=lld" "-Wl,--eh-frame-hdr" "-Wl,-z,noexecstack" "-L" "/opt/rustwide/target/debug/build/ring-3fcb8f624825c01d/out" "-L" "<sysroot>/lib/rustlib/x86_64-unknown-linux-gnu/lib" "-o" "/opt/rustwide/target/debug/deps/session_id_test-93a3daede1443a73" "-Wl,--gc-sections" "-pie" "-Wl,-z,relro,-z,now" "-nodefaultlibs"
[INFO] [stdout]   = note: some arguments are omitted. use `--verbose` to show all linker arguments
[INFO] [stdout]   = note: collect2: fatal error: ld terminated with signal 9 [Killed]
[INFO] [stdout]           compilation terminated.
[INFO] [stdout]           
[INFO] [stdout] 
[INFO] [stdout] 
[INFO] [stdout] error: linking with `cc` failed: exit status: 1
[INFO] [stdout]   |
[INFO] [stdout]   = note:  "cc" "-m64" "/opt/rustwide/target/debug/deps/rustcGvoOzz/symbols.o" "<2 object files omitted>" "-Wl,--as-needed" "-Wl,-Bstatic" "<sysroot>/lib/rustlib/x86_64-unknown-linux-gnu/lib/{libtest-*,libgetopts-*,librustc_std_workspace_std-*}.rlib" "/opt/rustwide/target/debug/deps/{libjarvis-f5f24f5f6e824d21,libtoml-459dc0a1fc045af7,libwalkdir-7cc6f300a6f0bf06,libsame_file-ff49545450c0b63c,libpatch-7efd2b9c9cd305f7,libnom_locate-0c52d274713b81b9,libbytecount-76626be7681a4686,libdirectories-c4dfa26414318254,libdirs_sys-6cd17cf9ed869138,libratatui-6559db4f43f5f6a4,libunicode_truncate-2f99f6ab29869c8e,libitertools-ebb27e374643f6b0,liblru-3af40d5519ef5719,libhashbrown-621f4a290160b487,libfoldhash-07f233db1c671507,libcassowary-12d00e585f48d567,libitertools-5b0e2d221de0225a,libcompact_str-81d80de1f2677ebc,libstatic_assertions-f0217ecdd817a834,libcastaway-ed2f41f7ce181af7,libunicode_segmentation-421de088ab714999,libunicode_width-b1bc0d6c10c00ecc,libstrum-4d54b93393616acd,libcrossterm-70afdfcd274216ab,libsignal_hook_mio-13e7bdaef5f20ae3,libsignal_hook-326d5666f57df6a0,libmio-e508333a13407dd1,libtokio_stream-3679a52e5c550d73,libfutures-84b38e9ce3584d05,libfutures_executor-d73514a24eec7ff9,libaxum-6eda4ba0b18b6770,libmulter-11aed33373ef494b,libspin-dc062d377076afff,libencoding_rs-c7a67ac351c2b19f,libserde_path_to_error-25f7af8ccb522fb7,libmatchit-616cb01453b9e7d4,libaxum_core-3affb83b45b461ce,libmime-0188e0814ca7ddbf,libsqlx-39a384f7d235386c,libsqlx_postgres-6d1a2ace9b7f809f,libdotenvy-6d8015f91495fe74,libcrc-f1dfa004b592e022,libcrc_catalog-5af10f2bf5720cb5,libhex-13e08b3b00984ab7,libwhoami-679b18861a32e944,libhome-a88fbcd35354456a,libmd5-d8c1649bad7aff8e,libbyteorder-7fb216e967c6a54f,libatoi-0b4bb2197bb1ff28,libstringprep-94fdae503584f596,libunicode_properties-d98df78cf9438258,librand-1ee1d9aa08f319b3,librand_chacha-dde9d89e42e19bb2,libppv_lite86-19d4d8ff1e20f179,librand_core-120d77fc3381845b,libhkdf-16555026228ea0f0,libhmac-741d575b19be3fc6,libsqlx_core-afe498f95d70687d,librustls_pemfile-30aaf682314043cb,libbase64-13144a1f1e192158,libwebpki_roots-da6c00699c81e448,libthiserror-4a12c89ed88536d5,libindexmap-8b2ef47c1a12fb23,libequivalent-6a754676e6af62ae,libsha2-095ad84fd5bfa493,libcpufeatures-e04321643d03190d,libdigest-55f2c16e3612c500,libsubtle-2ae6a7038b9a0630,libblock_buffer-ceb5bfb4b62e5dc4,libcrypto_common-56b940ef3ee0385e,libgeneric_array-3399f74876fb1fa9,libtypenum-973adb5204d6e560,librustls-25ccf9b5b8688bcd,libsct-dd9d71ceafdeb435,libwebpki-a667987d2b11ff1a,libring-4091d268270852b0,libgetrandom-7655105a49d53db9,libuntrusted-b2f816886faf2178,libsqlformat-73ea3c2ecb4e3d3f,libunicode_categories-6f2b7f5ace1e9985,libnom-5be510df60c9707a,libhashlink-9cf87bee397507a3,libhashbrown-e853d06db2480e26,libahash-eb1ca6d411b3d78e,libzerocopy-c2b1af6c91b16afc,liballocator_api2-8d9c1e895dea53bd,libchrono-478692cdfbc4e2e1,libiana_time_zone-bab5d12b40894ac1,libnum_traits-78e6e49ea324715f,libuuid-d8e7ab3658da07e6,libgetrandom-bb57e69990fa6863,libcrossbeam_queue-7c6dbf82c0535e67,libcrossbeam_utils-076f45bf81d9c2d2,libeither-d9b76fb2406786fe,libevent_listener-0282a877755a83ef,libollama_rs-c5ce2c294bff8a16,libreqwest-cf55f0f4bf6582c7,libserde_urlencoded-e5bf3da454f87e64,libryu-25f59e4cd0d23219,librustls_pki_types-41a1b679b3e0ee26,libzeroize-7f213bea776ca5b6,libhyper_tls-5b669ed3180724d3,libtokio_native_tls-bee49c34705a31a1,libtower_http-57bcdf4beea4cc51,libiri_string-de8b1024d8676424,libtower-dbf09e127b043afd,libtower_layer-d908dd771b239ecd,libnative_tls-c8ec5dcfab6e47de,libopenssl_probe-2c6d21a9709cae46,libopenssl-88e8a479cfb50944,libbitflags-9362e66b8880981a,libforeign_types-4fe1886d5d9265b9,libforeign_types_shared-47b443a4583fd949,libopenssl_sys-001136389adaed9a,libhyper_util-40f33fa9036b533c,libbase64-32787b0325ea6df8,libipnet-a38805d99c19843f,libtower_service-3fb88d28c2218805,libtracing-83ba22d9cd8a1338,libtracing_core-4cc82aeb094c2c39,libonce_cell-e9252a7b5119f3eb,libhyper-103df1a48e227257,libwant-7a6260b9c50f1479,libtry_lock-8fa2f6971035be84,libhttparse-8c9b827b8f345444,libatomic_waker-06950c8c08d2b8fa,libhttpdate-331798cefc82cc7e,libfutures_util-e98616b7892e8d8b,libfutures_io-6a4719510b0746bc,libslab-5629529544b2a983,libfutures_channel-c13537dec5cb7565,libfutures_sink-4f3ee80fddadef94,libfutures_task-e09ab7898221cb97,libpin_utils-3860774ad9b215b5,libtokio-71230d8e89ffbaa8,libsignal_hook_registry-85b3826c4d353e4a,liberrno-7e8a74097a62983a,libsocket2-856364c7d89d7eaf,libmio-ff9053d28b5ac315,libparking_lot-74e777ceedf85711,libparking_lot_core-0a46ea8e833124aa,liblibc-a24490d9e26425aa,libcfg_if-83060ec5685761ae,libsmallvec-bc3128fdd57228fc,liblock_api-16d46fed645f7bff,libscopeguard-7ec2214574194454,libhttp_body_util-19838e9fe8fe6196,libpin_project_lite-72bf04572caa1c84,libhttp_body-475394a7f396512d,liblog-b262261d47bd2eba,libhttp-a4484436616bd9d7,libbytes-3529dc27cc7678fe,libsync_wrapper-a254cb6192850e87,libfutures_core-3b920243fce8fec0,libserde_json-345a7ada2dace957,libmemchr-d1a1a14f4e2277cc,libitoa-f3a70a1441f7f89b,libzmij-676129eb1aa054d3,libserde-230927df2aacdd34,libserde_core-49c5f0449f9ff544,liburl-3790bd67ac0d245f,libidna-d13b24a512a41fa7,libunicode_normalization-e2f4b6af903d2f78,libtinyvec-0e7c5ebf3c1ba3ec,libtinyvec_macros-7b77ea21c73594ca,libunicode_bidi-a9d2c96e849c6f3c,libform_urlencoded-58b0f0edb59b40d2,libpercent_encoding-fa055ecaa1e57cfa,libanyhow-4342eda19ce54c8e}.rlib" "<sysroot>/lib/rustlib/x86_64-unknown-linux-gnu/lib/{libstd-*,libpanic_unwind-*,libobject-*,libmemchr-*,libaddr2line-*,libgimli-*,libcfg_if-*,librustc_demangle-*,libstd_detect-*,libhashbrown-*,librustc_std_workspace_alloc-*,libminiz_oxide-*,libadler2-*,libunwind-*,liblibc-*,librustc_std_workspace_core-*,liballoc-*,libcore-*,libcompiler_builtins-*}.rlib" "-Wl,-Bdynamic" "-lssl" "-lcrypto" "-lgcc_s" "-lutil" "-lrt" "-lpthread" "-lm" "-ldl" "-lc" "-L" "/opt/rustwide/target/debug/deps/rustcGvoOzz/raw-dylibs" "-B<sysroot>/lib/rustlib/x86_64-unknown-linux-gnu/bin/gcc-ld" "-fuse-ld=lld" "-Wl,--eh-frame-hdr" "-Wl,-z,noexecstack" "-L" "/opt/rustwide/target/debug/build/ring-3fcb8f624825c01d/out" "-L" "<sysroot>/lib/rustlib/x86_64-unknown-linux-gnu/lib" "-o" "/opt/rustwide/target/debug/deps/context_files_test-cf9f18ed8ce95153" "-Wl,--gc-sections" "-pie" "-Wl,-z,relro,-z,now" "-nodefaultlibs"
[INFO] [stdout]   = note: some arguments are omitted. use `--verbose` to show all linker arguments
[INFO] [stdout]   = note: collect2: fatal error: ld terminated with signal 9 [Killed]
[INFO] [stdout]           compilation terminated.
[INFO] [stdout]           
[INFO] [stdout] 
[INFO] [stdout] 
[INFO] [stderr] error: could not compile `jarvis` (test "context_files_test") due to 1 previous error
[INFO] [stderr] error: could not compile `jarvis` (test "session_id_test") due to 1 previous error
[INFO] running `Command { std: "docker" "inspect" "7b05aeeb8be5a6149cc2bf8f04f56f7d3158a36d5a70a55b57a734caefad0f6f", kill_on_drop: false }`
[INFO] running `Command { std: "docker" "rm" "-f" "7b05aeeb8be5a6149cc2bf8f04f56f7d3158a36d5a70a55b57a734caefad0f6f", kill_on_drop: false }`
[INFO] [stdout] 7b05aeeb8be5a6149cc2bf8f04f56f7d3158a36d5a70a55b57a734caefad0f6f
