[INFO] fetching crate vlsvrs 1.0.0...
[INFO] testing vlsvrs-1.0.0 against 1.99.0-beta.8 for beta-1.100-2
[INFO] extracting crate vlsvrs 1.0.0 into /workspace/builds/worker-5-tc1/source
[INFO] started tweaking crates.io crate vlsvrs 1.0.0
[INFO] finished tweaking crates.io crate vlsvrs 1.0.0
[INFO] tweaked toml for crates.io crate vlsvrs 1.0.0 written to /workspace/builds/worker-5-tc1/source/Cargo.toml
[INFO] validating manifest of crates.io crate vlsvrs 1.0.0 on toolchain 1.99.0-beta.8
[INFO] running `Command { std: CARGO_HOME="/workspace/cargo-home" RUSTUP_HOME="/workspace/rustup-home" "/workspace/cargo-home/bin/cargo" "+1.99.0-beta.8" "metadata" "--manifest-path" "Cargo.toml" "--no-deps", kill_on_drop: false }`
[INFO] crate crates.io crate vlsvrs 1.0.0 already has a lockfile, it will not be regenerated
[INFO] running `Command { std: CARGO_HOME="/workspace/cargo-home" RUSTUP_HOME="/workspace/rustup-home" "/workspace/cargo-home/bin/cargo" "+1.99.0-beta.8" "fetch" "--manifest-path" "Cargo.toml", kill_on_drop: false }`
[INFO] [stderr]     Blocking waiting for file lock on package cache
[INFO] [stderr]     Updating crates.io index
[INFO] [stderr]     Blocking waiting for file lock on package cache
[INFO] [stderr]  Downloading crates ...
[INFO] [stderr]   Downloaded socket2 v0.6.2
[INFO] [stderr]   Downloaded windows-targets v0.53.5
[INFO] [stderr]   Downloaded seq-macro v0.3.6
[INFO] [stderr]   Downloaded unindent v0.2.4
[INFO] [stderr]   Downloaded pyo3-macros v0.25.1
[INFO] [stderr]   Downloaded futures-task v0.3.32
[INFO] [stderr]   Downloaded scoped-tls v1.0.1
[INFO] [stderr]   Downloaded wasm-bindgen-shared v0.2.113
[INFO] [stderr]   Downloaded futures-io v0.3.32
[INFO] [stderr]   Downloaded rawpointer v0.2.1
[INFO] [stderr]   Downloaded futures-core v0.3.32
[INFO] [stderr]   Downloaded number_prefix v0.4.0
[INFO] [stderr]   Downloaded memoffset v0.9.1
[INFO] [stderr]   Downloaded futures-macro v0.3.32
[INFO] [stderr]   Downloaded rustc-hash v2.1.1
[INFO] [stderr]   Downloaded clap_lex v1.0.0
[INFO] [stderr]   Downloaded serde-xml-rs v0.6.0
[INFO] [stderr]   Downloaded thiserror v1.0.69
[INFO] [stderr]   Downloaded quote v1.0.44
[INFO] [stderr]   Downloaded either v1.15.0
[INFO] [stderr]   Downloaded cmake v0.1.54
[INFO] [stderr]   Downloaded find-msvc-tools v0.1.2
[INFO] [stderr]   Downloaded cexpr v0.6.0
[INFO] [stderr]   Downloaded paste v1.0.15
[INFO] [stderr]   Downloaded target-lexicon v0.13.5
[INFO] [stderr]   Downloaded indoc v2.0.7
[INFO] [stderr]   Downloaded rustversion v1.0.22
[INFO] [stderr]   Downloaded num-complex v0.4.6
[INFO] [stderr]   Downloaded web-time v1.1.0
[INFO] [stderr]   Downloaded wasm-bindgen-macro v0.2.113
[INFO] [stderr]   Downloaded futures-sink v0.3.32
[INFO] [stderr]   Downloaded futures-executor v0.3.32
[INFO] [stderr]   Downloaded bytemuck_derive v1.10.2
[INFO] [stderr]   Downloaded pin-project-lite v0.2.16
[INFO] [stderr]   Downloaded socket2 v0.4.10
[INFO] [stderr]   Downloaded thiserror-impl v1.0.69
[INFO] [stderr]   Downloaded clang-sys v1.8.1
[INFO] [stderr]   Downloaded glob v0.3.3
[INFO] [stderr]   Downloaded pyo3-build-config v0.25.1
[INFO] [stderr]   Downloaded memmap2 v0.9.9
[INFO] [stderr]   Downloaded console v0.15.11
[INFO] [stderr]   Downloaded futures-channel v0.3.32
[INFO] [stderr]   Downloaded clap_derive v4.5.55
[INFO] [stderr]   Downloaded bytemuck v1.25.0
[INFO] [stderr]   Downloaded tokio-uring v0.4.0
[INFO] [stderr]   Downloaded io-uring v0.5.13
[INFO] [stderr]   Downloaded libloading v0.8.9
[INFO] [stderr]   Downloaded pyo3-macros-backend v0.25.1
[INFO] [stderr]   Downloaded portable-atomic-util v0.2.4
[INFO] [stderr]   Downloaded matrixmultiply v0.3.10
[INFO] [stderr]   Downloaded wasm-bindgen v0.2.113
[INFO] [stderr]   Downloaded encode_unicode v1.0.0
[INFO] [stderr]   Downloaded clap v4.5.60
[INFO] [stderr]   Downloaded xml-rs v0.8.28
[INFO] [stderr]   Downloaded log v0.4.28
[INFO] [stderr]   Downloaded rayon-core v1.13.0
[INFO] [stderr]   Downloaded raylib v5.5.1
[INFO] [stderr]   Downloaded rand_distr v0.5.1
[INFO] [stderr]   Downloaded numpy v0.25.0
[INFO] [stderr]   Downloaded indicatif v0.17.11
[INFO] [stderr]   Downloaded wasm-bindgen-macro-support v0.2.113
[INFO] [stderr]   Downloaded futures v0.3.32
[INFO] [stderr]   Downloaded cc v1.2.39
[INFO] [stderr]   Downloaded minimal-lexical v0.2.1
[INFO] [stderr]   Downloaded rand v0.9.2
[INFO] [stderr]   Downloaded pyo3-ffi v0.25.1
[INFO] [stderr]   Downloaded bumpalo v3.20.2
[INFO] [stderr]   Downloaded js-sys v0.3.90
[INFO] [stderr]   Downloaded nom v7.1.3
[INFO] [stderr]   Downloaded zerocopy-derive v0.8.39
[INFO] [stderr]   Downloaded mio v1.1.1
[INFO] [stderr]   Downloaded itertools v0.13.0
[INFO] [stderr]   Downloaded regex v1.12.3
[INFO] [stderr]   Downloaded futures-util v0.3.32
[INFO] [stderr]   Downloaded rayon v1.11.0
[INFO] [stderr]   Downloaded clap_builder v4.5.60
[INFO] [stderr]   Downloaded portable-atomic v1.11.1
[INFO] [stderr]   Downloaded bindgen v0.70.1
[INFO] [stderr]   Downloaded zerocopy v0.8.39
[INFO] [stderr]   Downloaded syn v2.0.114
[INFO] [stderr]   Downloaded ndarray v0.16.1
[INFO] [stderr]   Downloaded regex-syntax v0.8.9
[INFO] [stderr]   Downloaded regex-automata v0.4.14
[INFO] [stderr]   Downloaded tokio v1.49.0
[INFO] [stderr]   Downloaded windows_x86_64_gnullvm v0.53.1
[INFO] [stderr]   Downloaded windows_aarch64_gnullvm v0.53.1
[INFO] [stderr]   Downloaded windows_aarch64_msvc v0.53.1
[INFO] [stderr]   Downloaded libc v0.2.180
[INFO] [stderr]   Downloaded windows_x86_64_msvc v0.53.1
[INFO] [stderr]   Downloaded windows_i686_gnullvm v0.53.1
[INFO] [stderr]   Downloaded windows_x86_64_gnu v0.53.1
[INFO] [stderr]   Downloaded windows_i686_msvc v0.53.1
[INFO] [stderr]   Downloaded windows_i686_gnu v0.53.1
[INFO] [stderr]   Downloaded pyo3 v0.25.1
[INFO] [stderr]   Downloaded windows-sys v0.60.2
[INFO] [stderr]   Downloaded raylib-sys v5.5.1
[INFO] running `Command { std: "docker" "create" "-v" "/var/lib/crater-agent-workspace/builds/worker-5-tc1/source:/opt/rustwide/workdir:ro,Z" "-v" "/var/lib/crater-agent-workspace/builds/worker-5-tc1/target:/opt/rustwide/target:rw,Z" "-v" "/var/lib/crater-agent-workspace/cargo-home:/opt/rustwide/cargo-home:ro,Z" "-v" "/var/lib/crater-agent-workspace/rustup-home:/opt/rustwide/rustup-home:ro,Z" "-m" "1610612736" "--network" "none" "ghcr.io/rust-lang/crates-build-env/linux@sha256:3111399a4047eeb3a02b7a90e478d715f38a8c6669b5c4b49d30a17385265909" "sleep" "infinity", kill_on_drop: false }`
[INFO] [stdout] 022b9f6b716c83ebc6bcc15c6bb211f15f45c9af46357080a7415dd8c4b03ce2
[INFO] running `Command { std: "docker" "start" "022b9f6b716c83ebc6bcc15c6bb211f15f45c9af46357080a7415dd8c4b03ce2", kill_on_drop: false }`
[INFO] running `Command { std: "docker" "inspect" "022b9f6b716c83ebc6bcc15c6bb211f15f45c9af46357080a7415dd8c4b03ce2", kill_on_drop: false }`
[INFO] running `Command { std: "docker" "exec" "-e" "SOURCE_DIR=/opt/rustwide/workdir" "-e" "CARGO_HOME=/opt/rustwide/cargo-home" "-e" "RUSTUP_HOME=/opt/rustwide/rustup-home" "-e" "CARGO_TARGET_DIR=/opt/rustwide/target" "-w" "/opt/rustwide/workdir" "--user" "0:0" "022b9f6b716c83ebc6bcc15c6bb211f15f45c9af46357080a7415dd8c4b03ce2" "/opt/rustwide/cargo-home/bin/cargo" "+1.99.0-beta.8" "metadata" "--no-deps" "--format-version=1", kill_on_drop: false }`
[INFO] running `Command { std: "docker" "inspect" "022b9f6b716c83ebc6bcc15c6bb211f15f45c9af46357080a7415dd8c4b03ce2", kill_on_drop: false }`
[INFO] running `Command { std: "docker" "exec" "-e" "SOURCE_DIR=/opt/rustwide/workdir" "-e" "CARGO_HOME=/opt/rustwide/cargo-home" "-e" "RUSTUP_HOME=/opt/rustwide/rustup-home" "-e" "CARGO_TARGET_DIR=/opt/rustwide/target" "-e" "CARGO_INCREMENTAL=0" "-e" "RUST_BACKTRACE=full" "-e" "RUSTFLAGS=--cap-lints=warn" "-e" "RUSTDOCFLAGS=--cap-lints=warn" "-w" "/opt/rustwide/workdir" "--user" "0:0" "022b9f6b716c83ebc6bcc15c6bb211f15f45c9af46357080a7415dd8c4b03ce2" "/opt/rustwide/cargo-home/bin/cargo" "+1.99.0-beta.8" "build" "--frozen" "--message-format=json", kill_on_drop: false }`
[INFO] [stderr]    Compiling proc-macro2 v1.0.106
[INFO] [stderr]    Compiling unicode-ident v1.0.22
[INFO] [stderr]    Compiling quote v1.0.44
[INFO] [stderr]    Compiling autocfg v1.5.0
[INFO] [stderr]    Compiling libc v0.2.180
[INFO] [stderr]    Compiling serde_core v1.0.228
[INFO] [stderr]    Compiling find-msvc-tools v0.1.2
[INFO] [stderr]    Compiling memchr v2.7.6
[INFO] [stderr]    Compiling portable-atomic v1.11.1
[INFO] [stderr]    Compiling serde v1.0.228
[INFO] [stderr]    Compiling cc v1.2.39
[INFO] [stderr]    Compiling thiserror v1.0.69
[INFO] [stderr]    Compiling num-traits v0.2.19
[INFO] [stderr]    Compiling matrixmultiply v0.3.10
[INFO] [stderr]    Compiling unicode-width v0.2.2
[INFO] [stderr]    Compiling aho-corasick v1.1.4
[INFO] [stderr]    Compiling regex-syntax v0.8.9
[INFO] [stderr]    Compiling syn v2.0.114
[INFO] [stderr]    Compiling cmake v0.1.54
[INFO] [stderr]    Compiling rawpointer v0.2.1
[INFO] [stderr]    Compiling once_cell v1.21.3
[INFO] [stderr]    Compiling num-integer v0.1.46
[INFO] [stderr]    Compiling vlsvrs v1.0.0 (/opt/rustwide/workdir)
[INFO] [stderr]    Compiling console v0.15.11
[INFO] [stderr]    Compiling num-complex v0.4.6
[INFO] [stderr]    Compiling log v0.4.28
[INFO] [stderr]    Compiling xml-rs v0.8.28
[INFO] [stderr]    Compiling number_prefix v0.4.0
[INFO] [stderr]    Compiling ndarray v0.16.1
[INFO] [stderr]    Compiling regex-automata v0.4.14
[INFO] [stderr]    Compiling indicatif v0.17.11
[INFO] [stderr]    Compiling memmap2 v0.9.9
[INFO] [stderr]    Compiling serde_derive v1.0.228
[INFO] [stderr]    Compiling thiserror-impl v1.0.69
[INFO] [stderr]    Compiling bytemuck_derive v1.10.2
[INFO] [stderr]    Compiling bytemuck v1.25.0
[INFO] [stderr]    Compiling regex v1.12.3
[INFO] [stderr]    Compiling serde-xml-rs v0.6.0
[INFO] [stderr] warning: vlsvrs@1.0.0: Octree build failed. Setting no_octree.
[INFO] [stderr] warning: vlsvrs@1.0.0: Octree: FAILED (no_octree) | MLP: FAILED (no_nn)
[INFO] [stdout] warning: unused import: `ToPrimitive`
[INFO] [stdout]   --> src/vlsv_reader.rs:58:58
[INFO] [stdout]    |
[INFO] [stdout] 58 |     use num_traits::{Float, FromPrimitive, Num, NumCast, ToPrimitive, Zero};
[INFO] [stdout]    |                                                          ^^^^^^^^^^^
[INFO] [stdout]    |
[INFO] [stdout]    = note: `#[warn(unused_imports)]` (part of `#[warn(unused)]`) on by default
[INFO] [stdout] 
[INFO] [stdout] 
[INFO] [stderr]     Finished `dev` profile [unoptimized + debuginfo] target(s) in 1m 13s
[INFO] running `Command { std: "docker" "inspect" "022b9f6b716c83ebc6bcc15c6bb211f15f45c9af46357080a7415dd8c4b03ce2", kill_on_drop: false }`
[INFO] running `Command { std: "docker" "exec" "-e" "SOURCE_DIR=/opt/rustwide/workdir" "-e" "CARGO_HOME=/opt/rustwide/cargo-home" "-e" "RUSTUP_HOME=/opt/rustwide/rustup-home" "-e" "CARGO_TARGET_DIR=/opt/rustwide/target" "-e" "CARGO_INCREMENTAL=0" "-e" "RUST_BACKTRACE=full" "-e" "RUSTFLAGS=--cap-lints=warn" "-e" "RUSTDOCFLAGS=--cap-lints=warn" "-w" "/opt/rustwide/workdir" "--user" "0:0" "022b9f6b716c83ebc6bcc15c6bb211f15f45c9af46357080a7415dd8c4b03ce2" "/opt/rustwide/cargo-home/bin/cargo" "+1.99.0-beta.8" "test" "--frozen" "--no-run" "--message-format=json", kill_on_drop: false }`
[INFO] [stderr] warning: vlsvrs@1.0.0: Octree build failed. Setting no_octree.
[INFO] [stderr] warning: vlsvrs@1.0.0: Octree: FAILED (no_octree) | MLP: FAILED (no_nn)
[INFO] [stderr]    Compiling vlsvrs v1.0.0 (/opt/rustwide/workdir)
[INFO] [stdout] warning: unused import: `ToPrimitive`
[INFO] [stdout]   --> src/vlsv_reader.rs:58:58
[INFO] [stdout]    |
[INFO] [stdout] 58 |     use num_traits::{Float, FromPrimitive, Num, NumCast, ToPrimitive, Zero};
[INFO] [stdout]    |                                                          ^^^^^^^^^^^
[INFO] [stdout]    |
[INFO] [stdout]    = note: `#[warn(unused_imports)]` (part of `#[warn(unused)]`) on by default
[INFO] [stdout] 
[INFO] [stdout] 
[INFO] [stdout] warning: unused import: `ToPrimitive`
[INFO] [stdout]   --> src/vlsv_reader.rs:58:58
[INFO] [stdout]    |
[INFO] [stdout] 58 |     use num_traits::{Float, FromPrimitive, Num, NumCast, ToPrimitive, Zero};
[INFO] [stdout]    |                                                          ^^^^^^^^^^^
[INFO] [stdout]    |
[INFO] [stdout]    = note: `#[warn(unused_imports)]` (part of `#[warn(unused)]`) on by default
[INFO] [stdout] 
[INFO] [stdout] 
[INFO] [stderr]     Finished `test` profile [unoptimized + debuginfo] target(s) in 2.71s
[INFO] running `Command { std: "docker" "inspect" "022b9f6b716c83ebc6bcc15c6bb211f15f45c9af46357080a7415dd8c4b03ce2", kill_on_drop: false }`
[INFO] running `Command { std: "docker" "exec" "-e" "SOURCE_DIR=/opt/rustwide/workdir" "-e" "CARGO_HOME=/opt/rustwide/cargo-home" "-e" "RUSTUP_HOME=/opt/rustwide/rustup-home" "-e" "CARGO_TARGET_DIR=/opt/rustwide/target" "-e" "CARGO_INCREMENTAL=0" "-e" "RUST_BACKTRACE=full" "-e" "RUSTFLAGS=--cap-lints=warn" "-e" "RUSTDOCFLAGS=--cap-lints=warn" "-w" "/opt/rustwide/workdir" "--user" "0:0" "022b9f6b716c83ebc6bcc15c6bb211f15f45c9af46357080a7415dd8c4b03ce2" "/opt/rustwide/cargo-home/bin/cargo" "+1.99.0-beta.8" "test" "--frozen", kill_on_drop: false }`
[INFO] [stderr] warning: vlsvrs@1.0.0: Octree build failed. Setting no_octree.
[INFO] [stderr] warning: vlsvrs@1.0.0: Octree: FAILED (no_octree) | MLP: FAILED (no_nn)
[INFO] [stderr] warning: unused import: `ToPrimitive`
[INFO] [stderr]   --> src/vlsv_reader.rs:58:58
[INFO] [stderr]    |
[INFO] [stderr] 58 |     use num_traits::{Float, FromPrimitive, Num, NumCast, ToPrimitive, Zero};
[INFO] [stderr]    |                                                          ^^^^^^^^^^^
[INFO] [stderr]    |
[INFO] [stderr]    = note: `#[warn(unused_imports)]` (part of `#[warn(unused)]`) on by default
[INFO] [stderr] 
[INFO] [stderr] warning: `vlsvrs` (lib) generated 1 warning
[INFO] [stderr] warning: `vlsvrs` (lib test) generated 1 warning (1 duplicate)
[INFO] [stderr]     Finished `test` profile [unoptimized + debuginfo] target(s) in 0.06s
[INFO] [stderr]      Running unittests src/vlsv_reader.rs (/opt/rustwide/target/debug/deps/vlsvrs-7a8b56c2d3c8236a)
[INFO] [stdout] 
[INFO] [stdout] running 0 tests
[INFO] [stdout] 
[INFO] [stdout] test result: ok. 0 passed; 0 failed; 0 ignored; 0 measured; 0 filtered out; finished in 0.00s
[INFO] [stdout] 
[INFO] [stderr]    Doc-tests vlsvrs
[INFO] [stdout] 
[INFO] [stdout] running 0 tests
[INFO] [stdout] 
[INFO] [stdout] test result: ok. 0 passed; 0 failed; 0 ignored; 0 measured; 0 filtered out; finished in 0.00s
[INFO] [stdout] 
[INFO] running `Command { std: "docker" "inspect" "022b9f6b716c83ebc6bcc15c6bb211f15f45c9af46357080a7415dd8c4b03ce2", kill_on_drop: false }`
[INFO] running `Command { std: "docker" "rm" "-f" "022b9f6b716c83ebc6bcc15c6bb211f15f45c9af46357080a7415dd8c4b03ce2", kill_on_drop: false }`
[INFO] [stdout] 022b9f6b716c83ebc6bcc15c6bb211f15f45c9af46357080a7415dd8c4b03ce2
