[INFO] fetching crate tino 0.1.24...
[INFO] testing tino-0.1.24 against 1.100.0-beta.1 for beta-1.100-2
[INFO] extracting crate tino 0.1.24 into /workspace/builds/worker-6-tc2/source
[INFO] started tweaking crates.io crate tino 0.1.24
[INFO] removed 0 missing tests
[INFO] finished tweaking crates.io crate tino 0.1.24
[INFO] tweaked toml for crates.io crate tino 0.1.24 written to /workspace/builds/worker-6-tc2/source/Cargo.toml
[INFO] validating manifest of crates.io crate tino 0.1.24 on toolchain 1.100.0-beta.1
[INFO] running `Command { std: CARGO_HOME="/workspace/cargo-home" RUSTUP_HOME="/workspace/rustup-home" "/workspace/cargo-home/bin/cargo" "+1.100.0-beta.1" "metadata" "--manifest-path" "Cargo.toml" "--no-deps", kill_on_drop: false }`
[INFO] crate crates.io crate tino 0.1.24 already has a lockfile, it will not be regenerated
[INFO] running `Command { std: CARGO_HOME="/workspace/cargo-home" RUSTUP_HOME="/workspace/rustup-home" "/workspace/cargo-home/bin/cargo" "+1.100.0-beta.1" "fetch" "--manifest-path" "Cargo.toml", kill_on_drop: false }`
[INFO] running `Command { std: "docker" "create" "-v" "/var/lib/crater-agent-workspace/builds/worker-6-tc2/source:/opt/rustwide/workdir:ro,Z" "-v" "/var/lib/crater-agent-workspace/builds/worker-6-tc2/target:/opt/rustwide/target:rw,Z" "-v" "/var/lib/crater-agent-workspace/cargo-home:/opt/rustwide/cargo-home:ro,Z" "-v" "/var/lib/crater-agent-workspace/rustup-home:/opt/rustwide/rustup-home:ro,Z" "-m" "1610612736" "--network" "none" "ghcr.io/rust-lang/crates-build-env/linux@sha256:3111399a4047eeb3a02b7a90e478d715f38a8c6669b5c4b49d30a17385265909" "sleep" "infinity", kill_on_drop: false }`
[INFO] [stdout] 82e938e716e78d0ca844a9ae2fa63da9327b3191af2d6f7b64e7e816878dcf55
[INFO] running `Command { std: "docker" "start" "82e938e716e78d0ca844a9ae2fa63da9327b3191af2d6f7b64e7e816878dcf55", kill_on_drop: false }`
[INFO] running `Command { std: "docker" "inspect" "82e938e716e78d0ca844a9ae2fa63da9327b3191af2d6f7b64e7e816878dcf55", kill_on_drop: false }`
[INFO] running `Command { std: "docker" "exec" "-e" "SOURCE_DIR=/opt/rustwide/workdir" "-e" "CARGO_HOME=/opt/rustwide/cargo-home" "-e" "RUSTUP_HOME=/opt/rustwide/rustup-home" "-e" "CARGO_TARGET_DIR=/opt/rustwide/target" "-w" "/opt/rustwide/workdir" "--user" "0:0" "82e938e716e78d0ca844a9ae2fa63da9327b3191af2d6f7b64e7e816878dcf55" "/opt/rustwide/cargo-home/bin/cargo" "+1.100.0-beta.1" "metadata" "--no-deps" "--format-version=1", kill_on_drop: false }`
[INFO] running `Command { std: "docker" "inspect" "82e938e716e78d0ca844a9ae2fa63da9327b3191af2d6f7b64e7e816878dcf55", kill_on_drop: false }`
[INFO] running `Command { std: "docker" "exec" "-e" "SOURCE_DIR=/opt/rustwide/workdir" "-e" "CARGO_HOME=/opt/rustwide/cargo-home" "-e" "RUSTUP_HOME=/opt/rustwide/rustup-home" "-e" "CARGO_TARGET_DIR=/opt/rustwide/target" "-e" "CARGO_INCREMENTAL=0" "-e" "RUST_BACKTRACE=full" "-e" "RUSTFLAGS=--cap-lints=warn" "-e" "RUSTDOCFLAGS=--cap-lints=warn" "-w" "/opt/rustwide/workdir" "--user" "0:0" "82e938e716e78d0ca844a9ae2fa63da9327b3191af2d6f7b64e7e816878dcf55" "/opt/rustwide/cargo-home/bin/cargo" "+1.100.0-beta.1" "build" "--frozen" "--message-format=json", kill_on_drop: false }`
[INFO] [stderr]    Compiling libc v0.2.185
[INFO] [stderr]    Compiling osarg v0.1.1
[INFO] [stderr]    Compiling tino v0.1.24 (/opt/rustwide/workdir)
[INFO] [stderr]     Finished `dev` profile [unoptimized + debuginfo] target(s) in 4.49s
[INFO] running `Command { std: "docker" "inspect" "82e938e716e78d0ca844a9ae2fa63da9327b3191af2d6f7b64e7e816878dcf55", kill_on_drop: false }`
[INFO] running `Command { std: "docker" "exec" "-e" "SOURCE_DIR=/opt/rustwide/workdir" "-e" "CARGO_HOME=/opt/rustwide/cargo-home" "-e" "RUSTUP_HOME=/opt/rustwide/rustup-home" "-e" "CARGO_TARGET_DIR=/opt/rustwide/target" "-e" "CARGO_INCREMENTAL=0" "-e" "RUST_BACKTRACE=full" "-e" "RUSTFLAGS=--cap-lints=warn" "-e" "RUSTDOCFLAGS=--cap-lints=warn" "-w" "/opt/rustwide/workdir" "--user" "0:0" "82e938e716e78d0ca844a9ae2fa63da9327b3191af2d6f7b64e7e816878dcf55" "/opt/rustwide/cargo-home/bin/cargo" "+1.100.0-beta.1" "test" "--frozen" "--no-run" "--message-format=json", kill_on_drop: false }`
[INFO] [stderr]    Compiling proc-macro2 v1.0.106
[INFO] [stderr]    Compiling unicode-ident v1.0.18
[INFO] [stderr]    Compiling quote v1.0.45
[INFO] [stderr]    Compiling serde_core v1.0.228
[INFO] [stderr]    Compiling zerocopy v0.8.48
[INFO] [stderr]    Compiling libc v0.2.185
[INFO] [stderr]    Compiling serde v1.0.228
[INFO] [stderr]    Compiling find-msvc-tools v0.1.9
[INFO] [stderr]    Compiling shlex v1.3.0
[INFO] [stderr]    Compiling zmij v1.0.21
[INFO] [stderr]    Compiling cc v1.2.60
[INFO] [stderr]    Compiling cfg-if v1.0.1
[INFO] [stderr]    Compiling serde_json v1.0.149
[INFO] [stderr]    Compiling autocfg v1.5.0
[INFO] [stderr]    Compiling either v1.15.0
[INFO] [stderr]    Compiling clap_lex v1.1.0
[INFO] [stderr]    Compiling memchr v2.7.5
[INFO] [stderr]    Compiling syn v2.0.117
[INFO] [stderr]    Compiling itoa v1.0.18
[INFO] [stderr]    Compiling num-traits v0.2.19
[INFO] [stderr]    Compiling anstyle v1.0.14
[INFO] [stderr]    Compiling ciborium-io v0.2.2
[INFO] [stderr]    Compiling regex-syntax v0.8.5
[INFO] [stderr]    Compiling clap_builder v4.6.0
[INFO] [stderr]    Compiling itertools v0.13.0
[INFO] [stderr]    Compiling cast v0.3.0
[INFO] [stderr]    Compiling same-file v1.0.6
[INFO] [stderr]    Compiling walkdir v2.5.0
[INFO] [stderr]    Compiling regex-automata v0.4.9
[INFO] [stderr]    Compiling clap v4.6.1
[INFO] [stderr]    Compiling page_size v0.6.0
[INFO] [stderr]    Compiling oorandom v11.1.5
[INFO] [stderr]    Compiling anes v0.1.6
[INFO] [stderr]    Compiling criterion-plot v0.8.2
[INFO] [stderr]    Compiling tino v0.1.24 (/opt/rustwide/workdir)
[INFO] [stderr]    Compiling regex v1.11.2
[INFO] [stderr]    Compiling alloca v0.4.0
[INFO] [stderr]    Compiling zerocopy-derive v0.8.48
[INFO] [stderr]    Compiling serde_derive v1.0.228
[INFO] [stderr]    Compiling tinytemplate v1.2.1
[INFO] [stderr]    Compiling half v2.7.1
[INFO] [stderr]    Compiling ciborium-ll v0.2.2
[INFO] [stderr]    Compiling ciborium v0.2.2
[INFO] [stderr]    Compiling criterion v0.8.2
[INFO] [stderr]     Finished `test` profile [unoptimized + debuginfo] target(s) in 2m 29s
[INFO] running `Command { std: "docker" "inspect" "82e938e716e78d0ca844a9ae2fa63da9327b3191af2d6f7b64e7e816878dcf55", kill_on_drop: false }`
[INFO] running `Command { std: "docker" "exec" "-e" "SOURCE_DIR=/opt/rustwide/workdir" "-e" "CARGO_HOME=/opt/rustwide/cargo-home" "-e" "RUSTUP_HOME=/opt/rustwide/rustup-home" "-e" "CARGO_TARGET_DIR=/opt/rustwide/target" "-e" "CARGO_INCREMENTAL=0" "-e" "RUST_BACKTRACE=full" "-e" "RUSTFLAGS=--cap-lints=warn" "-e" "RUSTDOCFLAGS=--cap-lints=warn" "-w" "/opt/rustwide/workdir" "--user" "0:0" "82e938e716e78d0ca844a9ae2fa63da9327b3191af2d6f7b64e7e816878dcf55" "/opt/rustwide/cargo-home/bin/cargo" "+1.100.0-beta.1" "test" "--frozen", kill_on_drop: false }`
[INFO] [stderr]     Finished `test` profile [unoptimized + debuginfo] target(s) in 0.46s
[INFO] [stderr]      Running unittests src/lib.rs (/opt/rustwide/target/debug/build/tino/d996d8ea6a3def75/out/tino-d996d8ea6a3def75)
[INFO] [stdout] 
[INFO] [stdout] running 44 tests
[INFO] [stdout] test cli::tests::parse_accumulates_repeated_verbosity_flags ... ok
[INFO] [stdout] test cli::tests::parse_counts_grouped_verbosity_and_collects_command_tail ... ok
[INFO] [stdout] test cli::tests::parse_rejects_invalid_numeric_value ... ok
[INFO] [stdout] test cli::tests::parse_first_positional_collects_remaining_command ... ok
[INFO] [stdout] test cli::tests::parse_collects_repeatable_values_in_order ... ok
[INFO] [stdout] test cli::tests::parse_help_and_version_as_control_flow ... ok
[INFO] [stdout] test cli::tests::parse_rejects_missing_option_value ... ok
[INFO] [stdout] test cli::tests::parse_rejects_invalid_write_preset ... ok
[INFO] [stdout] test cli::tests::parse_supports_short_and_long_flag_spellings ... ok
[INFO] [stdout] test cli::tests::parse_rejects_non_utf8_command_arguments ... ok
[INFO] [stdout] test cli::tests::parse_rejects_unknown_argument ... ok
[INFO] [stdout] test platform::tests::boolean_flags_win_over_env ... ok
[INFO] [stdout] test platform::tests::env_boolean_overrides_take_effect ... ok
[INFO] [stdout] test cli::tests::parse_signal_accepts_known_variants ... ok
[INFO] [stdout] test cli::tests::parse_signal_rejects_unknown_values ... ok
[INFO] [stdout] test platform::tests::invalid_verbosity_is_logged_without_panicking ... ok
[INFO] [stdout] test platform::tests::init_logging_is_idempotent ... ok
[INFO] [stdout] test platform::tests::invalid_boolean_env_is_reported ... ok
[INFO] [stdout] test cli::tests::parse_supports_short_long_attached_and_repeatable_options ... ok
[INFO] [stdout] test platform::unix::child::tests::configure_prctl_sets_pdeathsig ... ok
[INFO] [stdout] test platform::tests::verbosity_env_applies_when_flags_absent ... ok
[INFO] [stdout] test platform::unix::child::tests::expand_command_arg_rejects_invalid_syntax ... ok
[INFO] [stdout] test platform::unix::child::tests::configure_prctl_handles_subreaper_capability ... ok
[INFO] [stdout] test platform::unix::child::tests::expand_command_arg_leaves_unbraced_dollar_names_unchanged ... ok
[INFO] [stdout] test platform::tests::verbosity_flag_wins_over_env ... ok
[INFO] [stdout] test platform::unix::landlock::tests::handled_ioctl_access_requires_abi_v5 ... ok
[INFO] [stdout] test platform::unix::landlock::tests::allowed_write_mask_excludes_device_nodes ... ok
[INFO] [stdout] test platform::unix::child::tests::expand_command_arg_supports_defaults_and_escapes ... ok
[INFO] [stdout] test platform::unix::landlock::tests::errno_not_supported_classifies_known_values ... ok
[INFO] [stdout] test platform::unix::child::tests::expand_command_arg_supports_nested_defaults ... ok
[INFO] [stdout] test platform::unix::landlock::tests::handled_execute_and_ioctl_access_track_requested_state ... ok
[INFO] [stdout] test platform::unix::landlock::tests::handled_mask_includes_refer_and_truncate_by_version ... ok
[INFO] [stdout] test platform::unix::landlock::tests::handled_scope_access_tracks_requested_scopes ... ok
[INFO] [stdout] test platform::unix::tests::init_logging_is_idempotent ... ok
[INFO] [stdout] test platform::unix::tests::signal_lookup_accepts_variants_with_or_without_prefix ... ok
[INFO] [stdout] test platform::unix::tests::signal_lookup_rejects_unknown_signal ... ok
[INFO] [stdout] test platform::unix::tests::wait_for_children_without_children_succeeds ... ok
[INFO] [stdout] test platform::unix::landlock::tests::handled_network_access_requires_abi_v4 ... ok
[INFO] [stdout] test platform::unix::landlock::tests::handled_network_access_tracks_requested_port_actions ... ok
[INFO] [stdout] test platform::unix::landlock::tests::handled_scope_access_requires_abi_v6 ... ok
[INFO] [stdout] test platform::unix::tests::compute_exit_code_remaps_expected_values ... ok
[INFO] [stdout] test platform::unix::tests::license_text_includes_mit_header ... ok
[INFO] [stdout] test cli::tests::parse_supports_value_option_spellings ... ok
[INFO] [stdout] test platform::tests::empty_boolean_override_is_rejected ... ok
[INFO] [stdout] 
[INFO] [stdout] test result: ok. 44 passed; 0 failed; 0 ignored; 0 measured; 0 filtered out; finished in 0.03s
[INFO] [stdout] 
[INFO] [stderr]      Running unittests src/main.rs (/opt/rustwide/target/debug/build/tino/abdd8b20e2b24e1f/out/tino-abdd8b20e2b24e1f)
[INFO] [stdout] 
[INFO] [stdout] running 0 tests
[INFO] [stdout] 
[INFO] [stdout] test result: ok. 0 passed; 0 failed; 0 ignored; 0 measured; 0 filtered out; finished in 0.00s
[INFO] [stdout] 
[INFO] [stderr]      Running tests/readme_contract.rs (/opt/rustwide/target/debug/build/tino/eeec7e21b3618426/out/readme_contract-eeec7e21b3618426)
[INFO] [stdout] 
[INFO] [stdout] running 2 tests
[INFO] [stdout] test readme_contains_core_install_and_usage_snippets ... ok
[INFO] [stderr]      Running tests/unix_behaviour.rs (/opt/rustwide/target/debug/build/tino/f92ee9518e20a9da/out/unix_behaviour-f92ee9518e20a9da)
[INFO] [stdout] test readme_and_help_stay_aligned_on_key_flags ... ok
[INFO] [stdout] 
[INFO] [stdout] test result: ok. 2 passed; 0 failed; 0 ignored; 0 measured; 0 filtered out; finished in 0.00s
[INFO] [stdout] 
[INFO] [stdout] 
[INFO] [stdout] running 35 tests
[INFO] [stdout] test explain_does_not_execute_child ... ok
[INFO] [stdout] test explain_reports_effective_configuration ... ok
[INFO] [stdout] test explain_reports_device_ioctl_restrictions ... ok
[INFO] [stdout] test explain_reports_exec_restrictions ... ok
[INFO] [stdout] test expand_env_interpolates_child_arguments_without_shell ... ok
[INFO] [stdout] test expand_env_leaves_unbraced_dollar_names_unchanged ... ok
[INFO] [stdout] test explain_reports_write_preset_expansion ... ok
[INFO] [stdout] test exec_failure_reports_non_executable_reason ... ok
[INFO] [stdout] test exec_failure_reports_missing_binary_reason ... ok
[INFO] [stdout] test explain_reports_ipc_scopes ... ok
[INFO] [stdout] test expand_env_reports_invalid_syntax ... ok
[INFO] [stdout] test explain_reports_tcp_restrictions ... ok
[INFO] [stdout] test help_flag_prints_usage_and_exits_successfully ... ok
[INFO] [stderr] sh: 1: cannot create /tmp/tino-landlock-deny-1323-1791315887841003958/outside/deny: Permission denied
[INFO] [stderr] INFO tino: exiting with 2
[INFO] [stdout] test landlock_denies_writes_outside_allowlist ... ok
[INFO] [stderr] INFO tino: exiting with 0
[INFO] [stdout] test landlock_allows_writes_within_allowlist ... ok
[INFO] [stderr] INFO tino: exiting with 0
[INFO] [stdout] test landlock_exec_restrict_auto_allows_main_command ... ok
[INFO] [stderr] INFO tino: exiting with 0
[INFO] [stderr] /usr/bin/dash: 1: /usr/lib/cargo/bin/coreutils/uname: Permission denied
[INFO] [stderr] INFO tino: exiting with 126
[INFO] [stdout] test landlock_exec_restrict_blocks_non_allowlisted_execs ... ok
[INFO] [stderr] INFO tino: exiting with 0
[INFO] [stdout] test landlock_exec_restrict_allows_configured_execs ... ok
[INFO] [stderr] INFO tino: exiting with 0
[INFO] [stderr] INFO tino: exiting with 0
[INFO] [stdout] test landlock_abstract_unix_scope_allows_same_domain_connects ... ok
[INFO] [stdout] test license_flag_prints_license ... ok
[INFO] [stderr] sh: 1: kill: Operation not permitted
[INFO] [stderr] 
[INFO] [stderr] INFO tino: exiting with 0
[INFO] [stderr] INFO tino: exiting with 1
[INFO] [stdout] test landlock_device_ioctl_restrict_allows_configured_paths ... ok
[INFO] [stderr] ERROR tino: missing CMD (use --help)
[INFO] [stdout] test missing_command_exits_with_error ... ok
[INFO] [stderr] Terminated
[INFO] [stdout] test landlock_signal_scope_allows_same_domain_signals ... ok
[INFO] [stderr] INFO tino: exiting with 0
[INFO] [stderr] INFO tino: grace period expired; sending SIGKILL
[INFO] [stderr] INFO tino: sending SIGTERM to PGID
[INFO] [stdout] test pgroup_kill_escalates_after_grace ... ok
[INFO] [stderr] INFO tino: exiting with 137
[INFO] [stdout] test unknown_argument_exits_with_parse_error ... ok
[INFO] [stdout] test version_flag_prints_version_and_exits_successfully ... ok
[INFO] [stderr] INFO tino: exiting with 0
[INFO] [stdout] test remap_exit_zeroes_expected_codes ... ok
[INFO] [stdout] test write_preset_tmp_allows_writes_in_tmp ... ok
[INFO] [stderr] Traceback (most recent call last):
[INFO] [stderr]   File "<string>", line 3, in <module>
[INFO] [stderr]     fcntl.ioctl(fd, termios.TIOCGWINSZ, b"\0" * 8)
[INFO] [stderr]     ~~~~~~~~~~~^^^^^^^^^^^^^^^^^^^^^^^^^^^^^^^^^^^
[INFO] [stderr] PermissionError: [Errno 13] Permission denied
[INFO] [stderr] INFO tino: exiting with 0
[INFO] [stderr] Traceback (most recent call last):
[INFO] [stderr]   File "<string>", line 3, in <module>
[INFO] [stderr]     sock.connect("\0" + sys.argv[1])
[INFO] [stderr]     ~~~~~~~~~~~~^^^^^^^^^^^^^^^^^^^^
[INFO] [stderr] PermissionError: [Errno 1] Operation not permitted
[INFO] [stdout] test warn_on_reap_emits_warning ... ok
[INFO] [stderr] INFO tino: exiting with 1
[INFO] [stdout] test landlock_device_ioctl_restrict_blocks_non_allowlisted_paths ... ok
[INFO] [stderr] INFO tino: exiting with 1
[INFO] [stdout] test landlock_abstract_unix_scope_blocks_out_of_domain_connects ... ok
[INFO] [stderr] Traceback (most recent call last):
[INFO] [stderr]   File "<string>", line 3, in <module>
[INFO] [stderr]     s.bind(("127.0.0.1", int(sys.argv[1])))
[INFO] [stderr]     ~~~~~~^^^^^^^^^^^^^^^^^^^^^^^^^^^^^^^^^
[INFO] [stderr] PermissionError: [Errno 13] Permission denied
[INFO] [stderr] Traceback (most recent call last):
[INFO] [stderr]   File "<string>", line 2, in <module>
[INFO] [stderr]     s = socket.create_connection(("127.0.0.1", int(sys.argv[1])))
[INFO] [stderr] INFO tino: exiting with 1
[INFO] [stderr]   File "/usr/lib/python3.14/socket.py", line 870, in create_connection
[INFO] [stderr]     raise exceptions[0]
[INFO] [stderr]   File "/usr/lib/python3.14/socket.py", line 855, in create_connection
[INFO] [stderr]     sock.connect(sa)
[INFO] [stderr]     ~~~~~~~~~~~~^^^^
[INFO] [stderr] PermissionError: [Errno 13] Permission denied
[INFO] [stdout] test landlock_allows_bind_only_on_allowlisted_tcp_ports ... ok
[INFO] [stdout] test landlock_allows_connect_only_on_allowlisted_tcp_ports ... ok
[INFO] [stderr] INFO tino: exiting with 1
[INFO] [stdout] test landlock_signal_scope_blocks_out_of_domain_signals ... ok
[INFO] [stderr] INFO tino: exiting with 42
[INFO] [stderr]    Doc-tests tino
[INFO] [stdout] test signal_forwarding_reaches_child ... ok
[INFO] [stdout] 
[INFO] [stdout] test result: ok. 35 passed; 0 failed; 0 ignored; 0 measured; 0 filtered out; finished in 1.97s
[INFO] [stdout] 
[INFO] [stdout] 
[INFO] [stdout] running 1 test
[INFO] [stdout] test src/lib.rs - (line 13) - compile ... ok
[INFO] [stdout] 
[INFO] [stdout] test result: ok. 1 passed; 0 failed; 0 ignored; 0 measured; 0 filtered out; finished in 0.00s
[INFO] [stdout] 
[INFO] [stdout] all doctests ran in 0.38s; merged doctests compilation took 0.37s
[INFO] running `Command { std: "docker" "inspect" "82e938e716e78d0ca844a9ae2fa63da9327b3191af2d6f7b64e7e816878dcf55", kill_on_drop: false }`
[INFO] running `Command { std: "docker" "rm" "-f" "82e938e716e78d0ca844a9ae2fa63da9327b3191af2d6f7b64e7e816878dcf55", kill_on_drop: false }`
[INFO] [stdout] 82e938e716e78d0ca844a9ae2fa63da9327b3191af2d6f7b64e7e816878dcf55
