[INFO] fetching crate secretstash 2.0.1...
[INFO] testing secretstash-2.0.1 against 1.99.0-beta.8 for beta-1.100-2
[INFO] extracting crate secretstash 2.0.1 into /workspace/builds/worker-0-tc1/source
[INFO] started tweaking crates.io crate secretstash 2.0.1
[INFO] finished tweaking crates.io crate secretstash 2.0.1
[INFO] tweaked toml for crates.io crate secretstash 2.0.1 written to /workspace/builds/worker-0-tc1/source/Cargo.toml
[INFO] validating manifest of crates.io crate secretstash 2.0.1 on toolchain 1.99.0-beta.8
[INFO] running `Command { std: CARGO_HOME="/workspace/cargo-home" RUSTUP_HOME="/workspace/rustup-home" "/workspace/cargo-home/bin/cargo" "+1.99.0-beta.8" "metadata" "--manifest-path" "Cargo.toml" "--no-deps", kill_on_drop: false }`
[INFO] crate crates.io crate secretstash 2.0.1 already has a lockfile, it will not be regenerated
[INFO] running `Command { std: CARGO_HOME="/workspace/cargo-home" RUSTUP_HOME="/workspace/rustup-home" "/workspace/cargo-home/bin/cargo" "+1.99.0-beta.8" "fetch" "--manifest-path" "Cargo.toml", kill_on_drop: false }`
[INFO] [stderr]     Updating crates.io index
[INFO] [stderr]  Downloading crates ...
[INFO] [stderr]   Downloaded rtoolbox v0.0.5
[INFO] [stderr]   Downloaded is-docker v0.2.0
[INFO] [stderr]   Downloaded is-wsl v0.4.0
[INFO] [stderr]   Downloaded rusqlite v0.40.1
[INFO] [stderr]   Downloaded rpassword v7.5.4
[INFO] [stderr]   Downloaded open v5.3.6
[INFO] [stderr]   Downloaded poly1305 v0.9.0
[INFO] [stderr]   Downloaded libsqlite3-sys v0.38.1
[INFO] [stderr]   Downloaded openssl-src v300.5.0+3.5.0
[INFO] running `Command { std: "docker" "create" "-v" "/var/lib/crater-agent-workspace/builds/worker-0-tc1/source:/opt/rustwide/workdir:ro,Z" "-v" "/var/lib/crater-agent-workspace/builds/worker-0-tc1/target:/opt/rustwide/target:rw,Z" "-v" "/var/lib/crater-agent-workspace/cargo-home:/opt/rustwide/cargo-home:ro,Z" "-v" "/var/lib/crater-agent-workspace/rustup-home:/opt/rustwide/rustup-home:ro,Z" "-m" "1610612736" "--network" "none" "ghcr.io/rust-lang/crates-build-env/linux@sha256:3111399a4047eeb3a02b7a90e478d715f38a8c6669b5c4b49d30a17385265909" "sleep" "infinity", kill_on_drop: false }`
[INFO] [stdout] eb8c344e69c398d67b60db78bc737783a1fc492f7ce919dffb75d0bd23376127
[INFO] running `Command { std: "docker" "start" "eb8c344e69c398d67b60db78bc737783a1fc492f7ce919dffb75d0bd23376127", kill_on_drop: false }`
[INFO] running `Command { std: "docker" "inspect" "eb8c344e69c398d67b60db78bc737783a1fc492f7ce919dffb75d0bd23376127", kill_on_drop: false }`
[INFO] running `Command { std: "docker" "exec" "-e" "SOURCE_DIR=/opt/rustwide/workdir" "-e" "CARGO_HOME=/opt/rustwide/cargo-home" "-e" "RUSTUP_HOME=/opt/rustwide/rustup-home" "-e" "CARGO_TARGET_DIR=/opt/rustwide/target" "-w" "/opt/rustwide/workdir" "--user" "0:0" "eb8c344e69c398d67b60db78bc737783a1fc492f7ce919dffb75d0bd23376127" "/opt/rustwide/cargo-home/bin/cargo" "+1.99.0-beta.8" "metadata" "--no-deps" "--format-version=1", kill_on_drop: false }`
[INFO] running `Command { std: "docker" "inspect" "eb8c344e69c398d67b60db78bc737783a1fc492f7ce919dffb75d0bd23376127", kill_on_drop: false }`
[INFO] running `Command { std: "docker" "exec" "-e" "SOURCE_DIR=/opt/rustwide/workdir" "-e" "CARGO_HOME=/opt/rustwide/cargo-home" "-e" "RUSTUP_HOME=/opt/rustwide/rustup-home" "-e" "CARGO_TARGET_DIR=/opt/rustwide/target" "-e" "CARGO_INCREMENTAL=0" "-e" "RUST_BACKTRACE=full" "-e" "RUSTFLAGS=--cap-lints=warn" "-e" "RUSTDOCFLAGS=--cap-lints=warn" "-w" "/opt/rustwide/workdir" "--user" "0:0" "eb8c344e69c398d67b60db78bc737783a1fc492f7ce919dffb75d0bd23376127" "/opt/rustwide/cargo-home/bin/cargo" "+1.99.0-beta.8" "build" "--frozen" "--message-format=json", kill_on_drop: false }`
[INFO] [stderr]    Compiling getrandom v0.4.2
[INFO] [stderr]    Compiling hybrid-array v0.4.13
[INFO] [stderr]    Compiling cc v1.2.63
[INFO] [stderr]    Compiling proc-macro2 v1.0.106
[INFO] [stderr]    Compiling quote v1.0.45
[INFO] [stderr]    Compiling hashbrown v0.17.1
[INFO] [stderr]    Compiling is-docker v0.2.0
[INFO] [stderr]    Compiling base64ct v1.8.3
[INFO] [stderr]    Compiling rand_core v0.6.4
[INFO] [stderr]    Compiling anyhow v1.0.103
[INFO] [stderr]    Compiling crypto-common v0.1.7
[INFO] [stderr]    Compiling regex-automata v0.4.14
[INFO] [stderr]    Compiling toml_datetime v1.1.1+spec-1.1.0
[INFO] [stderr]    Compiling rtoolbox v0.0.5
[INFO] [stderr]    Compiling fallible-iterator v0.3.0
[INFO] [stderr]    Compiling smallvec v1.15.1
[INFO] [stderr]    Compiling fallible-streaming-iterator v0.1.9
[INFO] [stderr]    Compiling serde_json v1.0.150
[INFO] [stderr]    Compiling digest v0.10.7
[INFO] [stderr]    Compiling is-wsl v0.4.0
[INFO] [stderr]    Compiling tempfile v3.27.0
[INFO] [stderr]    Compiling rpassword v7.5.4
[INFO] [stderr]    Compiling rand_core v0.9.5
[INFO] [stderr]    Compiling blake2 v0.10.6
[INFO] [stderr]    Compiling toml v1.1.2+spec-1.1.0
[INFO] [stderr]    Compiling open v5.3.6
[INFO] [stderr]    Compiling password-hash v0.5.0
[INFO] [stderr]    Compiling hashlink v0.12.0
[INFO] [stderr]    Compiling syn v2.0.117
[INFO] [stderr]    Compiling argon2 v0.5.3
[INFO] [stderr]    Compiling crypto-common v0.2.2
[INFO] [stderr]    Compiling inout v0.2.2
[INFO] [stderr]    Compiling block-buffer v0.12.1
[INFO] [stderr]    Compiling openssl-src v300.5.0+3.5.0
[INFO] [stderr]    Compiling openssl-sys v0.9.111
[INFO] [stderr]    Compiling libsqlite3-sys v0.38.1
[INFO] [stderr]    Compiling regex v1.12.4
[INFO] [stderr]    Compiling cipher v0.5.2
[INFO] [stderr]    Compiling universal-hash v0.6.1
[INFO] [stderr]    Compiling aead v0.6.1
[INFO] [stderr]    Compiling poly1305 v0.9.0
[INFO] [stderr]    Compiling chacha20 v0.10.1
[INFO] [stderr]    Compiling chacha20poly1305 v0.11.0
[INFO] [stderr]    Compiling serde_derive v1.0.228
[INFO] [stderr]    Compiling serde v1.0.228
[INFO] [stderr]    Compiling rusqlite v0.40.1
[INFO] [stderr]    Compiling secretstash v2.0.1 (/opt/rustwide/workdir)
[INFO] [stderr]     Finished `dev` profile [unoptimized + debuginfo] target(s) in 2m 22s
[INFO] running `Command { std: "docker" "inspect" "eb8c344e69c398d67b60db78bc737783a1fc492f7ce919dffb75d0bd23376127", kill_on_drop: false }`
[INFO] running `Command { std: "docker" "exec" "-e" "SOURCE_DIR=/opt/rustwide/workdir" "-e" "CARGO_HOME=/opt/rustwide/cargo-home" "-e" "RUSTUP_HOME=/opt/rustwide/rustup-home" "-e" "CARGO_TARGET_DIR=/opt/rustwide/target" "-e" "CARGO_INCREMENTAL=0" "-e" "RUST_BACKTRACE=full" "-e" "RUSTFLAGS=--cap-lints=warn" "-e" "RUSTDOCFLAGS=--cap-lints=warn" "-w" "/opt/rustwide/workdir" "--user" "0:0" "eb8c344e69c398d67b60db78bc737783a1fc492f7ce919dffb75d0bd23376127" "/opt/rustwide/cargo-home/bin/cargo" "+1.99.0-beta.8" "test" "--frozen" "--no-run" "--message-format=json", kill_on_drop: false }`
[INFO] [stderr]    Compiling secretstash v2.0.1 (/opt/rustwide/workdir)
[INFO] [stderr]     Finished `test` profile [unoptimized + debuginfo] target(s) in 2.72s
[INFO] running `Command { std: "docker" "inspect" "eb8c344e69c398d67b60db78bc737783a1fc492f7ce919dffb75d0bd23376127", kill_on_drop: false }`
[INFO] running `Command { std: "docker" "exec" "-e" "SOURCE_DIR=/opt/rustwide/workdir" "-e" "CARGO_HOME=/opt/rustwide/cargo-home" "-e" "RUSTUP_HOME=/opt/rustwide/rustup-home" "-e" "CARGO_TARGET_DIR=/opt/rustwide/target" "-e" "CARGO_INCREMENTAL=0" "-e" "RUST_BACKTRACE=full" "-e" "RUSTFLAGS=--cap-lints=warn" "-e" "RUSTDOCFLAGS=--cap-lints=warn" "-w" "/opt/rustwide/workdir" "--user" "0:0" "eb8c344e69c398d67b60db78bc737783a1fc492f7ce919dffb75d0bd23376127" "/opt/rustwide/cargo-home/bin/cargo" "+1.99.0-beta.8" "test" "--frozen", kill_on_drop: false }`
[INFO] [stderr]     Finished `test` profile [unoptimized + debuginfo] target(s) in 0.11s
[INFO] [stderr]      Running unittests src/lib.rs (/opt/rustwide/target/debug/deps/secretstash-665122e58b786a8c)
[INFO] [stdout] 
[INFO] [stdout] running 118 tests
[INFO] [stdout] test commands::auth::tests::format_remaining_sub_minute ... ok
[INFO] [stdout] test commands::add::tests::resolve_secure_tmp_dir_prefers_existing_xdg_runtime_dir ... ok
[INFO] [stdout] test commands::export::tests::export_file_has_0600_permissions ... ok
[INFO] [stdout] test commands::export::tests::write_export_file_overwrites_existing_file ... ok
[INFO] [stdout] test commands::auth::tests::format_remaining_minutes ... ok
[INFO] [stdout] test commands::export::tests::write_export_file_writes_content ... ok
[INFO] [stdout] test commands::auth::tests::format_remaining_exact_hours ... ok
[INFO] [stdout] test commands::migrate::tests::migrate_no_db_fails ... ok
[INFO] [stdout] test commands::auth::tests::format_remaining_hours_and_minutes ... ok
[INFO] [stdout] test commands::migrate::tests::migrate_already_migrated_fails ... ok
[INFO] [stdout] test commands::add::tests::resolve_secure_tmp_dir_falls_back_when_unset ... ok
[INFO] [stdout] test commands::add::tests::resolve_secure_tmp_dir_falls_back_when_not_a_directory ... ok
[INFO] [stdout] test commands::search::tests::literal_match_case_insensitive ... ok
[INFO] [stdout] test commands::search::tests::literal_match_found ... ok
[INFO] [stdout] test commands::search::tests::literal_no_match ... ok
[INFO] [stdout] test commands::search::tests::preview_long_text_truncated ... ok
[INFO] [stdout] test commands::search::tests::preview_short_text_unchanged ... ok
[INFO] [stdout] test commands::import::tests::unknown_type_counted_as_failed ... ok
[INFO] [stdout] test commands::search::tests::regex_case_sensitive_by_default ... ok
[INFO] [stdout] test commands::import::tests::history_is_imported ... ok
[INFO] [stdout] test commands::search::tests::regex_invalid_pattern_errors ... ok
[INFO] [stdout] test commands::import::tests::basic_import ... ok
[INFO] [stdout] test commands::search::tests::regex_inline_case_flag ... ok
[INFO] [stdout] test commands::search::tests::snippet_no_ellipsis_for_short_text ... ok
[INFO] [stdout] test commands::search::tests::snippet_normalizes_whitespace ... ok
[INFO] [stdout] test commands::search::tests::snippet_context_adds_ellipsis ... ok
[INFO] [stdout] test commands::import::tests::timestamps_preserved ... ok
[INFO] [stdout] test commands::web::tests::chrome_normalizes_to_google_chrome ... ok
[INFO] [stdout] test commands::auth::tests::login_detects_old_format_vault_before_any_prompt ... ok
[INFO] [stdout] test commands::search::tests::regex_no_match ... ok
[INFO] [stdout] test commands::import::tests::invalid_json_returns_error ... ok
[INFO] [stdout] test commands::search::tests::regex_match_found ... ok
[INFO] [stdout] test commands::import::tests::overwrite_replaces_existing ... ok
[INFO] [stdout] test commands::web::tests::is_http_url_accepts_http_and_https ... ok
[INFO] [stdout] test commands::web::tests::resolve_ambiguous_prefix_errors ... ok
[INFO] [stdout] test commands::web::tests::resolve_exact_match ... ok
[INFO] [stdout] test commands::web::tests::resolve_unique_prefix ... ok
[INFO] [stdout] test config::tests::browser_flags_absent_defaults_to_empty ... ok
[INFO] [stdout] test commands::tag::tests::tags_roundtrip ... ok
[INFO] [stdout] test commands::web::tests::resolve_alias_chrome ... ok
[INFO] [stdout] test commands::web::tests::known_browsers_pass_through_unchanged ... ok
[INFO] [stdout] test config::tests::browser_flags_parsed ... ok
[INFO] [stdout] test config::tests::clipboard_clear_seconds_parsed ... ok
[INFO] [stdout] test config::tests::empty_toml_parses_to_defaults ... ok
[INFO] [stdout] test config::tests::private_parsed ... ok
[INFO] [stdout] test config::tests::private_absent_defaults_to_none ... ok
[INFO] [stdout] test config::tests::salt_path_for_db_replaces_extension ... ok
[INFO] [stdout] test commands::web::tests::is_http_url_rejects_flag_like_and_other_schemes ... ok
[INFO] [stdout] test commands::web::tests::resolve_unknown_browser_passes_through ... ok
[INFO] [stdout] test commands::import::tests::skip_existing_by_default ... ok
[INFO] [stdout] test commands::web::tests::unknown_browser_passes_through ... ok
[INFO] [stdout] test config::tests::session_timeout_parsed ... ok
[INFO] [stdout] test crypto::tests::derive_key_rejects_invalid_base64 ... ok
[INFO] [stdout] test config::tests::unknown_field_rejected ... ok
[INFO] [stdout] test crypto::tests::salt_is_valid_base64_and_32_bytes ... ok
[INFO] [stdout] test crypto::tests::roundtrip_empty_plaintext ... ok
[INFO] [stdout] test crypto::tests::salts_are_unique ... ok
[INFO] [stdout] test commands::tag::tests::tags_empty ... ok
[INFO] [stdout] test crypto::tests::roundtrip ... ok
[INFO] [stdout] test crypto::tests::tampered_ciphertext_fails ... ok
[INFO] [stdout] test config::tests::db_field_parsed ... ok
[INFO] [stdout] test crypto::tests::wrong_nonce_fails ... ok
[INFO] [stdout] test db::tests::delete_item ... ok
[INFO] [stdout] test db::tests::add_and_get_tags ... ok
[INFO] [stdout] test crypto::tests::wrong_key_fails ... ok
[INFO] [stdout] test db::tests::delete_nonexistent_fails ... ok
[INFO] [stdout] test db::tests::delete_cascades_to_history ... ok
[INFO] [stdout] test db::tests::get_history_version_not_found ... ok
[INFO] [stdout] test db::tests::duplicate_shortname_fails ... ok
[INFO] [stdout] test db::tests::get_latest_history_empty ... ok
[INFO] [stdout] test db::tests::get_history_version_found ... ok
[INFO] [stdout] test db::tests::get_missing_returns_none ... ok
[INFO] [stdout] test db::tests::get_tags_empty ... ok
[INFO] [stdout] test db::tests::delete_tag ... ok
[INFO] [stdout] test db::tests::history_empty_for_new_item ... ok
[INFO] [stdout] test db::tests::history_ordered_ascending ... ok
[INFO] [stdout] test db::tests::get_latest_history_returns_max_version ... ok
[INFO] [stdout] test db::tests::invalid_item_type_fails ... ok
[INFO] [stdout] test db::tests::is_bad_key_error_false_for_other_sqlite_errors ... ok
[INFO] [stdout] test db::tests::insert_and_get ... ok
[INFO] [stdout] test db::tests::is_bad_key_error_false_for_non_sqlite_errors ... ok
[INFO] [stdout] test db::tests::item_exists_false_for_unknown ... ok
[INFO] [stdout] test db::tests::list_items_ordered_by_shortname ... ok
[INFO] [stdout] test db::tests::list_items_empty ... ok
[INFO] [stdout] test db::tests::list_all_tags_empty ... ok
[INFO] [stdout] test db::tests::list_all_tags_with_counts ... ok
[INFO] [stdout] test db::tests::item_exists_true_after_insert ... ok
[INFO] [stdout] test db::tests::is_bad_key_error_true_for_not_a_database ... ok
[INFO] [stdout] test db::tests::rename_item ... ok
[INFO] [stdout] test db::tests::rename_nonexistent_fails ... ok
[INFO] [stdout] test db::tests::rename_to_existing_name_fails ... ok
[INFO] [stdout] test db::tests::replace_content_archives_old_and_writes_new ... ok
[INFO] [stdout] test db::tests::replace_content_increments_version ... ok
[INFO] [stdout] test db::tests::tags_are_per_item ... ok
[INFO] [stdout] test db::tests::tags_cascade_on_item_delete ... ok
[INFO] [stderr] 2026-10-06 18:26:08.460: ERROR CORE sqlcipher_page_cipher: hmac check failed for pgno=1
[INFO] [stdout] test session::tests::bad_base64_rejected ... ok
[INFO] [stderr] 2026-10-06 18:26:08.460: ERROR CORE sqlite3Codec: error decrypting page 1 data: 1
[INFO] [stdout] test session::tests::expired_session_rejected ... ok
[INFO] [stderr] 2026-10-06 18:26:08.460: ERROR CORE sqlcipher_codec_ctx_set_error 1
[INFO] [stdout] test session::tests::missing_key_line_rejected ... ok
[INFO] [stdout] test db::tests::open_plain_sqlite_suggests_migrate ... ok
[INFO] [stdout] test session::tests::missing_timeout_line_rejected ... ok
[INFO] [stdout] test session::tests::non_numeric_expiry_rejected ... ok
[INFO] [stdout] test session::tests::valid_session_parsed ... ok
[INFO] [stdout] test session::tests::wrong_key_length_rejected ... ok
[INFO] [stdout] test session::tests::zero_timeout_stores_max_expiry_and_never_expires ... ok
[INFO] [stdout] test db::tests::open_creates_vault_with_0600_permissions ... ok
[INFO] [stderr] 2026-10-06 18:26:08.529: ERROR CORE sqlcipher_page_cipher: hmac check failed for pgno=1
[INFO] [stderr] 2026-10-06 18:26:08.529: ERROR CORE sqlite3Codec: error decrypting page 1 data: 1
[INFO] [stderr] 2026-10-06 18:26:08.529: ERROR CORE sqlcipher_codec_ctx_set_error 1
[INFO] [stdout] test db::tests::open_sqlcipher_wrong_key_no_migrate_hint ... ok
[INFO] [stderr] 2026-10-06 18:26:08.533: ERROR CORE sqlcipher_page_cipher: hmac check failed for pgno=1
[INFO] [stdout] test db::tests::sqlcipher_encrypted_file_roundtrip ... ok
[INFO] [stderr] 2026-10-06 18:26:08.533: ERROR CORE sqlite3Codec: error decrypting page 1 data: 1
[INFO] [stderr] 2026-10-06 18:26:08.533: ERROR CORE sqlcipher_codec_ctx_set_error 1
[INFO] [stderr] 2026-10-06 18:26:08.537: ERROR CORE sqlcipher_page_cipher: hmac check failed for pgno=1
[INFO] [stderr] 2026-10-06 18:26:08.537: ERROR CORE sqlite3Codec: error decrypting page 1 data: 1
[INFO] [stderr] 2026-10-06 18:26:08.537: ERROR CORE sqlcipher_codec_ctx_set_error 1
[INFO] [stdout] test db::tests::sqlcipher_rekey_changes_encryption ... ok
[INFO] [stdout] test crypto::tests::derive_key_is_deterministic ... ok
[INFO] [stdout] test crypto::tests::derive_key_differs_for_different_passwords ... ok
[INFO] [stdout] test crypto::tests::derive_key_differs_for_different_salts ... ok
[INFO] [stdout] test commands::migrate::tests::migrate_wrong_password_fails_and_leaves_no_salt_file ... ok
[INFO] [stdout] test commands::migrate::tests::migrate_new_db_is_not_readable_as_plain_sqlite ... ok
[INFO] [stdout] test commands::migrate::tests::migrate_old_db_not_modified_on_failure ... ok
[INFO] [stdout] test commands::migrate::tests::migrate_preserves_item_content ... ok
[INFO] [stdout] test commands::migrate::tests::migrate_empty_vault ... ok
[INFO] [stdout] test commands::migrate::tests::migrate_preserves_history ... ok
[INFO] [stdout] test commands::migrate::tests::migrate_preserves_tags ... ok
[INFO] [stdout] 
[INFO] [stdout] test result: ok. 118 passed; 0 failed; 0 ignored; 0 measured; 0 filtered out; finished in 19.34s
[INFO] [stdout] 
[INFO] [stderr]    Doc-tests secretstash
[INFO] [stdout] 
[INFO] [stdout] running 0 tests
[INFO] [stdout] 
[INFO] [stdout] test result: ok. 0 passed; 0 failed; 0 ignored; 0 measured; 0 filtered out; finished in 0.00s
[INFO] [stdout] 
[INFO] running `Command { std: "docker" "inspect" "eb8c344e69c398d67b60db78bc737783a1fc492f7ce919dffb75d0bd23376127", kill_on_drop: false }`
[INFO] running `Command { std: "docker" "rm" "-f" "eb8c344e69c398d67b60db78bc737783a1fc492f7ce919dffb75d0bd23376127", kill_on_drop: false }`
[INFO] [stdout] eb8c344e69c398d67b60db78bc737783a1fc492f7ce919dffb75d0bd23376127
