[INFO] fetching crate rustledger-importer 0.24.0...
[INFO] testing rustledger-importer-0.24.0 against 1.100.0-beta.1 for beta-1.100-2
[INFO] extracting crate rustledger-importer 0.24.0 into /workspace/builds/worker-1-tc2/source
[INFO] started tweaking crates.io crate rustledger-importer 0.24.0
[INFO] removed 0 missing examples
[INFO] removed 0 missing tests
[INFO] finished tweaking crates.io crate rustledger-importer 0.24.0
[INFO] tweaked toml for crates.io crate rustledger-importer 0.24.0 written to /workspace/builds/worker-1-tc2/source/Cargo.toml
[INFO] validating manifest of crates.io crate rustledger-importer 0.24.0 on toolchain 1.100.0-beta.1
[INFO] running `Command { std: CARGO_HOME="/workspace/cargo-home" RUSTUP_HOME="/workspace/rustup-home" "/workspace/cargo-home/bin/cargo" "+1.100.0-beta.1" "metadata" "--manifest-path" "Cargo.toml" "--no-deps", kill_on_drop: false }`
[INFO] crate crates.io crate rustledger-importer 0.24.0 already has a lockfile, it will not be regenerated
[INFO] running `Command { std: CARGO_HOME="/workspace/cargo-home" RUSTUP_HOME="/workspace/rustup-home" "/workspace/cargo-home/bin/cargo" "+1.100.0-beta.1" "fetch" "--manifest-path" "Cargo.toml", kill_on_drop: false }`
[INFO] running `Command { std: "docker" "create" "-v" "/var/lib/crater-agent-workspace/builds/worker-1-tc2/source:/opt/rustwide/workdir:ro,Z" "-v" "/var/lib/crater-agent-workspace/builds/worker-1-tc2/target:/opt/rustwide/target:rw,Z" "-v" "/var/lib/crater-agent-workspace/cargo-home:/opt/rustwide/cargo-home:ro,Z" "-v" "/var/lib/crater-agent-workspace/rustup-home:/opt/rustwide/rustup-home:ro,Z" "-m" "1610612736" "--network" "none" "ghcr.io/rust-lang/crates-build-env/linux@sha256:3111399a4047eeb3a02b7a90e478d715f38a8c6669b5c4b49d30a17385265909" "sleep" "infinity", kill_on_drop: false }`
[INFO] [stdout] e238b270d961bf3a70ce3f2e1b5864842082bf6baa599bedf289197a0e523d87
[INFO] running `Command { std: "docker" "start" "e238b270d961bf3a70ce3f2e1b5864842082bf6baa599bedf289197a0e523d87", kill_on_drop: false }`
[INFO] running `Command { std: "docker" "inspect" "e238b270d961bf3a70ce3f2e1b5864842082bf6baa599bedf289197a0e523d87", kill_on_drop: false }`
[INFO] running `Command { std: "docker" "exec" "-e" "SOURCE_DIR=/opt/rustwide/workdir" "-e" "CARGO_HOME=/opt/rustwide/cargo-home" "-e" "RUSTUP_HOME=/opt/rustwide/rustup-home" "-e" "CARGO_TARGET_DIR=/opt/rustwide/target" "-w" "/opt/rustwide/workdir" "--user" "0:0" "e238b270d961bf3a70ce3f2e1b5864842082bf6baa599bedf289197a0e523d87" "/opt/rustwide/cargo-home/bin/cargo" "+1.100.0-beta.1" "metadata" "--no-deps" "--format-version=1", kill_on_drop: false }`
[INFO] running `Command { std: "docker" "inspect" "e238b270d961bf3a70ce3f2e1b5864842082bf6baa599bedf289197a0e523d87", kill_on_drop: false }`
[INFO] running `Command { std: "docker" "exec" "-e" "SOURCE_DIR=/opt/rustwide/workdir" "-e" "CARGO_HOME=/opt/rustwide/cargo-home" "-e" "RUSTUP_HOME=/opt/rustwide/rustup-home" "-e" "CARGO_TARGET_DIR=/opt/rustwide/target" "-e" "CARGO_INCREMENTAL=0" "-e" "RUST_BACKTRACE=full" "-e" "RUSTFLAGS=--cap-lints=warn" "-e" "RUSTDOCFLAGS=--cap-lints=warn" "-w" "/opt/rustwide/workdir" "--user" "0:0" "e238b270d961bf3a70ce3f2e1b5864842082bf6baa599bedf289197a0e523d87" "/opt/rustwide/cargo-home/bin/cargo" "+1.100.0-beta.1" "build" "--frozen" "--message-format=json", kill_on_drop: false }`
[INFO] [stderr]    Compiling proc-macro2 v1.0.106
[INFO] [stderr]    Compiling memchr v2.8.2
[INFO] [stderr]    Compiling simdutf8 v0.1.5
[INFO] [stderr]    Compiling rust_decimal v1.42.1
[INFO] [stderr]    Compiling arrayvec v0.7.6
[INFO] [stderr]    Compiling find-msvc-tools v0.1.9
[INFO] [stderr]    Compiling bytemuck v1.25.0
[INFO] [stderr]    Compiling rand_core v0.9.5
[INFO] [stderr]    Compiling num-traits v0.2.19
[INFO] [stderr]    Compiling bitmaps v3.2.1
[INFO] [stderr]    Compiling archery v1.2.2
[INFO] [stderr]    Compiling jiff-core v0.1.0
[INFO] [stderr]    Compiling constant_time_eq v0.4.2
[INFO] [stderr]    Compiling pure-rust-locales v0.8.2
[INFO] [stderr]    Compiling rustledger-importer v0.24.0 (/opt/rustwide/workdir)
[INFO] [stderr]    Compiling log v0.4.32
[INFO] [stderr]    Compiling rand_xoshiro v0.7.0
[INFO] [stderr]    Compiling safe_arch v0.7.4
[INFO] [stderr]    Compiling cc v1.2.64
[INFO] [stderr] warning: rustledger-importer@0.24.0: sample_stub stderr: error: manifest path `tests/fixtures/sample_stub/Cargo.toml` does not exist
[INFO] [stderr] warning: rustledger-importer@0.24.0: cargo build for sample_stub fixture exited exit status: 101; e2e test will skip (local) or panic (CI)
[INFO] [stderr]    Compiling imbl-sized-chunks v0.1.3
[INFO] [stderr]    Compiling aho-corasick v1.1.4
[INFO] [stderr]    Compiling serde_json v1.0.151
[INFO] [stderr]    Compiling csv-core v0.1.13
[INFO] [stderr]    Compiling csv v1.4.0
[INFO] [stderr]    Compiling wide v0.7.33
[INFO] [stderr]    Compiling quote v1.0.45
[INFO] [stderr]    Compiling jiff v0.2.35
[INFO] [stderr]    Compiling syn v2.0.117
[INFO] [stderr]    Compiling syn v3.0.2
[INFO] [stderr]    Compiling blake3 v1.8.7
[INFO] [stderr]    Compiling regex-automata v0.4.16
[INFO] [stderr]    Compiling imbl v7.0.1
[INFO] [stderr]    Compiling serde_derive v1.0.229
[INFO] [stderr]    Compiling rkyv_derive v0.8.18
[INFO] [stderr]    Compiling ptr_meta_derive v0.3.1
[INFO] [stderr]    Compiling bytecheck_derive v0.8.2
[INFO] [stderr]    Compiling munge_macro v0.4.7
[INFO] [stderr]    Compiling rust_decimal_macros v1.40.0
[INFO] [stderr]    Compiling ptr_meta v0.3.1
[INFO] [stderr]    Compiling rancor v0.1.1
[INFO] [stderr]    Compiling regex v1.13.1
[INFO] [stderr]    Compiling bytecheck v0.8.2
[INFO] [stderr]    Compiling munge v0.4.7
[INFO] [stderr]    Compiling rend v0.5.3
[INFO] [stderr]    Compiling serde v1.0.229
[INFO] [stderr]    Compiling rustledger-plugin-types v0.24.0
[INFO] [stderr]    Compiling format_num_pattern v0.9.5
[INFO] [stderr]    Compiling rkyv v0.8.18
[INFO] [stderr]    Compiling rustledger-core v0.24.0
[INFO] [stderr]    Compiling rustledger-ops v0.24.0
[INFO] [stderr]     Finished `dev` profile [unoptimized + debuginfo] target(s) in 25.53s
[INFO] [stderr] warning: the following packages contain code that will be rejected by a future version of Rust: bytecheck v0.8.2, rkyv v0.8.18
[INFO] [stderr] note: to see what the problems were, use the option `--future-incompat-report`, or run `cargo report future-incompatibilities --id 1`
[INFO] running `Command { std: "docker" "inspect" "e238b270d961bf3a70ce3f2e1b5864842082bf6baa599bedf289197a0e523d87", kill_on_drop: false }`
[INFO] running `Command { std: "docker" "exec" "-e" "SOURCE_DIR=/opt/rustwide/workdir" "-e" "CARGO_HOME=/opt/rustwide/cargo-home" "-e" "RUSTUP_HOME=/opt/rustwide/rustup-home" "-e" "CARGO_TARGET_DIR=/opt/rustwide/target" "-e" "CARGO_INCREMENTAL=0" "-e" "RUST_BACKTRACE=full" "-e" "RUSTFLAGS=--cap-lints=warn" "-e" "RUSTDOCFLAGS=--cap-lints=warn" "-w" "/opt/rustwide/workdir" "--user" "0:0" "e238b270d961bf3a70ce3f2e1b5864842082bf6baa599bedf289197a0e523d87" "/opt/rustwide/cargo-home/bin/cargo" "+1.100.0-beta.1" "test" "--frozen" "--no-run" "--message-format=json", kill_on_drop: false }`
[INFO] [stderr]    Compiling zerocopy v0.8.52
[INFO] [stderr]    Compiling rand_xoshiro v0.7.0
[INFO] [stderr]    Compiling rust_decimal v1.42.1
[INFO] [stderr]    Compiling bitflags v2.13.0
[INFO] [stderr]    Compiling leb128fmt v0.1.0
[INFO] [stderr]    Compiling wait-timeout v0.2.1
[INFO] [stderr]    Compiling bumpalo v3.20.3
[INFO] [stderr]    Compiling quick-error v1.2.3
[INFO] [stderr]    Compiling rand_xorshift v0.4.0
[INFO] [stderr]    Compiling rustledger-importer v0.24.0 (/opt/rustwide/workdir)
[INFO] [stderr]    Compiling rand v0.9.4
[INFO] [stderr] warning: rustledger-importer@0.24.0: sample_stub stderr: error: manifest path `tests/fixtures/sample_stub/Cargo.toml` does not exist
[INFO] [stderr] warning: rustledger-importer@0.24.0: cargo build for sample_stub fixture exited exit status: 101; e2e test will skip (local) or panic (CI)
[INFO] [stderr]    Compiling wasm-encoder v0.258.0
[INFO] [stderr]    Compiling rustix v1.1.4
[INFO] [stderr]    Compiling imbl v7.0.1
[INFO] [stderr]    Compiling wast v258.0.0
[INFO] [stderr]    Compiling format_num_pattern v0.9.5
[INFO] [stderr]    Compiling rustledger-core v0.24.0
[INFO] [stderr]    Compiling tempfile v3.27.0
[INFO] [stderr]    Compiling rusty-fork v0.3.1
[INFO] [stderr]    Compiling ppv-lite86 v0.2.21
[INFO] [stderr]    Compiling rand_chacha v0.9.0
[INFO] [stderr]    Compiling proptest v1.11.0
[INFO] [stderr]    Compiling rustledger-ops v0.24.0
[INFO] [stderr]    Compiling wat v1.258.0
[INFO] [stderr]     Finished `test` profile [unoptimized + debuginfo] target(s) in 20.20s
[INFO] [stderr] warning: the following packages contain code that will be rejected by a future version of Rust: bytecheck v0.8.2, rkyv v0.8.18
[INFO] [stderr] note: to see what the problems were, use the option `--future-incompat-report`, or run `cargo report future-incompatibilities --id 1`
[INFO] running `Command { std: "docker" "inspect" "e238b270d961bf3a70ce3f2e1b5864842082bf6baa599bedf289197a0e523d87", kill_on_drop: false }`
[INFO] running `Command { std: "docker" "exec" "-e" "SOURCE_DIR=/opt/rustwide/workdir" "-e" "CARGO_HOME=/opt/rustwide/cargo-home" "-e" "RUSTUP_HOME=/opt/rustwide/rustup-home" "-e" "CARGO_TARGET_DIR=/opt/rustwide/target" "-e" "CARGO_INCREMENTAL=0" "-e" "RUST_BACKTRACE=full" "-e" "RUSTFLAGS=--cap-lints=warn" "-e" "RUSTDOCFLAGS=--cap-lints=warn" "-w" "/opt/rustwide/workdir" "--user" "0:0" "e238b270d961bf3a70ce3f2e1b5864842082bf6baa599bedf289197a0e523d87" "/opt/rustwide/cargo-home/bin/cargo" "+1.100.0-beta.1" "test" "--frozen", kill_on_drop: false }`
[INFO] [stderr]    Compiling rustledger-importer v0.24.0 (/opt/rustwide/workdir)
[INFO] [stderr] warning: rustledger-importer@0.24.0: sample_stub stderr: error: manifest path `tests/fixtures/sample_stub/Cargo.toml` does not exist
[INFO] [stderr] warning: rustledger-importer@0.24.0: cargo build for sample_stub fixture exited exit status: 101; e2e test will skip (local) or panic (CI)
[INFO] [stderr]     Finished `test` profile [unoptimized + debuginfo] target(s) in 3.88s
[INFO] [stderr] warning: the following packages contain code that will be rejected by a future version of Rust: bytecheck v0.8.2, rkyv v0.8.18
[INFO] [stderr] note: to see what the problems were, use the option `--future-incompat-report`, or run `cargo report future-incompatibilities --id 1`
[INFO] [stderr]      Running unittests src/lib.rs (/opt/rustwide/target/debug/build/rustledger-importer/a9d420d4eb92dab6/out/rustledger_importer-a9d420d4eb92dab6)
[INFO] [stdout] 
[INFO] [stdout] running 173 tests
[INFO] [stdout] test config::tests::parse_default_drops_currency_symbols_and_grouping ... ok
[INFO] [stdout] test config::tests::parse_default_parens_as_negative ... ok
[INFO] [stdout] test config::tests::parse_default_negative_one_cent ... ok
[INFO] [stdout] test config::tests::parse_default_matches_decimal_from_str_oracle ... ok
[INFO] [stdout] test config::tests::parse_ascii_minus_honored_when_locale_uses_unicode_minus ... ok
[INFO] [stdout] test config::tests::parse_default_one_cent_is_not_ten_cents ... ok
[INFO] [stdout] test config::tests::test_csv_config_builder_account ... ok
[INFO] [stdout] test config::tests::parse_german_locale_swaps_decimal_and_grouping ... ok
[INFO] [stdout] test config::tests::test_column_spec_index ... ok
[INFO] [stdout] test config::tests::test_column_spec_name ... ok
[INFO] [stdout] test config::tests::test_csv_config_builder_amount_column ... ok
[INFO] [stdout] test config::tests::test_csv_config_builder_amount_column_index ... ok
[INFO] [stdout] test config::tests::parse_default_sub_cent ... ok
[INFO] [stdout] test config::tests::test_csv_config_builder_currency ... ok
[INFO] [stdout] test config::tests::parse_default_dr_cr_suffix ... ok
[INFO] [stdout] test config::tests::parse_default_trailing_minus_as_negative ... ok
[INFO] [stdout] test config::tests::test_csv_config_builder_date_column ... ok
[INFO] [stdout] test config::tests::test_csv_config_builder_date_column_index ... ok
[INFO] [stdout] test config::tests::test_csv_config_builder_default ... ok
[INFO] [stdout] test config::tests::test_csv_config_builder_date_format ... ok
[INFO] [stdout] test config::tests::test_csv_config_builder_default_account ... ok
[INFO] [stdout] test config::tests::test_csv_config_builder_has_header ... ok
[INFO] [stdout] test config::tests::test_csv_config_builder_invert_sign ... ok
[INFO] [stdout] test config::tests::test_csv_config_builder_narration_column ... ok
[INFO] [stdout] test config::tests::parse_german_locale_sub_cent ... ok
[INFO] [stdout] test config::tests::test_csv_config_builder_debit_credit_columns ... ok
[INFO] [stdout] test config::tests::test_csv_config_builder_narration_column_index ... ok
[INFO] [stdout] test config::tests::test_csv_config_builder_new ... ok
[INFO] [stdout] test config::tests::test_csv_config_builder_payee_column ... ok
[INFO] [stdout] test config::tests::test_csv_config_builder_payee_column_index ... ok
[INFO] [stdout] test config::tests::parse_default_zero_amount_succeeds ... ok
[INFO] [stdout] test config::tests::test_importer_config_csv ... ok
[INFO] [stdout] test csv_importer::tests::test_csv_import_column_index_out_of_bounds ... ok
[INFO] [stdout] test config::tests::test_csv_config_builder_delimiter ... ok
[INFO] [stdout] test config::tests::test_csv_config_builder_skip_rows ... ok
[INFO] [stdout] test config::tests::test_csv_config_builder_full_chain ... ok
[INFO] [stdout] test config::tests::test_csv_config_default ... ok
[INFO] [stdout] test config::tests::test_importer_config_extract_from_string ... ok
[INFO] [stdout] test csv_importer::tests::test_csv_import_empty_payee_filtered ... ok
[INFO] [stdout] test csv_importer::tests::test_csv_import_basic ... ok
[INFO] [stdout] test csv_importer::tests::test_csv_import_invalid_date_generates_warning ... ok
[INFO] [stdout] test csv_importer::tests::test_csv_import_custom_default_income ... ok
[INFO] [stdout] test csv_importer::tests::test_csv_import_column_by_index ... ok
[INFO] [stdout] test csv_importer::tests::test_csv_import_debit_credit_columns ... ok
[INFO] [stdout] test csv_importer::tests::test_csv_import_empty_date_skips_row ... ok
[INFO] [stdout] test csv_importer::tests::test_csv_import_comma_thousands ... ok
[INFO] [stdout] test csv_importer::tests::test_csv_import_default_currency ... ok
[INFO] [stdout] test csv_importer::tests::test_csv_import_income_contra_account ... ok
[INFO] [stdout] test csv_importer::tests::test_csv_import_credit_only_column ... ok
[INFO] [stdout] test csv_importer::tests::test_csv_import_empty_debit_credit ... ok
[INFO] [stdout] test csv_importer::tests::test_csv_import_custom_default_expense ... ok
[INFO] [stdout] test csv_importer::tests::test_csv_import_preserves_secondary_date ... ok
[INFO] [stdout] test csv_importer::tests::test_csv_import_parentheses_negative ... ok
[INFO] [stdout] test csv_importer::tests::test_csv_import_malformed_debit_or_credit_warns ... ok
[INFO] [stdout] test csv_importer::tests::test_csv_import_empty_csv ... ok
[INFO] [stdout] test csv_importer::tests::test_csv_import_missing_column_error ... ok
[INFO] [stdout] test csv_importer::tests::test_csv_import_invert_sign ... ok
[INFO] [stdout] test csv_importer::tests::test_csv_import_mappings_case_insensitive ... ok
[INFO] [stdout] test csv_importer::tests::test_csv_import_semicolon_delimiter ... ok
[INFO] [stdout] test csv_importer::tests::test_csv_import_mappings_payee_priority ... ok
[INFO] [stdout] test csv_importer::tests::test_csv_import_missing_currency_column_warns_not_silent ... ok
[INFO] [stdout] test csv_importer::tests::test_csv_import_no_amount_column_error ... ok
[INFO] [stdout] test config::tests::parse_default_round_trips_through_display ... ok
[INFO] [stdout] test csv_importer::tests::test_csv_import_debit_only_column ... ok
[INFO] [stdout] test csv_importer::tests::test_csv_import_with_currency_symbol ... ok
[INFO] [stdout] test csv_importer::tests::test_csv_import_with_payee ... ok
[INFO] [stdout] test csv_importer::tests::test_csv_importer_new ... ok
[INFO] [stdout] test csv_importer::tests::test_csv_import_skip_rows ... ok
[INFO] [stdout] test csv_importer::tests::test_enriched_confidence_mapping_match_vs_default ... ok
[INFO] [stdout] test csv_importer::tests::test_csv_import_zero_amount_skips_row ... ok
[INFO] [stdout] test csv_importer::tests::test_enriched_extraction_basic ... ok
[INFO] [stdout] test csv_inference::tests::detect_comma_delimiter ... ok
[INFO] [stdout] test csv_importer::tests::test_csv_import_with_mappings ... ok
[INFO] [stdout] test csv_importer::tests::test_parse_custom_format ... ok
[INFO] [stdout] test csv_importer::tests::test_enriched_warnings_propagated ... ok
[INFO] [stdout] test csv_inference::tests::detect_no_header ... ok
[INFO] [stdout] test csv_inference::tests::detect_semicolon_delimiter ... ok
[INFO] [stdout] test csv_inference::tests::detect_tab_delimiter ... ok
[INFO] [stdout] test csv_importer::tests::test_parse_money_string ... ok
[INFO] [stdout] test csv_inference::tests::infer_comma_decimal_locale ... ok
[INFO] [stdout] test csv_inference::tests::infer_currency_column_not_stolen_as_narration ... ok
[INFO] [stdout] test csv_importer::tests::test_parse_money_string_edge_cases ... ok
[INFO] [stdout] test csv_importer::tests::test_csv_import_zero_amount_preserved_when_opted_in ... ok
[INFO] [stdout] test csv_inference::tests::header_to_meta_key_slugifies ... ok
[INFO] [stdout] test csv_inference::tests::infer_debit_credit_columns ... ok
[INFO] [stdout] test csv_inference::tests::infer_period_decimal_locale_is_none ... ok
[INFO] [stdout] test csv_inference::tests::infer_comma_decimal_with_currency_suffix ... ok
[INFO] [stdout] test csv_inference::tests::infer_detects_currency_column ... ok
[INFO] [stdout] test csv_inference::tests::infer_empty_content_returns_none ... ok
[INFO] [stdout] test csv_inference::tests::infer_comma_delimited_grouped_integers_stay_posix ... ok
[INFO] [stdout] test csv_inference::tests::infer_preserves_secondary_date_column ... ok
[INFO] [stdout] test csv_inference::tests::infer_single_row_returns_none ... ok
[INFO] [stdout] test csv_inference::tests::infer_semicolon_csv ... ok
[INFO] [stdout] test csv_inference::tests::infer_us_date_format ... ok
[INFO] [stdout] test csv_inference::tests::infer_semicolon_grouped_integers_break_to_european ... ok
[INFO] [stdout] test csv_inference::tests::infer_semicolon_with_firm_period_decimal_stays_posix ... ok
[INFO] [stdout] test csv_inference::tests::infer_with_payee_column ... ok
[INFO] [stdout] test csv_inference::tests::infer_simple_csv ... ok
[INFO] [stdout] test ofx_importer::tests::a_statement_with_neither_message_set_does_not_warn ... ok
[INFO] [stdout] test ofx_importer::tests::account_kind_mismatch_only_fires_on_a_recognized_contradiction ... ok
[INFO] [stdout] test csv_inference::tests::infer_thousands_comma_not_mistaken_for_decimal ... ok
[INFO] [stdout] test csv_inference::tests::looks_like_number_positive ... ok
[INFO] [stdout] test csv_inference::tests::single_date_column_has_no_secondary ... ok
[INFO] [stdout] test ofx_importer::tests::a_mixed_file_does_not_warn ... ok
[INFO] [stdout] test ofx_importer::tests::bank_statement_into_a_liability_account_warns ... ok
[INFO] [stdout] test ofx_importer::tests::credit_card_statement_into_an_asset_account_warns ... ok
[INFO] [stdout] test csv_inference::tests::inferred_to_csv_config ... ok
[INFO] [stdout] test csv_importer::tests::test_csv_import_empty_mappings ... ok
[INFO] [stdout] test csv_inference::tests::infer_does_not_steal_running_balance_as_credit ... ok
[INFO] [stdout] test csv_inference::tests::detect_header_with_keywords ... ok
[INFO] [stdout] test ofx_importer::tests::creditline_acct_type_is_a_liability ... ok
[INFO] [stdout] test csv_inference::tests::looks_like_number_negative ... ok
[INFO] [stdout] test csv_importer::tests::test_csv_import_per_row_currency_column ... ok
[INFO] [stdout] test ofx_importer::tests::test_native_2x_xml_with_entities_and_self_closing ... ok
[INFO] [stdout] test csv_importer::tests::test_csv_import_with_special_locale ... ok
[INFO] [stdout] test ofx_importer::tests::detect_statement_kind_reads_both_signals ... ok
[INFO] [stdout] test ofx_importer::tests::test_native_date_is_local_not_utc ... ok
[INFO] [stdout] test ofx_importer::tests::matching_accounts_do_not_warn ... ok
[INFO] [stdout] test ofx_importer::tests::test_native_2x_credit_card ... ok
[INFO] [stdout] test ofx_importer::tests::test_native_1x_sparse_headers ... ok
[INFO] [stdout] test ofx_importer::tests::test_native_malformed_amount_warns ... ok
[INFO] [stdout] test ofx_importer::tests::test_native_leaf_and_helpers ... ok
[INFO] [stdout] test ofx_importer::tests::test_native_sgml_without_aggregate_close_tags ... ok
[INFO] [stdout] test ofx_importer::tests::test_native_transaction_cursym_overrides_statement ... ok
[INFO] [stdout] test ofx_importer::tests::test_native_origcurrency_does_not_override ... ok
[INFO] [stdout] test ofx_importer::tests::test_ofx_importer_credit_card ... ok
[INFO] [stdout] test ofx_importer::tests::test_ofx_importer_extract_nonexistent_file ... ok
[INFO] [stdout] test csv_importer::tests::test_csv_import_with_positive_amount_sign ... ok
[INFO] [stdout] test ofx_importer::tests::test_ofx_importer_description ... ok
[INFO] [stdout] test ofx_importer::tests::test_ofx_importer_empty_bank_list ... ok
[INFO] [stdout] test ofx_importer::tests::test_ofx_importer_identify ... ok
[INFO] [stdout] test ofx_importer::tests::test_ofx_importer_identify_no_extension ... ok
[INFO] [stdout] test ofx_importer::tests::test_ofx_importer_missing_currency_errors ... ok
[INFO] [stdout] test ofx_importer::tests::test_ofx_importer_income_transaction ... ok
[INFO] [stdout] test ofx_importer::tests::test_native_multi_statement_currency ... ok
[INFO] [stdout] test ofx_importer::tests::test_ofx_importer_invalid_content ... ok
[INFO] [stdout] test registry::tests::test_find_by_name_case_insensitive_exact_or_slash_part ... ok
[INFO] [stdout] test registry::tests::test_registry_default ... ok
[INFO] [stdout] test registry::tests::test_registry_basic ... ok
[INFO] [stdout] test registry::tests::test_registry_empty_list_importers ... ok
[INFO] [stdout] test registry::tests::test_registry_extract_unknown_file ... ok
[INFO] [stdout] test ofx_importer::tests::test_native_no_name_no_memo ... ok
[INFO] [stdout] test tests::test_directive_fingerprint_none_for_non_transaction ... ok
[INFO] [stdout] test registry::tests::test_with_builtins_seeds_registry ... ok
[INFO] [stdout] test ofx_importer::tests::test_ofx_importer_name ... ok
[INFO] [stdout] test registry::tests::test_registry_identify ... ok
[INFO] [stdout] test ofx_importer::tests::test_ofx_importer_transaction_memo_only ... ok
[INFO] [stdout] test registry::tests::test_registry_identify_returns_first_match ... ok
[INFO] [stdout] test tests::test_directive_fingerprint_for_transaction ... ok
[INFO] [stdout] test ofx_importer::tests::test_ofx_importer_transaction_name_only ... ok
[INFO] [stdout] test registry::tests::test_registry_list_importers ... ok
[INFO] [stdout] test ofx_importer::tests::test_ofx_importer_extract ... ok
[INFO] [stdout] test ofx_importer::tests::unrecognized_account_root_does_not_warn ... ok
[INFO] [stdout] test tests::test_enriched_import_result_new ... ok
[INFO] [stdout] test ofx_importer::tests::the_warning_does_not_suppress_transactions ... ok
[INFO] [stdout] test tests::test_import_result_clone ... ok
[INFO] [stdout] test tests::test_import_result_debug ... ok
[INFO] [stdout] test tests::test_enriched_import_result_with_warning ... ok
[INFO] [stdout] test tests::test_import_result_empty ... ok
[INFO] [stdout] test tests::test_import_result_multiple_warnings ... ok
[INFO] [stdout] test tests::test_enriched_into_import_result ... ok
[INFO] [stdout] test tests::test_enriched_import_result_multiple_warnings ... ok
[INFO] [stdout] test tests::test_import_result_with_directives ... ok
[INFO] [stdout] test tests::test_import_result_with_warning ... ok
[INFO] [stdout] test tests::test_enriched_from_into_import_result ... ok
[INFO] [stdout] test tests::test_extract_from_string_empty_csv ... ok
[INFO] [stdout] test tests::test_extract_from_string_csv ... ok
[INFO] [stdout] test tests::test_import_result_new ... ok
[INFO] [stdout] test tests::test_enriched_import_result_empty ... ok
[INFO] [stdout] test tests::test_enriched_import_result_debug_and_clone ... ok
[INFO] [stdout] test csv_importer::tests::test_regex_mappings_categorize_on_plain_path_and_match_enriched ... ok
[INFO] [stdout] test csv_importer::tests::test_enriched_merchant_dict_categorization ... ok
[INFO] [stdout] test csv_importer::tests::test_merchant_dict_categorizes_account_when_enabled ... ok
[INFO] [stderr]      Running tests/csv_amount_fixtures.rs (/opt/rustwide/target/debug/build/rustledger-importer/c71e00c92f1059e5/out/csv_amount_fixtures-c71e00c92f1059e5)
[INFO] [stdout] 
[INFO] [stdout] test result: ok. 173 passed; 0 failed; 0 ignored; 0 measured; 0 filtered out; finished in 0.22s
[INFO] [stdout] 
[INFO] [stdout] 
[INFO] [stdout] running 1 test
[INFO] [stderr]      Running tests/ofx_amount_fixtures.rs (/opt/rustwide/target/debug/build/rustledger-importer/d8356299fd17b980/out/ofx_amount_fixtures-d8356299fd17b980)
[INFO] [stdout] test realistic_bank_export_parses_every_amount_correctly ... ok
[INFO] [stdout] 
[INFO] [stdout] test result: ok. 1 passed; 0 failed; 0 ignored; 0 measured; 0 filtered out; finished in 0.00s
[INFO] [stdout] 
[INFO] [stdout] 
[INFO] [stdout] running 4 tests
[INFO] [stdout] test ofx_preserves_normal_amounts ... ok
[INFO] [stdout] test ofx_negative_routes_to_expenses_positive_to_income ... ok
[INFO] [stdout] test ofx_preserves_sub_cent_amounts ... ok
[INFO] [stdout] test ofx_preserves_zero_amount ... ok
[INFO] [stdout] 
[INFO] [stdout] test result: ok. 4 passed; 0 failed; 0 ignored; 0 measured; 0 filtered out; finished in 0.00s
[INFO] [stdout] 
[INFO] [stderr]      Running tests/wasm_importer_e2e.rs (/opt/rustwide/target/debug/build/rustledger-importer/dac28b34e1310581/out/wasm_importer_e2e-dac28b34e1310581)
[INFO] [stdout] 
[INFO] [stdout] running 0 tests
[INFO] [stdout] 
[INFO] [stdout] test result: ok. 0 passed; 0 failed; 0 ignored; 0 measured; 0 filtered out; finished in 0.00s
[INFO] [stdout] 
[INFO] [stderr]    Doc-tests rustledger_importer
[INFO] [stdout] 
[INFO] [stdout] running 1 test
[INFO] [stdout] test src/lib.rs - (line 13) - compile ... ok
[INFO] [stdout] 
[INFO] [stdout] test result: ok. 1 passed; 0 failed; 0 ignored; 0 measured; 0 filtered out; finished in 0.00s
[INFO] [stdout] 
[INFO] [stdout] all doctests ran in 0.63s; merged doctests compilation took 0.62s
[INFO] running `Command { std: "docker" "inspect" "e238b270d961bf3a70ce3f2e1b5864842082bf6baa599bedf289197a0e523d87", kill_on_drop: false }`
[INFO] running `Command { std: "docker" "rm" "-f" "e238b270d961bf3a70ce3f2e1b5864842082bf6baa599bedf289197a0e523d87", kill_on_drop: false }`
[INFO] [stdout] e238b270d961bf3a70ce3f2e1b5864842082bf6baa599bedf289197a0e523d87
