[INFO] fetching crate pwf-wire 0.3.0...
[INFO] testing pwf-wire-0.3.0 against 1.100.0-beta.1 for beta-1.100-2
[INFO] extracting crate pwf-wire 0.3.0 into /workspace/builds/worker-2-tc2/source
[INFO] started tweaking crates.io crate pwf-wire 0.3.0
[INFO] finished tweaking crates.io crate pwf-wire 0.3.0
[INFO] tweaked toml for crates.io crate pwf-wire 0.3.0 written to /workspace/builds/worker-2-tc2/source/Cargo.toml
[INFO] validating manifest of crates.io crate pwf-wire 0.3.0 on toolchain 1.100.0-beta.1
[INFO] running `Command { std: CARGO_HOME="/workspace/cargo-home" RUSTUP_HOME="/workspace/rustup-home" "/workspace/cargo-home/bin/cargo" "+1.100.0-beta.1" "metadata" "--manifest-path" "Cargo.toml" "--no-deps", kill_on_drop: false }`
[INFO] crate crates.io crate pwf-wire 0.3.0 already has a lockfile, it will not be regenerated
[INFO] running `Command { std: CARGO_HOME="/workspace/cargo-home" RUSTUP_HOME="/workspace/rustup-home" "/workspace/cargo-home/bin/cargo" "+1.100.0-beta.1" "fetch" "--manifest-path" "Cargo.toml", kill_on_drop: false }`
[INFO] [stderr]     Blocking waiting for file lock on package cache
[INFO] [stderr]     Blocking waiting for file lock on package cache
[ERROR] error running command: no output for 300 seconds
[INFO] testing pwf-wire-0.3.0 against 1.100.0-beta.1 for beta-1.100-2
[INFO] extracting crate pwf-wire 0.3.0 into /workspace/builds/worker-2-tc2/source
[INFO] started tweaking crates.io crate pwf-wire 0.3.0
[INFO] finished tweaking crates.io crate pwf-wire 0.3.0
[INFO] tweaked toml for crates.io crate pwf-wire 0.3.0 written to /workspace/builds/worker-2-tc2/source/Cargo.toml
[INFO] validating manifest of crates.io crate pwf-wire 0.3.0 on toolchain 1.100.0-beta.1
[INFO] running `Command { std: CARGO_HOME="/workspace/cargo-home" RUSTUP_HOME="/workspace/rustup-home" "/workspace/cargo-home/bin/cargo" "+1.100.0-beta.1" "metadata" "--manifest-path" "Cargo.toml" "--no-deps", kill_on_drop: false }`
[INFO] crate crates.io crate pwf-wire 0.3.0 already has a lockfile, it will not be regenerated
[INFO] running `Command { std: CARGO_HOME="/workspace/cargo-home" RUSTUP_HOME="/workspace/rustup-home" "/workspace/cargo-home/bin/cargo" "+1.100.0-beta.1" "fetch" "--manifest-path" "Cargo.toml", kill_on_drop: false }`
[INFO] [stderr]     Blocking waiting for file lock on package cache
[INFO] [stderr]     Blocking waiting for file lock on package cache
[ERROR] error running command: no output for 300 seconds
[INFO] testing pwf-wire-0.3.0 against 1.100.0-beta.1 for beta-1.100-2
[INFO] extracting crate pwf-wire 0.3.0 into /workspace/builds/worker-2-tc2/source
[INFO] started tweaking crates.io crate pwf-wire 0.3.0
[INFO] finished tweaking crates.io crate pwf-wire 0.3.0
[INFO] tweaked toml for crates.io crate pwf-wire 0.3.0 written to /workspace/builds/worker-2-tc2/source/Cargo.toml
[INFO] validating manifest of crates.io crate pwf-wire 0.3.0 on toolchain 1.100.0-beta.1
[INFO] running `Command { std: CARGO_HOME="/workspace/cargo-home" RUSTUP_HOME="/workspace/rustup-home" "/workspace/cargo-home/bin/cargo" "+1.100.0-beta.1" "metadata" "--manifest-path" "Cargo.toml" "--no-deps", kill_on_drop: false }`
[INFO] crate crates.io crate pwf-wire 0.3.0 already has a lockfile, it will not be regenerated
[INFO] running `Command { std: CARGO_HOME="/workspace/cargo-home" RUSTUP_HOME="/workspace/rustup-home" "/workspace/cargo-home/bin/cargo" "+1.100.0-beta.1" "fetch" "--manifest-path" "Cargo.toml", kill_on_drop: false }`
[INFO] [stderr]     Blocking waiting for file lock on package cache
[INFO] [stderr]     Blocking waiting for file lock on package cache
[ERROR] error running command: no output for 300 seconds
[INFO] testing pwf-wire-0.3.0 against 1.100.0-beta.1 for beta-1.100-2
[INFO] extracting crate pwf-wire 0.3.0 into /workspace/builds/worker-2-tc2/source
[INFO] started tweaking crates.io crate pwf-wire 0.3.0
[INFO] finished tweaking crates.io crate pwf-wire 0.3.0
[INFO] tweaked toml for crates.io crate pwf-wire 0.3.0 written to /workspace/builds/worker-2-tc2/source/Cargo.toml
[INFO] validating manifest of crates.io crate pwf-wire 0.3.0 on toolchain 1.100.0-beta.1
[INFO] running `Command { std: CARGO_HOME="/workspace/cargo-home" RUSTUP_HOME="/workspace/rustup-home" "/workspace/cargo-home/bin/cargo" "+1.100.0-beta.1" "metadata" "--manifest-path" "Cargo.toml" "--no-deps", kill_on_drop: false }`
[INFO] crate crates.io crate pwf-wire 0.3.0 already has a lockfile, it will not be regenerated
[INFO] running `Command { std: CARGO_HOME="/workspace/cargo-home" RUSTUP_HOME="/workspace/rustup-home" "/workspace/cargo-home/bin/cargo" "+1.100.0-beta.1" "fetch" "--manifest-path" "Cargo.toml", kill_on_drop: false }`
[INFO] [stderr]     Blocking waiting for file lock on package cache
[INFO] [stderr]     Blocking waiting for file lock on package cache
[ERROR] error running command: no output for 300 seconds
[INFO] testing pwf-wire-0.3.0 against 1.100.0-beta.1 for beta-1.100-2
[INFO] extracting crate pwf-wire 0.3.0 into /workspace/builds/worker-2-tc2/source
[INFO] started tweaking crates.io crate pwf-wire 0.3.0
[INFO] finished tweaking crates.io crate pwf-wire 0.3.0
[INFO] tweaked toml for crates.io crate pwf-wire 0.3.0 written to /workspace/builds/worker-2-tc2/source/Cargo.toml
[INFO] validating manifest of crates.io crate pwf-wire 0.3.0 on toolchain 1.100.0-beta.1
[INFO] running `Command { std: CARGO_HOME="/workspace/cargo-home" RUSTUP_HOME="/workspace/rustup-home" "/workspace/cargo-home/bin/cargo" "+1.100.0-beta.1" "metadata" "--manifest-path" "Cargo.toml" "--no-deps", kill_on_drop: false }`
[INFO] crate crates.io crate pwf-wire 0.3.0 already has a lockfile, it will not be regenerated
[INFO] running `Command { std: CARGO_HOME="/workspace/cargo-home" RUSTUP_HOME="/workspace/rustup-home" "/workspace/cargo-home/bin/cargo" "+1.100.0-beta.1" "fetch" "--manifest-path" "Cargo.toml", kill_on_drop: false }`
[INFO] [stderr]     Blocking waiting for file lock on package cache
[INFO] [stderr]     Blocking waiting for file lock on package cache
[INFO] [stderr]  Downloading crates ...
[INFO] [stderr]   Downloaded tonic-prost v0.14.6
[INFO] [stderr]   Downloaded prost-derive v0.14.4
[INFO] [stderr]   Downloaded prost v0.14.4
[INFO] [stderr]   Downloaded pwf-models v0.3.0
[INFO] [stderr]   Downloaded defmt-parser v1.0.0
[INFO] [stderr]   Downloaded tonic v0.14.6
[INFO] [stderr]   Downloaded jiff-static v0.2.35
[INFO] [stderr]   Downloaded kinded v0.5.0
[INFO] [stderr]   Downloaded defmt-macros v1.1.1
[INFO] [stderr]   Downloaded nutype v0.7.0
[INFO] [stderr]   Downloaded kinded_macros v0.5.0
[INFO] [stderr]   Downloaded defmt v1.1.1
[INFO] [stderr]   Downloaded jiff-tzdb v0.1.8
[INFO] [stderr]   Downloaded nutype_macros v0.7.0
[INFO] [stderr]   Downloaded jiff-core v0.1.0
[INFO] [stderr]   Downloaded portable-atomic v1.14.0
[INFO] [stderr]   Downloaded jiff v0.2.35
[INFO] running `Command { std: "docker" "create" "-v" "/var/lib/crater-agent-workspace/builds/worker-2-tc2/source:/opt/rustwide/workdir:ro,Z" "-v" "/var/lib/crater-agent-workspace/builds/worker-2-tc2/target:/opt/rustwide/target:rw,Z" "-v" "/var/lib/crater-agent-workspace/cargo-home:/opt/rustwide/cargo-home:ro,Z" "-v" "/var/lib/crater-agent-workspace/rustup-home:/opt/rustwide/rustup-home:ro,Z" "-m" "1610612736" "--network" "none" "ghcr.io/rust-lang/crates-build-env/linux@sha256:3111399a4047eeb3a02b7a90e478d715f38a8c6669b5c4b49d30a17385265909" "sleep" "infinity", kill_on_drop: false }`
[INFO] [stdout] d84c4cd3b4686f5a516256c1882c1f63521fd7432fad0478ebaae866fe90f28f
[INFO] running `Command { std: "docker" "start" "d84c4cd3b4686f5a516256c1882c1f63521fd7432fad0478ebaae866fe90f28f", kill_on_drop: false }`
[INFO] running `Command { std: "docker" "inspect" "d84c4cd3b4686f5a516256c1882c1f63521fd7432fad0478ebaae866fe90f28f", kill_on_drop: false }`
[INFO] running `Command { std: "docker" "exec" "-e" "SOURCE_DIR=/opt/rustwide/workdir" "-e" "CARGO_HOME=/opt/rustwide/cargo-home" "-e" "RUSTUP_HOME=/opt/rustwide/rustup-home" "-e" "CARGO_TARGET_DIR=/opt/rustwide/target" "-w" "/opt/rustwide/workdir" "--user" "0:0" "d84c4cd3b4686f5a516256c1882c1f63521fd7432fad0478ebaae866fe90f28f" "/opt/rustwide/cargo-home/bin/cargo" "+1.100.0-beta.1" "metadata" "--no-deps" "--format-version=1", kill_on_drop: false }`
[INFO] running `Command { std: "docker" "inspect" "d84c4cd3b4686f5a516256c1882c1f63521fd7432fad0478ebaae866fe90f28f", kill_on_drop: false }`
[INFO] running `Command { std: "docker" "exec" "-e" "SOURCE_DIR=/opt/rustwide/workdir" "-e" "CARGO_HOME=/opt/rustwide/cargo-home" "-e" "RUSTUP_HOME=/opt/rustwide/rustup-home" "-e" "CARGO_TARGET_DIR=/opt/rustwide/target" "-e" "CARGO_INCREMENTAL=0" "-e" "RUST_BACKTRACE=full" "-e" "RUSTFLAGS=--cap-lints=warn" "-e" "RUSTDOCFLAGS=--cap-lints=warn" "-w" "/opt/rustwide/workdir" "--user" "0:0" "d84c4cd3b4686f5a516256c1882c1f63521fd7432fad0478ebaae866fe90f28f" "/opt/rustwide/cargo-home/bin/cargo" "+1.100.0-beta.1" "build" "--frozen" "--message-format=json", kill_on_drop: false }`
[INFO] [stderr]    Compiling proc-macro2 v1.0.106
[INFO] [stderr]    Compiling quote v1.0.46
[INFO] [stderr]    Compiling semver v1.0.28
[INFO] [stderr]    Compiling either v1.17.0
[INFO] [stderr]    Compiling urlencoding v2.1.3
[INFO] [stderr]    Compiling thiserror v2.0.19
[INFO] [stderr]    Compiling cfg-if v1.0.4
[INFO] [stderr]    Compiling convert_case v0.11.0
[INFO] [stderr]    Compiling anyhow v1.0.104
[INFO] [stderr]    Compiling tokio v1.53.1
[INFO] [stderr]    Compiling jiff-core v0.1.0
[INFO] [stderr]    Compiling rustc_version v0.4.1
[INFO] [stderr]    Compiling itertools v0.14.0
[INFO] [stderr]    Compiling nutype_macros v0.7.0
[INFO] [stderr]    Compiling tokio-stream v0.1.19
[INFO] [stderr]    Compiling syn v2.0.118
[INFO] [stderr]    Compiling syn v3.0.3
[INFO] [stderr]    Compiling jiff v0.2.35
[INFO] [stderr]    Compiling thiserror-impl v2.0.19
[INFO] [stderr]    Compiling async-trait v0.1.92
[INFO] [stderr]    Compiling serde_derive v1.0.229
[INFO] [stderr]    Compiling kinded_macros v0.5.0
[INFO] [stderr]    Compiling pin-project-internal v1.1.13
[INFO] [stderr]    Compiling tracing-attributes v0.1.31
[INFO] [stderr]    Compiling prost-derive v0.14.4
[INFO] [stderr]    Compiling kinded v0.5.0
[INFO] [stderr]    Compiling pin-project v1.1.13
[INFO] [stderr]    Compiling tracing v0.1.44
[INFO] [stderr]    Compiling tonic v0.14.6
[INFO] [stderr]    Compiling prost v0.14.4
[INFO] [stderr]    Compiling serde v1.0.229
[INFO] [stderr]    Compiling tonic-prost v0.14.6
[INFO] [stderr]    Compiling nutype v0.7.0
[INFO] [stderr]    Compiling pwf-models v0.3.0
[INFO] [stderr]    Compiling pwf-wire v0.3.0 (/opt/rustwide/workdir)
[INFO] [stderr]     Finished `dev` profile [unoptimized + debuginfo] target(s) in 22.81s
[INFO] running `Command { std: "docker" "inspect" "d84c4cd3b4686f5a516256c1882c1f63521fd7432fad0478ebaae866fe90f28f", kill_on_drop: false }`
[INFO] running `Command { std: "docker" "exec" "-e" "SOURCE_DIR=/opt/rustwide/workdir" "-e" "CARGO_HOME=/opt/rustwide/cargo-home" "-e" "RUSTUP_HOME=/opt/rustwide/rustup-home" "-e" "CARGO_TARGET_DIR=/opt/rustwide/target" "-e" "CARGO_INCREMENTAL=0" "-e" "RUST_BACKTRACE=full" "-e" "RUSTFLAGS=--cap-lints=warn" "-e" "RUSTDOCFLAGS=--cap-lints=warn" "-w" "/opt/rustwide/workdir" "--user" "0:0" "d84c4cd3b4686f5a516256c1882c1f63521fd7432fad0478ebaae866fe90f28f" "/opt/rustwide/cargo-home/bin/cargo" "+1.100.0-beta.1" "test" "--frozen" "--no-run" "--message-format=json", kill_on_drop: false }`
[INFO] [stderr]    Compiling pwf-wire v0.3.0 (/opt/rustwide/workdir)
[INFO] [stderr]     Finished `test` profile [unoptimized + debuginfo] target(s) in 4.62s
[INFO] running `Command { std: "docker" "inspect" "d84c4cd3b4686f5a516256c1882c1f63521fd7432fad0478ebaae866fe90f28f", kill_on_drop: false }`
[INFO] running `Command { std: "docker" "exec" "-e" "SOURCE_DIR=/opt/rustwide/workdir" "-e" "CARGO_HOME=/opt/rustwide/cargo-home" "-e" "RUSTUP_HOME=/opt/rustwide/rustup-home" "-e" "CARGO_TARGET_DIR=/opt/rustwide/target" "-e" "CARGO_INCREMENTAL=0" "-e" "RUST_BACKTRACE=full" "-e" "RUSTFLAGS=--cap-lints=warn" "-e" "RUSTDOCFLAGS=--cap-lints=warn" "-w" "/opt/rustwide/workdir" "--user" "0:0" "d84c4cd3b4686f5a516256c1882c1f63521fd7432fad0478ebaae866fe90f28f" "/opt/rustwide/cargo-home/bin/cargo" "+1.100.0-beta.1" "test" "--frozen", kill_on_drop: false }`
[INFO] [stderr]     Finished `test` profile [unoptimized + debuginfo] target(s) in 0.12s
[INFO] [stderr]      Running unittests src/lib.rs (/opt/rustwide/target/debug/build/pwf-wire/a6c6ed3dd8b8e060/out/pwf_wire-a6c6ed3dd8b8e060)
[INFO] [stdout] 
[INFO] [stdout] running 32 tests
[INFO] [stdout] test patch_field::tests::updates_are_consumed_in_constant_expressions ... ok
[INFO] [stdout] test proto::project::tests::update_project_request_accepts_each_snapshot_choice_without_other_updates ... ok
[INFO] [stdout] test proto::project::tests::update_project_request_requires_one_valid_source_update ... ok
[INFO] [stdout] test proto::task::get::tests::get_task_decoding_preserves_absence_and_placeholder_bodies ... ok
[INFO] [stdout] test proto::session::tests::request_mapping_preserves_multi_task_input_order ... ok
[INFO] [stdout] test proto::task::request::tests::task_read_requests_consume_ids_and_preserve_shorthand ... ok
[INFO] [stdout] test proto::note::tests::append_requires_at_least_one_collection_value ... ok
[INFO] [stdout] test patch_field::tests::moving_updates_preserves_allocations_and_drops_each_value_once ... ok
[INFO] [stdout] test proto::task::get::tests::task_conversion_moves_owned_string_allocations ... ok
[INFO] [stdout] test proto::session::tests::request_mapping_rejects_invalid_collections ... ok
[INFO] [stdout] test proto::note::tests::partial_edits_decode_explicit_presence_and_collection_operations ... ok
[INFO] [stdout] test proto::task::response::tests::task_dag_response_rejects_an_invalid_task_id ... ok
[INFO] [stdout] test task::dag::tests::task_dag_rejects_a_root_without_a_task_node ... ok
[INFO] [stdout] test task::dag::tests::task_dag_rejects_an_edge_outside_its_node_collection ... ok
[INFO] [stdout] test task::dag::tests::task_dag_rejects_duplicate_task_nodes ... ok
[INFO] [stdout] test task::dag::tests::task_dag_rejects_cycles ... ok
[INFO] [stdout] test task::tests::add_body_variants_preserve_authored_content ... ok
[INFO] [stdout] test task::dag::tests::task_dag_rejects_duplicate_edges ... ok
[INFO] [stdout] test proto::task::response::tests::task_dag_response_rejects_an_invalid_task_status ... ok
[INFO] [stdout] test proto::task::response::tests::task_dag_response_decodes_to_native_values ... ok
[INFO] [stdout] test proto::task::get::tests::get_task_round_trip_retains_semantic_fields_and_full_timestamps ... ok
[INFO] [stdout] test proto::task::response::tests::task_dag_response_rejects_an_empty_node ... ok
[INFO] [stdout] test set_field::tests::omission_preserves_the_value_and_replacement_moves_its_allocation ... ok
[INFO] [stdout] test task::list::tests::backlog_is_hidden_by_default_but_remains_an_unresolved_blocker ... ok
[INFO] [stdout] test task::dag::tests::task_dag_rejects_collection_limits ... ok
[INFO] [stdout] test task::tests::sections_reject_blank_and_multiline_values ... ok
[INFO] [stdout] test task::dag::tests::task_dag_rejects_nodes_disconnected_from_the_root ... ok
[INFO] [stdout] test task::tests::sections_trim_outer_whitespace_and_preserve_literal_markers ... ok
[INFO] [stdout] test task::tests::shorthand_trims_outer_whitespace_and_accepts_empty_input ... ok
[INFO] [stdout] test proto::task::get::tests::get_task_decoding_rejects_invalid_boundary_values ... ok
[INFO] [stdout] test task::tests::edit_contracts_reject_empty_shapes ... ok
[INFO] [stdout] test proto::note::tests::empty_edit_is_rejected ... ok
[INFO] [stdout] 
[INFO] [stdout] test result: ok. 32 passed; 0 failed; 0 ignored; 0 measured; 0 filtered out; finished in 0.01s
[INFO] [stdout] 
[INFO] [stderr]    Doc-tests pwf_wire
[INFO] [stdout] 
[INFO] [stdout] running 0 tests
[INFO] [stdout] 
[INFO] [stdout] test result: ok. 0 passed; 0 failed; 0 ignored; 0 measured; 0 filtered out; finished in 0.00s
[INFO] [stdout] 
[INFO] running `Command { std: "docker" "inspect" "d84c4cd3b4686f5a516256c1882c1f63521fd7432fad0478ebaae866fe90f28f", kill_on_drop: false }`
[INFO] running `Command { std: "docker" "rm" "-f" "d84c4cd3b4686f5a516256c1882c1f63521fd7432fad0478ebaae866fe90f28f", kill_on_drop: false }`
[INFO] [stdout] d84c4cd3b4686f5a516256c1882c1f63521fd7432fad0478ebaae866fe90f28f
