[INFO] fetching crate glassbench 0.5.0...
[INFO] testing glassbench-0.5.0 against 1.100.0-beta.1 for beta-1.100-2
[INFO] extracting crate glassbench 0.5.0 into /workspace/builds/worker-2-tc2/source
[INFO] started tweaking crates.io crate glassbench 0.5.0
[INFO] finished tweaking crates.io crate glassbench 0.5.0
[INFO] tweaked toml for crates.io crate glassbench 0.5.0 written to /workspace/builds/worker-2-tc2/source/Cargo.toml
[INFO] validating manifest of crates.io crate glassbench 0.5.0 on toolchain 1.100.0-beta.1
[INFO] running `Command { std: CARGO_HOME="/workspace/cargo-home" RUSTUP_HOME="/workspace/rustup-home" "/workspace/cargo-home/bin/cargo" "+1.100.0-beta.1" "metadata" "--manifest-path" "Cargo.toml" "--no-deps", kill_on_drop: false }`
[INFO] crate crates.io crate glassbench 0.5.0 already has a lockfile, it will not be regenerated
[INFO] running `Command { std: CARGO_HOME="/workspace/cargo-home" RUSTUP_HOME="/workspace/rustup-home" "/workspace/cargo-home/bin/cargo" "+1.100.0-beta.1" "fetch" "--manifest-path" "Cargo.toml", kill_on_drop: false }`
[INFO] [stderr]     Blocking waiting for file lock on package cache
[ERROR] error running command: no output for 300 seconds
[INFO] testing glassbench-0.5.0 against 1.100.0-beta.1 for beta-1.100-2
[INFO] extracting crate glassbench 0.5.0 into /workspace/builds/worker-2-tc2/source
[INFO] started tweaking crates.io crate glassbench 0.5.0
[INFO] finished tweaking crates.io crate glassbench 0.5.0
[INFO] tweaked toml for crates.io crate glassbench 0.5.0 written to /workspace/builds/worker-2-tc2/source/Cargo.toml
[INFO] validating manifest of crates.io crate glassbench 0.5.0 on toolchain 1.100.0-beta.1
[INFO] running `Command { std: CARGO_HOME="/workspace/cargo-home" RUSTUP_HOME="/workspace/rustup-home" "/workspace/cargo-home/bin/cargo" "+1.100.0-beta.1" "metadata" "--manifest-path" "Cargo.toml" "--no-deps", kill_on_drop: false }`
[INFO] crate crates.io crate glassbench 0.5.0 already has a lockfile, it will not be regenerated
[INFO] running `Command { std: CARGO_HOME="/workspace/cargo-home" RUSTUP_HOME="/workspace/rustup-home" "/workspace/cargo-home/bin/cargo" "+1.100.0-beta.1" "fetch" "--manifest-path" "Cargo.toml", kill_on_drop: false }`
[INFO] [stderr]     Blocking waiting for file lock on package cache
[INFO] [stderr]     Blocking waiting for file lock on package cache
[ERROR] error running command: no output for 300 seconds
[INFO] testing glassbench-0.5.0 against 1.100.0-beta.1 for beta-1.100-2
[INFO] extracting crate glassbench 0.5.0 into /workspace/builds/worker-2-tc2/source
[INFO] started tweaking crates.io crate glassbench 0.5.0
[INFO] finished tweaking crates.io crate glassbench 0.5.0
[INFO] tweaked toml for crates.io crate glassbench 0.5.0 written to /workspace/builds/worker-2-tc2/source/Cargo.toml
[INFO] validating manifest of crates.io crate glassbench 0.5.0 on toolchain 1.100.0-beta.1
[INFO] running `Command { std: CARGO_HOME="/workspace/cargo-home" RUSTUP_HOME="/workspace/rustup-home" "/workspace/cargo-home/bin/cargo" "+1.100.0-beta.1" "metadata" "--manifest-path" "Cargo.toml" "--no-deps", kill_on_drop: false }`
[INFO] crate crates.io crate glassbench 0.5.0 already has a lockfile, it will not be regenerated
[INFO] running `Command { std: CARGO_HOME="/workspace/cargo-home" RUSTUP_HOME="/workspace/rustup-home" "/workspace/cargo-home/bin/cargo" "+1.100.0-beta.1" "fetch" "--manifest-path" "Cargo.toml", kill_on_drop: false }`
[INFO] [stderr]     Blocking waiting for file lock on package cache
[ERROR] error running command: no output for 300 seconds
[INFO] testing glassbench-0.5.0 against 1.100.0-beta.1 for beta-1.100-2
[INFO] extracting crate glassbench 0.5.0 into /workspace/builds/worker-2-tc2/source
[INFO] started tweaking crates.io crate glassbench 0.5.0
[INFO] finished tweaking crates.io crate glassbench 0.5.0
[INFO] tweaked toml for crates.io crate glassbench 0.5.0 written to /workspace/builds/worker-2-tc2/source/Cargo.toml
[INFO] validating manifest of crates.io crate glassbench 0.5.0 on toolchain 1.100.0-beta.1
[INFO] running `Command { std: CARGO_HOME="/workspace/cargo-home" RUSTUP_HOME="/workspace/rustup-home" "/workspace/cargo-home/bin/cargo" "+1.100.0-beta.1" "metadata" "--manifest-path" "Cargo.toml" "--no-deps", kill_on_drop: false }`
[INFO] crate crates.io crate glassbench 0.5.0 already has a lockfile, it will not be regenerated
[INFO] running `Command { std: CARGO_HOME="/workspace/cargo-home" RUSTUP_HOME="/workspace/rustup-home" "/workspace/cargo-home/bin/cargo" "+1.100.0-beta.1" "fetch" "--manifest-path" "Cargo.toml", kill_on_drop: false }`
[INFO] [stderr]     Blocking waiting for file lock on package cache
[INFO] [stderr]     Blocking waiting for file lock on package cache
[INFO] [stderr]  Downloading crates ...
[INFO] [stderr]   Downloaded lazy-regex-proc_macros v3.6.1
[INFO] [stderr]   Downloaded lazy-regex v3.6.1
[INFO] [stderr]   Downloaded crossbeam v0.8.4
[INFO] [stderr]   Downloaded cli-log v2.1.1
[INFO] [stderr]   Downloaded file-size v1.0.3
[INFO] [stderr]   Downloaded strict v0.2.0
[INFO] [stderr]   Downloaded crokey-proc_macros v1.5.0
[INFO] [stderr]   Downloaded open v1.7.1
[INFO] [stderr]   Downloaded proc-status v0.2.0
[INFO] [stderr]   Downloaded argh_shared v0.1.19
[INFO] [stderr]   Downloaded minimad v0.16.0
[INFO] [stderr]   Downloaded argh v0.1.19
[INFO] [stderr]   Downloaded crokey v1.5.0
[INFO] [stderr]   Downloaded svg v0.16.0
[INFO] [stderr]   Downloaded argh_derive v0.1.19
[INFO] [stderr]   Downloaded coolor v1.1.0
[INFO] [stderr]   Downloaded csv2svg v0.2.3
[INFO] [stderr]   Downloaded termimad v0.35.2
[INFO] [stderr]   Downloaded libz-sys v1.1.29
[INFO] [stderr]   Downloaded libgit2-sys v0.18.8+1.9.7
[INFO] running `Command { std: "docker" "create" "-v" "/var/lib/crater-agent-workspace/builds/worker-2-tc2/source:/opt/rustwide/workdir:ro,Z" "-v" "/var/lib/crater-agent-workspace/builds/worker-2-tc2/target:/opt/rustwide/target:rw,Z" "-v" "/var/lib/crater-agent-workspace/cargo-home:/opt/rustwide/cargo-home:ro,Z" "-v" "/var/lib/crater-agent-workspace/rustup-home:/opt/rustwide/rustup-home:ro,Z" "-m" "1610612736" "--network" "none" "ghcr.io/rust-lang/crates-build-env/linux@sha256:3111399a4047eeb3a02b7a90e478d715f38a8c6669b5c4b49d30a17385265909" "sleep" "infinity", kill_on_drop: false }`
[INFO] [stdout] 01cb34a7a0ad8629add253b04c7537fef3be4462be29ebebdb9c8247ee92844b
[INFO] running `Command { std: "docker" "start" "01cb34a7a0ad8629add253b04c7537fef3be4462be29ebebdb9c8247ee92844b", kill_on_drop: false }`
[INFO] running `Command { std: "docker" "inspect" "01cb34a7a0ad8629add253b04c7537fef3be4462be29ebebdb9c8247ee92844b", kill_on_drop: false }`
[INFO] running `Command { std: "docker" "exec" "-e" "SOURCE_DIR=/opt/rustwide/workdir" "-e" "CARGO_HOME=/opt/rustwide/cargo-home" "-e" "RUSTUP_HOME=/opt/rustwide/rustup-home" "-e" "CARGO_TARGET_DIR=/opt/rustwide/target" "-w" "/opt/rustwide/workdir" "--user" "0:0" "01cb34a7a0ad8629add253b04c7537fef3be4462be29ebebdb9c8247ee92844b" "/opt/rustwide/cargo-home/bin/cargo" "+1.100.0-beta.1" "metadata" "--no-deps" "--format-version=1", kill_on_drop: false }`
[INFO] running `Command { std: "docker" "inspect" "01cb34a7a0ad8629add253b04c7537fef3be4462be29ebebdb9c8247ee92844b", kill_on_drop: false }`
[INFO] running `Command { std: "docker" "exec" "-e" "SOURCE_DIR=/opt/rustwide/workdir" "-e" "CARGO_HOME=/opt/rustwide/cargo-home" "-e" "RUSTUP_HOME=/opt/rustwide/rustup-home" "-e" "CARGO_TARGET_DIR=/opt/rustwide/target" "-e" "CARGO_INCREMENTAL=0" "-e" "RUST_BACKTRACE=full" "-e" "RUSTFLAGS=--cap-lints=warn" "-e" "RUSTDOCFLAGS=--cap-lints=warn" "-w" "/opt/rustwide/workdir" "--user" "0:0" "01cb34a7a0ad8629add253b04c7537fef3be4462be29ebebdb9c8247ee92844b" "/opt/rustwide/cargo-home/bin/cargo" "+1.100.0-beta.1" "build" "--frozen" "--message-format=json", kill_on_drop: false }`
[INFO] [stderr]    Compiling smallvec v1.15.2
[INFO] [stderr]    Compiling stable_deref_trait v1.2.1
[INFO] [stderr]    Compiling serde_core v1.0.229
[INFO] [stderr]    Compiling shlex v2.0.1
[INFO] [stderr]    Compiling signal-hook v0.3.18
[INFO] [stderr]    Compiling find-msvc-tools v0.1.11
[INFO] [stderr]    Compiling memchr v2.8.3
[INFO] [stderr]    Compiling unicode-segmentation v1.13.3
[INFO] [stderr]    Compiling writeable v0.6.4
[INFO] [stderr]    Compiling crossbeam-utils v0.8.22
[INFO] [stderr]    Compiling rustix v1.1.4
[INFO] [stderr]    Compiling litemap v0.8.3
[INFO] [stderr]    Compiling icu_properties_data v2.1.2
[INFO] [stderr]    Compiling syn v2.0.119
[INFO] [stderr]    Compiling syn v3.0.3
[INFO] [stderr]    Compiling jobserver v0.1.35
[INFO] [stderr]    Compiling mio v1.2.2
[INFO] [stderr]    Compiling parking_lot_core v0.9.12
[INFO] [stderr]    Compiling litrs v1.0.0
[INFO] [stderr]    Compiling icu_normalizer_data v2.1.1
[INFO] [stderr]    Compiling cc v1.4.4
[INFO] [stderr]    Compiling zerocopy v0.8.56
[INFO] [stderr]    Compiling signal-hook-mio v0.2.5
[INFO] [stderr]    Compiling parking_lot v0.12.5
[INFO] [stderr]    Compiling aho-corasick v1.1.5
[INFO] [stderr]    Compiling ahash v0.8.12
[INFO] [stderr]    Compiling convert_case v0.10.0
[INFO] [stderr]    Compiling document-features v0.2.12
[INFO] [stderr]    Compiling crossbeam-epoch v0.9.20
[INFO] [stderr]    Compiling rustix v0.38.44
[INFO] [stderr]    Compiling getrandom v0.4.3
[INFO] [stderr]    Compiling crossbeam-deque v0.8.7
[INFO] [stderr]    Compiling strict v0.2.0
[INFO] [stderr]    Compiling argh_shared v0.1.19
[INFO] [stderr]    Compiling percent-encoding v2.3.2
[INFO] [stderr]    Compiling linux-raw-sys v0.4.15
[INFO] [stderr]    Compiling iana-time-zone v0.1.65
[INFO] [stderr]    Compiling option-ext v0.2.0
[INFO] [stderr]    Compiling dirs-sys v0.4.1
[INFO] [stderr]    Compiling form_urlencoded v1.2.2
[INFO] [stderr]    Compiling crossbeam-queue v0.3.13
[INFO] [stderr]    Compiling crossbeam-channel v0.5.16
[INFO] [stderr]    Compiling csv-core v0.1.13
[INFO] [stderr]    Compiling pathdiff v0.2.3
[INFO] [stderr]    Compiling fastrand v2.5.0
[INFO] [stderr]    Compiling file-size v1.0.3
[INFO] [stderr]    Compiling serde_json v1.0.151
[INFO] [stderr]    Compiling open v1.7.1
[INFO] [stderr]    Compiling regex-automata v0.4.18
[INFO] [stderr]    Compiling crossbeam v0.8.4
[INFO] [stderr]    Compiling directories v5.0.1
[INFO] [stderr]    Compiling minimad v0.16.0
[INFO] [stderr]    Compiling fallible-iterator v0.3.0
[INFO] [stderr]    Compiling svg v0.16.0
[INFO] [stderr]    Compiling fallible-streaming-iterator v0.1.9
[INFO] [stderr]    Compiling base64 v0.13.1
[INFO] [stderr]    Compiling crossterm v0.28.1
[INFO] [stderr]    Compiling libz-sys v1.1.29
[INFO] [stderr]    Compiling libsqlite3-sys v0.30.1
[INFO] [stderr]    Compiling libgit2-sys v0.18.8+1.9.7
[INFO] [stderr]    Compiling csv v1.4.0
[INFO] [stderr]    Compiling tempfile v3.27.0
[INFO] [stderr]    Compiling zerovec-derive v0.11.6
[INFO] [stderr]    Compiling displaydoc v0.2.7
[INFO] [stderr]    Compiling serde_derive v1.0.229
[INFO] [stderr]    Compiling thiserror-impl v2.0.20
[INFO] [stderr]    Compiling regex v1.13.1
[INFO] [stderr]    Compiling thiserror v2.0.20
[INFO] [stderr]    Compiling proc-status v0.2.0
[INFO] [stderr]    Compiling synstructure v0.13.2
[INFO] [stderr]    Compiling serde v1.0.229
[INFO] [stderr]    Compiling hashbrown v0.14.5
[INFO] [stderr]    Compiling chrono v0.4.45
[INFO] [stderr]    Compiling zerofrom-derive v0.1.7
[INFO] [stderr]    Compiling yoke-derive v0.8.2
[INFO] [stderr]    Compiling derive_more-impl v2.1.1
[INFO] [stderr]    Compiling lazy-regex-proc_macros v3.6.1
[INFO] [stderr]    Compiling argh_derive v0.1.19
[INFO] [stderr]    Compiling hashlink v0.9.1
[INFO] [stderr]    Compiling derive_more v2.1.1
[INFO] [stderr]    Compiling crossterm v0.29.0
[INFO] [stderr]    Compiling zerofrom v0.1.8
[INFO] [stderr]    Compiling lazy-regex v3.6.1
[INFO] [stderr]    Compiling yoke v0.8.3
[INFO] [stderr]    Compiling zerovec v0.11.8
[INFO] [stderr]    Compiling zerotrie v0.2.5
[INFO] [stderr]    Compiling cli-log v2.1.1
[INFO] [stderr]    Compiling argh v0.1.19
[INFO] [stderr]    Compiling csv2svg v0.2.3
[INFO] [stderr]    Compiling coolor v1.1.0
[INFO] [stderr]    Compiling tinystr v0.8.4
[INFO] [stderr]    Compiling potential_utf v0.1.6
[INFO] [stderr]    Compiling icu_collections v2.1.1
[INFO] [stderr]    Compiling icu_locale_core v2.1.1
[INFO] [stderr]    Compiling crokey-proc_macros v1.5.0
[INFO] [stderr]    Compiling crokey v1.5.0
[INFO] [stderr]    Compiling termimad v0.35.2
[INFO] [stderr]    Compiling icu_provider v2.1.1
[INFO] [stderr]    Compiling icu_normalizer v2.1.1
[INFO] [stderr]    Compiling icu_properties v2.1.2
[INFO] [stderr]    Compiling idna_adapter v1.2.1
[INFO] [stderr]    Compiling idna v1.1.0
[INFO] [stderr]    Compiling url v2.5.8
[INFO] [stderr]    Compiling git2 v0.20.4
[INFO] [stderr]    Compiling rusqlite v0.32.1
[INFO] [stderr]    Compiling glassbench v0.5.0 (/opt/rustwide/workdir)
[INFO] [stderr] warning: unused dependency `lazy_static`
[INFO] [stderr]   --> Cargo.toml:15:15
[INFO] [stderr]    |
[INFO] [stderr] 15 | [dependencies.lazy_static]
[INFO] [stderr]    |               ^^^^^^^^^^^^
[INFO] [stderr]    |
[INFO] [stderr]    = note: `cargo::unused_dependencies` is set to `warn` by default
[INFO] [stderr] help: consider removing the dependency on `lazy_static`
[INFO] [stderr] warning: `glassbench` (manifest) generated 1 warning
[INFO] [stderr]     Finished `dev` profile [unoptimized + debuginfo] target(s) in 19.66s
[INFO] running `Command { std: "docker" "inspect" "01cb34a7a0ad8629add253b04c7537fef3be4462be29ebebdb9c8247ee92844b", kill_on_drop: false }`
[INFO] running `Command { std: "docker" "exec" "-e" "SOURCE_DIR=/opt/rustwide/workdir" "-e" "CARGO_HOME=/opt/rustwide/cargo-home" "-e" "RUSTUP_HOME=/opt/rustwide/rustup-home" "-e" "CARGO_TARGET_DIR=/opt/rustwide/target" "-e" "CARGO_INCREMENTAL=0" "-e" "RUST_BACKTRACE=full" "-e" "RUSTFLAGS=--cap-lints=warn" "-e" "RUSTDOCFLAGS=--cap-lints=warn" "-w" "/opt/rustwide/workdir" "--user" "0:0" "01cb34a7a0ad8629add253b04c7537fef3be4462be29ebebdb9c8247ee92844b" "/opt/rustwide/cargo-home/bin/cargo" "+1.100.0-beta.1" "test" "--frozen" "--no-run" "--message-format=json", kill_on_drop: false }`
[INFO] [stderr]    Compiling glassbench v0.5.0 (/opt/rustwide/workdir)
[INFO] [stderr] warning: unused dependency `lazy_static`
[INFO] [stderr]   --> Cargo.toml:15:15
[INFO] [stderr]    |
[INFO] [stderr] 15 | [dependencies.lazy_static]
[INFO] [stderr]    |               ^^^^^^^^^^^^
[INFO] [stderr]    |
[INFO] [stderr]    = note: `cargo::unused_dependencies` is set to `warn` by default
[INFO] [stderr] help: consider removing the dependency on `lazy_static`
[INFO] [stderr] warning: `glassbench` (manifest) generated 1 warning
[INFO] [stderr]     Finished `test` profile [unoptimized + debuginfo] target(s) in 0.35s
[INFO] running `Command { std: "docker" "inspect" "01cb34a7a0ad8629add253b04c7537fef3be4462be29ebebdb9c8247ee92844b", kill_on_drop: false }`
[INFO] running `Command { std: "docker" "exec" "-e" "SOURCE_DIR=/opt/rustwide/workdir" "-e" "CARGO_HOME=/opt/rustwide/cargo-home" "-e" "RUSTUP_HOME=/opt/rustwide/rustup-home" "-e" "CARGO_TARGET_DIR=/opt/rustwide/target" "-e" "CARGO_INCREMENTAL=0" "-e" "RUST_BACKTRACE=full" "-e" "RUSTFLAGS=--cap-lints=warn" "-e" "RUSTDOCFLAGS=--cap-lints=warn" "-w" "/opt/rustwide/workdir" "--user" "0:0" "01cb34a7a0ad8629add253b04c7537fef3be4462be29ebebdb9c8247ee92844b" "/opt/rustwide/cargo-home/bin/cargo" "+1.100.0-beta.1" "test" "--frozen", kill_on_drop: false }`
[INFO] [stderr] warning: unused dependency `lazy_static`
[INFO] [stderr]   --> Cargo.toml:15:15
[INFO] [stderr]    |
[INFO] [stderr] 15 | [dependencies.lazy_static]
[INFO] [stderr]    |               ^^^^^^^^^^^^
[INFO] [stderr]    |
[INFO] [stderr]    = note: `cargo::unused_dependencies` is set to `warn` by default
[INFO] [stderr] help: consider removing the dependency on `lazy_static`
[INFO] [stderr] warning: `glassbench` (manifest) generated 1 warning
[INFO] [stderr]     Finished `test` profile [unoptimized + debuginfo] target(s) in 0.09s
[INFO] [stderr]      Running unittests src/lib.rs (/opt/rustwide/target/debug/build/glassbench/b7aec073871678b5/out/glassbench-b7aec073871678b5)
[INFO] [stdout] 
[INFO] [stdout] running 0 tests
[INFO] [stdout] 
[INFO] [stdout] test result: ok. 0 passed; 0 failed; 0 ignored; 0 measured; 0 filtered out; finished in 0.00s
[INFO] [stdout] 
[INFO] [stderr]    Doc-tests glassbench
[INFO] [stdout] 
[INFO] [stdout] running 1 test
[INFO] [stdout] test src/bench.rs - bench::Bench::task (line 42) ... ok
[INFO] [stdout] 
[INFO] [stdout] test result: ok. 1 passed; 0 failed; 0 ignored; 0 measured; 0 filtered out; finished in 0.53s
[INFO] [stdout] 
[INFO] [stdout] all doctests ran in 0.83s; merged doctests compilation took 0.29s
[INFO] running `Command { std: "docker" "inspect" "01cb34a7a0ad8629add253b04c7537fef3be4462be29ebebdb9c8247ee92844b", kill_on_drop: false }`
[INFO] running `Command { std: "docker" "rm" "-f" "01cb34a7a0ad8629add253b04c7537fef3be4462be29ebebdb9c8247ee92844b", kill_on_drop: false }`
[INFO] [stdout] 01cb34a7a0ad8629add253b04c7537fef3be4462be29ebebdb9c8247ee92844b
