[INFO] fetching crate ghostlink-core 2.2.2...
[INFO] testing ghostlink-core-2.2.2 against 1.100.0-beta.1 for beta-1.100-2
[INFO] extracting crate ghostlink-core 2.2.2 into /workspace/builds/worker-0-tc2/source
[INFO] started tweaking crates.io crate ghostlink-core 2.2.2
[INFO] removed 0 missing tests
[INFO] finished tweaking crates.io crate ghostlink-core 2.2.2
[INFO] tweaked toml for crates.io crate ghostlink-core 2.2.2 written to /workspace/builds/worker-0-tc2/source/Cargo.toml
[INFO] validating manifest of crates.io crate ghostlink-core 2.2.2 on toolchain 1.100.0-beta.1
[INFO] running `Command { std: CARGO_HOME="/workspace/cargo-home" RUSTUP_HOME="/workspace/rustup-home" "/workspace/cargo-home/bin/cargo" "+1.100.0-beta.1" "metadata" "--manifest-path" "Cargo.toml" "--no-deps", kill_on_drop: false }`
[INFO] crate crates.io crate ghostlink-core 2.2.2 already has a lockfile, it will not be regenerated
[INFO] running `Command { std: CARGO_HOME="/workspace/cargo-home" RUSTUP_HOME="/workspace/rustup-home" "/workspace/cargo-home/bin/cargo" "+1.100.0-beta.1" "fetch" "--manifest-path" "Cargo.toml", kill_on_drop: false }`
[INFO] [stderr] warning: `package.homepage` is redundant with `package.documentation`
[INFO] [stderr]   --> Cargo.toml:89:12
[INFO] [stderr]    |
[INFO] [stderr] 87 | documentation = "https://rwilliamspbg-ops.github.io/Ghostlink/"
[INFO] [stderr]    |                 -----------------------------------------------
[INFO] [stderr] 88 | edition = "2021"
[INFO] [stderr] 89 | homepage = "https://rwilliamspbg-ops.github.io/Ghostlink/"
[INFO] [stderr]    |            ^^^^^^^^^^^^^^^^^^^^^^^^^^^^^^^^^^^^^^^^^^^^^^^
[INFO] [stderr]    |
[INFO] [stderr]    = note: `cargo::redundant_homepage` is set to `warn` by default
[INFO] [stderr] help: consider removing `package.homepage`
[INFO] [stderr] warning: `ghostlink-core` (manifest) generated 1 warning
[INFO] [stderr]     Blocking waiting for file lock on package cache
[ERROR] error running command: no output for 300 seconds
[INFO] testing ghostlink-core-2.2.2 against 1.100.0-beta.1 for beta-1.100-2
[INFO] extracting crate ghostlink-core 2.2.2 into /workspace/builds/worker-0-tc2/source
[INFO] started tweaking crates.io crate ghostlink-core 2.2.2
[INFO] removed 0 missing tests
[INFO] finished tweaking crates.io crate ghostlink-core 2.2.2
[INFO] tweaked toml for crates.io crate ghostlink-core 2.2.2 written to /workspace/builds/worker-0-tc2/source/Cargo.toml
[INFO] validating manifest of crates.io crate ghostlink-core 2.2.2 on toolchain 1.100.0-beta.1
[INFO] running `Command { std: CARGO_HOME="/workspace/cargo-home" RUSTUP_HOME="/workspace/rustup-home" "/workspace/cargo-home/bin/cargo" "+1.100.0-beta.1" "metadata" "--manifest-path" "Cargo.toml" "--no-deps", kill_on_drop: false }`
[INFO] crate crates.io crate ghostlink-core 2.2.2 already has a lockfile, it will not be regenerated
[INFO] running `Command { std: CARGO_HOME="/workspace/cargo-home" RUSTUP_HOME="/workspace/rustup-home" "/workspace/cargo-home/bin/cargo" "+1.100.0-beta.1" "fetch" "--manifest-path" "Cargo.toml", kill_on_drop: false }`
[INFO] [stderr] warning: `package.homepage` is redundant with `package.documentation`
[INFO] [stderr]   --> Cargo.toml:89:12
[INFO] [stderr]    |
[INFO] [stderr] 87 | documentation = "https://rwilliamspbg-ops.github.io/Ghostlink/"
[INFO] [stderr]    |                 -----------------------------------------------
[INFO] [stderr] 88 | edition = "2021"
[INFO] [stderr] 89 | homepage = "https://rwilliamspbg-ops.github.io/Ghostlink/"
[INFO] [stderr]    |            ^^^^^^^^^^^^^^^^^^^^^^^^^^^^^^^^^^^^^^^^^^^^^^^
[INFO] [stderr]    |
[INFO] [stderr]    = note: `cargo::redundant_homepage` is set to `warn` by default
[INFO] [stderr] help: consider removing `package.homepage`
[INFO] [stderr] warning: `ghostlink-core` (manifest) generated 1 warning
[INFO] [stderr]     Blocking waiting for file lock on package cache
[INFO] [stderr]     Blocking waiting for file lock on package cache
[ERROR] error running command: no output for 300 seconds
[INFO] testing ghostlink-core-2.2.2 against 1.100.0-beta.1 for beta-1.100-2
[INFO] extracting crate ghostlink-core 2.2.2 into /workspace/builds/worker-0-tc2/source
[INFO] started tweaking crates.io crate ghostlink-core 2.2.2
[INFO] removed 0 missing tests
[INFO] finished tweaking crates.io crate ghostlink-core 2.2.2
[INFO] tweaked toml for crates.io crate ghostlink-core 2.2.2 written to /workspace/builds/worker-0-tc2/source/Cargo.toml
[INFO] validating manifest of crates.io crate ghostlink-core 2.2.2 on toolchain 1.100.0-beta.1
[INFO] running `Command { std: CARGO_HOME="/workspace/cargo-home" RUSTUP_HOME="/workspace/rustup-home" "/workspace/cargo-home/bin/cargo" "+1.100.0-beta.1" "metadata" "--manifest-path" "Cargo.toml" "--no-deps", kill_on_drop: false }`
[INFO] crate crates.io crate ghostlink-core 2.2.2 already has a lockfile, it will not be regenerated
[INFO] running `Command { std: CARGO_HOME="/workspace/cargo-home" RUSTUP_HOME="/workspace/rustup-home" "/workspace/cargo-home/bin/cargo" "+1.100.0-beta.1" "fetch" "--manifest-path" "Cargo.toml", kill_on_drop: false }`
[INFO] [stderr] warning: `package.homepage` is redundant with `package.documentation`
[INFO] [stderr]   --> Cargo.toml:89:12
[INFO] [stderr]    |
[INFO] [stderr] 87 | documentation = "https://rwilliamspbg-ops.github.io/Ghostlink/"
[INFO] [stderr]    |                 -----------------------------------------------
[INFO] [stderr] 88 | edition = "2021"
[INFO] [stderr] 89 | homepage = "https://rwilliamspbg-ops.github.io/Ghostlink/"
[INFO] [stderr]    |            ^^^^^^^^^^^^^^^^^^^^^^^^^^^^^^^^^^^^^^^^^^^^^^^
[INFO] [stderr]    |
[INFO] [stderr]    = note: `cargo::redundant_homepage` is set to `warn` by default
[INFO] [stderr] help: consider removing `package.homepage`
[INFO] [stderr] warning: `ghostlink-core` (manifest) generated 1 warning
[INFO] [stderr]     Blocking waiting for file lock on package cache
[ERROR] error running command: no output for 300 seconds
[INFO] testing ghostlink-core-2.2.2 against 1.100.0-beta.1 for beta-1.100-2
[INFO] extracting crate ghostlink-core 2.2.2 into /workspace/builds/worker-0-tc2/source
[INFO] started tweaking crates.io crate ghostlink-core 2.2.2
[INFO] removed 0 missing tests
[INFO] finished tweaking crates.io crate ghostlink-core 2.2.2
[INFO] tweaked toml for crates.io crate ghostlink-core 2.2.2 written to /workspace/builds/worker-0-tc2/source/Cargo.toml
[INFO] validating manifest of crates.io crate ghostlink-core 2.2.2 on toolchain 1.100.0-beta.1
[INFO] running `Command { std: CARGO_HOME="/workspace/cargo-home" RUSTUP_HOME="/workspace/rustup-home" "/workspace/cargo-home/bin/cargo" "+1.100.0-beta.1" "metadata" "--manifest-path" "Cargo.toml" "--no-deps", kill_on_drop: false }`
[INFO] crate crates.io crate ghostlink-core 2.2.2 already has a lockfile, it will not be regenerated
[INFO] running `Command { std: CARGO_HOME="/workspace/cargo-home" RUSTUP_HOME="/workspace/rustup-home" "/workspace/cargo-home/bin/cargo" "+1.100.0-beta.1" "fetch" "--manifest-path" "Cargo.toml", kill_on_drop: false }`
[INFO] [stderr] warning: `package.homepage` is redundant with `package.documentation`
[INFO] [stderr]   --> Cargo.toml:89:12
[INFO] [stderr]    |
[INFO] [stderr] 87 | documentation = "https://rwilliamspbg-ops.github.io/Ghostlink/"
[INFO] [stderr]    |                 -----------------------------------------------
[INFO] [stderr] 88 | edition = "2021"
[INFO] [stderr] 89 | homepage = "https://rwilliamspbg-ops.github.io/Ghostlink/"
[INFO] [stderr]    |            ^^^^^^^^^^^^^^^^^^^^^^^^^^^^^^^^^^^^^^^^^^^^^^^
[INFO] [stderr]    |
[INFO] [stderr]    = note: `cargo::redundant_homepage` is set to `warn` by default
[INFO] [stderr] help: consider removing `package.homepage`
[INFO] [stderr] warning: `ghostlink-core` (manifest) generated 1 warning
[INFO] [stderr]     Blocking waiting for file lock on package cache
[INFO] [stderr]     Blocking waiting for file lock on package cache
[INFO] [stderr]  Downloading crates ...
[INFO] [stderr]   Downloaded socket-pktinfo v0.4.0
[INFO] [stderr]   Downloaded libredox v0.1.18
[INFO] [stderr]   Downloaded tokio-test v0.4.5
[INFO] [stderr]   Downloaded mdns-sd v0.20.3
[INFO] [stderr]   Downloaded is-terminal v0.4.17
[INFO] [stderr]   Downloaded if-addrs v0.15.0
[INFO] [stderr]   Downloaded arc-swap v1.9.1
[INFO] [stderr]   Downloaded criterion v0.5.1
[INFO] running `Command { std: "docker" "create" "-v" "/var/lib/crater-agent-workspace/builds/worker-0-tc2/source:/opt/rustwide/workdir:ro,Z" "-v" "/var/lib/crater-agent-workspace/builds/worker-0-tc2/target:/opt/rustwide/target:rw,Z" "-v" "/var/lib/crater-agent-workspace/cargo-home:/opt/rustwide/cargo-home:ro,Z" "-v" "/var/lib/crater-agent-workspace/rustup-home:/opt/rustwide/rustup-home:ro,Z" "-m" "1610612736" "--network" "none" "ghcr.io/rust-lang/crates-build-env/linux@sha256:3111399a4047eeb3a02b7a90e478d715f38a8c6669b5c4b49d30a17385265909" "sleep" "infinity", kill_on_drop: false }`
[INFO] [stdout] 6ae2b0fb3073e48bcfd79a96914c4d698c649e09a01b0b6eb212f1362ab10b92
[INFO] running `Command { std: "docker" "start" "6ae2b0fb3073e48bcfd79a96914c4d698c649e09a01b0b6eb212f1362ab10b92", kill_on_drop: false }`
[INFO] running `Command { std: "docker" "inspect" "6ae2b0fb3073e48bcfd79a96914c4d698c649e09a01b0b6eb212f1362ab10b92", kill_on_drop: false }`
[INFO] running `Command { std: "docker" "exec" "-e" "SOURCE_DIR=/opt/rustwide/workdir" "-e" "CARGO_HOME=/opt/rustwide/cargo-home" "-e" "RUSTUP_HOME=/opt/rustwide/rustup-home" "-e" "CARGO_TARGET_DIR=/opt/rustwide/target" "-w" "/opt/rustwide/workdir" "--user" "0:0" "6ae2b0fb3073e48bcfd79a96914c4d698c649e09a01b0b6eb212f1362ab10b92" "/opt/rustwide/cargo-home/bin/cargo" "+1.100.0-beta.1" "metadata" "--no-deps" "--format-version=1", kill_on_drop: false }`
[INFO] running `Command { std: "docker" "inspect" "6ae2b0fb3073e48bcfd79a96914c4d698c649e09a01b0b6eb212f1362ab10b92", kill_on_drop: false }`
[INFO] running `Command { std: "docker" "exec" "-e" "SOURCE_DIR=/opt/rustwide/workdir" "-e" "CARGO_HOME=/opt/rustwide/cargo-home" "-e" "RUSTUP_HOME=/opt/rustwide/rustup-home" "-e" "CARGO_TARGET_DIR=/opt/rustwide/target" "-e" "CARGO_INCREMENTAL=0" "-e" "RUST_BACKTRACE=full" "-e" "RUSTFLAGS=--cap-lints=warn" "-e" "RUSTDOCFLAGS=--cap-lints=warn" "-w" "/opt/rustwide/workdir" "--user" "0:0" "6ae2b0fb3073e48bcfd79a96914c4d698c649e09a01b0b6eb212f1362ab10b92" "/opt/rustwide/cargo-home/bin/cargo" "+1.100.0-beta.1" "build" "--frozen" "--message-format=json", kill_on_drop: false }`
[INFO] [stderr] warning: `package.homepage` is redundant with `package.documentation`
[INFO] [stderr]   --> Cargo.toml:89:12
[INFO] [stderr]    |
[INFO] [stderr] 87 | documentation = "https://rwilliamspbg-ops.github.io/Ghostlink/"
[INFO] [stderr]    |                 -----------------------------------------------
[INFO] [stderr] 88 | edition = "2021"
[INFO] [stderr] 89 | homepage = "https://rwilliamspbg-ops.github.io/Ghostlink/"
[INFO] [stderr]    |            ^^^^^^^^^^^^^^^^^^^^^^^^^^^^^^^^^^^^^^^^^^^^^^^
[INFO] [stderr]    |
[INFO] [stderr]    = note: `cargo::redundant_homepage` is set to `warn` by default
[INFO] [stderr] help: consider removing `package.homepage`
[INFO] [stderr] warning: `ghostlink-core` (manifest) generated 1 warning
[INFO] [stderr]    Compiling quote v1.0.46
[INFO] [stderr]    Compiling log v0.4.33
[INFO] [stderr]    Compiling smallvec v1.15.2
[INFO] [stderr]    Compiling getrandom v0.2.17
[INFO] [stderr]    Compiling socket2 v0.6.4
[INFO] [stderr]    Compiling itertools v0.13.0
[INFO] [stderr]    Compiling ppv-lite86 v0.2.21
[INFO] [stderr]    Compiling digest v0.10.7
[INFO] [stderr]    Compiling spin v0.9.9
[INFO] [stderr]    Compiling futures-sink v0.3.32
[INFO] [stderr]    Compiling futures-core v0.3.32
[INFO] [stderr]    Compiling compact_str v0.8.2
[INFO] [stderr]    Compiling lru v0.12.5
[INFO] [stderr]    Compiling if-addrs v0.15.0
[INFO] [stderr]    Compiling dirs-sys-next v0.1.2
[INFO] [stderr]    Compiling cassowary v0.3.0
[INFO] [stderr]    Compiling bytes v1.12.0
[INFO] [stderr]    Compiling mio v1.2.1
[INFO] [stderr]    Compiling parking_lot_core v0.9.12
[INFO] [stderr]    Compiling rand_core v0.6.4
[INFO] [stderr]    Compiling flume v0.12.0
[INFO] [stderr]    Compiling tracing-log v0.2.0
[INFO] [stderr]    Compiling memchr v2.8.2
[INFO] [stderr]    Compiling sha2 v0.10.9
[INFO] [stderr]    Compiling syn v2.0.118
[INFO] [stderr]    Compiling parking_lot v0.12.5
[INFO] [stderr]    Compiling socket-pktinfo v0.4.0
[INFO] [stderr]    Compiling tracing-subscriber v0.3.23
[INFO] [stderr]    Compiling rand_chacha v0.3.1
[INFO] [stderr]    Compiling hmac v0.12.1
[INFO] [stderr]    Compiling dirs-next v2.0.0
[INFO] [stderr]    Compiling arc-swap v1.9.1
[INFO] [stderr]    Compiling signal-hook-mio v0.2.5
[INFO] [stderr]    Compiling mdns-sd v0.20.3
[INFO] [stderr]    Compiling rand v0.8.6
[INFO] [stderr]    Compiling crossterm v0.28.1
[INFO] [stderr]    Compiling serde_json v1.0.150
[INFO] [stderr]    Compiling unicode-truncate v1.1.0
[INFO] [stderr]    Compiling darling_core v0.23.0
[INFO] [stderr]    Compiling strum_macros v0.26.4
[INFO] [stderr]    Compiling derive_more-impl v2.1.1
[INFO] [stderr]    Compiling thiserror-impl v2.0.18
[INFO] [stderr]    Compiling tracing-attributes v0.1.31
[INFO] [stderr]    Compiling serde_derive v1.0.228
[INFO] [stderr]    Compiling tokio-macros v2.7.0
[INFO] [stderr]    Compiling tokio v1.52.3
[INFO] [stderr]    Compiling derive_more v2.1.1
[INFO] [stderr]    Compiling crossterm v0.29.0
[INFO] [stderr]    Compiling tracing v0.1.44
[INFO] [stderr]    Compiling strum v0.26.3
[INFO] [stderr]    Compiling thiserror v2.0.18
[INFO] [stderr]    Compiling darling_macro v0.23.0
[INFO] [stderr]    Compiling darling v0.23.0
[INFO] [stderr]    Compiling serde v1.0.228
[INFO] [stderr]    Compiling instability v0.3.12
[INFO] [stderr]    Compiling ratatui v0.28.1
[INFO] [stderr]    Compiling ghostlink-core v2.2.2 (/opt/rustwide/workdir)
[INFO] [stderr] warning: unused dependency `anyhow`
[INFO] [stderr]  --> Cargo.toml:1:15
[INFO] [stderr]   |
[INFO] [stderr] 1 | [dependencies.anyhow]
[INFO] [stderr]   |               ^^^^^^^
[INFO] [stderr]   |
[INFO] [stderr]   = note: `cargo::unused_dependencies` is set to `warn` by default
[INFO] [stderr] help: consider removing the dependency on `anyhow`
[INFO] [stderr] warning: unused dependency `pin-utils`
[INFO] [stderr]   --> Cargo.toml:25:15
[INFO] [stderr]    |
[INFO] [stderr] 25 | [dependencies.pin-utils]
[INFO] [stderr]    |               ^^^^^^^^^^
[INFO] [stderr]    |
[INFO] [stderr] help: consider removing the dependency on `pin-utils`
[INFO] [stderr] warning: unused dependency `thiserror`
[INFO] [stderr]   --> Cargo.toml:44:15
[INFO] [stderr]    |
[INFO] [stderr] 44 | [dependencies.thiserror]
[INFO] [stderr]    |               ^^^^^^^^^^
[INFO] [stderr]    |
[INFO] [stderr] help: consider removing the dependency on `thiserror`
[INFO] [stderr] warning: unused dependency `tracing-subscriber`
[INFO] [stderr]   --> Cargo.toml:54:15
[INFO] [stderr]    |
[INFO] [stderr] 54 | [dependencies.tracing-subscriber]
[INFO] [stderr]    |               ^^^^^^^^^^^^^^^^^^^
[INFO] [stderr]    |
[INFO] [stderr] help: consider removing the dependency on `tracing-subscriber`
[INFO] [stderr] warning: `ghostlink-core` (manifest) generated 4 warnings
[INFO] [stderr]     Finished `dev` profile [unoptimized + debuginfo] target(s) in 15.75s
[INFO] running `Command { std: "docker" "inspect" "6ae2b0fb3073e48bcfd79a96914c4d698c649e09a01b0b6eb212f1362ab10b92", kill_on_drop: false }`
[INFO] running `Command { std: "docker" "exec" "-e" "SOURCE_DIR=/opt/rustwide/workdir" "-e" "CARGO_HOME=/opt/rustwide/cargo-home" "-e" "RUSTUP_HOME=/opt/rustwide/rustup-home" "-e" "CARGO_TARGET_DIR=/opt/rustwide/target" "-e" "CARGO_INCREMENTAL=0" "-e" "RUST_BACKTRACE=full" "-e" "RUSTFLAGS=--cap-lints=warn" "-e" "RUSTDOCFLAGS=--cap-lints=warn" "-w" "/opt/rustwide/workdir" "--user" "0:0" "6ae2b0fb3073e48bcfd79a96914c4d698c649e09a01b0b6eb212f1362ab10b92" "/opt/rustwide/cargo-home/bin/cargo" "+1.100.0-beta.1" "test" "--frozen" "--no-run" "--message-format=json", kill_on_drop: false }`
[INFO] [stderr] warning: `package.homepage` is redundant with `package.documentation`
[INFO] [stderr]   --> Cargo.toml:89:12
[INFO] [stderr]    |
[INFO] [stderr] 87 | documentation = "https://rwilliamspbg-ops.github.io/Ghostlink/"
[INFO] [stderr]    |                 -----------------------------------------------
[INFO] [stderr] 88 | edition = "2021"
[INFO] [stderr] 89 | homepage = "https://rwilliamspbg-ops.github.io/Ghostlink/"
[INFO] [stderr]    |            ^^^^^^^^^^^^^^^^^^^^^^^^^^^^^^^^^^^^^^^^^^^^^^^
[INFO] [stderr]    |
[INFO] [stderr]    = note: `cargo::redundant_homepage` is set to `warn` by default
[INFO] [stderr] help: consider removing `package.homepage`
[INFO] [stderr] warning: `ghostlink-core` (manifest) generated 1 warning
[INFO] [stderr]    Compiling zerocopy v0.8.52
[INFO] [stderr]    Compiling rustix v1.1.4
[INFO] [stderr]    Compiling getrandom v0.3.4
[INFO] [stderr]    Compiling crossbeam-epoch v0.9.20
[INFO] [stderr]    Compiling num-traits v0.2.19
[INFO] [stderr]    Compiling zerocopy-derive v0.8.52
[INFO] [stderr]    Compiling serde v1.0.228
[INFO] [stderr]    Compiling regex-syntax v0.8.11
[INFO] [stderr]    Compiling tokio v1.52.3
[INFO] [stderr]    Compiling serde_json v1.0.150
[INFO] [stderr]    Compiling plotters-backend v0.3.7
[INFO] [stderr]    Compiling ciborium-io v0.2.2
[INFO] [stderr]    Compiling flume v0.12.0
[INFO] [stderr]    Compiling clap_builder v4.6.0
[INFO] [stderr]    Compiling wait-timeout v0.2.1
[INFO] [stderr]    Compiling itertools v0.10.5
[INFO] [stderr]    Compiling rand_core v0.9.5
[INFO] [stderr]    Compiling cast v0.3.0
[INFO] [stderr]    Compiling plotters-svg v0.3.7
[INFO] [stderr]    Compiling crossbeam-deque v0.8.6
[INFO] [stderr]    Compiling rand v0.9.4
[INFO] [stderr]    Compiling rand_xorshift v0.4.0
[INFO] [stderr]    Compiling mdns-sd v0.20.3
[INFO] [stderr]    Compiling is-terminal v0.4.17
[INFO] [stderr]    Compiling rayon-core v1.13.0
[INFO] [stderr]    Compiling anes v0.1.6
[INFO] [stderr]    Compiling oorandom v11.1.5
[INFO] [stderr]    Compiling tinytemplate v1.2.1
[INFO] [stderr]    Compiling rayon v1.12.0
[INFO] [stderr]    Compiling plotters v0.3.7
[INFO] [stderr]    Compiling criterion-plot v0.5.0
[INFO] [stderr]    Compiling regex-automata v0.4.14
[INFO] [stderr]    Compiling clap v4.6.1
[INFO] [stderr]    Compiling tempfile v3.27.0
[INFO] [stderr]    Compiling crossterm v0.29.0
[INFO] [stderr]    Compiling rusty-fork v0.3.1
[INFO] [stderr]    Compiling regex v1.12.4
[INFO] [stderr]    Compiling tokio-stream v0.1.18
[INFO] [stderr]    Compiling tokio-test v0.4.5
[INFO] [stderr]    Compiling ppv-lite86 v0.2.21
[INFO] [stderr]    Compiling half v2.7.1
[INFO] [stderr]    Compiling ciborium-ll v0.2.2
[INFO] [stderr]    Compiling rand_chacha v0.3.1
[INFO] [stderr]    Compiling rand_chacha v0.9.0
[INFO] [stderr]    Compiling ciborium v0.2.2
[INFO] [stderr]    Compiling proptest v1.11.0
[INFO] [stderr]    Compiling rand v0.8.6
[INFO] [stderr]    Compiling criterion v0.5.1
[INFO] [stderr]    Compiling ghostlink-core v2.2.2 (/opt/rustwide/workdir)
[INFO] [stderr] warning: unused dependency `anyhow`
[INFO] [stderr]  --> Cargo.toml:1:15
[INFO] [stderr]   |
[INFO] [stderr] 1 | [dependencies.anyhow]
[INFO] [stderr]   |               ^^^^^^^
[INFO] [stderr]   |
[INFO] [stderr]   = note: `cargo::unused_dependencies` is set to `warn` by default
[INFO] [stderr] help: consider removing the dependency on `anyhow`
[INFO] [stderr] warning: unused dependency `pin-utils`
[INFO] [stderr]   --> Cargo.toml:25:15
[INFO] [stderr]    |
[INFO] [stderr] 25 | [dependencies.pin-utils]
[INFO] [stderr]    |               ^^^^^^^^^^
[INFO] [stderr]    |
[INFO] [stderr] help: consider removing the dependency on `pin-utils`
[INFO] [stderr] warning: unused dependency `thiserror`
[INFO] [stderr]   --> Cargo.toml:44:15
[INFO] [stderr]    |
[INFO] [stderr] 44 | [dependencies.thiserror]
[INFO] [stderr]    |               ^^^^^^^^^^
[INFO] [stderr]    |
[INFO] [stderr] help: consider removing the dependency on `thiserror`
[INFO] [stderr] warning: unused dependency `tracing-subscriber`
[INFO] [stderr]   --> Cargo.toml:54:15
[INFO] [stderr]    |
[INFO] [stderr] 54 | [dependencies.tracing-subscriber]
[INFO] [stderr]    |               ^^^^^^^^^^^^^^^^^^^
[INFO] [stderr]    |
[INFO] [stderr] help: consider removing the dependency on `tracing-subscriber`
[INFO] [stderr] warning: `ghostlink-core` (manifest) generated 4 warnings
[INFO] [stderr]     Finished `test` profile [unoptimized + debuginfo] target(s) in 10.40s
[INFO] running `Command { std: "docker" "inspect" "6ae2b0fb3073e48bcfd79a96914c4d698c649e09a01b0b6eb212f1362ab10b92", kill_on_drop: false }`
[INFO] running `Command { std: "docker" "exec" "-e" "SOURCE_DIR=/opt/rustwide/workdir" "-e" "CARGO_HOME=/opt/rustwide/cargo-home" "-e" "RUSTUP_HOME=/opt/rustwide/rustup-home" "-e" "CARGO_TARGET_DIR=/opt/rustwide/target" "-e" "CARGO_INCREMENTAL=0" "-e" "RUST_BACKTRACE=full" "-e" "RUSTFLAGS=--cap-lints=warn" "-e" "RUSTDOCFLAGS=--cap-lints=warn" "-w" "/opt/rustwide/workdir" "--user" "0:0" "6ae2b0fb3073e48bcfd79a96914c4d698c649e09a01b0b6eb212f1362ab10b92" "/opt/rustwide/cargo-home/bin/cargo" "+1.100.0-beta.1" "test" "--frozen", kill_on_drop: false }`
[INFO] [stderr] warning: `package.homepage` is redundant with `package.documentation`
[INFO] [stderr]   --> Cargo.toml:89:12
[INFO] [stderr]    |
[INFO] [stderr] 87 | documentation = "https://rwilliamspbg-ops.github.io/Ghostlink/"
[INFO] [stderr]    |                 -----------------------------------------------
[INFO] [stderr] 88 | edition = "2021"
[INFO] [stderr] 89 | homepage = "https://rwilliamspbg-ops.github.io/Ghostlink/"
[INFO] [stderr]    |            ^^^^^^^^^^^^^^^^^^^^^^^^^^^^^^^^^^^^^^^^^^^^^^^
[INFO] [stderr]    |
[INFO] [stderr]    = note: `cargo::redundant_homepage` is set to `warn` by default
[INFO] [stderr] help: consider removing `package.homepage`
[INFO] [stderr] warning: `ghostlink-core` (manifest) generated 1 warning
[INFO] [stderr] warning: unused dependency `anyhow`
[INFO] [stderr]  --> Cargo.toml:1:15
[INFO] [stderr]   |
[INFO] [stderr] 1 | [dependencies.anyhow]
[INFO] [stderr]   |               ^^^^^^^
[INFO] [stderr]   |
[INFO] [stderr]   = note: `cargo::unused_dependencies` is set to `warn` by default
[INFO] [stderr] help: consider removing the dependency on `anyhow`
[INFO] [stderr] warning: unused dependency `pin-utils`
[INFO] [stderr]   --> Cargo.toml:25:15
[INFO] [stderr]    |
[INFO] [stderr] 25 | [dependencies.pin-utils]
[INFO] [stderr]    |               ^^^^^^^^^^
[INFO] [stderr]    |
[INFO] [stderr] help: consider removing the dependency on `pin-utils`
[INFO] [stderr] warning: unused dependency `thiserror`
[INFO] [stderr]   --> Cargo.toml:44:15
[INFO] [stderr]    |
[INFO] [stderr] 44 | [dependencies.thiserror]
[INFO] [stderr]    |               ^^^^^^^^^^
[INFO] [stderr]    |
[INFO] [stderr] help: consider removing the dependency on `thiserror`
[INFO] [stderr] warning: unused dependency `tracing-subscriber`
[INFO] [stderr]   --> Cargo.toml:54:15
[INFO] [stderr]    |
[INFO] [stderr] 54 | [dependencies.tracing-subscriber]
[INFO] [stderr]    |               ^^^^^^^^^^^^^^^^^^^
[INFO] [stderr]    |
[INFO] [stderr] help: consider removing the dependency on `tracing-subscriber`
[INFO] [stderr] warning: `ghostlink-core` (manifest) generated 4 warnings
[INFO] [stderr]     Finished `test` profile [unoptimized + debuginfo] target(s) in 0.18s
[INFO] [stderr]      Running unittests src/lib.rs (/opt/rustwide/target/debug/build/ghostlink-core/ae80ff8ab85acb5e/out/ghostlink_core-ae80ff8ab85acb5e)
[INFO] [stdout] 
[INFO] [stdout] running 190 tests
[INFO] [stdout] test accelerator::tests::backend_selection_reflects_acceleration_mode ... ok
[INFO] [stdout] test accelerator::tests::backend_executes_scaled_transform ... ok
[INFO] [stdout] test api_response_cache::tests::cache_miss_computes_value ... ok
[INFO] [stdout] test api_response_cache::tests::cache_hit_reuses ... ok
[INFO] [stdout] test api_response_cache::tests::etag_match_detection ... ok
[INFO] [stdout] test api_response_cache::tests::clone_shares_state ... ok
[INFO] [stdout] test api_response_cache::tests::pre_warm_populates ... ok
[INFO] [stdout] test api_response_cache::tests::statistics_tracking ... ok
[INFO] [stdout] test api_response_cache::tests::hit_ratio_calculation ... ok
[INFO] [stdout] test autotune::tests::tcp_config_scales_with_multi_gpu ... ok
[INFO] [stdout] test circuit_breaker::tests::circuit_breaker_is_cloneable ... ok
[INFO] [stdout] test circuit_breaker::tests::circuit_starts_closed ... ok
[INFO] [stdout] test circuit_breaker::tests::circuit_opens_after_threshold_failures ... ok
[INFO] [stdout] test circuit_breaker::tests::jittered_backoff_increases ... ok
[INFO] [stdout] test cluster::tests::cluster_delivery_ratio_tracks_network_quality ... ok
[INFO] [stdout] test cluster::tests::cluster_health_monitor_reports_accurate_status ... ok
[INFO] [stdout] test circuit_breaker::tests::jittered_backoff_has_jitter ... ok
[INFO] [stdout] test cluster::tests::cluster_health_monitor_checks_all_nodes ... ok
[INFO] [stdout] test cluster::tests::cluster_handles_rapid_registration_churn ... ok
[INFO] [stdout] test cluster::tests::cluster_metrics_use_exponential_moving_average ... ok
[INFO] [stdout] test cluster::tests::health_monitor_reports_active_count ... ok
[INFO] [stdout] test cluster::tests::metrics_record_latency ... ok
[INFO] [stdout] test cluster::tests::node_metrics_track_min_max_latency ... ok
[INFO] [stdout] test cluster::tests::cluster_tracks_total_vram ... ok
[INFO] [stdout] test cluster::tests::metrics_record_delivery_ratio ... ok
[INFO] [stdout] test cluster::tests::node_metrics_keep_recent_latency_and_throughput_history ... ok
[INFO] [stdout] test cluster::tests::register_replaces_existing_nodes ... ok
[INFO] [stdout] test cluster::tests::cluster_concurrent_metric_updates ... ok
[INFO] [stdout] test cluster::tests::with_metrics_allows_single_pass_inspection ... ok
[INFO] [stdout] test dashboard::tests::health_summary_reports ... ok
[INFO] [stdout] test dashboard::tests::dashboard_ring_fill_percent ... ok
[INFO] [stdout] test dashboard::tests::renders_dashboard_with_stream_information ... ok
[INFO] [stdout] test discovery::tests::enforce_auth_without_token_is_rejected_as_config_error ... ok
[INFO] [stdout] test discovery::tests::datagram_auth_validation_rejects_modified_data ... ok
[INFO] [stdout] test autotune::tests::autotuner_fingerprint_is_stable ... ok
[INFO] [stdout] test autotune::tests::autotuner_derives_from_system_profile ... ok
[INFO] [stdout] test autotune::tests::load_cache_rejects_stale_in_memory_fingerprint ... ok
[INFO] [stdout] test autotune::tests::autotuner_round_trips_through_json ... ok
[INFO] [stdout] test autotune::tests::autotuner_detects_hardware_change ... ok
[INFO] [stdout] test health::tests::get_health_status_fails_on_either_metric_crossing_floor ... ok
[INFO] [stdout] test health::tests::get_recommendation_uses_average_latency_not_minimum ... ok
[INFO] [stdout] test health::tests::health_config_autotunes_for_gpu_profiles ... ok
[INFO] [stdout] test health::tests::health_metrics_aggregates ... ok
[INFO] [stdout] test health::tests::health_monitor_checks_all_nodes ... ok
[INFO] [stdout] test health::tests::health_monitor_detects_degraded_nodes ... ok
[INFO] [stdout] test health::tests::health_monitor_gets_recommendation ... ok
[INFO] [stdout] test health::tests::health_monitor_marks_fresh_nodes_unknown_without_samples ... ok
[INFO] [stdout] test health::tests::tcp_probe_target_can_mark_node_failed_when_unreachable ... ok
[INFO] [stdout] test host::tests::fast_profile_cache_reuses_detected_shape ... ok
[INFO] [stdout] test health::tests::tcp_probe_target_healthy_when_reachable ... ok
[INFO] [stdout] test host::tests::infers_compute_capability_from_gpu_name ... ok
[INFO] [stdout] test host::tests::summary_includes_tuning_fields ... ok
[INFO] [stdout] test kv_cache::tests::clone_shares_the_same_underlying_cache ... ok
[INFO] [stdout] test kv_cache::tests::growing_seq_len_preserves_prior_writes ... ok
[INFO] [stdout] test kv_cache::tests::initialize_and_round_trip ... ok
[INFO] [stdout] test kv_cache::tests::initialize_rejects_zero_len ... ok
[INFO] [stdout] test kv_cache::tests::concurrent_reads_do_not_corrupt_or_deadlock ... ok
[INFO] [stdout] test kv_cache::tests::is_empty_and_len_track_initialization ... ok
[INFO] [stdout] test kv_cache::tests::read_range_rejects_end_beyond_current_len ... ok
[INFO] [stdout] test kv_cache::tests::read_range_returns_contiguous_data ... ok
[INFO] [stdout] test kv_cache::tests::write_kv_batch_empty ... ok
[INFO] [stdout] test kv_cache::tests::write_kv_batch_is_atomic_on_validation_failure ... ok
[INFO] [stdout] test kv_cache::tests::write_kv_batch_multiple ... ok
[INFO] [stdout] test kv_cache::tests::write_kv_batch_validation_fails ... ok
[INFO] [stdout] test kv_cache::tests::write_kv_before_initialize_is_rejected ... ok
[INFO] [stdout] test kv_cache::tests::write_kv_rejects_out_of_bounds_token ... ok
[INFO] [stdout] test kv_cache::tests::write_kv_rejects_wrong_width ... ok
[INFO] [stdout] test load_balance::tests::autotuned_config_reflects_runtime_profile ... ok
[INFO] [stdout] test load_balance::tests::autotuned_cpu_threshold_stays_above_one ... ok
[INFO] [stdout] test load_balance::tests::load_balancer_distributes_layers ... ok
[INFO] [stdout] test load_balance::tests::load_balancer_generates_summary ... ok
[INFO] [stdout] test load_balance::tests::load_stats_first_balance_ratio_not_diluted_by_prior_distribution ... ok
[INFO] [stdout] test load_balance::tests::load_stats_records_distribution ... ok
[INFO] [stdout] test load_balance::tests::load_stats_reports ... ok
[INFO] [stdout] test load_balance::tests::load_stats_updates_balance_ratio ... ok
[INFO] [stdout] test load_balance::tests::rebalance_does_not_always_trigger_on_balanced_cpu_cluster ... ok
[INFO] [stdout] test load_balance::tests::runtime_profile_chunks_large_distribution_slices ... ok
[INFO] [stdout] test mdns::tests::decode_fails_gracefully_on_missing_required_field ... ok
[INFO] [stdout] test load_balance::tests::shed_load_moves_from_low_headroom_to_high_headroom_nodes ... ok
[INFO] [stdout] test mdns::tests::sanitize_instance_name_collapses_dots ... ok
[INFO] [stdout] test mdns::tests::txt_roundtrip_preserves_node_fields ... ok
[INFO] [stdout] test mdns::tests::txt_roundtrip_preserves_rpc_build_id ... ok
[INFO] [stdout] test mdns::tests::txt_roundtrip_preserves_rpc_port ... ok
[INFO] [stdout] test mdns::tests::txt_roundtrip_without_gpu_name ... ok
[INFO] [stdout] test mdns::tests::txt_roundtrip_without_rpc_build_id ... ok
[INFO] [stdout] test mdns::tests::txt_roundtrip_without_rpc_port ... ok
[INFO] [stdout] test planning::tests::fault_tolerance_handles_all_failed_nodes_without_panicking ... ok
[INFO] [stdout] test planning::tests::greedily_places_layers_across_nodes ... ok
[INFO] [stdout] test models::tests::test_model_registration ... ok
[INFO] [stdout] test planning::tests::placement_plan_summary ... ok
[INFO] [stdout] test planning::tests::planning_tuning_scales_chunk_size_with_workers ... ok
[INFO] [stdout] test planning::tests::rebalance_assignments_detects_capacity ... ok
[INFO] [stdout] test planning::tests::reports_insufficient_capacity ... ok
[INFO] [stdout] test planning::tests::runtime_profile_assignment_keeps_trailing_zero_vram_layers ... ok
[INFO] [stdout] test planning::tests::runtime_profile_chunks_large_assignments ... ok
[INFO] [stdout] test planning::tests::selects_quantization_mode_from_delivery_ratio ... ok
[INFO] [stdout] test planning::tests::test_rebalance_trigger_evaluate_never_selects_overtaxed_as_available ... ok
[INFO] [stdout] test protocol::tests::crc_verification_fails_on_modified_payload ... ok
[INFO] [stdout] test protocol::tests::decode_payload_from_before_rpc_build_id_existed_defaults_to_none ... ok
[INFO] [stdout] test protocol::tests::decode_payload_from_before_rpc_port_existed_defaults_to_none ... ok
[INFO] [stdout] test protocol::tests::decode_payload_truncated_mid_rpc_build_id_string_is_an_error ... ok
[INFO] [stdout] test protocol::tests::discovery_frame_encode_round_trips_rpc_build_id ... ok
[INFO] [stdout] test protocol::tests::discovery_frame_encode_round_trips_rpc_port ... ok
[INFO] [stdout] test protocol::tests::discovery_frame_encode_round_trips_rpc_port_and_rpc_build_id_together ... ok
[INFO] [stdout] test protocol::tests::discovery_frame_encode_without_rpc_build_id_decodes_to_none ... ok
[INFO] [stdout] test protocol::tests::discovery_frame_encode_without_rpc_port_decodes_to_none ... ok
[INFO] [stdout] test protocol::tests::discovery_frames_round_trip ... ok
[INFO] [stdout] test protocol::tests::encode_does_not_panic_when_combined_field_lengths_exceed_max_payload ... ok
[INFO] [stdout] test protocol::tests::encode_payload_into_accepts_exact_max_size_with_gpu_name ... ok
[INFO] [stdout] test protocol::tests::handles_gpu_name_field ... ok
[INFO] [stdout] test protocol::tests::node_resources_round_trip_preserves_rpc_build_id ... ok
[INFO] [stdout] test protocol::tests::node_resources_round_trip_preserves_rpc_port ... ok
[INFO] [stdout] test protocol::tests::node_resources_round_trip_with_gpu_name_and_rpc_port_together ... ok
[INFO] [stdout] test protocol::tests::node_resources_round_trip_with_gpu_name_rpc_port_and_rpc_build_id_together ... ok
[INFO] [stdout] test protocol::tests::node_resources_round_trip_without_rpc_build_id_is_none ... ok
[INFO] [stdout] test protocol::tests::node_resources_round_trip_without_rpc_port_is_none ... ok
[INFO] [stdout] test protocol::tests::proptest_protocol::prop_crc_detects_any_payload_corruption ... ok
[INFO] [stdout] test protocol::tests::proptest_protocol::prop_discovery_frame_round_trip ... ok
[INFO] [stdout] test protocol::tests::rejects_wrong_ether_type ... ok
[INFO] [stdout] test ring::tests::backpressure_threshold_works ... ok
[INFO] [stdout] test ring::tests::handles_wrap_around_correctly ... ok
[INFO] [stdout] test ring::tests::pop_batch_reads_multiple_elements ... ok
[INFO] [stdout] test ring::tests::pop_batch_returns_available_count ... ok
[INFO] [stdout] test ring::tests::push_batch_respects_capacity ... ok
[INFO] [stdout] test ring::tests::push_batch_writes_multiple_elements ... ok
[INFO] [stdout] test ring::tests::push_pop_batch_round_trip_spsc ... ok
[INFO] [stdout] test ring::tests::returns_full_when_capacity_is_reached ... ok
[INFO] [stdout] test ring::tests::supports_fifo_push_and_pop ... ok
[INFO] [stdout] test ring::tests::supports_single_producer_single_consumer_threads ... ok
[INFO] [stdout] test ring::tests::wait_for_data_releases ... ok
[INFO] [stdout] test ring::tests::wait_for_space_releases ... ok
[INFO] [stdout] test ring::tests::write_read_available_tracking ... ok
[INFO] [stdout] test protocol::tests::proptest_protocol::prop_frame_encoding_is_deterministic ... ok
[INFO] [stdout] test runtime::tests::execute_pipeline_with_remote_stage_does_a_real_tcp_round_trip ... ok
[INFO] [stdout] test runtime::tests::execute_pipeline_with_remote_stage_rejects_when_remote_node_has_no_stages ... ok
[INFO] [stdout] test runtime::tests::elems_per_token_config_scales_payload_size_and_still_completes ... ok
[INFO] [stdout] test runtime::tests::execution_reports_basic_stage_metrics ... ok
[INFO] [stdout] test runtime::tests::execution_respects_micro_batch_count ... ok
[INFO] [stdout] test runtime::tests::execution_supports_npu_stage_metrics ... ok
[INFO] [stdout] test runtime::tests::merge_stages_for_node_collapses_multiple_chunks_into_one_placement ... ok
[INFO] [stdout] test runtime::tests::pipeline_plan_uses_node_device_mapping ... ok
[INFO] [stdout] test runtime::tests::schedule_size_matches_tokens_times_stages ... ok
[INFO] [stdout] test runtime::tests::stage_handshake_round_trips_layer_count_and_device ... ok
[INFO] [stdout] test runtime::tests::spawn_tcp_bridge_skips_connection_attempts_when_circuit_breaker_is_open ... ok
[INFO] [stdout] test runtime::tests::tcp_loopback_execution_reports_metrics ... ok
[INFO] [stdout] test runtime::tests::transport_rejects_auth_mismatch_frames ... ok
[INFO] [stdout] test runtime::tests::tcp_loopback_execution_with_hardening_config_reports_metrics ... ok
[INFO] [stdout] test runtime::tests::transport_rejects_unexpected_source_stage ... ok
[INFO] [stdout] test system_profile::tests::amx_tile_detection_does_not_panic ... ok
[INFO] [stdout] test system_profile::tests::compute_workers_scales_with_gpus ... ok
[INFO] [stdout] test system_profile::tests::detect_gpu_handles_env_overrides ... ok
[INFO] [stdout] test system_profile::tests::infer_backend_cuda ... ok
[INFO] [stdout] test runtime::tests::unix_socket_loopback_execution_reports_metrics ... ok
[INFO] [stdout] test system_profile::tests::infer_backend_metal ... ok
[INFO] [stdout] test system_profile::tests::infer_backend_rocm ... ok
[INFO] [stdout] test system_profile::tests::parse_processor_core_relationships_detects_hybrid_split ... ok
[INFO] [stdout] test system_profile::tests::parse_processor_core_relationships_handles_empty_buffer ... ok
[INFO] [stdout] test system_profile::tests::parse_processor_core_relationships_ignores_non_core_relationships ... ok
[INFO] [stdout] test system_profile::tests::parse_processor_core_relationships_returns_none_for_uniform_cpu ... ok
[INFO] [stdout] test system_profile::tests::parse_processor_core_relationships_stops_at_malformed_record_without_panicking ... ok
[INFO] [stdout] test system_profile::tests::system_profile_always_has_at_least_one_gpu_entry ... ok
[INFO] [stdout] test system_profile::tests::system_profile_converts_to_runtime_profile ... ok
[INFO] [stdout] test system_profile::tests::system_profile_detects_cpu ... ok
[INFO] [stdout] test system_profile::tests::system_profile_detects_memory ... ok
[INFO] [stdout] test watcher::tests::check_for_changes_returns_none_when_unchanged ... ok
[INFO] [stdout] test system_profile::tests::physical_cores_nonzero ... ok
[INFO] [stdout] test watcher::tests::profiles_differ_detects_gpu_count_change ... ok
[INFO] [stdout] test watcher::tests::watcher_starts_with_valid_profile ... ok
[INFO] [stdout] test watcher::tests::poll_once_does_not_panic ... ok
[INFO] [stdout] test xdp::tests::xdp_receiver_processes_frames ... ok
[INFO] [stdout] test xdp::tests::xdp_receiver_rejects_wrong_ether_type ... ok
[INFO] [stdout] test xdp::tests::xdp_stats_reports ... ok
[INFO] [stdout] test xdp::tests::xdp_stats_reports_throughput ... ok
[INFO] [stdout] test xdp::tests::xdp_stats_tracks_frames ... ok
[INFO] [stdout] test xdp::tests::xdp_stats_updates_latency ... ok
[INFO] [stdout] test watcher::tests::watcher_subscribe_receives_initial ... ok
[INFO] [stdout] test api_response_cache::tests::expiration_and_recompute ... ok
[INFO] [stdout] test circuit_breaker::tests::half_open_grants_probe_to_exactly_one_concurrent_caller ... ok
[INFO] [stdout] test circuit_breaker::tests::circuit_half_opens_after_timeout ... ok
[INFO] [stdout] test circuit_breaker::tests::circuit_closes_on_successful_probe ... ok
[INFO] [stdout] test discovery::tests::broadcast_fallback_can_send_without_responses ... ok
[INFO] [stdout] test discovery::tests::broadcast_collects_multiple_replies_in_single_window ... ok
[INFO] [stdout] test discovery::tests::responder_replies_to_join_request ... ok
[INFO] [stdout] test discovery::tests::respond_once_ignores_auth_mismatch_then_accepts_valid_request ... ok
[INFO] [stdout] test discovery::tests::serve_discovery_with_stats_tracks_drop_reasons ... ok
[INFO] [stdout] test discovery::tests::respond_once_survives_mixed_traffic_soak_before_valid_join ... ok
[INFO] [stdout] test cluster::tests::heartbeat_timeout_detection ... ok
[INFO] [stdout] test health::tests::fault_detector_detects_failures ... ok
[INFO] [stdout] test health::tests::fault_detector_detects_failures_for_degraded_nodes ... ok
[INFO] [stdout] test health::tests::fault_detector_recovers_nodes ... ok
[INFO] [stdout] 
[INFO] [stdout] test result: ok. 190 passed; 0 failed; 0 ignored; 0 measured; 0 filtered out; finished in 6.01s
[INFO] [stdout] 
[INFO] [stderr]      Running tests/common.rs (/opt/rustwide/target/debug/build/ghostlink-core/57c301f601bc43ad/out/common-57c301f601bc43ad)
[INFO] [stdout] 
[INFO] [stdout] running 7 tests
[INFO] [stdout] test tests::assert_delivery_ratio_accepts_valid_range ... ok
[INFO] [stdout] test tests::corrupt_frame_bits_modifies_data ... ok
[INFO] [stdout] test tests::sample_nodes_are_heterogeneous ... ok
[INFO] [stdout] test tests::sample_layers_generates_correct_count ... ok
[INFO] [stdout] test tests::setup_cluster_registers_all_nodes ... ok
[INFO] [stdout] test tests::assert_delivery_ratio_rejects_high - should panic ... ok
[INFO] [stdout] test tests::assert_delivery_ratio_rejects_low - should panic ... ok
[INFO] [stdout] 
[INFO] [stdout] test result: ok. 7 passed; 0 failed; 0 ignored; 0 measured; 0 filtered out; finished in 0.04s
[INFO] [stdout] 
[INFO] [stderr]      Running tests/integration.rs (/opt/rustwide/target/debug/build/ghostlink-core/e7254238e173aa14/out/integration-e7254238e173aa14)
[INFO] [stdout] 
[INFO] [stdout] running 28 tests
[INFO] [stdout] test cluster_allows_node_rejoin_after_failure ... ok
[INFO] [stdout] test cluster_handles_single_node_deregistration ... ok
[INFO] [stdout] test cluster_handles_two_concurrent_failures ... ok
[INFO] [stdout] test common::tests::assert_delivery_ratio_accepts_valid_range ... ok
[INFO] [stdout] test common::tests::corrupt_frame_bits_modifies_data ... ok
[INFO] [stdout] test common::tests::sample_layers_generates_correct_count ... ok
[INFO] [stdout] test common::tests::sample_nodes_are_heterogeneous ... ok
[INFO] [stdout] test cluster_scales_to_multiple_nodes ... ok
[INFO] [stdout] test common::tests::setup_cluster_registers_all_nodes ... ok
[INFO] [stdout] test protocol_detects_multi_byte_corruption ... ok
[INFO] [stdout] test protocol_detects_single_bit_corruption ... ok
[INFO] [stdout] test protocol_handles_truncated_frame ... ok
[INFO] [stdout] test protocol_recovers_after_corruption ... ok
[INFO] [stdout] test protocol_rejects_invalid_magic ... ok
[INFO] [stdout] test test_layer_assignment_with_failure_scenarios ... ok
[INFO] [stdout] test test_quantization_mode_selection ... ok
[INFO] [stdout] test test_discovery_frame_crc_verification ... ok
[INFO] [stdout] test test_layer_assignment_greedy_strategy ... ok
[INFO] [stdout] test test_cluster_state_concurrent_access ... ok
[INFO] [stdout] test test_protocol_encoding_decoding_edge_cases ... ok
[INFO] [stdout] test test_multi_node_discovery_and_registration ... ok
[INFO] [stdout] test test_ring_buffer_wrap_around ... ok
[INFO] [stdout] test test_distributed_execution_stress ... ok
[INFO] [stdout] test test_ring_buffer_stress ... ok
[INFO] [stdout] test ring_buffer_handles_producer_outpacing_consumer ... ok
[INFO] [stdout] test ring_buffer_no_loss_under_rate_mismatch ... ok
[INFO] [stdout] test common::tests::assert_delivery_ratio_rejects_high - should panic ... ok
[INFO] [stdout] test common::tests::assert_delivery_ratio_rejects_low - should panic ... ok
[INFO] [stdout] 
[INFO] [stdout] test result: ok. 28 passed; 0 failed; 0 ignored; 0 measured; 0 filtered out; finished in 0.04s
[INFO] [stdout] 
[INFO] [stderr]      Running tests/multinode_heterogeneity_and_npu_perf.rs (/opt/rustwide/target/debug/build/ghostlink-core/d967bce41e26ac9b/out/multinode_heterogeneity_and_npu_perf-d967bce41e26ac9b)
[INFO] [stdout] 
[INFO] [stdout] running 19 tests
[INFO] [stdout] test test_chat_completion_hybrid_heterogeneous_pipeline ... ok
[INFO] [stdout] test test_chat_completion_with_npu_inference ... ok
[INFO] [stdout] test test_cpu_to_gpu_acceleration_fallback ... ok
[INFO] [stdout] test test_distributed_chat_flow_end_to_end ... ok
[INFO] [stdout] test test_device_map_reflects_acceleration_mode_correctly ... ok
[INFO] [stdout] test test_gpu_auto_detection_homogeneous_cluster ... ok
[INFO] [stdout] test test_multi_node_device_locality_optimization ... ok
[INFO] [stdout] test test_heterogeneous_pipeline_plan_with_npu_gpu_mix ... ok
[INFO] [stdout] test test_multinode_placement_plan_with_device_heterogeneity ... ok
[INFO] [stdout] test test_npu_auto_detection_multi_node_heterogeneous ... ok
[INFO] [stdout] test test_npu_auto_detection_single_node ... ok
[INFO] [stdout] test test_npu_device_auto_selection_under_load ... ok
[INFO] [stdout] test test_npu_stage_performance_vs_gpu ... ok
[INFO] [stdout] test test_npu_performance_benchmark_throughput ... ok
[INFO] [stdout] test test_npu_vs_gpu_performance_ratio ... ok
[INFO] [stdout] test test_rocm_gpu_device_kind_in_pipeline ... ok
[INFO] [stdout] test test_quantization_mode_with_device_heterogeneity ... ok
[INFO] [stdout] test test_rocm_gpu_in_heterogeneous_device_map ... ok
[INFO] [stdout] test test_rocm_gpu_stage_compute_simulation ... ok
[INFO] [stdout] 
[INFO] [stdout] test result: ok. 19 passed; 0 failed; 0 ignored; 0 measured; 0 filtered out; finished in 0.00s
[INFO] [stdout] 
[INFO] [stderr]    Doc-tests ghostlink_core
[INFO] [stdout] 
[INFO] [stdout] running 0 tests
[INFO] [stdout] 
[INFO] [stdout] test result: ok. 0 passed; 0 failed; 0 ignored; 0 measured; 0 filtered out; finished in 0.00s
[INFO] [stdout] 
[INFO] running `Command { std: "docker" "inspect" "6ae2b0fb3073e48bcfd79a96914c4d698c649e09a01b0b6eb212f1362ab10b92", kill_on_drop: false }`
[INFO] running `Command { std: "docker" "rm" "-f" "6ae2b0fb3073e48bcfd79a96914c4d698c649e09a01b0b6eb212f1362ab10b92", kill_on_drop: false }`
[INFO] [stdout] 6ae2b0fb3073e48bcfd79a96914c4d698c649e09a01b0b6eb212f1362ab10b92
