[INFO] cloning repository https://github.com/texel/vigil
[INFO] running `Command { std: "git" "-c" "credential.helper=" "-c" "credential.helper=/workspace/cargo-home/bin/git-credential-null" "clone" "--bare" "https://github.com/texel/vigil" "/workspace/cache/git-repos/https%3A%2F%2Fgithub.com%2Ftexel%2Fvigil", kill_on_drop: false }`
[INFO] [stderr] Cloning into bare repository '/workspace/cache/git-repos/https%3A%2F%2Fgithub.com%2Ftexel%2Fvigil'...
[INFO] running `Command { std: "git" "rev-parse" "HEAD", kill_on_drop: false }`
[INFO] [stdout] d0b3577c3adc13cde40052e9cad74bb8368c359b
[INFO] testing texel/vigil against 1.100.0-beta.1 for beta-1.100-2
[INFO] running `Command { std: "git" "clone" "/workspace/cache/git-repos/https%3A%2F%2Fgithub.com%2Ftexel%2Fvigil" "/workspace/builds/worker-1-tc2/source", kill_on_drop: false }`
[INFO] [stderr] Cloning into '/workspace/builds/worker-1-tc2/source'...
[INFO] [stderr] done.
[INFO] removed /workspace/builds/worker-1-tc2/source/rust-toolchain.toml
[INFO] started tweaking git repo https://github.com/texel/vigil
[INFO] finished tweaking git repo https://github.com/texel/vigil
[INFO] tweaked toml for git repo https://github.com/texel/vigil written to /workspace/builds/worker-1-tc2/source/Cargo.toml
[INFO] validating manifest of git repo https://github.com/texel/vigil on toolchain 1.100.0-beta.1
[INFO] running `Command { std: CARGO_HOME="/workspace/cargo-home" RUSTUP_HOME="/workspace/rustup-home" "/workspace/cargo-home/bin/cargo" "+1.100.0-beta.1" "metadata" "--manifest-path" "Cargo.toml" "--no-deps", kill_on_drop: false }`
[INFO] crate git repo https://github.com/texel/vigil already has a lockfile, it will not be regenerated
[INFO] running `Command { std: CARGO_HOME="/workspace/cargo-home" RUSTUP_HOME="/workspace/rustup-home" "/workspace/cargo-home/bin/cargo" "+1.100.0-beta.1" "fetch" "--manifest-path" "Cargo.toml", kill_on_drop: false }`
[INFO] [stderr]     Blocking waiting for file lock on package cache
[INFO] [stderr]     Blocking waiting for file lock on package cache
[ERROR] error running command: no output for 300 seconds
[INFO] testing texel/vigil against 1.100.0-beta.1 for beta-1.100-2
[INFO] running `Command { std: "git" "clone" "/workspace/cache/git-repos/https%3A%2F%2Fgithub.com%2Ftexel%2Fvigil" "/workspace/builds/worker-1-tc2/source", kill_on_drop: false }`
[INFO] [stderr] Cloning into '/workspace/builds/worker-1-tc2/source'...
[INFO] [stderr] done.
[INFO] removed /workspace/builds/worker-1-tc2/source/rust-toolchain.toml
[INFO] started tweaking git repo https://github.com/texel/vigil
[INFO] finished tweaking git repo https://github.com/texel/vigil
[INFO] tweaked toml for git repo https://github.com/texel/vigil written to /workspace/builds/worker-1-tc2/source/Cargo.toml
[INFO] validating manifest of git repo https://github.com/texel/vigil on toolchain 1.100.0-beta.1
[INFO] running `Command { std: CARGO_HOME="/workspace/cargo-home" RUSTUP_HOME="/workspace/rustup-home" "/workspace/cargo-home/bin/cargo" "+1.100.0-beta.1" "metadata" "--manifest-path" "Cargo.toml" "--no-deps", kill_on_drop: false }`
[INFO] crate git repo https://github.com/texel/vigil already has a lockfile, it will not be regenerated
[INFO] running `Command { std: CARGO_HOME="/workspace/cargo-home" RUSTUP_HOME="/workspace/rustup-home" "/workspace/cargo-home/bin/cargo" "+1.100.0-beta.1" "fetch" "--manifest-path" "Cargo.toml", kill_on_drop: false }`
[INFO] [stderr]     Blocking waiting for file lock on package cache
[ERROR] error running command: no output for 300 seconds
[INFO] testing texel/vigil against 1.100.0-beta.1 for beta-1.100-2
[INFO] running `Command { std: "git" "clone" "/workspace/cache/git-repos/https%3A%2F%2Fgithub.com%2Ftexel%2Fvigil" "/workspace/builds/worker-1-tc2/source", kill_on_drop: false }`
[INFO] [stderr] Cloning into '/workspace/builds/worker-1-tc2/source'...
[INFO] [stderr] done.
[INFO] removed /workspace/builds/worker-1-tc2/source/rust-toolchain.toml
[INFO] started tweaking git repo https://github.com/texel/vigil
[INFO] finished tweaking git repo https://github.com/texel/vigil
[INFO] tweaked toml for git repo https://github.com/texel/vigil written to /workspace/builds/worker-1-tc2/source/Cargo.toml
[INFO] validating manifest of git repo https://github.com/texel/vigil on toolchain 1.100.0-beta.1
[INFO] running `Command { std: CARGO_HOME="/workspace/cargo-home" RUSTUP_HOME="/workspace/rustup-home" "/workspace/cargo-home/bin/cargo" "+1.100.0-beta.1" "metadata" "--manifest-path" "Cargo.toml" "--no-deps", kill_on_drop: false }`
[INFO] crate git repo https://github.com/texel/vigil already has a lockfile, it will not be regenerated
[INFO] running `Command { std: CARGO_HOME="/workspace/cargo-home" RUSTUP_HOME="/workspace/rustup-home" "/workspace/cargo-home/bin/cargo" "+1.100.0-beta.1" "fetch" "--manifest-path" "Cargo.toml", kill_on_drop: false }`
[INFO] [stderr]     Blocking waiting for file lock on package cache
[INFO] [stderr]     Blocking waiting for file lock on package cache
[ERROR] error running command: no output for 300 seconds
[INFO] testing texel/vigil against 1.100.0-beta.1 for beta-1.100-2
[INFO] running `Command { std: "git" "clone" "/workspace/cache/git-repos/https%3A%2F%2Fgithub.com%2Ftexel%2Fvigil" "/workspace/builds/worker-1-tc2/source", kill_on_drop: false }`
[INFO] [stderr] Cloning into '/workspace/builds/worker-1-tc2/source'...
[INFO] [stderr] done.
[INFO] removed /workspace/builds/worker-1-tc2/source/rust-toolchain.toml
[INFO] started tweaking git repo https://github.com/texel/vigil
[INFO] finished tweaking git repo https://github.com/texel/vigil
[INFO] tweaked toml for git repo https://github.com/texel/vigil written to /workspace/builds/worker-1-tc2/source/Cargo.toml
[INFO] validating manifest of git repo https://github.com/texel/vigil on toolchain 1.100.0-beta.1
[INFO] running `Command { std: CARGO_HOME="/workspace/cargo-home" RUSTUP_HOME="/workspace/rustup-home" "/workspace/cargo-home/bin/cargo" "+1.100.0-beta.1" "metadata" "--manifest-path" "Cargo.toml" "--no-deps", kill_on_drop: false }`
[INFO] crate git repo https://github.com/texel/vigil already has a lockfile, it will not be regenerated
[INFO] running `Command { std: CARGO_HOME="/workspace/cargo-home" RUSTUP_HOME="/workspace/rustup-home" "/workspace/cargo-home/bin/cargo" "+1.100.0-beta.1" "fetch" "--manifest-path" "Cargo.toml", kill_on_drop: false }`
[INFO] [stderr]     Blocking waiting for file lock on package cache
[ERROR] error running command: no output for 300 seconds
[INFO] testing texel/vigil against 1.100.0-beta.1 for beta-1.100-2
[INFO] running `Command { std: "git" "clone" "/workspace/cache/git-repos/https%3A%2F%2Fgithub.com%2Ftexel%2Fvigil" "/workspace/builds/worker-1-tc2/source", kill_on_drop: false }`
[INFO] [stderr] Cloning into '/workspace/builds/worker-1-tc2/source'...
[INFO] [stderr] done.
[INFO] removed /workspace/builds/worker-1-tc2/source/rust-toolchain.toml
[INFO] started tweaking git repo https://github.com/texel/vigil
[INFO] finished tweaking git repo https://github.com/texel/vigil
[INFO] tweaked toml for git repo https://github.com/texel/vigil written to /workspace/builds/worker-1-tc2/source/Cargo.toml
[INFO] validating manifest of git repo https://github.com/texel/vigil on toolchain 1.100.0-beta.1
[INFO] running `Command { std: CARGO_HOME="/workspace/cargo-home" RUSTUP_HOME="/workspace/rustup-home" "/workspace/cargo-home/bin/cargo" "+1.100.0-beta.1" "metadata" "--manifest-path" "Cargo.toml" "--no-deps", kill_on_drop: false }`
[INFO] crate git repo https://github.com/texel/vigil already has a lockfile, it will not be regenerated
[INFO] running `Command { std: CARGO_HOME="/workspace/cargo-home" RUSTUP_HOME="/workspace/rustup-home" "/workspace/cargo-home/bin/cargo" "+1.100.0-beta.1" "fetch" "--manifest-path" "Cargo.toml", kill_on_drop: false }`
[INFO] [stderr]     Blocking waiting for file lock on package cache
[INFO] [stderr]     Blocking waiting for file lock on package cache
[INFO] [stderr]  Downloading crates ...
[INFO] [stderr]   Downloaded rrule v0.14.0
[INFO] [stderr]   Downloaded crokey-proc_macros v1.4.0
[INFO] [stderr]   Downloaded tokio-io-timeout v1.2.1
[INFO] [stderr]   Downloaded libsql-hrana v0.9.29
[INFO] [stderr]   Downloaded lazy-regex v3.6.0
[INFO] [stderr]   Downloaded lazy-regex-proc_macros v3.6.0
[INFO] [stderr]   Downloaded strict v0.2.0
[INFO] [stderr]   Downloaded plist v1.8.0
[INFO] [stderr]   Downloaded uuid v1.22.0
[INFO] [stderr]   Downloaded cmake v0.1.57
[INFO] [stderr]   Downloaded hyper-rustls v0.25.0
[INFO] [stderr]   Downloaded prost v0.12.6
[INFO] [stderr]   Downloaded prost-derive v0.12.6
[INFO] [stderr]   Downloaded libsql v0.9.29
[INFO] [stderr]   Downloaded libsql_replication v0.9.29
[INFO] [stderr]   Downloaded crokey v1.4.0
[INFO] [stderr]   Downloaded libsql-sys v0.9.29
[INFO] [stderr]   Downloaded minimad v0.13.1
[INFO] [stderr]   Downloaded tonic v0.11.0
[INFO] [stderr]   Downloaded libsql-sqlite3-parser v0.13.0
[INFO] [stderr]   Downloaded libsql-rusqlite v0.9.29
[INFO] [stderr]   Downloaded coolor v1.1.0
[INFO] [stderr]   Downloaded bindgen v0.66.1
[INFO] [stderr]   Downloaded termimad v0.31.3
[INFO] [stderr]   Downloaded tonic-web v0.11.0
[INFO] [stderr]   Downloaded libsql-ffi v0.9.29
[INFO] running `Command { std: "docker" "create" "-v" "/var/lib/crater-agent-workspace/builds/worker-1-tc2/source:/opt/rustwide/workdir:ro,Z" "-v" "/var/lib/crater-agent-workspace/builds/worker-1-tc2/target:/opt/rustwide/target:rw,Z" "-v" "/var/lib/crater-agent-workspace/cargo-home:/opt/rustwide/cargo-home:ro,Z" "-v" "/var/lib/crater-agent-workspace/rustup-home:/opt/rustwide/rustup-home:ro,Z" "-m" "1610612736" "--network" "none" "ghcr.io/rust-lang/crates-build-env/linux@sha256:3111399a4047eeb3a02b7a90e478d715f38a8c6669b5c4b49d30a17385265909" "sleep" "infinity", kill_on_drop: false }`
[INFO] [stdout] a938a34e7d4541e9f5a006062118750bb66e88dd5854106c2c686f1d30e75988
[INFO] running `Command { std: "docker" "start" "a938a34e7d4541e9f5a006062118750bb66e88dd5854106c2c686f1d30e75988", kill_on_drop: false }`
[INFO] running `Command { std: "docker" "inspect" "a938a34e7d4541e9f5a006062118750bb66e88dd5854106c2c686f1d30e75988", kill_on_drop: false }`
[INFO] running `Command { std: "docker" "exec" "-e" "SOURCE_DIR=/opt/rustwide/workdir" "-e" "CARGO_HOME=/opt/rustwide/cargo-home" "-e" "RUSTUP_HOME=/opt/rustwide/rustup-home" "-e" "CARGO_TARGET_DIR=/opt/rustwide/target" "-w" "/opt/rustwide/workdir" "--user" "0:0" "a938a34e7d4541e9f5a006062118750bb66e88dd5854106c2c686f1d30e75988" "/opt/rustwide/cargo-home/bin/cargo" "+1.100.0-beta.1" "metadata" "--no-deps" "--format-version=1", kill_on_drop: false }`
[INFO] running `Command { std: "docker" "inspect" "a938a34e7d4541e9f5a006062118750bb66e88dd5854106c2c686f1d30e75988", kill_on_drop: false }`
[INFO] running `Command { std: "docker" "exec" "-e" "SOURCE_DIR=/opt/rustwide/workdir" "-e" "CARGO_HOME=/opt/rustwide/cargo-home" "-e" "RUSTUP_HOME=/opt/rustwide/rustup-home" "-e" "CARGO_TARGET_DIR=/opt/rustwide/target" "-e" "CARGO_INCREMENTAL=0" "-e" "RUST_BACKTRACE=full" "-e" "RUSTFLAGS=--cap-lints=warn" "-e" "RUSTDOCFLAGS=--cap-lints=warn" "-w" "/opt/rustwide/workdir" "--user" "0:0" "a938a34e7d4541e9f5a006062118750bb66e88dd5854106c2c686f1d30e75988" "/opt/rustwide/cargo-home/bin/cargo" "+1.100.0-beta.1" "build" "--frozen" "--message-format=json", kill_on_drop: false }`
[INFO] [stderr]    Compiling libc v0.2.182
[INFO] [stderr]    Compiling log v0.4.29
[INFO] [stderr]    Compiling smallvec v1.15.1
[INFO] [stderr]    Compiling tracing-core v0.1.36
[INFO] [stderr]    Compiling cc v1.2.56
[INFO] [stderr]    Compiling zerocopy v0.8.40
[INFO] [stderr]    Compiling memchr v2.8.0
[INFO] [stderr]    Compiling syn v2.0.117
[INFO] [stderr]    Compiling futures-channel v0.3.32
[INFO] [stderr]    Compiling convert_case v0.10.0
[INFO] [stderr]    Compiling glob v0.3.3
[INFO] [stderr]    Compiling regex-automata v0.4.14
[INFO] [stderr]    Compiling uncased v0.9.10
[INFO] [stderr]    Compiling rustix v0.38.44
[INFO] [stderr]    Compiling typenum v1.19.0
[INFO] [stderr]    Compiling minimal-lexical v0.2.1
[INFO] [stderr]    Compiling linux-raw-sys v0.4.15
[INFO] [stderr]    Compiling indexmap v1.9.3
[INFO] [stderr]    Compiling libloading v0.8.9
[INFO] [stderr]    Compiling home v0.5.12
[INFO] [stderr]    Compiling bindgen v0.66.1
[INFO] [stderr]    Compiling phf_shared v0.12.1
[INFO] [stderr]    Compiling lazycell v1.3.0
[INFO] [stderr]    Compiling peeking_take_while v0.1.2
[INFO] [stderr]    Compiling clang-sys v1.8.1
[INFO] [stderr]    Compiling rustc-hash v1.1.0
[INFO] [stderr]    Compiling chrono-tz v0.10.4
[INFO] [stderr]    Compiling serde_json v1.0.149
[INFO] [stderr]    Compiling phf v0.12.1
[INFO] [stderr]    Compiling axum-core v0.3.4
[INFO] [stderr]    Compiling itertools v0.12.1
[INFO] [stderr]    Compiling rand v0.8.5
[INFO] [stderr]    Compiling aho-corasick v1.1.4
[INFO] [stderr]    Compiling nom v7.1.3
[INFO] [stderr]    Compiling phf_shared v0.11.3
[INFO] [stderr]    Compiling axum v0.6.20
[INFO] [stderr]    Compiling rustix v1.1.4
[INFO] [stderr]    Compiling rustls v0.22.4
[INFO] [stderr]    Compiling fallible-iterator v0.2.0
[INFO] [stderr]    Compiling cmake v0.1.57
[INFO] [stderr]    Compiling fallible-streaming-iterator v0.1.9
[INFO] [stderr]    Compiling phf_generator v0.11.3
[INFO] [stderr]    Compiling generic-array v0.14.7
[INFO] [stderr]    Compiling phf_codegen v0.11.3
[INFO] [stderr]    Compiling rustls-pemfile v2.2.0
[INFO] [stderr]    Compiling crc32fast v1.5.0
[INFO] [stderr]    Compiling phf v0.11.3
[INFO] [stderr]    Compiling webpki-roots v0.26.11
[INFO] [stderr]    Compiling crossbeam-epoch v0.9.18
[INFO] [stderr]    Compiling rustls-native-certs v0.7.3
[INFO] [stderr]    Compiling errno v0.3.14
[INFO] [stderr]    Compiling parking_lot_core v0.9.12
[INFO] [stderr]    Compiling mio v1.1.1
[INFO] [stderr]    Compiling signal-hook-registry v1.4.8
[INFO] [stderr]    Compiling parking_lot v0.12.5
[INFO] [stderr]    Compiling socket2 v0.6.3
[INFO] [stderr]    Compiling getrandom v0.2.17
[INFO] [stderr]    Compiling ring v0.17.14
[INFO] [stderr]    Compiling socket2 v0.5.10
[INFO] [stderr]    Compiling rand_core v0.6.4
[INFO] [stderr]    Compiling signal-hook v0.3.18
[INFO] [stderr]    Compiling getrandom v0.4.2
[INFO] [stderr]    Compiling block-padding v0.3.3
[INFO] [stderr]    Compiling crypto-common v0.1.7
[INFO] [stderr]    Compiling inout v0.1.4
[INFO] [stderr]    Compiling uuid v1.22.0
[INFO] [stderr]    Compiling cipher v0.4.4
[INFO] [stderr]    Compiling signal-hook-mio v0.2.5
[INFO] [stderr]    Compiling libsql-sqlite3-parser v0.13.0
[INFO] [stderr]    Compiling strict v0.2.0
[INFO] [stderr]    Compiling which v4.4.2
[INFO] [stderr]    Compiling cexpr v0.6.0
[INFO] [stderr]    Compiling aes v0.8.4
[INFO] [stderr]    Compiling cbc v0.1.2
[INFO] [stderr]    Compiling num-conv v0.2.0
[INFO] [stderr]    Compiling fallible-iterator v0.3.0
[INFO] [stderr]    Compiling crossbeam-deque v0.8.6
[INFO] [stderr]    Compiling time v0.3.47
[INFO] [stderr]    Compiling crossbeam-queue v0.3.12
[INFO] [stderr]    Compiling crossbeam-channel v0.5.15
[INFO] [stderr]    Compiling quick-xml v0.38.4
[INFO] [stderr]    Compiling shell-escape v0.1.5
[INFO] [stderr]    Compiling dirs-sys v0.5.0
[INFO] [stderr]    Compiling tracing-log v0.2.0
[INFO] [stderr]    Compiling minimad v0.13.1
[INFO] [stderr]    Compiling thread_local v1.1.9
[INFO] [stderr]    Compiling crossbeam v0.8.4
[INFO] [stderr]    Compiling dirs v6.0.0
[INFO] [stderr]    Compiling regex v1.12.3
[INFO] [stderr]    Compiling matchers v0.2.0
[INFO] [stderr]    Compiling prettyplease v0.2.37
[INFO] [stderr]    Compiling ppv-lite86 v0.2.21
[INFO] [stderr]    Compiling ahash v0.8.12
[INFO] [stderr]    Compiling hashbrown v0.14.5
[INFO] [stderr]    Compiling serde_derive v1.0.228
[INFO] [stderr]    Compiling tokio-macros v2.6.1
[INFO] [stderr]    Compiling tracing-attributes v0.1.31
[INFO] [stderr]    Compiling futures-macro v0.3.32
[INFO] [stderr]    Compiling derive_more-impl v2.1.1
[INFO] [stderr]    Compiling async-trait v0.1.89
[INFO] [stderr]    Compiling thiserror-impl v2.0.18
[INFO] [stderr]    Compiling pin-project-internal v1.1.11
[INFO] [stderr]    Compiling prost-derive v0.12.6
[INFO] [stderr]    Compiling async-stream-impl v0.3.6
[INFO] [stderr]    Compiling rand_chacha v0.3.1
[INFO] [stderr]    Compiling async-stream v0.3.6
[INFO] [stderr]    Compiling hashlink v0.8.4
[INFO] [stderr]    Compiling zerocopy-derive v0.7.35
[INFO] [stderr]    Compiling thiserror-impl v1.0.69
[INFO] [stderr]    Compiling lazy-regex-proc_macros v3.6.0
[INFO] [stderr]    Compiling clap_derive v4.5.55
[INFO] [stderr]    Compiling futures-util v0.3.32
[INFO] [stderr]    Compiling pin-project v1.1.11
[INFO] [stderr]    Compiling thiserror v2.0.18
[INFO] [stderr]    Compiling zerocopy v0.7.35
[INFO] [stderr]    Compiling tracing v0.1.44
[INFO] [stderr]    Compiling thiserror v1.0.69
[INFO] [stderr]    Compiling lazy-regex v3.6.0
[INFO] [stderr]    Compiling tracing-subscriber v0.3.22
[INFO] [stderr]    Compiling derive_more v2.1.1
[INFO] [stderr]    Compiling crossterm v0.29.0
[INFO] [stderr]    Compiling rustls-webpki v0.102.8
[INFO] [stderr]    Compiling clap v4.5.60
[INFO] [stderr]    Compiling serde v1.0.228
[INFO] [stderr]    Compiling coolor v1.1.0
[INFO] [stderr]    Compiling bytes v1.11.1
[INFO] [stderr]    Compiling chrono v0.4.44
[INFO] [stderr]    Compiling bincode v1.3.3
[INFO] [stderr]    Compiling plist v1.8.0
[INFO] [stderr]    Compiling crokey-proc_macros v1.4.0
[INFO] [stderr]    Compiling crokey v1.4.0
[INFO] [stderr]    Compiling tokio v1.50.0
[INFO] [stderr]    Compiling http v0.2.12
[INFO] [stderr]    Compiling prost v0.12.6
[INFO] [stderr]    Compiling termimad v0.31.3
[INFO] [stderr]    Compiling libsql-hrana v0.9.29
[INFO] [stderr]    Compiling futures-executor v0.3.32
[INFO] [stderr]    Compiling libsql-ffi v0.9.29
[INFO] [stderr]    Compiling futures v0.3.32
[INFO] [stderr]    Compiling http-body v0.4.6
[INFO] [stderr]    Compiling tokio-util v0.7.18
[INFO] [stderr]    Compiling tokio-io-timeout v1.2.1
[INFO] [stderr]    Compiling tokio-stream v0.1.18
[INFO] [stderr]    Compiling tokio-rustls v0.25.0
[INFO] [stderr]    Compiling h2 v0.3.27
[INFO] [stderr]    Compiling tower v0.4.13
[INFO] [stderr]    Compiling rrule v0.14.0
[INFO] [stderr]    Compiling tower-http v0.4.4
[INFO] [stderr]    Compiling vigil-schedule v0.1.0 (/opt/rustwide/workdir/schedule)
[INFO] [stderr]    Compiling vigil-core v0.1.0 (/opt/rustwide/workdir/core)
[INFO] [stderr]    Compiling vigil-runner-claude v0.1.0 (/opt/rustwide/workdir/runner-claude)
[INFO] [stderr]    Compiling vigil-runner-shell v0.1.0 (/opt/rustwide/workdir/runner-shell)
[INFO] [stderr]    Compiling vigil-scheduler-launchd v0.1.0 (/opt/rustwide/workdir/scheduler-launchd)
[INFO] [stderr]    Compiling hyper v0.14.32
[INFO] [stderr]    Compiling libsql-rusqlite v0.9.29
[INFO] [stderr]    Compiling libsql-sys v0.9.29
[INFO] [stderr]    Compiling hyper-timeout v0.4.1
[INFO] [stderr]    Compiling hyper-rustls v0.25.0
[INFO] [stderr]    Compiling tonic v0.11.0
[INFO] [stderr]    Compiling libsql_replication v0.9.29
[INFO] [stderr]    Compiling tonic-web v0.11.0
[INFO] [stderr]    Compiling libsql v0.9.29
[INFO] [stderr]    Compiling vigil-registry v0.1.0 (/opt/rustwide/workdir/registry)
[INFO] [stderr]    Compiling vigil-cli v0.1.0 (/opt/rustwide/workdir/cli)
[INFO] [stderr]     Finished `dev` profile [unoptimized + debuginfo] target(s) in 29.95s
[INFO] running `Command { std: "docker" "inspect" "a938a34e7d4541e9f5a006062118750bb66e88dd5854106c2c686f1d30e75988", kill_on_drop: false }`
[INFO] running `Command { std: "docker" "exec" "-e" "SOURCE_DIR=/opt/rustwide/workdir" "-e" "CARGO_HOME=/opt/rustwide/cargo-home" "-e" "RUSTUP_HOME=/opt/rustwide/rustup-home" "-e" "CARGO_TARGET_DIR=/opt/rustwide/target" "-e" "CARGO_INCREMENTAL=0" "-e" "RUST_BACKTRACE=full" "-e" "RUSTFLAGS=--cap-lints=warn" "-e" "RUSTDOCFLAGS=--cap-lints=warn" "-w" "/opt/rustwide/workdir" "--user" "0:0" "a938a34e7d4541e9f5a006062118750bb66e88dd5854106c2c686f1d30e75988" "/opt/rustwide/cargo-home/bin/cargo" "+1.100.0-beta.1" "test" "--frozen" "--no-run" "--message-format=json", kill_on_drop: false }`
[INFO] [stderr]    Compiling rustix v1.1.4
[INFO] [stderr]    Compiling vigil-scheduler-launchd v0.1.0 (/opt/rustwide/workdir/scheduler-launchd)
[INFO] [stderr]    Compiling vigil-runner-claude v0.1.0 (/opt/rustwide/workdir/runner-claude)
[INFO] [stderr]    Compiling vigil-runner-shell v0.1.0 (/opt/rustwide/workdir/runner-shell)
[INFO] [stderr]    Compiling vigil-core v0.1.0 (/opt/rustwide/workdir/core)
[INFO] [stderr]    Compiling vigil-schedule v0.1.0 (/opt/rustwide/workdir/schedule)
[INFO] [stderr]    Compiling crossterm v0.29.0
[INFO] [stderr]    Compiling crokey-proc_macros v1.4.0
[INFO] [stderr]    Compiling tempfile v3.26.0
[INFO] [stderr]    Compiling vigil-registry v0.1.0 (/opt/rustwide/workdir/registry)
[INFO] [stderr]    Compiling coolor v1.1.0
[INFO] [stderr]    Compiling crokey v1.4.0
[INFO] [stderr]    Compiling termimad v0.31.3
[INFO] [stderr]    Compiling vigil-cli v0.1.0 (/opt/rustwide/workdir/cli)
[INFO] [stderr]     Finished `test` profile [unoptimized + debuginfo] target(s) in 6.35s
[INFO] running `Command { std: "docker" "inspect" "a938a34e7d4541e9f5a006062118750bb66e88dd5854106c2c686f1d30e75988", kill_on_drop: false }`
[INFO] running `Command { std: "docker" "exec" "-e" "SOURCE_DIR=/opt/rustwide/workdir" "-e" "CARGO_HOME=/opt/rustwide/cargo-home" "-e" "RUSTUP_HOME=/opt/rustwide/rustup-home" "-e" "CARGO_TARGET_DIR=/opt/rustwide/target" "-e" "CARGO_INCREMENTAL=0" "-e" "RUST_BACKTRACE=full" "-e" "RUSTFLAGS=--cap-lints=warn" "-e" "RUSTDOCFLAGS=--cap-lints=warn" "-w" "/opt/rustwide/workdir" "--user" "0:0" "a938a34e7d4541e9f5a006062118750bb66e88dd5854106c2c686f1d30e75988" "/opt/rustwide/cargo-home/bin/cargo" "+1.100.0-beta.1" "test" "--frozen", kill_on_drop: false }`
[INFO] [stderr]     Finished `test` profile [unoptimized + debuginfo] target(s) in 0.31s
[INFO] [stderr]      Running unittests src/main.rs (/opt/rustwide/target/debug/build/vigil-cli/5ff86e2a05caf6cd/out/vigil-5ff86e2a05caf6cd)
[INFO] [stdout] 
[INFO] [stdout] running 4 tests
[INFO] [stdout] test format::tests::test_format_duration_hours ... ok
[INFO] [stdout] test format::tests::test_format_duration_minutes ... ok
[INFO] [stdout] test format::tests::test_format_duration_zero ... ok
[INFO] [stdout] test format::tests::test_format_duration_seconds ... ok
[INFO] [stdout] 
[INFO] [stdout] test result: ok. 4 passed; 0 failed; 0 ignored; 0 measured; 0 filtered out; finished in 0.00s
[INFO] [stdout] 
[INFO] [stderr]      Running unittests src/lib.rs (/opt/rustwide/target/debug/build/vigil-core/7bd68b97f69fe72e/out/vigil_core-7bd68b97f69fe72e)
[INFO] [stdout] 
[INFO] [stdout] running 3 tests
[INFO] [stdout] test models::tests::run_status_display_parse_roundtrip ... ok
[INFO] [stdout] test models::tests::run_status_from_str_invalid_returns_error ... ok
[INFO] [stdout] test models::tests::trigger_type_display_parse_roundtrip ... ok
[INFO] [stdout] 
[INFO] [stdout] test result: ok. 3 passed; 0 failed; 0 ignored; 0 measured; 0 filtered out; finished in 0.00s
[INFO] [stdout] 
[INFO] [stderr]      Running unittests src/lib.rs (/opt/rustwide/target/debug/build/vigil-registry/f83456a31768e0fb/out/vigil_registry-f83456a31768e0fb)
[INFO] [stdout] 
[INFO] [stdout] running 13 tests
[INFO] [stdout] test tests::deserialize_claude_task_with_skill ... ok
[INFO] [stdout] test tests::deserialize_claude_task_with_prompt ... ok
[INFO] [stdout] test tests::deserialize_shell_task ... ok
[INFO] [stdout] test tests::deserialize_invalid_json_returns_error ... ok
[INFO] [stdout] test tests::deserialize_unknown_runner_returns_error ... ok
[INFO] [stdout] test store::tests::insert_and_get_task ... ok
[INFO] [stdout] test store::tests::insert_and_get_runs ... ok
[INFO] [stdout] test store::tests::list_tasks ... ok
[INFO] [stdout] test store::tests::update_trigger ... ok
[INFO] [stdout] test store::tests::update_run ... ok
[INFO] [stdout] test store::tests::list_recent_runs_filters_by_name ... ok
[INFO] [stdout] test store::tests::delete_task_cascades_runs ... ok
[INFO] [stdout] test store::tests::list_recent_runs_respects_limit ... ok
[INFO] [stdout] 
[INFO] [stdout] test result: ok. 13 passed; 0 failed; 0 ignored; 0 measured; 0 filtered out; finished in 0.05s
[INFO] [stdout] 
[INFO] [stderr]      Running unittests src/lib.rs (/opt/rustwide/target/debug/build/vigil-runner-claude/2096888301e03300/out/vigil_runner_claude-2096888301e03300)
[INFO] [stdout] 
[INFO] [stdout] running 0 tests
[INFO] [stdout] 
[INFO] [stdout] test result: ok. 0 passed; 0 failed; 0 ignored; 0 measured; 0 filtered out; finished in 0.00s
[INFO] [stdout] 
[INFO] [stderr]      Running unittests src/lib.rs (/opt/rustwide/target/debug/build/vigil-runner-shell/28c6132de84361b4/out/vigil_runner_shell-28c6132de84361b4)
[INFO] [stdout] 
[INFO] [stdout] running 0 tests
[INFO] [stdout] 
[INFO] [stdout] test result: ok. 0 passed; 0 failed; 0 ignored; 0 measured; 0 filtered out; finished in 0.00s
[INFO] [stdout] 
[INFO] [stderr]      Running unittests src/lib.rs (/opt/rustwide/target/debug/build/vigil-schedule/bdeed12ab54685a9/out/vigil_schedule-bdeed12ab54685a9)
[INFO] [stdout] 
[INFO] [stdout] running 46 tests
[INFO] [stdout] test models::tests::day_filter_display ... ok
[INFO] [stdout] test models::tests::day_of_week_full_names ... ok
[INFO] [stdout] test models::tests::day_of_week_roundtrip ... ok
[INFO] [stdout] test models::tests::time_12am_is_midnight ... ok
[INFO] [stdout] test models::tests::time_12h_pm ... ok
[INFO] [stdout] test models::tests::time_12h_with_minutes ... ok
[INFO] [stdout] test models::tests::time_12pm_is_noon ... ok
[INFO] [stdout] test models::tests::time_24h ... ok
[INFO] [stdout] test models::tests::time_24h_leading_zero ... ok
[INFO] [stdout] test models::tests::time_bare_hour ... ok
[INFO] [stdout] test models::tests::time_display ... ok
[INFO] [stdout] test models::tests::time_noon_midnight_keywords ... ok
[INFO] [stdout] test models::tests::time_errors ... ok
[INFO] [stdout] test parser::tests::parse_daily_at_12h ... ok
[INFO] [stdout] test parser::tests::parse_daily_at_24h ... ok
[INFO] [stdout] test parser::tests::parse_every_hours ... ok
[INFO] [stdout] test parser::tests::parse_errors ... ok
[INFO] [stdout] test parser::tests::parse_every_minutes ... ok
[INFO] [stdout] test parser::tests::parse_midnight ... ok
[INFO] [stdout] test parser::tests::parse_noon ... ok
[INFO] [stdout] test parser::tests::parse_weekdays_at_12h ... ok
[INFO] [stdout] test parser::tests::parse_specific_days_12h ... ok
[INFO] [stdout] test parser::tests::parse_weekends ... ok
[INFO] [stdout] test rrule_convert::tests::interval_hours ... ok
[INFO] [stdout] test rrule_convert::tests::interval_minutes ... ok
[INFO] [stdout] test rrule_convert::tests::interval_seconds ... ok
[INFO] [stdout] test rrule_convert::tests::recurring_daily ... ok
[INFO] [stdout] test rrule_convert::tests::recurring_specific_days ... ok
[INFO] [stdout] test rrule_convert::tests::recurring_weekdays ... ok
[INFO] [stdout] test rrule_convert::tests::recurring_weekends ... ok
[INFO] [stdout] test tests::display_daily ... ok
[INFO] [stdout] test tests::display_interval ... ok
[INFO] [stdout] test tests::display_recurring ... ok
[INFO] [stdout] test tests::from_str_12h ... ok
[INFO] [stdout] test tests::from_str_daily ... ok
[INFO] [stdout] test tests::from_str_interval ... ok
[INFO] [stdout] test tests::legacy_interval_compat ... ok
[INFO] [stdout] test tests::new_format_roundtrip ... ok
[INFO] [stdout] test tests::legacy_recurring_compat ... ok
[INFO] [stdout] test tests::rrule_string ... ok
[INFO] [stdout] test tests::next_occurrence_weekly_with_days ... ok
[INFO] [stdout] test tests::next_occurrence_midnight_edge ... ok
[INFO] [stdout] test tests::next_occurrence_daily ... ok
[INFO] [stdout] test tests::next_occurrence_missing_dtstart_compat ... ok
[INFO] [stdout] test tests::next_occurrence_daily_after_time ... ok
[INFO] [stdout] test tests::next_occurrence_interval ... ok
[INFO] [stdout] 
[INFO] [stdout] test result: ok. 46 passed; 0 failed; 0 ignored; 0 measured; 0 filtered out; finished in 0.08s
[INFO] [stdout] 
[INFO] [stderr]      Running unittests src/lib.rs (/opt/rustwide/target/debug/build/vigil-scheduler-launchd/e1f7e968bd56a482/out/vigil_scheduler_launchd-e1f7e968bd56a482)
[INFO] [stdout] 
[INFO] [stdout] running 10 tests
[INFO] [stdout] test tests::plist_has_log_paths ... ok
[INFO] [stdout] test tests::plist_interval ... ok
[INFO] [stdout] test tests::plist_has_quiet_flag ... ok
[INFO] [stdout] test tests::plist_includes_path_env ... ok
[INFO] [stdout] test tests::plist_recurring_daily ... ok
[INFO] [stdout] test tests::resolve_bin_accepts_installed_path ... ok
[INFO] [stdout] test tests::resolve_bin_detects_release_artifact ... ok
[INFO] [stdout] test tests::plist_recurring_weekdays ... ok
[INFO] [stdout] test tests::resolve_bin_prefers_stable_over_debug ... ok
[INFO] [stdout] test tests::plist_is_valid_xml ... ok
[INFO] [stdout] 
[INFO] [stdout] test result: ok. 10 passed; 0 failed; 0 ignored; 0 measured; 0 filtered out; finished in 0.00s
[INFO] [stdout] 
[INFO] [stderr]    Doc-tests vigil_core
[INFO] [stdout] 
[INFO] [stdout] running 0 tests
[INFO] [stdout] 
[INFO] [stdout] test result: ok. 0 passed; 0 failed; 0 ignored; 0 measured; 0 filtered out; finished in 0.00s
[INFO] [stdout] 
[INFO] [stderr]    Doc-tests vigil_registry
[INFO] [stdout] 
[INFO] [stdout] running 0 tests
[INFO] [stdout] 
[INFO] [stdout] test result: ok. 0 passed; 0 failed; 0 ignored; 0 measured; 0 filtered out; finished in 0.00s
[INFO] [stdout] 
[INFO] [stderr]    Doc-tests vigil_runner_claude
[INFO] [stdout] 
[INFO] [stdout] running 0 tests
[INFO] [stdout] 
[INFO] [stdout] test result: ok. 0 passed; 0 failed; 0 ignored; 0 measured; 0 filtered out; finished in 0.00s
[INFO] [stdout] 
[INFO] [stderr]    Doc-tests vigil_runner_shell
[INFO] [stdout] 
[INFO] [stdout] running 0 tests
[INFO] [stdout] 
[INFO] [stdout] test result: ok. 0 passed; 0 failed; 0 ignored; 0 measured; 0 filtered out; finished in 0.00s
[INFO] [stdout] 
[INFO] [stderr]    Doc-tests vigil_schedule
[INFO] [stdout] 
[INFO] [stdout] running 0 tests
[INFO] [stdout] 
[INFO] [stdout] test result: ok. 0 passed; 0 failed; 0 ignored; 0 measured; 0 filtered out; finished in 0.00s
[INFO] [stdout] 
[INFO] [stderr]    Doc-tests vigil_scheduler_launchd
[INFO] [stdout] 
[INFO] [stdout] running 0 tests
[INFO] [stdout] 
[INFO] [stdout] test result: ok. 0 passed; 0 failed; 0 ignored; 0 measured; 0 filtered out; finished in 0.00s
[INFO] [stdout] 
[INFO] running `Command { std: "docker" "inspect" "a938a34e7d4541e9f5a006062118750bb66e88dd5854106c2c686f1d30e75988", kill_on_drop: false }`
[INFO] running `Command { std: "docker" "rm" "-f" "a938a34e7d4541e9f5a006062118750bb66e88dd5854106c2c686f1d30e75988", kill_on_drop: false }`
[INFO] [stdout] a938a34e7d4541e9f5a006062118750bb66e88dd5854106c2c686f1d30e75988
