[INFO] cloning repository https://github.com/paperfoot/elicit-cli
[INFO] running `Command { std: "git" "-c" "credential.helper=" "-c" "credential.helper=/workspace/cargo-home/bin/git-credential-null" "clone" "--bare" "https://github.com/paperfoot/elicit-cli" "/workspace/cache/git-repos/https%3A%2F%2Fgithub.com%2Fpaperfoot%2Felicit-cli", kill_on_drop: false }`
[INFO] [stderr] Cloning into bare repository '/workspace/cache/git-repos/https%3A%2F%2Fgithub.com%2Fpaperfoot%2Felicit-cli'...
[INFO] running `Command { std: "git" "rev-parse" "HEAD", kill_on_drop: false }`
[INFO] [stdout] 54f3d748493897e5193afccceb84083bf040506c
[INFO] testing paperfoot/elicit-cli against 1.100.0-beta.1 for beta-1.100-2
[INFO] running `Command { std: "git" "clone" "/workspace/cache/git-repos/https%3A%2F%2Fgithub.com%2Fpaperfoot%2Felicit-cli" "/workspace/builds/worker-6-tc2/source", kill_on_drop: false }`
[INFO] [stderr] Cloning into '/workspace/builds/worker-6-tc2/source'...
[INFO] [stderr] done.
[INFO] started tweaking git repo https://github.com/paperfoot/elicit-cli
[INFO] finished tweaking git repo https://github.com/paperfoot/elicit-cli
[INFO] tweaked toml for git repo https://github.com/paperfoot/elicit-cli written to /workspace/builds/worker-6-tc2/source/Cargo.toml
[INFO] validating manifest of git repo https://github.com/paperfoot/elicit-cli on toolchain 1.100.0-beta.1
[INFO] running `Command { std: CARGO_HOME="/workspace/cargo-home" RUSTUP_HOME="/workspace/rustup-home" "/workspace/cargo-home/bin/cargo" "+1.100.0-beta.1" "metadata" "--manifest-path" "Cargo.toml" "--no-deps", kill_on_drop: false }`
[INFO] crate git repo https://github.com/paperfoot/elicit-cli already has a lockfile, it will not be regenerated
[INFO] running `Command { std: CARGO_HOME="/workspace/cargo-home" RUSTUP_HOME="/workspace/rustup-home" "/workspace/cargo-home/bin/cargo" "+1.100.0-beta.1" "fetch" "--manifest-path" "Cargo.toml", kill_on_drop: false }`
[INFO] [stderr] warning: `package.homepage` is redundant with `package.repository`
[INFO] [stderr]   --> Cargo.toml:45:12
[INFO] [stderr]    |
[INFO] [stderr] 45 | homepage = "https://github.com/paperfoot/elicit-cli"
[INFO] [stderr]    |            ^^^^^^^^^^^^^^^^^^^^^^^^^^^^^^^^^^^^^^^^^
[INFO] [stderr] ...
[INFO] [stderr] 50 | repository = "https://github.com/paperfoot/elicit-cli"
[INFO] [stderr]    |              -----------------------------------------
[INFO] [stderr]    |
[INFO] [stderr]    = note: `cargo::redundant_homepage` is set to `warn` by default
[INFO] [stderr] help: consider removing `package.homepage`
[INFO] [stderr] warning: `elicit-cli` (manifest) generated 1 warning
[INFO] [stderr]     Blocking waiting for file lock on package cache
[INFO] [stderr]     Updating crates.io index
[INFO] [stderr]     Blocking waiting for file lock on package cache
[ERROR] error running command: no output for 300 seconds
[INFO] testing paperfoot/elicit-cli against 1.100.0-beta.1 for beta-1.100-2
[INFO] running `Command { std: "git" "clone" "/workspace/cache/git-repos/https%3A%2F%2Fgithub.com%2Fpaperfoot%2Felicit-cli" "/workspace/builds/worker-6-tc2/source", kill_on_drop: false }`
[INFO] [stderr] Cloning into '/workspace/builds/worker-6-tc2/source'...
[INFO] [stderr] done.
[INFO] started tweaking git repo https://github.com/paperfoot/elicit-cli
[INFO] finished tweaking git repo https://github.com/paperfoot/elicit-cli
[INFO] tweaked toml for git repo https://github.com/paperfoot/elicit-cli written to /workspace/builds/worker-6-tc2/source/Cargo.toml
[INFO] validating manifest of git repo https://github.com/paperfoot/elicit-cli on toolchain 1.100.0-beta.1
[INFO] running `Command { std: CARGO_HOME="/workspace/cargo-home" RUSTUP_HOME="/workspace/rustup-home" "/workspace/cargo-home/bin/cargo" "+1.100.0-beta.1" "metadata" "--manifest-path" "Cargo.toml" "--no-deps", kill_on_drop: false }`
[INFO] crate git repo https://github.com/paperfoot/elicit-cli already has a lockfile, it will not be regenerated
[INFO] running `Command { std: CARGO_HOME="/workspace/cargo-home" RUSTUP_HOME="/workspace/rustup-home" "/workspace/cargo-home/bin/cargo" "+1.100.0-beta.1" "fetch" "--manifest-path" "Cargo.toml", kill_on_drop: false }`
[INFO] [stderr] warning: `package.homepage` is redundant with `package.repository`
[INFO] [stderr]   --> Cargo.toml:45:12
[INFO] [stderr]    |
[INFO] [stderr] 45 | homepage = "https://github.com/paperfoot/elicit-cli"
[INFO] [stderr]    |            ^^^^^^^^^^^^^^^^^^^^^^^^^^^^^^^^^^^^^^^^^
[INFO] [stderr] ...
[INFO] [stderr] 50 | repository = "https://github.com/paperfoot/elicit-cli"
[INFO] [stderr]    |              -----------------------------------------
[INFO] [stderr]    |
[INFO] [stderr]    = note: `cargo::redundant_homepage` is set to `warn` by default
[INFO] [stderr] help: consider removing `package.homepage`
[INFO] [stderr] warning: `elicit-cli` (manifest) generated 1 warning
[INFO] [stderr]     Blocking waiting for file lock on package cache
[INFO] [stderr]     Blocking waiting for file lock on package cache
[ERROR] error running command: no output for 300 seconds
[INFO] testing paperfoot/elicit-cli against 1.100.0-beta.1 for beta-1.100-2
[INFO] running `Command { std: "git" "clone" "/workspace/cache/git-repos/https%3A%2F%2Fgithub.com%2Fpaperfoot%2Felicit-cli" "/workspace/builds/worker-6-tc2/source", kill_on_drop: false }`
[INFO] [stderr] Cloning into '/workspace/builds/worker-6-tc2/source'...
[INFO] [stderr] done.
[INFO] started tweaking git repo https://github.com/paperfoot/elicit-cli
[INFO] finished tweaking git repo https://github.com/paperfoot/elicit-cli
[INFO] tweaked toml for git repo https://github.com/paperfoot/elicit-cli written to /workspace/builds/worker-6-tc2/source/Cargo.toml
[INFO] validating manifest of git repo https://github.com/paperfoot/elicit-cli on toolchain 1.100.0-beta.1
[INFO] running `Command { std: CARGO_HOME="/workspace/cargo-home" RUSTUP_HOME="/workspace/rustup-home" "/workspace/cargo-home/bin/cargo" "+1.100.0-beta.1" "metadata" "--manifest-path" "Cargo.toml" "--no-deps", kill_on_drop: false }`
[INFO] crate git repo https://github.com/paperfoot/elicit-cli already has a lockfile, it will not be regenerated
[INFO] running `Command { std: CARGO_HOME="/workspace/cargo-home" RUSTUP_HOME="/workspace/rustup-home" "/workspace/cargo-home/bin/cargo" "+1.100.0-beta.1" "fetch" "--manifest-path" "Cargo.toml", kill_on_drop: false }`
[INFO] [stderr] warning: `package.homepage` is redundant with `package.repository`
[INFO] [stderr]   --> Cargo.toml:45:12
[INFO] [stderr]    |
[INFO] [stderr] 45 | homepage = "https://github.com/paperfoot/elicit-cli"
[INFO] [stderr]    |            ^^^^^^^^^^^^^^^^^^^^^^^^^^^^^^^^^^^^^^^^^
[INFO] [stderr] ...
[INFO] [stderr] 50 | repository = "https://github.com/paperfoot/elicit-cli"
[INFO] [stderr]    |              -----------------------------------------
[INFO] [stderr]    |
[INFO] [stderr]    = note: `cargo::redundant_homepage` is set to `warn` by default
[INFO] [stderr] help: consider removing `package.homepage`
[INFO] [stderr] warning: `elicit-cli` (manifest) generated 1 warning
[INFO] [stderr]     Blocking waiting for file lock on package cache
[INFO] [stderr]     Blocking waiting for file lock on package cache
[ERROR] error running command: no output for 300 seconds
[INFO] testing paperfoot/elicit-cli against 1.100.0-beta.1 for beta-1.100-2
[INFO] running `Command { std: "git" "clone" "/workspace/cache/git-repos/https%3A%2F%2Fgithub.com%2Fpaperfoot%2Felicit-cli" "/workspace/builds/worker-6-tc2/source", kill_on_drop: false }`
[INFO] [stderr] Cloning into '/workspace/builds/worker-6-tc2/source'...
[INFO] [stderr] done.
[INFO] started tweaking git repo https://github.com/paperfoot/elicit-cli
[INFO] finished tweaking git repo https://github.com/paperfoot/elicit-cli
[INFO] tweaked toml for git repo https://github.com/paperfoot/elicit-cli written to /workspace/builds/worker-6-tc2/source/Cargo.toml
[INFO] validating manifest of git repo https://github.com/paperfoot/elicit-cli on toolchain 1.100.0-beta.1
[INFO] running `Command { std: CARGO_HOME="/workspace/cargo-home" RUSTUP_HOME="/workspace/rustup-home" "/workspace/cargo-home/bin/cargo" "+1.100.0-beta.1" "metadata" "--manifest-path" "Cargo.toml" "--no-deps", kill_on_drop: false }`
[INFO] crate git repo https://github.com/paperfoot/elicit-cli already has a lockfile, it will not be regenerated
[INFO] running `Command { std: CARGO_HOME="/workspace/cargo-home" RUSTUP_HOME="/workspace/rustup-home" "/workspace/cargo-home/bin/cargo" "+1.100.0-beta.1" "fetch" "--manifest-path" "Cargo.toml", kill_on_drop: false }`
[INFO] [stderr] warning: `package.homepage` is redundant with `package.repository`
[INFO] [stderr]   --> Cargo.toml:45:12
[INFO] [stderr]    |
[INFO] [stderr] 45 | homepage = "https://github.com/paperfoot/elicit-cli"
[INFO] [stderr]    |            ^^^^^^^^^^^^^^^^^^^^^^^^^^^^^^^^^^^^^^^^^
[INFO] [stderr] ...
[INFO] [stderr] 50 | repository = "https://github.com/paperfoot/elicit-cli"
[INFO] [stderr]    |              -----------------------------------------
[INFO] [stderr]    |
[INFO] [stderr]    = note: `cargo::redundant_homepage` is set to `warn` by default
[INFO] [stderr] help: consider removing `package.homepage`
[INFO] [stderr] warning: `elicit-cli` (manifest) generated 1 warning
[INFO] [stderr]     Blocking waiting for file lock on package cache
[INFO] [stderr]     Blocking waiting for file lock on package cache
[ERROR] error running command: no output for 300 seconds
[INFO] testing paperfoot/elicit-cli against 1.100.0-beta.1 for beta-1.100-2
[INFO] running `Command { std: "git" "clone" "/workspace/cache/git-repos/https%3A%2F%2Fgithub.com%2Fpaperfoot%2Felicit-cli" "/workspace/builds/worker-6-tc2/source", kill_on_drop: false }`
[INFO] [stderr] Cloning into '/workspace/builds/worker-6-tc2/source'...
[INFO] [stderr] done.
[INFO] started tweaking git repo https://github.com/paperfoot/elicit-cli
[INFO] finished tweaking git repo https://github.com/paperfoot/elicit-cli
[INFO] tweaked toml for git repo https://github.com/paperfoot/elicit-cli written to /workspace/builds/worker-6-tc2/source/Cargo.toml
[INFO] validating manifest of git repo https://github.com/paperfoot/elicit-cli on toolchain 1.100.0-beta.1
[INFO] running `Command { std: CARGO_HOME="/workspace/cargo-home" RUSTUP_HOME="/workspace/rustup-home" "/workspace/cargo-home/bin/cargo" "+1.100.0-beta.1" "metadata" "--manifest-path" "Cargo.toml" "--no-deps", kill_on_drop: false }`
[INFO] crate git repo https://github.com/paperfoot/elicit-cli already has a lockfile, it will not be regenerated
[INFO] running `Command { std: CARGO_HOME="/workspace/cargo-home" RUSTUP_HOME="/workspace/rustup-home" "/workspace/cargo-home/bin/cargo" "+1.100.0-beta.1" "fetch" "--manifest-path" "Cargo.toml", kill_on_drop: false }`
[INFO] [stderr] warning: `package.homepage` is redundant with `package.repository`
[INFO] [stderr]   --> Cargo.toml:45:12
[INFO] [stderr]    |
[INFO] [stderr] 45 | homepage = "https://github.com/paperfoot/elicit-cli"
[INFO] [stderr]    |            ^^^^^^^^^^^^^^^^^^^^^^^^^^^^^^^^^^^^^^^^^
[INFO] [stderr] ...
[INFO] [stderr] 50 | repository = "https://github.com/paperfoot/elicit-cli"
[INFO] [stderr]    |              -----------------------------------------
[INFO] [stderr]    |
[INFO] [stderr]    = note: `cargo::redundant_homepage` is set to `warn` by default
[INFO] [stderr] help: consider removing `package.homepage`
[INFO] [stderr] warning: `elicit-cli` (manifest) generated 1 warning
[INFO] [stderr]     Blocking waiting for file lock on package cache
[INFO] [stderr]     Blocking waiting for file lock on package cache
[INFO] [stderr]  Downloading crates ...
[INFO] [stderr]   Downloaded self_update v0.42.0
[INFO] [stderr]   Downloaded zipsign-api v0.1.5
[INFO] [stderr]   Downloaded self-replace v1.5.0
[INFO] [stderr]   Downloaded tar v0.4.45
[INFO] [stderr]   Downloaded iri-string v0.7.11
[INFO] [stderr]   Downloaded console v0.15.11
[INFO] [stderr]   Downloaded owo-colors v4.3.0
[INFO] [stderr]   Downloaded indicatif v0.17.11
[INFO] [stderr]   Downloaded atomic v0.6.1
[INFO] [stderr]   Downloaded directories v6.0.0
[INFO] [stderr]   Downloaded assert_cmd v2.2.0
[INFO] running `Command { std: "docker" "create" "-v" "/var/lib/crater-agent-workspace/builds/worker-6-tc2/source:/opt/rustwide/workdir:ro,Z" "-v" "/var/lib/crater-agent-workspace/builds/worker-6-tc2/target:/opt/rustwide/target:rw,Z" "-v" "/var/lib/crater-agent-workspace/cargo-home:/opt/rustwide/cargo-home:ro,Z" "-v" "/var/lib/crater-agent-workspace/rustup-home:/opt/rustwide/rustup-home:ro,Z" "-m" "1610612736" "--network" "none" "ghcr.io/rust-lang/crates-build-env/linux@sha256:3111399a4047eeb3a02b7a90e478d715f38a8c6669b5c4b49d30a17385265909" "sleep" "infinity", kill_on_drop: false }`
[INFO] [stdout] 55620b5abc8189e4bf5ca8fb937906fd1abfb417130eb796e5837db3f3f21c2f
[INFO] running `Command { std: "docker" "start" "55620b5abc8189e4bf5ca8fb937906fd1abfb417130eb796e5837db3f3f21c2f", kill_on_drop: false }`
[INFO] running `Command { std: "docker" "inspect" "55620b5abc8189e4bf5ca8fb937906fd1abfb417130eb796e5837db3f3f21c2f", kill_on_drop: false }`
[INFO] running `Command { std: "docker" "exec" "-e" "SOURCE_DIR=/opt/rustwide/workdir" "-e" "CARGO_HOME=/opt/rustwide/cargo-home" "-e" "RUSTUP_HOME=/opt/rustwide/rustup-home" "-e" "CARGO_TARGET_DIR=/opt/rustwide/target" "-w" "/opt/rustwide/workdir" "--user" "0:0" "55620b5abc8189e4bf5ca8fb937906fd1abfb417130eb796e5837db3f3f21c2f" "/opt/rustwide/cargo-home/bin/cargo" "+1.100.0-beta.1" "metadata" "--no-deps" "--format-version=1", kill_on_drop: false }`
[INFO] running `Command { std: "docker" "inspect" "55620b5abc8189e4bf5ca8fb937906fd1abfb417130eb796e5837db3f3f21c2f", kill_on_drop: false }`
[INFO] running `Command { std: "docker" "exec" "-e" "SOURCE_DIR=/opt/rustwide/workdir" "-e" "CARGO_HOME=/opt/rustwide/cargo-home" "-e" "RUSTUP_HOME=/opt/rustwide/rustup-home" "-e" "CARGO_TARGET_DIR=/opt/rustwide/target" "-e" "CARGO_INCREMENTAL=0" "-e" "RUST_BACKTRACE=full" "-e" "RUSTFLAGS=--cap-lints=warn" "-e" "RUSTDOCFLAGS=--cap-lints=warn" "-w" "/opt/rustwide/workdir" "--user" "0:0" "55620b5abc8189e4bf5ca8fb937906fd1abfb417130eb796e5837db3f3f21c2f" "/opt/rustwide/cargo-home/bin/cargo" "+1.100.0-beta.1" "build" "--frozen" "--message-format=json", kill_on_drop: false }`
[INFO] [stderr] warning: `package.homepage` is redundant with `package.repository`
[INFO] [stderr]   --> Cargo.toml:45:12
[INFO] [stderr]    |
[INFO] [stderr] 45 | homepage = "https://github.com/paperfoot/elicit-cli"
[INFO] [stderr]    |            ^^^^^^^^^^^^^^^^^^^^^^^^^^^^^^^^^^^^^^^^^
[INFO] [stderr] ...
[INFO] [stderr] 50 | repository = "https://github.com/paperfoot/elicit-cli"
[INFO] [stderr]    |              -----------------------------------------
[INFO] [stderr]    |
[INFO] [stderr]    = note: `cargo::redundant_homepage` is set to `warn` by default
[INFO] [stderr] help: consider removing `package.homepage`
[INFO] [stderr] warning: `elicit-cli` (manifest) generated 1 warning
[INFO] [stderr]    Compiling libc v0.2.183
[INFO] [stderr]    Compiling quote v1.0.45
[INFO] [stderr]    Compiling cc v1.2.57
[INFO] [stderr]    Compiling bitflags v2.11.0
[INFO] [stderr]    Compiling smallvec v1.15.1
[INFO] [stderr]    Compiling hashbrown v0.16.1
[INFO] [stderr]    Compiling rustix v1.1.4
[INFO] [stderr]    Compiling writeable v0.6.2
[INFO] [stderr]    Compiling litemap v0.8.1
[INFO] [stderr]    Compiling icu_properties_data v2.1.2
[INFO] [stderr]    Compiling syn v2.0.117
[INFO] [stderr]    Compiling futures-io v0.3.32
[INFO] [stderr]    Compiling icu_normalizer_data v2.1.1
[INFO] [stderr]    Compiling zeroize v1.8.2
[INFO] [stderr]    Compiling futures-util v0.3.32
[INFO] [stderr]    Compiling rustls-pki-types v1.14.0
[INFO] [stderr]    Compiling tracing v0.1.44
[INFO] [stderr]    Compiling indexmap v2.13.0
[INFO] [stderr]    Compiling openssl v0.10.76
[INFO] [stderr]    Compiling mio v1.1.1
[INFO] [stderr]    Compiling socket2 v0.6.3
[INFO] [stderr]    Compiling getrandom v0.2.17
[INFO] [stderr]    Compiling tokio v1.50.0
[INFO] [stderr]    Compiling futures-channel v0.3.32
[INFO] [stderr]    Compiling native-tls v0.2.18
[INFO] [stderr]    Compiling rustls v0.23.37
[INFO] [stderr]    Compiling proc-macro2-diagnostics v0.10.1
[INFO] [stderr]    Compiling getrandom v0.4.2
[INFO] [stderr]    Compiling log v0.4.29
[INFO] [stderr]    Compiling zmij v1.0.21
[INFO] [stderr]    Compiling openssl-sys v0.9.112
[INFO] [stderr]    Compiling ring v0.17.14
[INFO] [stderr]    Compiling ipnet v2.12.0
[INFO] [stderr]    Compiling sync_wrapper v1.0.2
[INFO] [stderr]    Compiling portable-atomic v1.13.1
[INFO] [stderr]    Compiling serde_json v1.0.149
[INFO] [stderr]    Compiling yansi v1.0.1
[INFO] [stderr]    Compiling parking_lot_core v0.9.12
[INFO] [stderr]    Compiling webpki-roots v1.0.6
[INFO] [stderr]    Compiling http-body-util v0.1.3
[INFO] [stderr]    Compiling aho-corasick v1.1.4
[INFO] [stderr]    Compiling iri-string v0.7.11
[INFO] [stderr]    Compiling simd-adler32 v0.3.8
[INFO] [stderr]    Compiling regex-syntax v0.8.10
[INFO] [stderr]    Compiling miniz_oxide v0.8.9
[INFO] [stderr]    Compiling document-features v0.2.12
[INFO] [stderr]    Compiling tempfile v3.27.0
[INFO] [stderr]    Compiling parking_lot v0.12.5
[INFO] [stderr]    Compiling synstructure v0.13.2
[INFO] [stderr]    Compiling regex-automata v0.4.14
[INFO] [stderr]    Compiling console v0.15.11
[INFO] [stderr]    Compiling xattr v1.6.1
[INFO] [stderr]    Compiling tokio-util v0.7.18
[INFO] [stderr]    Compiling tower v0.5.3
[INFO] [stderr]    Compiling filetime v0.2.27
[INFO] [stderr]    Compiling figment v0.10.19
[INFO] [stderr]    Compiling inlinable_string v0.1.15
[INFO] [stderr]    Compiling zerofrom-derive v0.1.6
[INFO] [stderr]    Compiling yoke-derive v0.8.1
[INFO] [stderr]    Compiling zerovec-derive v0.11.2
[INFO] [stderr]    Compiling displaydoc v0.2.5
[INFO] [stderr]    Compiling serde_derive v1.0.228
[INFO] [stderr]    Compiling h2 v0.4.13
[INFO] [stderr]    Compiling openssl-macros v0.1.1
[INFO] [stderr]    Compiling zerofrom v0.1.6
[INFO] [stderr]    Compiling rustls-webpki v0.103.10
[INFO] [stderr]    Compiling tower-http v0.6.8
[INFO] [stderr]    Compiling pear_codegen v0.2.9
[INFO] [stderr]    Compiling yoke v0.8.1
[INFO] [stderr]    Compiling zerovec v0.11.5
[INFO] [stderr]    Compiling zerotrie v0.2.3
[INFO] [stderr]    Compiling owo-colors v4.3.0
[INFO] [stderr]    Compiling tinystr v0.8.2
[INFO] [stderr]    Compiling potential_utf v0.1.4
[INFO] [stderr]    Compiling icu_collections v2.1.1
[INFO] [stderr]    Compiling icu_locale_core v2.1.1
[INFO] [stderr]    Compiling option-ext v0.2.0
[INFO] [stderr]    Compiling self_update v0.42.0
[INFO] [stderr]    Compiling number_prefix v0.4.0
[INFO] [stderr]    Compiling indicatif v0.17.11
[INFO] [stderr]    Compiling clap_builder v4.6.0
[INFO] [stderr]    Compiling icu_provider v2.1.1
[INFO] [stderr]    Compiling serde v1.0.228
[INFO] [stderr]    Compiling icu_properties v2.1.2
[INFO] [stderr]    Compiling icu_normalizer v2.1.1
[INFO] [stderr]    Compiling toml_datetime v0.6.11
[INFO] [stderr]    Compiling hyper v1.8.1
[INFO] [stderr]    Compiling tokio-native-tls v0.3.1
[INFO] [stderr]    Compiling serde_spanned v0.6.9
[INFO] [stderr]    Compiling serde_urlencoded v0.7.1
[INFO] [stderr]    Compiling toml_edit v0.22.27
[INFO] [stderr]    Compiling dirs-sys v0.5.0
[INFO] [stderr]    Compiling idna_adapter v1.2.1
[INFO] [stderr]    Compiling pear v0.2.9
[INFO] [stderr]    Compiling idna v1.1.0
[INFO] [stderr]    Compiling regex v1.12.3
[INFO] [stderr]    Compiling hyper-util v0.1.20
[INFO] [stderr]    Compiling url v2.5.8
[INFO] [stderr]    Compiling tokio-rustls v0.26.4
[INFO] [stderr]    Compiling clap_derive v4.6.0
[INFO] [stderr]    Compiling thiserror-impl v2.0.18
[INFO] [stderr]    Compiling tar v0.4.45
[INFO] [stderr]    Compiling hyper-tls v0.6.0
[INFO] [stderr]    Compiling hyper-rustls v0.27.7
[INFO] [stderr]    Compiling reqwest v0.12.28
[INFO] [stderr]    Compiling toml v0.8.23
[INFO] [stderr]    Compiling flate2 v1.1.9
[INFO] [stderr]    Compiling crossterm v0.29.0
[INFO] [stderr]    Compiling self-replace v1.5.0
[INFO] [stderr]    Compiling quick-xml v0.37.5
[INFO] [stderr]    Compiling either v1.15.0
[INFO] [stderr]    Compiling urlencoding v2.1.3
[INFO] [stderr]    Compiling unicode-segmentation v1.13.3
[INFO] [stderr]    Compiling semver v1.0.27
[INFO] [stderr]    Compiling clap v4.6.0
[INFO] [stderr]    Compiling thiserror v2.0.18
[INFO] [stderr]    Compiling comfy-table v7.2.2
[INFO] [stderr]    Compiling directories v6.0.0
[INFO] [stderr]    Compiling elicit-cli v0.1.0 (/opt/rustwide/workdir)
[INFO] [stderr]     Finished `dev` profile [unoptimized + debuginfo] target(s) in 2m 07s
[INFO] running `Command { std: "docker" "inspect" "55620b5abc8189e4bf5ca8fb937906fd1abfb417130eb796e5837db3f3f21c2f", kill_on_drop: false }`
[INFO] running `Command { std: "docker" "exec" "-e" "SOURCE_DIR=/opt/rustwide/workdir" "-e" "CARGO_HOME=/opt/rustwide/cargo-home" "-e" "RUSTUP_HOME=/opt/rustwide/rustup-home" "-e" "CARGO_TARGET_DIR=/opt/rustwide/target" "-e" "CARGO_INCREMENTAL=0" "-e" "RUST_BACKTRACE=full" "-e" "RUSTFLAGS=--cap-lints=warn" "-e" "RUSTDOCFLAGS=--cap-lints=warn" "-w" "/opt/rustwide/workdir" "--user" "0:0" "55620b5abc8189e4bf5ca8fb937906fd1abfb417130eb796e5837db3f3f21c2f" "/opt/rustwide/cargo-home/bin/cargo" "+1.100.0-beta.1" "test" "--frozen" "--no-run" "--message-format=json", kill_on_drop: false }`
[INFO] [stderr] warning: `package.homepage` is redundant with `package.repository`
[INFO] [stderr]   --> Cargo.toml:45:12
[INFO] [stderr]    |
[INFO] [stderr] 45 | homepage = "https://github.com/paperfoot/elicit-cli"
[INFO] [stderr]    |            ^^^^^^^^^^^^^^^^^^^^^^^^^^^^^^^^^^^^^^^^^
[INFO] [stderr] ...
[INFO] [stderr] 50 | repository = "https://github.com/paperfoot/elicit-cli"
[INFO] [stderr]    |              -----------------------------------------
[INFO] [stderr]    |
[INFO] [stderr]    = note: `cargo::redundant_homepage` is set to `warn` by default
[INFO] [stderr] help: consider removing `package.homepage`
[INFO] [stderr] warning: `elicit-cli` (manifest) generated 1 warning
[INFO] [stderr]    Compiling regex-automata v0.4.14
[INFO] [stderr]    Compiling num-traits v0.2.19
[INFO] [stderr]    Compiling predicates-core v1.0.10
[INFO] [stderr]    Compiling difflib v0.4.0
[INFO] [stderr]    Compiling normalize-line-endings v0.3.0
[INFO] [stderr]    Compiling termtree v0.5.1
[INFO] [stderr]    Compiling assert_cmd v2.2.0
[INFO] [stderr]    Compiling wait-timeout v0.2.1
[INFO] [stderr]    Compiling predicates-tree v1.0.13
[INFO] [stderr]    Compiling float-cmp v0.10.0
[INFO] [stderr]    Compiling regex v1.12.3
[INFO] [stderr]    Compiling bstr v1.12.1
[INFO] [stderr]    Compiling self_update v0.42.0
[INFO] [stderr]    Compiling predicates v3.1.4
[INFO] [stderr]    Compiling elicit-cli v0.1.0 (/opt/rustwide/workdir)
[INFO] [stderr]     Finished `test` profile [unoptimized + debuginfo] target(s) in 25.64s
[INFO] running `Command { std: "docker" "inspect" "55620b5abc8189e4bf5ca8fb937906fd1abfb417130eb796e5837db3f3f21c2f", kill_on_drop: false }`
[INFO] running `Command { std: "docker" "exec" "-e" "SOURCE_DIR=/opt/rustwide/workdir" "-e" "CARGO_HOME=/opt/rustwide/cargo-home" "-e" "RUSTUP_HOME=/opt/rustwide/rustup-home" "-e" "CARGO_TARGET_DIR=/opt/rustwide/target" "-e" "CARGO_INCREMENTAL=0" "-e" "RUST_BACKTRACE=full" "-e" "RUSTFLAGS=--cap-lints=warn" "-e" "RUSTDOCFLAGS=--cap-lints=warn" "-w" "/opt/rustwide/workdir" "--user" "0:0" "55620b5abc8189e4bf5ca8fb937906fd1abfb417130eb796e5837db3f3f21c2f" "/opt/rustwide/cargo-home/bin/cargo" "+1.100.0-beta.1" "test" "--frozen", kill_on_drop: false }`
[INFO] [stderr] warning: `package.homepage` is redundant with `package.repository`
[INFO] [stderr]   --> Cargo.toml:45:12
[INFO] [stderr]    |
[INFO] [stderr] 45 | homepage = "https://github.com/paperfoot/elicit-cli"
[INFO] [stderr]    |            ^^^^^^^^^^^^^^^^^^^^^^^^^^^^^^^^^^^^^^^^^
[INFO] [stderr] ...
[INFO] [stderr] 50 | repository = "https://github.com/paperfoot/elicit-cli"
[INFO] [stderr]    |              -----------------------------------------
[INFO] [stderr]    |
[INFO] [stderr]    = note: `cargo::redundant_homepage` is set to `warn` by default
[INFO] [stderr] help: consider removing `package.homepage`
[INFO] [stderr] warning: `elicit-cli` (manifest) generated 1 warning
[INFO] [stderr]     Finished `test` profile [unoptimized + debuginfo] target(s) in 0.40s
[INFO] [stderr]      Running unittests src/main.rs (/opt/rustwide/target/debug/build/elicit-cli/60dfbba650dde582/out/elicit-60dfbba650dde582)
[INFO] [stdout] 
[INFO] [stdout] running 7 tests
[INFO] [stdout] test api::models::wire_tests::paper_abstract_field_roundtrips ... ok
[INFO] [stdout] test api::models::wire_tests::review_corpus_clinical_trials_wire ... ok
[INFO] [stdout] test api::models::wire_tests::review_request_wires_generate_report_and_fulltext_and_choices ... ok
[INFO] [stdout] test api::models::wire_tests::create_report_request_defaults_omitted ... ok
[INFO] [stdout] test api::models::wire_tests::paper_request_camel_case_and_omits_none ... ok
[INFO] [stdout] test api::models::wire_tests::filters_wire_names_and_enums ... ok
[INFO] [stderr]      Running tests/agent_info_contract.rs (/opt/rustwide/target/debug/build/elicit-cli/6ed9af1c81472c58/out/agent_info_contract-6ed9af1c81472c58)
[INFO] [stdout] test api::models::wire_tests::report_get_parses_completed ... ok
[INFO] [stdout] 
[INFO] [stdout] test result: ok. 7 passed; 0 failed; 0 ignored; 0 measured; 0 filtered out; finished in 0.01s
[INFO] [stdout] 
[INFO] [stdout] 
[INFO] [stdout] running 14 tests
[INFO] [stdout] test config_block_names_elicit_api_key ... ok
[INFO] [stdout] test exit_codes_cover_full_contract ... ok
[INFO] [stdout] test has_required_fields ... ok
[INFO] [stdout] test report_subcommands_present_with_arg_schema ... ok
[INFO] [stdout] test name_matches_binary ... ok
[INFO] [stdout] test at_least_eight_commands ... ok
[INFO] [stdout] test envelope_documented ... ok
[INFO] [stdout] test global_flags_documented ... ok
[INFO] [stdout] test review_subcommands_present_with_arg_schema ... ok
[INFO] [stdout] test trials_present_with_arg_schema ... ok
[INFO] [stdout] test crud_aliases_are_routable ... ok
[INFO] [stdout] test search_present_with_arg_schema ... ok
[INFO] [stdout] test builtins_are_routable ... ok
[INFO] [stdout] test core_commands_are_routable_without_network ... ok
[INFO] [stdout] 
[INFO] [stdout] test result: ok. 14 passed; 0 failed; 0 ignored; 0 measured; 0 filtered out; finished in 0.26s
[INFO] [stdout] 
[INFO] [stderr]      Running tests/api_commands.rs (/opt/rustwide/target/debug/build/elicit-cli/c17d9ce0bb23ff76/out/api_commands-c17d9ce0bb23ff76)
[INFO] [stdout] 
[INFO] [stdout] running 21 tests
[INFO] [stdout] test base_url_env_override_is_reflected_in_config_show ... ok
[INFO] [stdout] test base_url_defaults_when_env_unset ... ok
[INFO] [stdout] test doctor_no_key_exits_2_with_data_checks_on_stdout ... ok
[INFO] [stdout] test doctor_human_mode_exits_2_and_keeps_stdout_clean ... ok
[INFO] [stdout] test report_get_poll_interval_zero_exits_3 ... ok
[INFO] [stdout] test report_new_no_key_exits_2_empty_stdout ... ok
[INFO] [stdout] test report_list_no_key_exits_2_empty_stdout ... ok
[INFO] [stdout] test report_get_no_key_exits_2_empty_stdout ... ok
[INFO] [stdout] test review_new_parses_pair_flags_then_gates_on_key ... ok
[INFO] [stdout] test search_keyword_mode_with_filters_exits_3 ... ok
[INFO] [stdout] test review_get_no_key_exits_2_empty_stdout ... ok
[INFO] [stdout] test search_max_quartile_out_of_range_exits_3 ... ok
[INFO] [stdout] test review_generate_report_without_extraction_exits_3 ... ok
[INFO] [stdout] test review_fulltext_without_abstract_exits_3 ... ok
[INFO] [stdout] test search_max_results_out_of_range_exits_3 ... ok
[INFO] [stdout] test search_no_key_exits_2_with_error_envelope_and_empty_stdout ... ok
[INFO] [stdout] test trials_keyword_mode_with_filters_exits_3 ... ok
[INFO] [stdout] test review_extract_column_bad_choices_exits_3 ... ok
[INFO] [stdout] test search_parses_all_filter_flags_then_gates_on_key ... ok
[INFO] [stdout] test trials_no_key_exits_2_empty_stdout ... ok
[INFO] [stdout] test review_new_no_key_exits_2_empty_stdout ... ok
[INFO] [stdout] 
[INFO] [stdout] test result: ok. 21 passed; 0 failed; 0 ignored; 0 measured; 0 filtered out; finished in 0.25s
[INFO] [stdout] 
[INFO] [stderr]      Running tests/exit_code_contracts.rs (/opt/rustwide/target/debug/build/elicit-cli/78b4d7925cebd838/out/exit_code_contracts-78b4d7925cebd838)
[INFO] [stdout] 
[INFO] [stdout] running 17 tests
[INFO] [stdout] test contract_exit_2_config ... ok
[INFO] [stdout] test agent_info_alias_exits_0 ... ok
[INFO] [stdout] test contract_exit_3_bad_input ... ok
[INFO] [stdout] test contract_exit_4_rate_limited ... ok
[INFO] [stdout] test missing_subcommand_exits_3 ... ok
[INFO] [stdout] test help_exits_0 ... ok
[INFO] [stdout] test report_missing_action_exits_3 ... ok
[INFO] [stdout] test invalid_corpus_value_exits_3 ... ok
[INFO] [stdout] test config_path_exits_0 ... ok
[INFO] [stdout] test contract_exit_1_transient ... ok
[INFO] [stdout] test agent_info_exits_0 ... ok
[INFO] [stdout] test contract_exit_0 ... ok
[INFO] [stdout] test search_missing_query_exits_3 ... ok
[INFO] [stdout] test version_exits_0 ... ok
[INFO] [stdout] test config_show_exits_0 ... ok
[INFO] [stdout] test search_without_key_exits_2 ... ok
[INFO] [stdout] test trials_missing_query_exits_3 ... ok
[INFO] [stdout] 
[INFO] [stdout] test result: ok. 17 passed; 0 failed; 0 ignored; 0 measured; 0 filtered out; finished in 0.12s
[INFO] [stdout] 
[INFO] [stderr]      Running tests/output_contracts.rs (/opt/rustwide/target/debug/build/elicit-cli/fd58c44cc9a8fda0/out/output_contracts-fd58c44cc9a8fda0)
[INFO] [stdout] 
[INFO] [stdout] running 8 tests
[INFO] [stdout] test error_envelope_shape ... ok
[INFO] [stdout] test error_code_matches_variant ... ok
[INFO] [stdout] test help_wrapped_in_envelope_when_piped ... ok
[INFO] [stdout] test config_show_is_a_success_envelope ... ok
[INFO] [stdout] test quiet_still_emits_json ... ok
[INFO] [stdout] test version_wrapped_in_envelope_when_piped ... ok
[INFO] [stdout] test parse_error_wrapped_in_envelope ... ok
[INFO] [stderr]      Running tests/robustness.rs (/opt/rustwide/target/debug/build/elicit-cli/b936661a7787f867/out/robustness-b936661a7787f867)
[INFO] [stdout] test success_envelope_shape ... ok
[INFO] [stdout] 
[INFO] [stdout] test result: ok. 8 passed; 0 failed; 0 ignored; 0 measured; 0 filtered out; finished in 0.09s
[INFO] [stdout] 
[INFO] [stdout] 
[INFO] [stdout] running 6 tests
[INFO] [stdout] test doctor_offline_safe_with_temp_home ... ok
[INFO] [stdout] test invalid_retracted_rejected ... ok
[INFO] [stdout] test agent_info_works_with_malformed_config ... ok
[INFO] [stdout] test invalid_mode_rejected ... ok
[INFO] [stdout] test config_path_works_with_malformed_config ... ok
[INFO] [stdout] test config_show_fails_with_malformed_config ... ok
[INFO] [stdout] 
[INFO] [stdout] test result: ok. 6 passed; 0 failed; 0 ignored; 0 measured; 0 filtered out; finished in 0.09s
[INFO] [stdout] 
[INFO] [stderr]      Running tests/update_contract.rs (/opt/rustwide/target/debug/build/elicit-cli/d52139795e15b1d4/out/update_contract-d52139795e15b1d4)
[INFO] [stdout] 
[INFO] [stdout] running 7 tests
[INFO] [stdout] test invalid_update_source_exits_2 ... ok
[INFO] [stdout] test bun_update_returns_bun_global_update_command ... ok
[INFO] [stdout] test homebrew_update_returns_brew_upgrade_command ... ok
[INFO] [stdout] test cargo_update_returns_cargo_install_command ... ok
[INFO] [stdout] test uv_tool_update_returns_uv_upgrade_command ... ok
[INFO] [stdout] test disabled_update_returns_disabled_status ... ok
[INFO] [stdout] test agent_info_documents_update_contract_shape ... ok
[INFO] [stdout] 
[INFO] [stdout] test result: ok. 7 passed; 0 failed; 0 ignored; 0 measured; 0 filtered out; finished in 0.11s
[INFO] [stdout] 
[INFO] running `Command { std: "docker" "inspect" "55620b5abc8189e4bf5ca8fb937906fd1abfb417130eb796e5837db3f3f21c2f", kill_on_drop: false }`
[INFO] running `Command { std: "docker" "rm" "-f" "55620b5abc8189e4bf5ca8fb937906fd1abfb417130eb796e5837db3f3f21c2f", kill_on_drop: false }`
[INFO] [stdout] 55620b5abc8189e4bf5ca8fb937906fd1abfb417130eb796e5837db3f3f21c2f
