[INFO] cloning repository https://github.com/MuhammadHananAsghar/ignyt
[INFO] running `Command { std: "git" "-c" "credential.helper=" "-c" "credential.helper=/workspace/cargo-home/bin/git-credential-null" "clone" "--bare" "https://github.com/MuhammadHananAsghar/ignyt" "/workspace/cache/git-repos/https%3A%2F%2Fgithub.com%2FMuhammadHananAsghar%2Fignyt", kill_on_drop: false }`
[INFO] [stderr] Cloning into bare repository '/workspace/cache/git-repos/https%3A%2F%2Fgithub.com%2FMuhammadHananAsghar%2Fignyt'...
[INFO] running `Command { std: "git" "rev-parse" "HEAD", kill_on_drop: false }`
[INFO] [stdout] 6847249b992d1c9cbfad990574776530f31e4f9a
[INFO] testing MuhammadHananAsghar/ignyt against 1.100.0-beta.1 for beta-1.100-2
[INFO] running `Command { std: "git" "clone" "/workspace/cache/git-repos/https%3A%2F%2Fgithub.com%2FMuhammadHananAsghar%2Fignyt" "/workspace/builds/worker-4-tc2/source", kill_on_drop: false }`
[INFO] [stderr] Cloning into '/workspace/builds/worker-4-tc2/source'...
[INFO] [stderr] done.
[INFO] started tweaking git repo https://github.com/MuhammadHananAsghar/ignyt
[INFO] finished tweaking git repo https://github.com/MuhammadHananAsghar/ignyt
[INFO] tweaked toml for git repo https://github.com/MuhammadHananAsghar/ignyt written to /workspace/builds/worker-4-tc2/source/Cargo.toml
[INFO] validating manifest of git repo https://github.com/MuhammadHananAsghar/ignyt on toolchain 1.100.0-beta.1
[INFO] running `Command { std: CARGO_HOME="/workspace/cargo-home" RUSTUP_HOME="/workspace/rustup-home" "/workspace/cargo-home/bin/cargo" "+1.100.0-beta.1" "metadata" "--manifest-path" "Cargo.toml" "--no-deps", kill_on_drop: false }`
[INFO] crate git repo https://github.com/MuhammadHananAsghar/ignyt already has a lockfile, it will not be regenerated
[INFO] running `Command { std: CARGO_HOME="/workspace/cargo-home" RUSTUP_HOME="/workspace/rustup-home" "/workspace/cargo-home/bin/cargo" "+1.100.0-beta.1" "fetch" "--manifest-path" "Cargo.toml", kill_on_drop: false }`
[INFO] [stderr] warning: unused field `description` in `workspace.package`
[INFO] [stderr]   --> Cargo.toml:78:1
[INFO] [stderr]    |
[INFO] [stderr] 78 | description = "The fastest Python code quality engine in the world"
[INFO] [stderr]    | ^^^^^^^^^^^
[INFO] [stderr]    |
[INFO] [stderr]    = note: `cargo::unused_workspace_package_fields` is set to `warn` by default
[INFO] [stderr] help: consider removing the field `workspace.package.description`
[INFO] [stderr] warning: unused field `repository` in `workspace.package`
[INFO] [stderr]   --> Cargo.toml:81:1
[INFO] [stderr]    |
[INFO] [stderr] 81 | repository = "https://github.com/MuhammadHananAsghar/ignyt"
[INFO] [stderr]    | ^^^^^^^^^^
[INFO] [stderr]    |
[INFO] [stderr] help: consider removing the field `workspace.package.repository`
[INFO] [stderr] warning: unused field `rust-version` in `workspace.package`
[INFO] [stderr]   --> Cargo.toml:82:1
[INFO] [stderr]    |
[INFO] [stderr] 82 | rust-version = "1.75"
[INFO] [stderr]    | ^^^^^^^^^^^^
[INFO] [stderr]    |
[INFO] [stderr] help: consider removing the field `workspace.package.rust-version`
[INFO] [stderr] warning: workspace (manifest) generated 3 warnings
[INFO] [stderr]     Blocking waiting for file lock on package cache
[INFO] [stderr]     Blocking waiting for file lock on package cache
[ERROR] error running command: no output for 300 seconds
[INFO] testing MuhammadHananAsghar/ignyt against 1.100.0-beta.1 for beta-1.100-2
[INFO] running `Command { std: "git" "clone" "/workspace/cache/git-repos/https%3A%2F%2Fgithub.com%2FMuhammadHananAsghar%2Fignyt" "/workspace/builds/worker-4-tc2/source", kill_on_drop: false }`
[INFO] [stderr] Cloning into '/workspace/builds/worker-4-tc2/source'...
[INFO] [stderr] done.
[INFO] started tweaking git repo https://github.com/MuhammadHananAsghar/ignyt
[INFO] finished tweaking git repo https://github.com/MuhammadHananAsghar/ignyt
[INFO] tweaked toml for git repo https://github.com/MuhammadHananAsghar/ignyt written to /workspace/builds/worker-4-tc2/source/Cargo.toml
[INFO] validating manifest of git repo https://github.com/MuhammadHananAsghar/ignyt on toolchain 1.100.0-beta.1
[INFO] running `Command { std: CARGO_HOME="/workspace/cargo-home" RUSTUP_HOME="/workspace/rustup-home" "/workspace/cargo-home/bin/cargo" "+1.100.0-beta.1" "metadata" "--manifest-path" "Cargo.toml" "--no-deps", kill_on_drop: false }`
[INFO] crate git repo https://github.com/MuhammadHananAsghar/ignyt already has a lockfile, it will not be regenerated
[INFO] running `Command { std: CARGO_HOME="/workspace/cargo-home" RUSTUP_HOME="/workspace/rustup-home" "/workspace/cargo-home/bin/cargo" "+1.100.0-beta.1" "fetch" "--manifest-path" "Cargo.toml", kill_on_drop: false }`
[INFO] [stderr] warning: unused field `description` in `workspace.package`
[INFO] [stderr]   --> Cargo.toml:78:1
[INFO] [stderr]    |
[INFO] [stderr] 78 | description = "The fastest Python code quality engine in the world"
[INFO] [stderr]    | ^^^^^^^^^^^
[INFO] [stderr]    |
[INFO] [stderr]    = note: `cargo::unused_workspace_package_fields` is set to `warn` by default
[INFO] [stderr] help: consider removing the field `workspace.package.description`
[INFO] [stderr] warning: unused field `repository` in `workspace.package`
[INFO] [stderr]   --> Cargo.toml:81:1
[INFO] [stderr]    |
[INFO] [stderr] 81 | repository = "https://github.com/MuhammadHananAsghar/ignyt"
[INFO] [stderr]    | ^^^^^^^^^^
[INFO] [stderr]    |
[INFO] [stderr] help: consider removing the field `workspace.package.repository`
[INFO] [stderr] warning: unused field `rust-version` in `workspace.package`
[INFO] [stderr]   --> Cargo.toml:82:1
[INFO] [stderr]    |
[INFO] [stderr] 82 | rust-version = "1.75"
[INFO] [stderr]    | ^^^^^^^^^^^^
[INFO] [stderr]    |
[INFO] [stderr] help: consider removing the field `workspace.package.rust-version`
[INFO] [stderr] warning: workspace (manifest) generated 3 warnings
[INFO] [stderr]     Blocking waiting for file lock on package cache
[INFO] [stderr]     Blocking waiting for file lock on package cache
[ERROR] error running command: no output for 300 seconds
[INFO] testing MuhammadHananAsghar/ignyt against 1.100.0-beta.1 for beta-1.100-2
[INFO] running `Command { std: "git" "clone" "/workspace/cache/git-repos/https%3A%2F%2Fgithub.com%2FMuhammadHananAsghar%2Fignyt" "/workspace/builds/worker-4-tc2/source", kill_on_drop: false }`
[INFO] [stderr] Cloning into '/workspace/builds/worker-4-tc2/source'...
[INFO] [stderr] done.
[INFO] started tweaking git repo https://github.com/MuhammadHananAsghar/ignyt
[INFO] finished tweaking git repo https://github.com/MuhammadHananAsghar/ignyt
[INFO] tweaked toml for git repo https://github.com/MuhammadHananAsghar/ignyt written to /workspace/builds/worker-4-tc2/source/Cargo.toml
[INFO] validating manifest of git repo https://github.com/MuhammadHananAsghar/ignyt on toolchain 1.100.0-beta.1
[INFO] running `Command { std: CARGO_HOME="/workspace/cargo-home" RUSTUP_HOME="/workspace/rustup-home" "/workspace/cargo-home/bin/cargo" "+1.100.0-beta.1" "metadata" "--manifest-path" "Cargo.toml" "--no-deps", kill_on_drop: false }`
[INFO] crate git repo https://github.com/MuhammadHananAsghar/ignyt already has a lockfile, it will not be regenerated
[INFO] running `Command { std: CARGO_HOME="/workspace/cargo-home" RUSTUP_HOME="/workspace/rustup-home" "/workspace/cargo-home/bin/cargo" "+1.100.0-beta.1" "fetch" "--manifest-path" "Cargo.toml", kill_on_drop: false }`
[INFO] [stderr] warning: unused field `description` in `workspace.package`
[INFO] [stderr]   --> Cargo.toml:78:1
[INFO] [stderr]    |
[INFO] [stderr] 78 | description = "The fastest Python code quality engine in the world"
[INFO] [stderr]    | ^^^^^^^^^^^
[INFO] [stderr]    |
[INFO] [stderr]    = note: `cargo::unused_workspace_package_fields` is set to `warn` by default
[INFO] [stderr] help: consider removing the field `workspace.package.description`
[INFO] [stderr] warning: unused field `repository` in `workspace.package`
[INFO] [stderr]   --> Cargo.toml:81:1
[INFO] [stderr]    |
[INFO] [stderr] 81 | repository = "https://github.com/MuhammadHananAsghar/ignyt"
[INFO] [stderr]    | ^^^^^^^^^^
[INFO] [stderr]    |
[INFO] [stderr] help: consider removing the field `workspace.package.repository`
[INFO] [stderr] warning: unused field `rust-version` in `workspace.package`
[INFO] [stderr]   --> Cargo.toml:82:1
[INFO] [stderr]    |
[INFO] [stderr] 82 | rust-version = "1.75"
[INFO] [stderr]    | ^^^^^^^^^^^^
[INFO] [stderr]    |
[INFO] [stderr] help: consider removing the field `workspace.package.rust-version`
[INFO] [stderr] warning: workspace (manifest) generated 3 warnings
[INFO] [stderr]     Blocking waiting for file lock on package cache
[INFO] [stderr]     Blocking waiting for file lock on package cache
[ERROR] error running command: no output for 300 seconds
[INFO] testing MuhammadHananAsghar/ignyt against 1.100.0-beta.1 for beta-1.100-2
[INFO] running `Command { std: "git" "clone" "/workspace/cache/git-repos/https%3A%2F%2Fgithub.com%2FMuhammadHananAsghar%2Fignyt" "/workspace/builds/worker-4-tc2/source", kill_on_drop: false }`
[INFO] [stderr] Cloning into '/workspace/builds/worker-4-tc2/source'...
[INFO] [stderr] done.
[INFO] started tweaking git repo https://github.com/MuhammadHananAsghar/ignyt
[INFO] finished tweaking git repo https://github.com/MuhammadHananAsghar/ignyt
[INFO] tweaked toml for git repo https://github.com/MuhammadHananAsghar/ignyt written to /workspace/builds/worker-4-tc2/source/Cargo.toml
[INFO] validating manifest of git repo https://github.com/MuhammadHananAsghar/ignyt on toolchain 1.100.0-beta.1
[INFO] running `Command { std: CARGO_HOME="/workspace/cargo-home" RUSTUP_HOME="/workspace/rustup-home" "/workspace/cargo-home/bin/cargo" "+1.100.0-beta.1" "metadata" "--manifest-path" "Cargo.toml" "--no-deps", kill_on_drop: false }`
[INFO] crate git repo https://github.com/MuhammadHananAsghar/ignyt already has a lockfile, it will not be regenerated
[INFO] running `Command { std: CARGO_HOME="/workspace/cargo-home" RUSTUP_HOME="/workspace/rustup-home" "/workspace/cargo-home/bin/cargo" "+1.100.0-beta.1" "fetch" "--manifest-path" "Cargo.toml", kill_on_drop: false }`
[INFO] [stderr] warning: unused field `description` in `workspace.package`
[INFO] [stderr]   --> Cargo.toml:78:1
[INFO] [stderr]    |
[INFO] [stderr] 78 | description = "The fastest Python code quality engine in the world"
[INFO] [stderr]    | ^^^^^^^^^^^
[INFO] [stderr]    |
[INFO] [stderr]    = note: `cargo::unused_workspace_package_fields` is set to `warn` by default
[INFO] [stderr] help: consider removing the field `workspace.package.description`
[INFO] [stderr] warning: unused field `repository` in `workspace.package`
[INFO] [stderr]   --> Cargo.toml:81:1
[INFO] [stderr]    |
[INFO] [stderr] 81 | repository = "https://github.com/MuhammadHananAsghar/ignyt"
[INFO] [stderr]    | ^^^^^^^^^^
[INFO] [stderr]    |
[INFO] [stderr] help: consider removing the field `workspace.package.repository`
[INFO] [stderr] warning: unused field `rust-version` in `workspace.package`
[INFO] [stderr]   --> Cargo.toml:82:1
[INFO] [stderr]    |
[INFO] [stderr] 82 | rust-version = "1.75"
[INFO] [stderr]    | ^^^^^^^^^^^^
[INFO] [stderr]    |
[INFO] [stderr] help: consider removing the field `workspace.package.rust-version`
[INFO] [stderr] warning: workspace (manifest) generated 3 warnings
[INFO] [stderr]     Blocking waiting for file lock on package cache
[INFO] [stderr]     Blocking waiting for file lock on package cache
[ERROR] error running command: no output for 300 seconds
[INFO] testing MuhammadHananAsghar/ignyt against 1.100.0-beta.1 for beta-1.100-2
[INFO] running `Command { std: "git" "clone" "/workspace/cache/git-repos/https%3A%2F%2Fgithub.com%2FMuhammadHananAsghar%2Fignyt" "/workspace/builds/worker-4-tc2/source", kill_on_drop: false }`
[INFO] [stderr] Cloning into '/workspace/builds/worker-4-tc2/source'...
[INFO] [stderr] done.
[INFO] started tweaking git repo https://github.com/MuhammadHananAsghar/ignyt
[INFO] finished tweaking git repo https://github.com/MuhammadHananAsghar/ignyt
[INFO] tweaked toml for git repo https://github.com/MuhammadHananAsghar/ignyt written to /workspace/builds/worker-4-tc2/source/Cargo.toml
[INFO] validating manifest of git repo https://github.com/MuhammadHananAsghar/ignyt on toolchain 1.100.0-beta.1
[INFO] running `Command { std: CARGO_HOME="/workspace/cargo-home" RUSTUP_HOME="/workspace/rustup-home" "/workspace/cargo-home/bin/cargo" "+1.100.0-beta.1" "metadata" "--manifest-path" "Cargo.toml" "--no-deps", kill_on_drop: false }`
[INFO] crate git repo https://github.com/MuhammadHananAsghar/ignyt already has a lockfile, it will not be regenerated
[INFO] running `Command { std: CARGO_HOME="/workspace/cargo-home" RUSTUP_HOME="/workspace/rustup-home" "/workspace/cargo-home/bin/cargo" "+1.100.0-beta.1" "fetch" "--manifest-path" "Cargo.toml", kill_on_drop: false }`
[INFO] [stderr] warning: unused field `description` in `workspace.package`
[INFO] [stderr]   --> Cargo.toml:78:1
[INFO] [stderr]    |
[INFO] [stderr] 78 | description = "The fastest Python code quality engine in the world"
[INFO] [stderr]    | ^^^^^^^^^^^
[INFO] [stderr]    |
[INFO] [stderr]    = note: `cargo::unused_workspace_package_fields` is set to `warn` by default
[INFO] [stderr] help: consider removing the field `workspace.package.description`
[INFO] [stderr] warning: unused field `repository` in `workspace.package`
[INFO] [stderr]   --> Cargo.toml:81:1
[INFO] [stderr]    |
[INFO] [stderr] 81 | repository = "https://github.com/MuhammadHananAsghar/ignyt"
[INFO] [stderr]    | ^^^^^^^^^^
[INFO] [stderr]    |
[INFO] [stderr] help: consider removing the field `workspace.package.repository`
[INFO] [stderr] warning: unused field `rust-version` in `workspace.package`
[INFO] [stderr]   --> Cargo.toml:82:1
[INFO] [stderr]    |
[INFO] [stderr] 82 | rust-version = "1.75"
[INFO] [stderr]    | ^^^^^^^^^^^^
[INFO] [stderr]    |
[INFO] [stderr] help: consider removing the field `workspace.package.rust-version`
[INFO] [stderr] warning: workspace (manifest) generated 3 warnings
[INFO] [stderr]     Blocking waiting for file lock on package cache
[INFO] [stderr]     Blocking waiting for file lock on package cache
[INFO] running `Command { std: "docker" "create" "-v" "/var/lib/crater-agent-workspace/builds/worker-4-tc2/source:/opt/rustwide/workdir:ro,Z" "-v" "/var/lib/crater-agent-workspace/builds/worker-4-tc2/target:/opt/rustwide/target:rw,Z" "-v" "/var/lib/crater-agent-workspace/cargo-home:/opt/rustwide/cargo-home:ro,Z" "-v" "/var/lib/crater-agent-workspace/rustup-home:/opt/rustwide/rustup-home:ro,Z" "-m" "1610612736" "--network" "none" "ghcr.io/rust-lang/crates-build-env/linux@sha256:3111399a4047eeb3a02b7a90e478d715f38a8c6669b5c4b49d30a17385265909" "sleep" "infinity", kill_on_drop: false }`
[INFO] [stdout] 3ffb2cff4f5227a29e41d7844ed0bfd3ed21b70a15b8ddb6f4ef9880cb43095e
[INFO] running `Command { std: "docker" "start" "3ffb2cff4f5227a29e41d7844ed0bfd3ed21b70a15b8ddb6f4ef9880cb43095e", kill_on_drop: false }`
[INFO] running `Command { std: "docker" "inspect" "3ffb2cff4f5227a29e41d7844ed0bfd3ed21b70a15b8ddb6f4ef9880cb43095e", kill_on_drop: false }`
[INFO] running `Command { std: "docker" "exec" "-e" "SOURCE_DIR=/opt/rustwide/workdir" "-e" "CARGO_HOME=/opt/rustwide/cargo-home" "-e" "RUSTUP_HOME=/opt/rustwide/rustup-home" "-e" "CARGO_TARGET_DIR=/opt/rustwide/target" "-w" "/opt/rustwide/workdir" "--user" "0:0" "3ffb2cff4f5227a29e41d7844ed0bfd3ed21b70a15b8ddb6f4ef9880cb43095e" "/opt/rustwide/cargo-home/bin/cargo" "+1.100.0-beta.1" "metadata" "--no-deps" "--format-version=1", kill_on_drop: false }`
[INFO] running `Command { std: "docker" "inspect" "3ffb2cff4f5227a29e41d7844ed0bfd3ed21b70a15b8ddb6f4ef9880cb43095e", kill_on_drop: false }`
[INFO] running `Command { std: "docker" "exec" "-e" "SOURCE_DIR=/opt/rustwide/workdir" "-e" "CARGO_HOME=/opt/rustwide/cargo-home" "-e" "RUSTUP_HOME=/opt/rustwide/rustup-home" "-e" "CARGO_TARGET_DIR=/opt/rustwide/target" "-e" "CARGO_INCREMENTAL=0" "-e" "RUST_BACKTRACE=full" "-e" "RUSTFLAGS=--cap-lints=warn" "-e" "RUSTDOCFLAGS=--cap-lints=warn" "-w" "/opt/rustwide/workdir" "--user" "0:0" "3ffb2cff4f5227a29e41d7844ed0bfd3ed21b70a15b8ddb6f4ef9880cb43095e" "/opt/rustwide/cargo-home/bin/cargo" "+1.100.0-beta.1" "build" "--frozen" "--message-format=json", kill_on_drop: false }`
[INFO] [stderr] warning: unused field `description` in `workspace.package`
[INFO] [stderr]   --> Cargo.toml:78:1
[INFO] [stderr]    |
[INFO] [stderr] 78 | description = "The fastest Python code quality engine in the world"
[INFO] [stderr]    | ^^^^^^^^^^^
[INFO] [stderr]    |
[INFO] [stderr]    = note: `cargo::unused_workspace_package_fields` is set to `warn` by default
[INFO] [stderr] help: consider removing the field `workspace.package.description`
[INFO] [stderr] warning: unused field `repository` in `workspace.package`
[INFO] [stderr]   --> Cargo.toml:81:1
[INFO] [stderr]    |
[INFO] [stderr] 81 | repository = "https://github.com/MuhammadHananAsghar/ignyt"
[INFO] [stderr]    | ^^^^^^^^^^
[INFO] [stderr]    |
[INFO] [stderr] help: consider removing the field `workspace.package.repository`
[INFO] [stderr] warning: unused field `rust-version` in `workspace.package`
[INFO] [stderr]   --> Cargo.toml:82:1
[INFO] [stderr]    |
[INFO] [stderr] 82 | rust-version = "1.75"
[INFO] [stderr]    | ^^^^^^^^^^^^
[INFO] [stderr]    |
[INFO] [stderr] help: consider removing the field `workspace.package.rust-version`
[INFO] [stderr] warning: workspace (manifest) generated 3 warnings
[INFO] [stderr]    Compiling zerocopy v0.8.42
[INFO] [stderr]    Compiling libc v0.2.183
[INFO] [stderr]    Compiling siphasher v1.0.2
[INFO] [stderr]    Compiling libm v0.2.16
[INFO] [stderr]    Compiling either v1.15.0
[INFO] [stderr]    Compiling rustix v1.1.4
[INFO] [stderr]    Compiling malachite-nz v0.4.22
[INFO] [stderr]    Compiling syn v2.0.117
[INFO] [stderr]    Compiling crunchy v0.2.4
[INFO] [stderr]    Compiling getopts v0.2.24
[INFO] [stderr]    Compiling object v0.37.3
[INFO] [stderr]    Compiling tiny-keccak v2.0.2
[INFO] [stderr]    Compiling owo-colors v4.3.0
[INFO] [stderr]    Compiling anyhow v1.0.102
[INFO] [stderr]    Compiling unicode-linebreak v0.1.5
[INFO] [stderr]    Compiling unic-common v0.9.0
[INFO] [stderr]    Compiling is_ci v1.2.0
[INFO] [stderr]    Compiling unic-char-range v0.9.0
[INFO] [stderr]    Compiling phf_shared v0.11.3
[INFO] [stderr]    Compiling unic-char-property v0.9.0
[INFO] [stderr]    Compiling itertools v0.11.0
[INFO] [stderr]    Compiling supports-color v3.0.2
[INFO] [stderr]    Compiling unic-ucd-version v0.9.0
[INFO] [stderr]    Compiling textwrap v0.16.2
[INFO] [stderr]    Compiling num-integer v0.1.46
[INFO] [stderr]    Compiling rustpython-parser-vendored v0.4.0
[INFO] [stderr]    Compiling supports-unicode v3.0.0
[INFO] [stderr]    Compiling supports-hyperlinks v3.2.0
[INFO] [stderr]    Compiling phf v0.11.3
[INFO] [stderr]    Compiling unic-emoji-char v0.9.0
[INFO] [stderr]    Compiling unic-ucd-ident v0.9.0
[INFO] [stderr]    Compiling lalrpop-util v0.20.2
[INFO] [stderr]    Compiling aho-corasick v1.1.4
[INFO] [stderr]    Compiling serde_json v1.0.149
[INFO] [stderr]    Compiling same-file v1.0.6
[INFO] [stderr]    Compiling bstr v1.12.1
[INFO] [stderr]    Compiling instant v0.1.13
[INFO] [stderr]    Compiling walkdir v2.5.0
[INFO] [stderr]    Compiling anstyle v1.0.13
[INFO] [stderr]    Compiling portable-atomic v1.13.1
[INFO] [stderr]    Compiling colorchoice v1.0.4
[INFO] [stderr]    Compiling anstream v1.0.0
[INFO] [stderr]    Compiling notify-types v1.0.1
[INFO] [stderr]    Compiling rayon v1.11.0
[INFO] [stderr]    Compiling fixedbitset v0.4.2
[INFO] [stderr]    Compiling clap_builder v4.6.0
[INFO] [stderr]    Compiling smallvec v1.15.1
[INFO] [stderr]    Compiling number_prefix v0.4.0
[INFO] [stderr]    Compiling petgraph v0.6.5
[INFO] [stderr]    Compiling inotify-sys v0.1.5
[INFO] [stderr]    Compiling getrandom v0.4.2
[INFO] [stderr]    Compiling inotify v0.10.2
[INFO] [stderr]    Compiling mio v1.1.1
[INFO] [stderr]    Compiling filetime v0.2.27
[INFO] [stderr]    Compiling notify v7.0.0
[INFO] [stderr]    Compiling getrandom v0.2.17
[INFO] [stderr]    Compiling console v0.15.11
[INFO] [stderr]    Compiling rand_core v0.6.4
[INFO] [stderr]    Compiling regex-automata v0.4.14
[INFO] [stderr]    Compiling terminal_size v0.4.3
[INFO] [stderr]    Compiling tempfile v3.27.0
[INFO] [stderr]    Compiling indicatif v0.17.11
[INFO] [stderr]    Compiling notify-debouncer-mini v0.5.0
[INFO] [stderr]    Compiling ppv-lite86 v0.2.21
[INFO] [stderr]    Compiling ahash v0.8.12
[INFO] [stderr]    Compiling hashbrown v0.14.5
[INFO] [stderr]    Compiling serde_derive v1.0.228
[INFO] [stderr]    Compiling derive_more-impl v1.0.0
[INFO] [stderr]    Compiling thiserror-impl v2.0.18
[INFO] [stderr]    Compiling miette-derive v7.6.0
[INFO] [stderr]    Compiling is-macro v0.3.7
[INFO] [stderr]    Compiling tracing-attributes v0.1.31
[INFO] [stderr]    Compiling clap_derive v4.6.0
[INFO] [stderr]    Compiling malachite-base v0.4.22
[INFO] [stderr]    Compiling backtrace v0.3.76
[INFO] [stderr]    Compiling rand_chacha v0.3.1
[INFO] [stderr]    Compiling rustpython-parser-core v0.4.0
[INFO] [stderr]    Compiling rand v0.8.5
[INFO] [stderr]    Compiling backtrace-ext v0.2.1
[INFO] [stderr]    Compiling miette v7.6.0
[INFO] [stderr]    Compiling tracing v0.1.44
[INFO] [stderr]    Compiling phf_generator v0.11.3
[INFO] [stderr]    Compiling thiserror v2.0.18
[INFO] [stderr]    Compiling phf_codegen v0.11.3
[INFO] [stderr]    Compiling globset v0.4.18
[INFO] [stderr]    Compiling matchers v0.2.0
[INFO] [stderr]    Compiling unicode_names2_generator v1.3.0
[INFO] [stderr]    Compiling rustpython-parser v0.4.0
[INFO] [stderr]    Compiling tracing-subscriber v0.3.23
[INFO] [stderr]    Compiling ignore v0.4.25
[INFO] [stderr]    Compiling unicode_names2 v1.3.0
[INFO] [stderr]    Compiling clap v4.6.0
[INFO] [stderr]    Compiling derive_more v1.0.0
[INFO] [stderr]    Compiling serde v1.0.228
[INFO] [stderr]    Compiling ignyt-diagnostics v0.2.0 (/opt/rustwide/workdir/crates/ignyt-diagnostics)
[INFO] [stderr]    Compiling serde_spanned v0.6.9
[INFO] [stderr]    Compiling toml_datetime v0.6.11
[INFO] [stderr]    Compiling toml_edit v0.22.27
[INFO] [stderr]    Compiling toml v0.8.23
[INFO] [stderr]    Compiling ignyt-config v0.2.0 (/opt/rustwide/workdir/crates/ignyt-config)
[INFO] [stderr]    Compiling malachite-q v0.4.22
[INFO] [stderr]    Compiling malachite v0.4.22
[INFO] [stderr]    Compiling malachite-bigint v0.2.3
[INFO] [stderr]    Compiling rustpython-ast v0.4.0
[INFO] [stderr]    Compiling ignyt-ast v0.2.0 (/opt/rustwide/workdir/crates/ignyt-ast)
[INFO] [stderr]    Compiling ignyt-security v0.2.0 (/opt/rustwide/workdir/crates/ignyt-security)
[INFO] [stderr]    Compiling ignyt-fmt v0.2.0 (/opt/rustwide/workdir/crates/ignyt-fmt)
[INFO] [stderr]    Compiling ignyt-dead v0.2.0 (/opt/rustwide/workdir/crates/ignyt-dead)
[INFO] [stderr]    Compiling ignyt-complexity v0.2.0 (/opt/rustwide/workdir/crates/ignyt-complexity)
[INFO] [stderr]    Compiling ignyt-types v0.2.0 (/opt/rustwide/workdir/crates/ignyt-types)
[INFO] [stderr]    Compiling ignyt-fix v0.2.0 (/opt/rustwide/workdir/crates/ignyt-fix)
[INFO] [stderr]    Compiling ignyt-cli v0.2.0 (/opt/rustwide/workdir/crates/ignyt-cli)
[INFO] [stderr] warning: unused dependency `tracing`
[INFO] [stderr]   --> crates/ignyt-ast/Cargo.toml:13:1
[INFO] [stderr]    |
[INFO] [stderr] 13 | tracing = { workspace = true }
[INFO] [stderr]    | ^^^^^^^^^^^^^^^^^^^^^^^^^^^^^^
[INFO] [stderr]    |
[INFO] [stderr]    = note: `cargo::unused_dependencies` is set to `warn` by default
[INFO] [stderr] help: consider removing the dependency on `tracing`
[INFO] [stderr] warning: `ignyt-ast` (manifest) generated 1 warning
[INFO] [stderr] warning: unused dependency `indicatif`
[INFO] [stderr]   --> crates/ignyt-cli/Cargo.toml:28:1
[INFO] [stderr]    |
[INFO] [stderr] 28 | indicatif = { workspace = true }
[INFO] [stderr]    | ^^^^^^^^^^^^^^^^^^^^^^^^^^^^^^^^
[INFO] [stderr]    |
[INFO] [stderr]    = note: `cargo::unused_dependencies` is set to `warn` by default
[INFO] [stderr] help: consider removing the dependency on `indicatif`
[INFO] [stderr] warning: `ignyt-cli` (manifest) generated 1 warning
[INFO] [stderr] warning: unused dependency `globset`
[INFO] [stderr]   --> crates/ignyt-config/Cargo.toml:12:1
[INFO] [stderr]    |
[INFO] [stderr] 12 | globset = { workspace = true }
[INFO] [stderr]    | ^^^^^^^^^^^^^^^^^^^^^^^^^^^^^^
[INFO] [stderr]    |
[INFO] [stderr]    = note: `cargo::unused_dependencies` is set to `warn` by default
[INFO] [stderr] help: consider removing the dependency on `globset`
[INFO] [stderr] warning: `ignyt-config` (manifest) generated 1 warning
[INFO] [stderr] warning: unused dependency `rayon`
[INFO] [stderr]   --> crates/ignyt-dead/Cargo.toml:12:1
[INFO] [stderr]    |
[INFO] [stderr] 12 | rayon = { workspace = true }
[INFO] [stderr]    | ^^^^^^^^^^^^^^^^^^^^^^^^^^^^
[INFO] [stderr]    |
[INFO] [stderr]    = note: `cargo::unused_dependencies` is set to `warn` by default
[INFO] [stderr] help: consider removing the dependency on `rayon`
[INFO] [stderr] warning: `ignyt-dead` (manifest) generated 1 warning
[INFO] [stderr] warning: unused dependency `serde_json`
[INFO] [stderr]   --> crates/ignyt-security/Cargo.toml:12:1
[INFO] [stderr]    |
[INFO] [stderr] 12 | serde_json = { workspace = true }
[INFO] [stderr]    | ^^^^^^^^^^^^^^^^^^^^^^^^^^^^^^^^^
[INFO] [stderr]    |
[INFO] [stderr]    = note: `cargo::unused_dependencies` is set to `warn` by default
[INFO] [stderr] help: consider removing the dependency on `serde_json`
[INFO] [stderr] warning: `ignyt-security` (manifest) generated 1 warning
[INFO] [stderr] warning: unused dependency `petgraph`
[INFO] [stderr]   --> crates/ignyt-types/Cargo.toml:11:1
[INFO] [stderr]    |
[INFO] [stderr] 11 | petgraph = { workspace = true }
[INFO] [stderr]    | ^^^^^^^^^^^^^^^^^^^^^^^^^^^^^^^
[INFO] [stderr]    |
[INFO] [stderr]    = note: `cargo::unused_dependencies` is set to `warn` by default
[INFO] [stderr] help: consider removing the dependency on `petgraph`
[INFO] [stderr] warning: `ignyt-types` (manifest) generated 1 warning
[INFO] [stderr]     Finished `dev` profile [unoptimized + debuginfo] target(s) in 1m 21s
[INFO] running `Command { std: "docker" "inspect" "3ffb2cff4f5227a29e41d7844ed0bfd3ed21b70a15b8ddb6f4ef9880cb43095e", kill_on_drop: false }`
[INFO] running `Command { std: "docker" "exec" "-e" "SOURCE_DIR=/opt/rustwide/workdir" "-e" "CARGO_HOME=/opt/rustwide/cargo-home" "-e" "RUSTUP_HOME=/opt/rustwide/rustup-home" "-e" "CARGO_TARGET_DIR=/opt/rustwide/target" "-e" "CARGO_INCREMENTAL=0" "-e" "RUST_BACKTRACE=full" "-e" "RUSTFLAGS=--cap-lints=warn" "-e" "RUSTDOCFLAGS=--cap-lints=warn" "-w" "/opt/rustwide/workdir" "--user" "0:0" "3ffb2cff4f5227a29e41d7844ed0bfd3ed21b70a15b8ddb6f4ef9880cb43095e" "/opt/rustwide/cargo-home/bin/cargo" "+1.100.0-beta.1" "test" "--frozen" "--no-run" "--message-format=json", kill_on_drop: false }`
[INFO] [stderr] warning: unused field `description` in `workspace.package`
[INFO] [stderr]   --> Cargo.toml:78:1
[INFO] [stderr]    |
[INFO] [stderr] 78 | description = "The fastest Python code quality engine in the world"
[INFO] [stderr]    | ^^^^^^^^^^^
[INFO] [stderr]    |
[INFO] [stderr]    = note: `cargo::unused_workspace_package_fields` is set to `warn` by default
[INFO] [stderr] help: consider removing the field `workspace.package.description`
[INFO] [stderr] warning: unused field `repository` in `workspace.package`
[INFO] [stderr]   --> Cargo.toml:81:1
[INFO] [stderr]    |
[INFO] [stderr] 81 | repository = "https://github.com/MuhammadHananAsghar/ignyt"
[INFO] [stderr]    | ^^^^^^^^^^
[INFO] [stderr]    |
[INFO] [stderr] help: consider removing the field `workspace.package.repository`
[INFO] [stderr] warning: unused field `rust-version` in `workspace.package`
[INFO] [stderr]   --> Cargo.toml:82:1
[INFO] [stderr]    |
[INFO] [stderr] 82 | rust-version = "1.75"
[INFO] [stderr]    | ^^^^^^^^^^^^
[INFO] [stderr]    |
[INFO] [stderr] help: consider removing the field `workspace.package.rust-version`
[INFO] [stderr] warning: workspace (manifest) generated 3 warnings
[INFO] [stderr]    Compiling similar v2.7.0
[INFO] [stderr]    Compiling regex-automata v0.4.14
[INFO] [stderr]    Compiling predicates-core v1.0.10
[INFO] [stderr]    Compiling float-cmp v0.10.0
[INFO] [stderr]    Compiling normalize-line-endings v0.3.0
[INFO] [stderr]    Compiling assert_cmd v2.2.0
[INFO] [stderr]    Compiling termtree v0.5.1
[INFO] [stderr]    Compiling difflib v0.4.0
[INFO] [stderr]    Compiling wait-timeout v0.2.1
[INFO] [stderr]    Compiling predicates-tree v1.0.13
[INFO] [stderr]    Compiling insta v1.46.3
[INFO] [stderr]    Compiling ignyt-diagnostics v0.2.0 (/opt/rustwide/workdir/crates/ignyt-diagnostics)
[INFO] [stderr]    Compiling ignyt-fix v0.2.0 (/opt/rustwide/workdir/crates/ignyt-fix)
[INFO] [stderr]    Compiling ignyt-types v0.2.0 (/opt/rustwide/workdir/crates/ignyt-types)
[INFO] [stderr]    Compiling ignyt-fmt v0.2.0 (/opt/rustwide/workdir/crates/ignyt-fmt)
[INFO] [stderr]    Compiling ignyt-security v0.2.0 (/opt/rustwide/workdir/crates/ignyt-security)
[INFO] [stderr]    Compiling ignyt-complexity v0.2.0 (/opt/rustwide/workdir/crates/ignyt-complexity)
[INFO] [stderr]    Compiling ignyt-dead v0.2.0 (/opt/rustwide/workdir/crates/ignyt-dead)
[INFO] [stderr]    Compiling ignyt-ast v0.2.0 (/opt/rustwide/workdir/crates/ignyt-ast)
[INFO] [stderr]    Compiling bstr v1.12.1
[INFO] [stderr]    Compiling regex v1.12.3
[INFO] [stderr]    Compiling matchers v0.2.0
[INFO] [stderr]    Compiling tracing-subscriber v0.3.23
[INFO] [stderr]    Compiling globset v0.4.18
[INFO] [stderr]    Compiling predicates v3.1.4
[INFO] [stderr]    Compiling ignyt-config v0.2.0 (/opt/rustwide/workdir/crates/ignyt-config)
[INFO] [stderr]    Compiling ignore v0.4.25
[INFO] [stderr]    Compiling ignyt-cli v0.2.0 (/opt/rustwide/workdir/crates/ignyt-cli)
[INFO] [stderr] warning: unused dependency `tracing`
[INFO] [stderr]   --> crates/ignyt-ast/Cargo.toml:13:1
[INFO] [stderr]    |
[INFO] [stderr] 13 | tracing = { workspace = true }
[INFO] [stderr]    | ^^^^^^^^^^^^^^^^^^^^^^^^^^^^^^
[INFO] [stderr]    |
[INFO] [stderr]    = note: `cargo::unused_dependencies` is set to `warn` by default
[INFO] [stderr] help: consider removing the dependency on `tracing`
[INFO] [stderr] warning: `ignyt-ast` (manifest) generated 1 warning
[INFO] [stderr] warning: unused dependency `globset`
[INFO] [stderr]   --> crates/ignyt-config/Cargo.toml:12:1
[INFO] [stderr]    |
[INFO] [stderr] 12 | globset = { workspace = true }
[INFO] [stderr]    | ^^^^^^^^^^^^^^^^^^^^^^^^^^^^^^
[INFO] [stderr]    |
[INFO] [stderr]    = note: `cargo::unused_dependencies` is set to `warn` by default
[INFO] [stderr] help: consider removing the dependency on `globset`
[INFO] [stderr] warning: `ignyt-config` (manifest) generated 1 warning
[INFO] [stderr] warning: unused dependency `rayon`
[INFO] [stderr]   --> crates/ignyt-dead/Cargo.toml:12:1
[INFO] [stderr]    |
[INFO] [stderr] 12 | rayon = { workspace = true }
[INFO] [stderr]    | ^^^^^^^^^^^^^^^^^^^^^^^^^^^^
[INFO] [stderr]    |
[INFO] [stderr]    = note: `cargo::unused_dependencies` is set to `warn` by default
[INFO] [stderr] help: consider removing the dependency on `rayon`
[INFO] [stderr] warning: `ignyt-dead` (manifest) generated 1 warning
[INFO] [stderr] warning: unused dependency `serde_json`
[INFO] [stderr]   --> crates/ignyt-security/Cargo.toml:12:1
[INFO] [stderr]    |
[INFO] [stderr] 12 | serde_json = { workspace = true }
[INFO] [stderr]    | ^^^^^^^^^^^^^^^^^^^^^^^^^^^^^^^^^
[INFO] [stderr]    |
[INFO] [stderr]    = note: `cargo::unused_dependencies` is set to `warn` by default
[INFO] [stderr] help: consider removing the dependency on `serde_json`
[INFO] [stderr] warning: `ignyt-security` (manifest) generated 1 warning
[INFO] [stderr] warning: unused dependency `petgraph`
[INFO] [stderr]   --> crates/ignyt-types/Cargo.toml:11:1
[INFO] [stderr]    |
[INFO] [stderr] 11 | petgraph = { workspace = true }
[INFO] [stderr]    | ^^^^^^^^^^^^^^^^^^^^^^^^^^^^^^^
[INFO] [stderr]    |
[INFO] [stderr]    = note: `cargo::unused_dependencies` is set to `warn` by default
[INFO] [stderr] help: consider removing the dependency on `petgraph`
[INFO] [stderr] warning: `ignyt-types` (manifest) generated 1 warning
[INFO] [stderr]     Finished `test` profile [unoptimized + debuginfo] target(s) in 20.78s
[INFO] running `Command { std: "docker" "inspect" "3ffb2cff4f5227a29e41d7844ed0bfd3ed21b70a15b8ddb6f4ef9880cb43095e", kill_on_drop: false }`
[INFO] running `Command { std: "docker" "exec" "-e" "SOURCE_DIR=/opt/rustwide/workdir" "-e" "CARGO_HOME=/opt/rustwide/cargo-home" "-e" "RUSTUP_HOME=/opt/rustwide/rustup-home" "-e" "CARGO_TARGET_DIR=/opt/rustwide/target" "-e" "CARGO_INCREMENTAL=0" "-e" "RUST_BACKTRACE=full" "-e" "RUSTFLAGS=--cap-lints=warn" "-e" "RUSTDOCFLAGS=--cap-lints=warn" "-w" "/opt/rustwide/workdir" "--user" "0:0" "3ffb2cff4f5227a29e41d7844ed0bfd3ed21b70a15b8ddb6f4ef9880cb43095e" "/opt/rustwide/cargo-home/bin/cargo" "+1.100.0-beta.1" "test" "--frozen", kill_on_drop: false }`
[INFO] [stderr] warning: unused field `description` in `workspace.package`
[INFO] [stderr]   --> Cargo.toml:78:1
[INFO] [stderr]    |
[INFO] [stderr] 78 | description = "The fastest Python code quality engine in the world"
[INFO] [stderr]    | ^^^^^^^^^^^
[INFO] [stderr]    |
[INFO] [stderr]    = note: `cargo::unused_workspace_package_fields` is set to `warn` by default
[INFO] [stderr] help: consider removing the field `workspace.package.description`
[INFO] [stderr] warning: unused field `repository` in `workspace.package`
[INFO] [stderr]   --> Cargo.toml:81:1
[INFO] [stderr]    |
[INFO] [stderr] 81 | repository = "https://github.com/MuhammadHananAsghar/ignyt"
[INFO] [stderr]    | ^^^^^^^^^^
[INFO] [stderr]    |
[INFO] [stderr] help: consider removing the field `workspace.package.repository`
[INFO] [stderr] warning: unused field `rust-version` in `workspace.package`
[INFO] [stderr]   --> Cargo.toml:82:1
[INFO] [stderr]    |
[INFO] [stderr] 82 | rust-version = "1.75"
[INFO] [stderr]    | ^^^^^^^^^^^^
[INFO] [stderr]    |
[INFO] [stderr] help: consider removing the field `workspace.package.rust-version`
[INFO] [stderr] warning: workspace (manifest) generated 3 warnings
[INFO] [stderr] warning: unused dependency `tracing`
[INFO] [stderr]   --> crates/ignyt-ast/Cargo.toml:13:1
[INFO] [stderr]    |
[INFO] [stderr] 13 | tracing = { workspace = true }
[INFO] [stderr]    | ^^^^^^^^^^^^^^^^^^^^^^^^^^^^^^
[INFO] [stderr]    |
[INFO] [stderr]    = note: `cargo::unused_dependencies` is set to `warn` by default
[INFO] [stderr] help: consider removing the dependency on `tracing`
[INFO] [stderr] warning: `ignyt-ast` (manifest) generated 1 warning
[INFO] [stderr] warning: unused dependency `globset`
[INFO] [stderr]   --> crates/ignyt-config/Cargo.toml:12:1
[INFO] [stderr]    |
[INFO] [stderr] 12 | globset = { workspace = true }
[INFO] [stderr]    | ^^^^^^^^^^^^^^^^^^^^^^^^^^^^^^
[INFO] [stderr]    |
[INFO] [stderr]    = note: `cargo::unused_dependencies` is set to `warn` by default
[INFO] [stderr] help: consider removing the dependency on `globset`
[INFO] [stderr] warning: `ignyt-config` (manifest) generated 1 warning
[INFO] [stderr] warning: unused dependency `rayon`
[INFO] [stderr]   --> crates/ignyt-dead/Cargo.toml:12:1
[INFO] [stderr]    |
[INFO] [stderr] 12 | rayon = { workspace = true }
[INFO] [stderr]    | ^^^^^^^^^^^^^^^^^^^^^^^^^^^^
[INFO] [stderr]    |
[INFO] [stderr]    = note: `cargo::unused_dependencies` is set to `warn` by default
[INFO] [stderr] help: consider removing the dependency on `rayon`
[INFO] [stderr] warning: `ignyt-dead` (manifest) generated 1 warning
[INFO] [stderr] warning: unused dependency `serde_json`
[INFO] [stderr]   --> crates/ignyt-security/Cargo.toml:12:1
[INFO] [stderr]    |
[INFO] [stderr] 12 | serde_json = { workspace = true }
[INFO] [stderr]    | ^^^^^^^^^^^^^^^^^^^^^^^^^^^^^^^^^
[INFO] [stderr]    |
[INFO] [stderr]    = note: `cargo::unused_dependencies` is set to `warn` by default
[INFO] [stderr] help: consider removing the dependency on `serde_json`
[INFO] [stderr] warning: `ignyt-security` (manifest) generated 1 warning
[INFO] [stderr] warning: unused dependency `petgraph`
[INFO] [stderr]   --> crates/ignyt-types/Cargo.toml:11:1
[INFO] [stderr]    |
[INFO] [stderr] 11 | petgraph = { workspace = true }
[INFO] [stderr]    | ^^^^^^^^^^^^^^^^^^^^^^^^^^^^^^^
[INFO] [stderr]    |
[INFO] [stderr]    = note: `cargo::unused_dependencies` is set to `warn` by default
[INFO] [stderr] help: consider removing the dependency on `petgraph`
[INFO] [stderr] warning: `ignyt-types` (manifest) generated 1 warning
[INFO] [stderr]     Finished `test` profile [unoptimized + debuginfo] target(s) in 0.41s
[INFO] [stderr]      Running unittests src/lib.rs (/opt/rustwide/target/debug/build/ignyt-ast/1f623bbf6c81fc9b/out/ignyt_ast-1f623bbf6c81fc9b)
[INFO] [stdout] 
[INFO] [stdout] running 9 tests
[INFO] [stdout] test source::tests::test_empty_source ... ok
[INFO] [stdout] test tests::test_parse_empty_file ... ok
[INFO] [stdout] test tests::test_parse_import_statements ... ok
[INFO] [stdout] test tests::test_parse_class_definition ... ok
[INFO] [stdout] test tests::test_parse_simple_source ... ok
[INFO] [stdout] test tests::test_parse_invalid_syntax ... ok
[INFO] [stdout] test source::tests::test_single_line ... ok
[INFO] [stdout] test tests::test_location_from_offset ... ok
[INFO] [stdout] test source::tests::test_multi_line ... ok
[INFO] [stdout] 
[INFO] [stdout] test result: ok. 9 passed; 0 failed; 0 ignored; 0 measured; 0 filtered out; finished in 0.01s
[INFO] [stdout] 
[INFO] [stderr]      Running unittests src/main.rs (/opt/rustwide/target/debug/build/ignyt-cli/c95e675a83618e71/out/ignyt-c95e675a83618e71)
[INFO] [stdout] 
[INFO] [stdout] running 0 tests
[INFO] [stdout] 
[INFO] [stdout] test result: ok. 0 passed; 0 failed; 0 ignored; 0 measured; 0 filtered out; finished in 0.00s
[INFO] [stdout] 
[INFO] [stderr]      Running tests/integration_tests.rs (/opt/rustwide/target/debug/build/ignyt-cli/0cfe1fe017a8bb61/out/integration_tests-0cfe1fe017a8bb61)
[INFO] [stdout] 
[INFO] [stdout] running 55 tests
[INFO] [stdout] test test_clean_empty_directory_no_crash ... ok
[INFO] [stdout] test test_clean_removes_egg_info ... ok
[INFO] [stdout] test test_clean_removes_pytest_cache ... ok
[INFO] [stdout] test test_easy_clean_code_passes ... ok
[INFO] [stdout] test test_explain_unknown_rule ... ok
[INFO] [stdout] test test_gitignore_init_creates_file ... ok
[INFO] [stdout] test test_gitignore_duplicate_entries ... ok
[INFO] [stdout] test test_easy_missing_annotations ... ok
[INFO] [stdout] test test_explain_known_rule ... ok
[INFO] [stdout] test test_gitignore_invalid_glob ... ok
[INFO] [stdout] test test_clean_removes_pycache ... ok
[INFO] [stdout] test test_gitignore_good_file_passes ... ok
[INFO] [stdout] test test_gitignore_missing_python_patterns ... ok
[INFO] [stdout] test test_gitignore_overly_broad_pattern ... ok
[INFO] [stdout] test test_clean_dry_run_finds_pycache ... ok
[INFO] [stdout] test test_gitignore_missing_secrets ... ok
[INFO] [stdout] test test_easy_unsorted_imports ... ok
[INFO] [stdout] test test_gitignore_star_alone_is_critical ... ok
[INFO] [stdout] test test_easy_unused_imports_detected ... ok
[INFO] [stdout] test test_gitignore_missing_file ... ok
[INFO] [stdout] test test_gitignore_trailing_whitespace ... ok
[INFO] [stdout] test test_hard_mixed_exits_with_error_code ... ok
[INFO] [stdout] test test_hard_security_deep_pickle ... ok
[INFO] [stdout] test test_medium_dead_unused_class ... ok
[INFO] [stdout] test test_hard_mixed_has_security_issues ... ok
[INFO] [stdout] test test_hard_mixed_has_dead_code ... ok
[INFO] [stdout] test test_medium_complexity_too_many_args ... ok
[INFO] [stdout] test test_json_output_format ... ok
[INFO] [stdout] test test_hard_security_deep_sql_injection ... ok
[INFO] [stdout] test test_medium_dead_unused_private_function ... ok
[INFO] [stdout] test test_medium_dead_unused_import ... ok
[INFO] [stdout] test test_dead_subcommand_only_dead ... ok
[INFO] [stdout] test test_medium_security_hardcoded_password ... ok
[INFO] [stdout] test test_hard_security_deep_hardcoded_credential ... ok
[INFO] [stdout] test test_medium_security_shell_injection ... ok
[INFO] [stdout] test test_medium_dead_unreachable_code ... ok
[INFO] [stdout] test test_medium_security_weak_crypto ... ok
[INFO] [stdout] test test_hard_security_deep_path_traversal ... ok
[INFO] [stdout] test test_gitignore_explain_rules ... ok
[INFO] [stdout] test test_medium_type_incompatible_default ... ok
[INFO] [stdout] test test_medium_security_pickle ... ok
[INFO] [stdout] test test_medium_dead_unused_variable ... ok
[INFO] [stdout] test test_medium_type_missing_return ... ok
[INFO] [stdout] test test_medium_security_eval ... ok
[INFO] [stdout] test test_single_file_check ... ok
[INFO] [stdout] test test_medium_dead_unused_argument ... ok
[INFO] [stdout] test test_medium_type_missing_annotation ... ok
[INFO] [stdout] test test_security_subcommand_only_security ... ok
[INFO] [stdout] test test_dot_path_checks_directory ... ok
[INFO] [stdout] test test_types_subcommand_only_types ... ok
[INFO] [stdout] test test_medium_type_optional_not_checked ... ok
[INFO] [stdout] test test_medium_type_mutable_default ... ok
[INFO] [stdout] test test_medium_security_yaml_load ... ok
[INFO] [stdout] test test_hard_mixed_has_type_issues ... ok
[INFO] [stdout] test test_hard_security_deep_hardcoded_token ... ok
[INFO] [stdout] 
[INFO] [stdout] test result: ok. 55 passed; 0 failed; 0 ignored; 0 measured; 0 filtered out; finished in 0.20s
[INFO] [stdout] 
[INFO] [stderr]      Running unittests src/lib.rs (/opt/rustwide/target/debug/build/ignyt-complexity/67ce8f03507e10ab/out/ignyt_complexity-67ce8f03507e10ab)
[INFO] [stdout] 
[INFO] [stdout] running 9 tests
[INFO] [stdout] test tests::test_simple_function_low_complexity ... ok
[INFO] [stdout] test tests::test_few_returns_ok ... ok
[INFO] [stdout] test tests::test_too_many_args ... ok
[INFO] [stdout] test tests::test_complex_function_detected ... ok
[INFO] [stdout] test tests::test_too_deeply_nested ... ok
[INFO] [stdout] test tests::test_too_many_branches ... ok
[INFO] [stdout] test tests::test_shallow_nesting_ok ... ok
[INFO] [stdout] test tests::test_cognitive_complexity_with_nesting ... ok
[INFO] [stdout] test tests::test_too_many_returns ... ok
[INFO] [stdout] 
[INFO] [stdout] test result: ok. 9 passed; 0 failed; 0 ignored; 0 measured; 0 filtered out; finished in 0.01s
[INFO] [stdout] 
[INFO] [stderr]      Running unittests src/lib.rs (/opt/rustwide/target/debug/build/ignyt-config/4c73aa7f2877044a/out/ignyt_config-4c73aa7f2877044a)
[INFO] [stdout] 
[INFO] [stdout] running 6 tests
[INFO] [stdout] test tests::test_load_nonexistent_file_returns_defaults ... ok
[INFO] [stdout] test tests::test_parse_invalid_toml ... ok
[INFO] [stdout] test tests::test_rules_config ... ok
[INFO] [stdout] test tests::test_parse_minimal_toml ... ok
[INFO] [stdout] test tests::test_default_config ... ok
[INFO] [stdout] test tests::test_parse_full_toml ... ok
[INFO] [stdout] 
[INFO] [stdout] test result: ok. 6 passed; 0 failed; 0 ignored; 0 measured; 0 filtered out; finished in 0.01s
[INFO] [stdout] 
[INFO] [stderr]      Running unittests src/lib.rs (/opt/rustwide/target/debug/build/ignyt-dead/29af495fcc2c65f5/out/ignyt_dead-29af495fcc2c65f5)
[INFO] [stdout] 
[INFO] [stdout] running 23 tests
[INFO] [stdout] test tests::test_public_class_not_flagged ... ok
[INFO] [stdout] test tests::test_unused_from_import ... ok
[INFO] [stdout] test tests::test_ellipsis_body_not_flagged ... ok
[INFO] [stdout] test tests::test_unused_import_detected ... ok
[INFO] [stdout] test tests::test_empty_body_not_flagged ... ok
[INFO] [stdout] test tests::test_self_cls_not_flagged ... ok
[INFO] [stdout] test tests::test_no_unreachable_code ... ok
[INFO] [stdout] test tests::test_underscore_variable_not_flagged ... ok
[INFO] [stdout] test tests::test_unused_private_class ... ok
[INFO] [stdout] test tests::test_unreachable_after_raise ... ok
[INFO] [stdout] test tests::test_dunder_class_not_flagged ... ok
[INFO] [stdout] test tests::test_used_import_not_flagged ... ok
[INFO] [stdout] test tests::test_used_from_import_not_flagged ... ok
[INFO] [stdout] test tests::test_unused_private_function ... ok
[INFO] [stdout] test tests::test_used_private_function_not_flagged ... ok
[INFO] [stdout] test tests::test_used_private_class_not_flagged ... ok
[INFO] [stdout] test tests::test_unused_variable_in_function ... ok
[INFO] [stdout] test tests::test_used_variable_not_flagged ... ok
[INFO] [stdout] test tests::test_unused_argument_detected ... ok
[INFO] [stdout] test tests::test_public_function_not_flagged ... ok
[INFO] [stdout] test tests::test_unreachable_after_return ... ok
[INFO] [stdout] test tests::test_private_function_args_not_flagged ... ok
[INFO] [stdout] test tests::test_used_argument_not_flagged ... ok
[INFO] [stdout] 
[INFO] [stdout] test result: ok. 23 passed; 0 failed; 0 ignored; 0 measured; 0 filtered out; finished in 0.02s
[INFO] [stdout] 
[INFO] [stderr]      Running unittests src/lib.rs (/opt/rustwide/target/debug/build/ignyt-diagnostics/a2a79970962f3eef/out/ignyt_diagnostics-a2a79970962f3eef)
[INFO] [stdout] 
[INFO] [stdout] running 7 tests
[INFO] [stdout] test tests::test_diagnostic_builder ... ok
[INFO] [stdout] test tests::test_diagnostic_bag_operations ... ok
[INFO] [stdout] test tests::test_location_with_span ... ok
[INFO] [stdout] test tests::test_severity_display ... ok
[INFO] [stdout] test tests::test_severity_ordering ... ok
[INFO] [stdout] test tests::test_diagnostic_display ... ok
[INFO] [stderr]      Running unittests src/lib.rs (/opt/rustwide/target/debug/build/ignyt-fix/4667963a33c04e00/out/ignyt_fix-4667963a33c04e00)
[INFO] [stdout] test tests::test_location_display ... ok
[INFO] [stdout] 
[INFO] [stdout] test result: ok. 7 passed; 0 failed; 0 ignored; 0 measured; 0 filtered out; finished in 0.01s
[INFO] [stdout] 
[INFO] [stdout] 
[INFO] [stdout] running 11 tests
[INFO] [stdout] test tests::test_apply_fix_list_delete_line ... ok
[INFO] [stdout] test tests::test_apply_fix_list_replace_line ... ok
[INFO] [stdout] test tests::test_already_sorted_imports_unchanged ... ok
[INFO] [stdout] test tests::test_yaml_load_replaced ... ok
[INFO] [stdout] test tests::test_unused_from_import_removed ... ok
[INFO] [stdout] test tests::test_used_import_not_removed ... ok
[INFO] [stdout] test tests::test_yaml_safe_load_not_touched ... ok
[INFO] [stdout] test tests::test_unused_import_removed ... ok
[INFO] [stdout] test tests::test_clean_file_unchanged ... ok
[INFO] [stdout] test tests::test_import_sorting ... ok
[INFO] [stdout] test tests::test_preview_fixes_does_not_modify_source ... ok
[INFO] [stdout] 
[INFO] [stdout] test result: ok. 11 passed; 0 failed; 0 ignored; 0 measured; 0 filtered out; finished in 0.00s
[INFO] [stdout] 
[INFO] [stderr]      Running unittests src/lib.rs (/opt/rustwide/target/debug/build/ignyt-fmt/c203ee984d16e71a/out/ignyt_fmt-c203ee984d16e71a)
[INFO] [stdout] 
[INFO] [stdout] running 4 tests
[INFO] [stdout] test tests::test_sorted_imports_ok ... ok
[INFO] [stdout] test tests::test_unsorted_imports_detected ... ok
[INFO] [stderr]      Running unittests src/lib.rs (/opt/rustwide/target/debug/build/ignyt-security/0777b200cb5f9800/out/ignyt_security-0777b200cb5f9800)
[INFO] [stdout] test tests::test_short_lines_ok ... ok
[INFO] [stdout] test tests::test_line_too_long ... ok
[INFO] [stdout] 
[INFO] [stdout] test result: ok. 4 passed; 0 failed; 0 ignored; 0 measured; 0 filtered out; finished in 0.00s
[INFO] [stdout] 
[INFO] [stdout] 
[INFO] [stdout] running 34 tests
[INFO] [stdout] test tests::test_assert_in_test_file_ok ... ok
[INFO] [stdout] test tests::test_assert_in_production_code ... ok
[INFO] [stdout] test tests::test_defusedxml_parse_ok ... ok
[INFO] [stdout] test tests::test_debug_false_ok ... ok
[INFO] [stdout] test tests::test_eval_inside_assignment ... ok
[INFO] [stdout] test tests::test_debug_enabled ... ok
[INFO] [stdout] test tests::test_format_without_sql_ok ... ok
[INFO] [stdout] test tests::test_eval_inside_function ... ok
[INFO] [stdout] test tests::test_hardcoded_api_key ... ok
[INFO] [stdout] test tests::test_exec_detected ... ok
[INFO] [stdout] test tests::test_hardcoded_aws_secret_key_detected ... ok
[INFO] [stdout] test tests::test_hardcoded_password ... ok
[INFO] [stdout] test tests::test_hardcoded_github_token_detected ... ok
[INFO] [stdout] test tests::test_safe_code_no_findings ... ok
[INFO] [stdout] test tests::test_eval_detected ... ok
[INFO] [stdout] test tests::test_strong_crypto_ok ... ok
[INFO] [stdout] test tests::test_fstring_without_sql_ok ... ok
[INFO] [stdout] test tests::test_short_token_not_flagged ... ok
[INFO] [stdout] test tests::test_open_with_literal_ok ... ok
[INFO] [stdout] test tests::test_sql_injection_fstring_detected ... ok
[INFO] [stdout] test tests::test_sql_injection_string_concat_detected ... ok
[INFO] [stdout] test tests::test_sql_injection_format_detected ... ok
[INFO] [stdout] test tests::test_unrelated_parse_call_ok ... ok
[INFO] [stdout] test tests::test_subprocess_without_shell_true_ok ... ok
[INFO] [stdout] test tests::test_os_path_join_with_variable_detected ... ok
[INFO] [stdout] test tests::test_xml_elementtree_fromstring_detected ... ok
[INFO] [stdout] test tests::test_pickle_loads ... ok
[INFO] [stdout] test tests::test_xml_etree_parse_detected ... ok
[INFO] [stdout] test tests::test_yaml_safe_load_ok ... ok
[INFO] [stdout] test tests::test_shell_injection_detected ... ok
[INFO] [stdout] test tests::test_yaml_unsafe_load ... ok
[INFO] [stdout] test tests::test_weak_crypto_md5 ... ok
[INFO] [stdout] test tests::test_open_with_variable_detected ... ok
[INFO] [stdout] test tests::test_non_literal_password_ok ... ok
[INFO] [stdout] 
[INFO] [stdout] test result: ok. 34 passed; 0 failed; 0 ignored; 0 measured; 0 filtered out; finished in 0.02s
[INFO] [stdout] 
[INFO] [stderr]      Running unittests src/lib.rs (/opt/rustwide/target/debug/build/ignyt-types/ac29cc4758392b57/out/ignyt_types-ac29cc4758392b57)
[INFO] [stdout] 
[INFO] [stdout] running 21 tests
[INFO] [stdout] test tests::test_type001_function_with_annotation_no_return_flagged ... ok
[INFO] [stdout] test tests::test_type001_no_annotation_only_type003 ... ok
[INFO] [stdout] test tests::test_annotated_function_passes ... ok
[INFO] [stdout] test tests::test_missing_return_annotation ... ok
[INFO] [stdout] test tests::test_private_function_skipped ... ok
[INFO] [stdout] test tests::test_type002_int_with_string_default_flagged ... ok
[INFO] [stdout] test tests::test_type001_function_with_annotation_and_return_passes ... ok
[INFO] [stdout] test tests::test_type002_int_with_int_default_passes ... ok
[INFO] [stdout] test tests::test_type005_list_default_flagged ... ok
[INFO] [stdout] test tests::test_type005_dict_default_flagged ... ok
[INFO] [stdout] test tests::test_type001_none_annotation_no_return_passes ... ok
[INFO] [stdout] test tests::test_type005_none_default_passes ... ok
[INFO] [stdout] test tests::test_type006_isinstance_different_type_passes ... ok
[INFO] [stderr]    Doc-tests ignyt_ast
[INFO] [stdout] test tests::test_type002_str_with_int_default_flagged ... ok
[INFO] [stdout] test tests::test_type004_str_cast_on_int_param_passes ... ok
[INFO] [stdout] test tests::test_type007_optional_param_with_guard_passes ... ok
[INFO] [stdout] test tests::test_type006_isinstance_same_type_flagged ... ok
[INFO] [stdout] test tests::test_type006_isinstance_no_annotation_passes ... ok
[INFO] [stdout] test tests::test_type004_str_cast_on_str_param_flagged ... ok
[INFO] [stdout] test tests::test_type007_optional_param_attr_access_no_guard_flagged ... ok
[INFO] [stdout] test tests::test_type004_int_cast_on_int_param_flagged ... ok
[INFO] [stdout] 
[INFO] [stdout] test result: ok. 21 passed; 0 failed; 0 ignored; 0 measured; 0 filtered out; finished in 0.01s
[INFO] [stdout] 
[INFO] [stdout] 
[INFO] [stdout] running 0 tests
[INFO] [stdout] 
[INFO] [stdout] test result: ok. 0 passed; 0 failed; 0 ignored; 0 measured; 0 filtered out; finished in 0.00s
[INFO] [stdout] 
[INFO] [stderr]    Doc-tests ignyt_complexity
[INFO] [stderr]    Doc-tests ignyt_config
[INFO] [stdout] 
[INFO] [stdout] running 0 tests
[INFO] [stdout] 
[INFO] [stdout] test result: ok. 0 passed; 0 failed; 0 ignored; 0 measured; 0 filtered out; finished in 0.00s
[INFO] [stdout] 
[INFO] [stdout] 
[INFO] [stderr]    Doc-tests ignyt_dead
[INFO] [stdout] running 0 tests
[INFO] [stdout] 
[INFO] [stdout] test result: ok. 0 passed; 0 failed; 0 ignored; 0 measured; 0 filtered out; finished in 0.00s
[INFO] [stdout] 
[INFO] [stdout] 
[INFO] [stdout] running 0 tests
[INFO] [stdout] 
[INFO] [stdout] test result: ok. 0 passed; 0 failed; 0 ignored; 0 measured; 0 filtered out; finished in 0.00s
[INFO] [stdout] 
[INFO] [stderr]    Doc-tests ignyt_diagnostics
[INFO] [stdout] 
[INFO] [stdout] running 0 tests
[INFO] [stdout] 
[INFO] [stdout] test result: ok. 0 passed; 0 failed; 0 ignored; 0 measured; 0 filtered out; finished in 0.00s
[INFO] [stdout] 
[INFO] [stderr]    Doc-tests ignyt_fix
[INFO] [stdout] 
[INFO] [stdout] running 0 tests
[INFO] [stdout] 
[INFO] [stdout] test result: ok. 0 passed; 0 failed; 0 ignored; 0 measured; 0 filtered out; finished in 0.00s
[INFO] [stdout] 
[INFO] [stderr]    Doc-tests ignyt_fmt
[INFO] [stderr]    Doc-tests ignyt_security
[INFO] [stdout] 
[INFO] [stdout] running 0 tests
[INFO] [stdout] 
[INFO] [stdout] test result: ok. 0 passed; 0 failed; 0 ignored; 0 measured; 0 filtered out; finished in 0.00s
[INFO] [stdout] 
[INFO] [stdout] 
[INFO] [stdout] running 0 tests
[INFO] [stdout] 
[INFO] [stdout] test result: ok. 0 passed; 0 failed; 0 ignored; 0 measured; 0 filtered out; finished in 0.00s
[INFO] [stdout] 
[INFO] [stderr]    Doc-tests ignyt_types
[INFO] [stdout] 
[INFO] [stdout] running 0 tests
[INFO] [stdout] 
[INFO] [stdout] test result: ok. 0 passed; 0 failed; 0 ignored; 0 measured; 0 filtered out; finished in 0.00s
[INFO] [stdout] 
[INFO] running `Command { std: "docker" "inspect" "3ffb2cff4f5227a29e41d7844ed0bfd3ed21b70a15b8ddb6f4ef9880cb43095e", kill_on_drop: false }`
[INFO] running `Command { std: "docker" "rm" "-f" "3ffb2cff4f5227a29e41d7844ed0bfd3ed21b70a15b8ddb6f4ef9880cb43095e", kill_on_drop: false }`
[INFO] [stdout] 3ffb2cff4f5227a29e41d7844ed0bfd3ed21b70a15b8ddb6f4ef9880cb43095e
