[INFO] fetching crate zrip-encode 0.9.0...
[INFO] testing zrip-encode-0.9.0 against 1.100.0-beta.1 for beta-1.100-2
[INFO] extracting crate zrip-encode 0.9.0 into /workspace/builds/worker-0-tc2/source
[INFO] started tweaking crates.io crate zrip-encode 0.9.0
[INFO] finished tweaking crates.io crate zrip-encode 0.9.0
[INFO] tweaked toml for crates.io crate zrip-encode 0.9.0 written to /workspace/builds/worker-0-tc2/source/Cargo.toml
[INFO] validating manifest of crates.io crate zrip-encode 0.9.0 on toolchain 1.100.0-beta.1
[INFO] running `Command { std: CARGO_HOME="/workspace/cargo-home" RUSTUP_HOME="/workspace/rustup-home" "/workspace/cargo-home/bin/cargo" "+1.100.0-beta.1" "metadata" "--manifest-path" "Cargo.toml" "--no-deps", kill_on_drop: false }`
[INFO] crate crates.io crate zrip-encode 0.9.0 already has a lockfile, it will not be regenerated
[INFO] running `Command { std: CARGO_HOME="/workspace/cargo-home" RUSTUP_HOME="/workspace/rustup-home" "/workspace/cargo-home/bin/cargo" "+1.100.0-beta.1" "fetch" "--manifest-path" "Cargo.toml", kill_on_drop: false }`
[INFO] running `Command { std: "docker" "create" "-v" "/var/lib/crater-agent-workspace/builds/worker-0-tc2/source:/opt/rustwide/workdir:ro,Z" "-v" "/var/lib/crater-agent-workspace/builds/worker-0-tc2/target:/opt/rustwide/target:rw,Z" "-v" "/var/lib/crater-agent-workspace/cargo-home:/opt/rustwide/cargo-home:ro,Z" "-v" "/var/lib/crater-agent-workspace/rustup-home:/opt/rustwide/rustup-home:ro,Z" "-m" "1610612736" "--network" "none" "ghcr.io/rust-lang/crates-build-env/linux@sha256:3111399a4047eeb3a02b7a90e478d715f38a8c6669b5c4b49d30a17385265909" "sleep" "infinity", kill_on_drop: false }`
[INFO] [stdout] 4027ff9332ae2453adf36e55498ccf3bcfb58ff1cbe09920bd8c17202a4aba0e
[INFO] running `Command { std: "docker" "start" "4027ff9332ae2453adf36e55498ccf3bcfb58ff1cbe09920bd8c17202a4aba0e", kill_on_drop: false }`
[INFO] running `Command { std: "docker" "inspect" "4027ff9332ae2453adf36e55498ccf3bcfb58ff1cbe09920bd8c17202a4aba0e", kill_on_drop: false }`
[INFO] running `Command { std: "docker" "exec" "-e" "SOURCE_DIR=/opt/rustwide/workdir" "-e" "CARGO_HOME=/opt/rustwide/cargo-home" "-e" "RUSTUP_HOME=/opt/rustwide/rustup-home" "-e" "CARGO_TARGET_DIR=/opt/rustwide/target" "-w" "/opt/rustwide/workdir" "--user" "0:0" "4027ff9332ae2453adf36e55498ccf3bcfb58ff1cbe09920bd8c17202a4aba0e" "/opt/rustwide/cargo-home/bin/cargo" "+1.100.0-beta.1" "metadata" "--no-deps" "--format-version=1", kill_on_drop: false }`
[INFO] running `Command { std: "docker" "inspect" "4027ff9332ae2453adf36e55498ccf3bcfb58ff1cbe09920bd8c17202a4aba0e", kill_on_drop: false }`
[INFO] running `Command { std: "docker" "exec" "-e" "SOURCE_DIR=/opt/rustwide/workdir" "-e" "CARGO_HOME=/opt/rustwide/cargo-home" "-e" "RUSTUP_HOME=/opt/rustwide/rustup-home" "-e" "CARGO_TARGET_DIR=/opt/rustwide/target" "-e" "CARGO_INCREMENTAL=0" "-e" "RUST_BACKTRACE=full" "-e" "RUSTFLAGS=--cap-lints=warn" "-e" "RUSTDOCFLAGS=--cap-lints=warn" "-w" "/opt/rustwide/workdir" "--user" "0:0" "4027ff9332ae2453adf36e55498ccf3bcfb58ff1cbe09920bd8c17202a4aba0e" "/opt/rustwide/cargo-home/bin/cargo" "+1.100.0-beta.1" "build" "--frozen" "--message-format=json", kill_on_drop: false }`
[INFO] [stderr]    Compiling zrip-core v0.11.0
[INFO] [stderr]    Compiling fearless_simd v1.0.0
[INFO] [stderr]    Compiling zrip-encode v0.9.0 (/opt/rustwide/workdir)
[INFO] [stderr]     Finished `dev` profile [unoptimized + debuginfo] target(s) in 8.12s
[INFO] running `Command { std: "docker" "inspect" "4027ff9332ae2453adf36e55498ccf3bcfb58ff1cbe09920bd8c17202a4aba0e", kill_on_drop: false }`
[INFO] running `Command { std: "docker" "exec" "-e" "SOURCE_DIR=/opt/rustwide/workdir" "-e" "CARGO_HOME=/opt/rustwide/cargo-home" "-e" "RUSTUP_HOME=/opt/rustwide/rustup-home" "-e" "CARGO_TARGET_DIR=/opt/rustwide/target" "-e" "CARGO_INCREMENTAL=0" "-e" "RUST_BACKTRACE=full" "-e" "RUSTFLAGS=--cap-lints=warn" "-e" "RUSTDOCFLAGS=--cap-lints=warn" "-w" "/opt/rustwide/workdir" "--user" "0:0" "4027ff9332ae2453adf36e55498ccf3bcfb58ff1cbe09920bd8c17202a4aba0e" "/opt/rustwide/cargo-home/bin/cargo" "+1.100.0-beta.1" "test" "--frozen" "--no-run" "--message-format=json", kill_on_drop: false }`
[INFO] [stderr]    Compiling zrip-encode v0.9.0 (/opt/rustwide/workdir)
[INFO] [stderr]     Finished `test` profile [unoptimized + debuginfo] target(s) in 1.41s
[INFO] running `Command { std: "docker" "inspect" "4027ff9332ae2453adf36e55498ccf3bcfb58ff1cbe09920bd8c17202a4aba0e", kill_on_drop: false }`
[INFO] running `Command { std: "docker" "exec" "-e" "SOURCE_DIR=/opt/rustwide/workdir" "-e" "CARGO_HOME=/opt/rustwide/cargo-home" "-e" "RUSTUP_HOME=/opt/rustwide/rustup-home" "-e" "CARGO_TARGET_DIR=/opt/rustwide/target" "-e" "CARGO_INCREMENTAL=0" "-e" "RUST_BACKTRACE=full" "-e" "RUSTFLAGS=--cap-lints=warn" "-e" "RUSTDOCFLAGS=--cap-lints=warn" "-w" "/opt/rustwide/workdir" "--user" "0:0" "4027ff9332ae2453adf36e55498ccf3bcfb58ff1cbe09920bd8c17202a4aba0e" "/opt/rustwide/cargo-home/bin/cargo" "+1.100.0-beta.1" "test" "--frozen", kill_on_drop: false }`
[INFO] [stderr]     Finished `test` profile [unoptimized + debuginfo] target(s) in 0.01s
[INFO] [stderr]      Running unittests src/lib.rs (/opt/rustwide/target/debug/build/zrip-encode/3ade1929f4786ec2/out/zrip_encode-3ade1929f4786ec2)
[INFO] [stdout] 
[INFO] [stdout] running 20 tests
[INFO] [stdout] test primitives::tests::count_match_handles_exact_eight_byte_match ... ok
[INFO] [stdout] test dfast::tests::step_ahead_rep_at_offset_start_does_not_underflow_back_extension ... ok
[INFO] [stdout] test block_encoder::tests::sequence_codes_follow_the_zstd_tables ... ok
[INFO] [stdout] test tests::clamp_params_normalizes_public_log_values ... ok
[INFO] [stdout] test fast::tests::step_ahead_rep_at_offset_start_does_not_underflow_back_extension ... ok
[INFO] [stdout] test block_encoder::tests::fresh_table_replaces_one_that_cannot_code_new_symbols ... ok
[INFO] [stdout] test tests::dict_frame_uses_window_descriptor_even_when_small ... ok
[INFO] [stdout] test tests::small_plain_frame_uses_single_segment_header ... ok
[INFO] [stdout] test block_encoder::tests::previous_table_is_reused_for_the_same_distribution ... ok
[INFO] [stdout] test tests::faster_levels_keep_raw_literals_longer ... ok
[INFO] [stdout] test tests::large_plain_frame_uses_bounded_window_descriptor ... ok
[INFO] [stdout] test tests::options_clamp_window_log_before_ldm_defaults ... ok
[INFO] [stdout] test primitives::tests::count_match_handles_short_limits ... ok
[INFO] [stdout] test block_encoder::tests::dense_literals_stay_raw_under_an_entropy_limit ... ok
[INFO] [stdout] test tests::negative_levels_skip_huffman_on_tiny_inputs ... ok
[INFO] [stdout] test block_encoder::tests::block_without_sequences_falls_back_to_raw_for_dense_bytes ... ok
[INFO] [stdout] test tests::negative_levels_still_match_tiny_inputs ... ok
[INFO] [stdout] test tests::no_fcs_frame_uses_window_descriptor ... ok
[INFO] [stdout] test block_encoder::tests::block_without_sequences_is_huffman_coded ... ok
[INFO] [stdout] test tests::negative_levels_huffman_code_above_their_raw_limit ... ok
[INFO] [stderr]    Doc-tests zrip_encode
[INFO] [stdout] 
[INFO] [stdout] test result: ok. 20 passed; 0 failed; 0 ignored; 0 measured; 0 filtered out; finished in 0.02s
[INFO] [stdout] 
[INFO] [stdout] 
[INFO] [stdout] running 2 tests
[INFO] [stdout] test src/streaming.rs - streaming::FrameEncoder (line 40) ... FAILED
[INFO] [stdout] test src/context.rs - context::CompressContext (line 108) ... FAILED
[INFO] [stdout] 
[INFO] [stdout] failures:
[INFO] [stdout] 
[INFO] [stdout] ---- src/streaming.rs - streaming::FrameEncoder (line 40) stdout ----
[INFO] [stdout] error[E0433]: cannot find module or crate `zrip` in this scope
[INFO] [stdout]   --> src/streaming.rs:43:19
[INFO] [stdout]    |
[INFO] [stdout] 43 | let mut encoder = zrip::FrameEncoder::new(Vec::new(), 1).unwrap();
[INFO] [stdout]    |                   ^^^^ use of unresolved module or unlinked crate `zrip`
[INFO] [stdout]    |
[INFO] [stdout]    = help: if you wanted to use a crate named `zrip`, use `cargo add zrip` to add it to your `Cargo.toml`
[INFO] [stdout] 
[INFO] [stdout] error: aborting due to 1 previous error
[INFO] [stdout] 
[INFO] [stdout] For more information about this error, try `rustc --explain E0433`.
[INFO] [stdout] Couldn't compile the test.
[INFO] [stdout] ---- src/context.rs - context::CompressContext (line 108) stdout ----
[INFO] [stdout] error[E0433]: cannot find module or crate `zrip` in this scope
[INFO] [stdout]    --> src/context.rs:109:15
[INFO] [stdout]     |
[INFO] [stdout] 109 | let mut ctx = zrip::CompressContext::new(1).unwrap();
[INFO] [stdout]     |               ^^^^ use of unresolved module or unlinked crate `zrip`
[INFO] [stdout]     |
[INFO] [stdout]     = help: if you wanted to use a crate named `zrip`, use `cargo add zrip` to add it to your `Cargo.toml`
[INFO] [stdout] 
[INFO] [stdout] error: aborting due to 1 previous error
[INFO] [stdout] 
[INFO] [stdout] For more information about this error, try `rustc --explain E0433`.
[INFO] [stdout] Couldn't compile the test.
[INFO] [stdout] 
[INFO] [stdout] failures:
[INFO] [stdout]     src/context.rs - context::CompressContext (line 108)
[INFO] [stdout]     src/streaming.rs - streaming::FrameEncoder (line 40)
[INFO] [stdout] 
[INFO] [stdout] test result: FAILED. 0 passed; 2 failed; 0 ignored; 0 measured; 0 filtered out; finished in 0.11s
[INFO] [stdout] 
[INFO] [stdout] all doctests ran in 0.18s; merged doctests compilation took 0.07s
[INFO] [stderr] error: doctest failed, to rerun pass `--doc`
[INFO] running `Command { std: "docker" "inspect" "4027ff9332ae2453adf36e55498ccf3bcfb58ff1cbe09920bd8c17202a4aba0e", kill_on_drop: false }`
[INFO] running `Command { std: "docker" "rm" "-f" "4027ff9332ae2453adf36e55498ccf3bcfb58ff1cbe09920bd8c17202a4aba0e", kill_on_drop: false }`
[INFO] [stdout] 4027ff9332ae2453adf36e55498ccf3bcfb58ff1cbe09920bd8c17202a4aba0e
