[INFO] fetching crate zrip-decode 0.8.10...
[INFO] testing zrip-decode-0.8.10 against 1.99.0-beta.8 for beta-1.100-2
[INFO] extracting crate zrip-decode 0.8.10 into /workspace/builds/worker-0-tc1/source
[INFO] started tweaking crates.io crate zrip-decode 0.8.10
[INFO] finished tweaking crates.io crate zrip-decode 0.8.10
[INFO] tweaked toml for crates.io crate zrip-decode 0.8.10 written to /workspace/builds/worker-0-tc1/source/Cargo.toml
[INFO] validating manifest of crates.io crate zrip-decode 0.8.10 on toolchain 1.99.0-beta.8
[INFO] running `Command { std: CARGO_HOME="/workspace/cargo-home" RUSTUP_HOME="/workspace/rustup-home" "/workspace/cargo-home/bin/cargo" "+1.99.0-beta.8" "metadata" "--manifest-path" "Cargo.toml" "--no-deps", kill_on_drop: false }`
[INFO] crate crates.io crate zrip-decode 0.8.10 already has a lockfile, it will not be regenerated
[INFO] running `Command { std: CARGO_HOME="/workspace/cargo-home" RUSTUP_HOME="/workspace/rustup-home" "/workspace/cargo-home/bin/cargo" "+1.99.0-beta.8" "fetch" "--manifest-path" "Cargo.toml", kill_on_drop: false }`
[INFO] [stderr]     Updating crates.io index
[INFO] [stderr]  Downloading crates ...
[INFO] [stderr]   Downloaded zrip-core v0.11.0
[INFO] [stderr]   Downloaded fearless_simd v1.0.0
[INFO] running `Command { std: "docker" "create" "-v" "/var/lib/crater-agent-workspace/builds/worker-0-tc1/source:/opt/rustwide/workdir:ro,Z" "-v" "/var/lib/crater-agent-workspace/builds/worker-0-tc1/target:/opt/rustwide/target:rw,Z" "-v" "/var/lib/crater-agent-workspace/cargo-home:/opt/rustwide/cargo-home:ro,Z" "-v" "/var/lib/crater-agent-workspace/rustup-home:/opt/rustwide/rustup-home:ro,Z" "-m" "1610612736" "--network" "none" "ghcr.io/rust-lang/crates-build-env/linux@sha256:3111399a4047eeb3a02b7a90e478d715f38a8c6669b5c4b49d30a17385265909" "sleep" "infinity", kill_on_drop: false }`
[INFO] [stdout] 61e9c4152586388664c43acba3b306c33893b2979ca48a6bfd10ef593325243f
[INFO] running `Command { std: "docker" "start" "61e9c4152586388664c43acba3b306c33893b2979ca48a6bfd10ef593325243f", kill_on_drop: false }`
[INFO] running `Command { std: "docker" "inspect" "61e9c4152586388664c43acba3b306c33893b2979ca48a6bfd10ef593325243f", kill_on_drop: false }`
[INFO] running `Command { std: "docker" "exec" "-e" "SOURCE_DIR=/opt/rustwide/workdir" "-e" "CARGO_HOME=/opt/rustwide/cargo-home" "-e" "RUSTUP_HOME=/opt/rustwide/rustup-home" "-e" "CARGO_TARGET_DIR=/opt/rustwide/target" "-w" "/opt/rustwide/workdir" "--user" "0:0" "61e9c4152586388664c43acba3b306c33893b2979ca48a6bfd10ef593325243f" "/opt/rustwide/cargo-home/bin/cargo" "+1.99.0-beta.8" "metadata" "--no-deps" "--format-version=1", kill_on_drop: false }`
[INFO] running `Command { std: "docker" "inspect" "61e9c4152586388664c43acba3b306c33893b2979ca48a6bfd10ef593325243f", kill_on_drop: false }`
[INFO] running `Command { std: "docker" "exec" "-e" "SOURCE_DIR=/opt/rustwide/workdir" "-e" "CARGO_HOME=/opt/rustwide/cargo-home" "-e" "RUSTUP_HOME=/opt/rustwide/rustup-home" "-e" "CARGO_TARGET_DIR=/opt/rustwide/target" "-e" "CARGO_INCREMENTAL=0" "-e" "RUST_BACKTRACE=full" "-e" "RUSTFLAGS=--cap-lints=warn" "-e" "RUSTDOCFLAGS=--cap-lints=warn" "-w" "/opt/rustwide/workdir" "--user" "0:0" "61e9c4152586388664c43acba3b306c33893b2979ca48a6bfd10ef593325243f" "/opt/rustwide/cargo-home/bin/cargo" "+1.99.0-beta.8" "build" "--frozen" "--message-format=json", kill_on_drop: false }`
[INFO] [stderr]    Compiling zrip-core v0.11.0
[INFO] [stderr]    Compiling fearless_simd v1.0.0
[INFO] [stderr]    Compiling zrip-decode v0.8.10 (/opt/rustwide/workdir)
[INFO] [stderr]     Finished `dev` profile [unoptimized + debuginfo] target(s) in 10.45s
[INFO] running `Command { std: "docker" "inspect" "61e9c4152586388664c43acba3b306c33893b2979ca48a6bfd10ef593325243f", kill_on_drop: false }`
[INFO] running `Command { std: "docker" "exec" "-e" "SOURCE_DIR=/opt/rustwide/workdir" "-e" "CARGO_HOME=/opt/rustwide/cargo-home" "-e" "RUSTUP_HOME=/opt/rustwide/rustup-home" "-e" "CARGO_TARGET_DIR=/opt/rustwide/target" "-e" "CARGO_INCREMENTAL=0" "-e" "RUST_BACKTRACE=full" "-e" "RUSTFLAGS=--cap-lints=warn" "-e" "RUSTDOCFLAGS=--cap-lints=warn" "-w" "/opt/rustwide/workdir" "--user" "0:0" "61e9c4152586388664c43acba3b306c33893b2979ca48a6bfd10ef593325243f" "/opt/rustwide/cargo-home/bin/cargo" "+1.99.0-beta.8" "test" "--frozen" "--no-run" "--message-format=json", kill_on_drop: false }`
[INFO] [stderr]    Compiling zrip-decode v0.8.10 (/opt/rustwide/workdir)
[INFO] [stderr]     Finished `test` profile [unoptimized + debuginfo] target(s) in 2.37s
[INFO] running `Command { std: "docker" "inspect" "61e9c4152586388664c43acba3b306c33893b2979ca48a6bfd10ef593325243f", kill_on_drop: false }`
[INFO] running `Command { std: "docker" "exec" "-e" "SOURCE_DIR=/opt/rustwide/workdir" "-e" "CARGO_HOME=/opt/rustwide/cargo-home" "-e" "RUSTUP_HOME=/opt/rustwide/rustup-home" "-e" "CARGO_TARGET_DIR=/opt/rustwide/target" "-e" "CARGO_INCREMENTAL=0" "-e" "RUST_BACKTRACE=full" "-e" "RUSTFLAGS=--cap-lints=warn" "-e" "RUSTDOCFLAGS=--cap-lints=warn" "-w" "/opt/rustwide/workdir" "--user" "0:0" "61e9c4152586388664c43acba3b306c33893b2979ca48a6bfd10ef593325243f" "/opt/rustwide/cargo-home/bin/cargo" "+1.99.0-beta.8" "test" "--frozen", kill_on_drop: false }`
[INFO] [stderr]     Finished `test` profile [unoptimized + debuginfo] target(s) in 0.02s
[INFO] [stderr]      Running unittests src/lib.rs (/opt/rustwide/target/debug/deps/zrip_decode-45dd0f346e9fc4f3)
[INFO] [stdout] 
[INFO] [stdout] running 27 tests
[INFO] [stdout] test fast_vec::tests::block_output_copies_match_from_history ... ok
[INFO] [stdout] test context::tests::decompress_after_magic_into_appends_output ... ok
[INFO] [stdout] test fast_vec::tests::block_output_rejects_block_overflow ... ok
[INFO] [stdout] test context::tests::failed_frame_does_not_change_the_next_decode ... ok
[INFO] [stdout] test context::tests::decompress_into_appends_caller_owned_output_across_calls ... ok
[INFO] [stdout] test context::tests::decompress_into_limit_counts_only_new_output ... ok
[INFO] [stdout] test fast_vec::tests::block_output_copies_match ... ok
[INFO] [stdout] test fast_vec::tests::block_output_rejects_bad_match_offset ... ok
[INFO] [stdout] test context::tests::decompress_fast_path_continues_after_first_frame ... ok
[INFO] [stdout] test fast_vec::tests::block_output_extends_literal_range ... ok
[INFO] [stdout] test fast_vec::tests::fast_extend_from_slice_all_sizes ... ok
[INFO] [stdout] test fast_vec::tests::block_output_rejects_literal_range_oob ... ok
[INFO] [stdout] test fast_vec::tests::wild_copy_match_offsets_1_8 ... ok
[INFO] [stdout] test fast_vec::tests::wild_copy_match_offsets_9_16 ... ok
[INFO] [stdout] test fast_vec::tests::wild_copy_match_single_offsets_1_8 ... ok
[INFO] [stdout] test safety_tests::compressed_block_rejects_trailing_literals_over_block_limit ... ok
[INFO] [stdout] test seq_table::tests::promoted_table_returns_initialized_entry ... ok
[INFO] [stdout] test seq_table::tests::single_table_replaces_entry_zero ... ok
[INFO] [stdout] test fast_vec::tests::wild_copy_match_offsets_17_32 ... ok
[INFO] [stdout] test tests::frame_reset_keeps_explicit_huffman_cache ... ok
[INFO] [stdout] test tests::decompresses_frame_after_magic ... ok
[INFO] [stdout] test fast_vec::tests::wild_copy_match_offsets_33_64 ... ok
[INFO] [stdout] test fast_vec::tests::wild_copy_match_single_offsets_9_16 ... ok
[INFO] [stdout] test fast_vec::tests::wild_copy_match_single_offsets_65_96 ... ok
[INFO] [stdout] test fast_vec::tests::wild_copy_match_single_offsets_17_32 ... ok
[INFO] [stdout] test fast_vec::tests::wild_copy_match_single_offsets_97_128 ... ok
[INFO] [stdout] test fast_vec::tests::wild_copy_match_single_offsets_33_64 ... ok
[INFO] [stdout] 
[INFO] [stdout] test result: ok. 27 passed; 0 failed; 0 ignored; 0 measured; 0 filtered out; finished in 0.16s
[INFO] [stdout] 
[INFO] [stderr]    Doc-tests zrip_decode
[INFO] [stdout] 
[INFO] [stdout] running 2 tests
[INFO] [stdout] test src/context.rs - context::DecompressContext (line 18) - compile ... FAILED
[INFO] [stdout] test src/streaming.rs - streaming::FrameDecoder (line 39) - compile ... FAILED
[INFO] [stdout] 
[INFO] [stdout] failures:
[INFO] [stdout] 
[INFO] [stdout] ---- src/context.rs - context::DecompressContext (line 18) stdout ----
[INFO] [stdout] error[E0433]: cannot find module or crate `zrip` in this scope
[INFO] [stdout]   --> src/context.rs:22:15
[INFO] [stdout]    |
[INFO] [stdout] 22 | let mut ctx = zrip::DecompressContext::new();
[INFO] [stdout]    |               ^^^^ use of unresolved module or unlinked crate `zrip`
[INFO] [stdout]    |
[INFO] [stdout]    = help: if you wanted to use a crate named `zrip`, use `cargo add zrip` to add it to your `Cargo.toml`
[INFO] [stdout] 
[INFO] [stdout] error[E0433]: cannot find module or crate `zrip` in this scope
[INFO] [stdout]   --> src/context.rs:20:18
[INFO] [stdout]    |
[INFO] [stdout] 20 | let compressed = zrip::compress(&data, 1).unwrap();
[INFO] [stdout]    |                  ^^^^ use of unresolved module or unlinked crate `zrip`
[INFO] [stdout]    |
[INFO] [stdout]    = help: if you wanted to use a crate named `zrip`, use `cargo add zrip` to add it to your `Cargo.toml`
[INFO] [stdout] 
[INFO] [stdout] error: aborting due to 2 previous errors
[INFO] [stdout] 
[INFO] [stdout] For more information about this error, try `rustc --explain E0433`.
[INFO] [stdout] Couldn't compile the test.
[INFO] [stdout] ---- src/streaming.rs - streaming::FrameDecoder (line 39) stdout ----
[INFO] [stdout] error[E0433]: cannot find module or crate `zrip` in this scope
[INFO] [stdout]   --> src/streaming.rs:45:19
[INFO] [stdout]    |
[INFO] [stdout] 45 | let mut decoder = zrip::FrameDecoder::new(&compressed[..]);
[INFO] [stdout]    |                   ^^^^ use of unresolved module or unlinked crate `zrip`
[INFO] [stdout]    |
[INFO] [stdout]    = help: if you wanted to use a crate named `zrip`, use `cargo add zrip` to add it to your `Cargo.toml`
[INFO] [stdout] 
[INFO] [stdout] error[E0433]: cannot find module or crate `zrip` in this scope
[INFO] [stdout]   --> src/streaming.rs:43:18
[INFO] [stdout]    |
[INFO] [stdout] 43 | let compressed = zrip::compress(&data, 1).unwrap();
[INFO] [stdout]    |                  ^^^^ use of unresolved module or unlinked crate `zrip`
[INFO] [stdout]    |
[INFO] [stdout]    = help: if you wanted to use a crate named `zrip`, use `cargo add zrip` to add it to your `Cargo.toml`
[INFO] [stdout] 
[INFO] [stdout] error: aborting due to 2 previous errors
[INFO] [stdout] 
[INFO] [stdout] For more information about this error, try `rustc --explain E0433`.
[INFO] [stdout] Couldn't compile the test.
[INFO] [stdout] 
[INFO] [stdout] failures:
[INFO] [stdout]     src/context.rs - context::DecompressContext (line 18)
[INFO] [stdout]     src/streaming.rs - streaming::FrameDecoder (line 39)
[INFO] [stdout] 
[INFO] [stdout] test result: FAILED. 0 passed; 2 failed; 0 ignored; 0 measured; 0 filtered out; finished in 0.18s
[INFO] [stdout] 
[INFO] [stdout] all doctests ran in 0.30s; merged doctests compilation took 0.12s
[INFO] [stderr] error: doctest failed, to rerun pass `--doc`
[INFO] running `Command { std: "docker" "inspect" "61e9c4152586388664c43acba3b306c33893b2979ca48a6bfd10ef593325243f", kill_on_drop: false }`
[INFO] running `Command { std: "docker" "rm" "-f" "61e9c4152586388664c43acba3b306c33893b2979ca48a6bfd10ef593325243f", kill_on_drop: false }`
[INFO] [stdout] 61e9c4152586388664c43acba3b306c33893b2979ca48a6bfd10ef593325243f
