[INFO] fetching crate znippy-zoomies 0.1.25...
[INFO] testing znippy-zoomies-0.1.25 against 1.100.0-beta.1 for beta-1.100-2
[INFO] extracting crate znippy-zoomies 0.1.25 into /workspace/builds/worker-5-tc2/source
[INFO] removed /workspace/builds/worker-5-tc2/source/.cargo/config.toml
[INFO] started tweaking crates.io crate znippy-zoomies 0.1.25
[INFO] removed 0 missing examples
[INFO] removed 0 missing tests
[INFO] finished tweaking crates.io crate znippy-zoomies 0.1.25
[INFO] tweaked toml for crates.io crate znippy-zoomies 0.1.25 written to /workspace/builds/worker-5-tc2/source/Cargo.toml
[INFO] validating manifest of crates.io crate znippy-zoomies 0.1.25 on toolchain 1.100.0-beta.1
[INFO] running `Command { std: CARGO_HOME="/workspace/cargo-home" RUSTUP_HOME="/workspace/rustup-home" "/workspace/cargo-home/bin/cargo" "+1.100.0-beta.1" "metadata" "--manifest-path" "Cargo.toml" "--no-deps", kill_on_drop: false }`
[INFO] crate crates.io crate znippy-zoomies 0.1.25 already has a lockfile, it will not be regenerated
[INFO] running `Command { std: CARGO_HOME="/workspace/cargo-home" RUSTUP_HOME="/workspace/rustup-home" "/workspace/cargo-home/bin/cargo" "+1.100.0-beta.1" "fetch" "--manifest-path" "Cargo.toml", kill_on_drop: false }`
[INFO] running `Command { std: "docker" "create" "-v" "/var/lib/crater-agent-workspace/builds/worker-5-tc2/source:/opt/rustwide/workdir:ro,Z" "-v" "/var/lib/crater-agent-workspace/builds/worker-5-tc2/target:/opt/rustwide/target:rw,Z" "-v" "/var/lib/crater-agent-workspace/cargo-home:/opt/rustwide/cargo-home:ro,Z" "-v" "/var/lib/crater-agent-workspace/rustup-home:/opt/rustwide/rustup-home:ro,Z" "-m" "1610612736" "--network" "none" "ghcr.io/rust-lang/crates-build-env/linux@sha256:3111399a4047eeb3a02b7a90e478d715f38a8c6669b5c4b49d30a17385265909" "sleep" "infinity", kill_on_drop: false }`
[INFO] [stdout] 043f5784127105bcd88b9bddbe98703c7162fd336acf9e6d45eeafe74979ac92
[INFO] running `Command { std: "docker" "start" "043f5784127105bcd88b9bddbe98703c7162fd336acf9e6d45eeafe74979ac92", kill_on_drop: false }`
[INFO] running `Command { std: "docker" "inspect" "043f5784127105bcd88b9bddbe98703c7162fd336acf9e6d45eeafe74979ac92", kill_on_drop: false }`
[INFO] running `Command { std: "docker" "exec" "-e" "SOURCE_DIR=/opt/rustwide/workdir" "-e" "CARGO_HOME=/opt/rustwide/cargo-home" "-e" "RUSTUP_HOME=/opt/rustwide/rustup-home" "-e" "CARGO_TARGET_DIR=/opt/rustwide/target" "-w" "/opt/rustwide/workdir" "--user" "0:0" "043f5784127105bcd88b9bddbe98703c7162fd336acf9e6d45eeafe74979ac92" "/opt/rustwide/cargo-home/bin/cargo" "+1.100.0-beta.1" "metadata" "--no-deps" "--format-version=1", kill_on_drop: false }`
[INFO] running `Command { std: "docker" "inspect" "043f5784127105bcd88b9bddbe98703c7162fd336acf9e6d45eeafe74979ac92", kill_on_drop: false }`
[INFO] running `Command { std: "docker" "exec" "-e" "SOURCE_DIR=/opt/rustwide/workdir" "-e" "CARGO_HOME=/opt/rustwide/cargo-home" "-e" "RUSTUP_HOME=/opt/rustwide/rustup-home" "-e" "CARGO_TARGET_DIR=/opt/rustwide/target" "-e" "CARGO_INCREMENTAL=0" "-e" "RUST_BACKTRACE=full" "-e" "RUSTFLAGS=--cap-lints=warn" "-e" "RUSTDOCFLAGS=--cap-lints=warn" "-w" "/opt/rustwide/workdir" "--user" "0:0" "043f5784127105bcd88b9bddbe98703c7162fd336acf9e6d45eeafe74979ac92" "/opt/rustwide/cargo-home/bin/cargo" "+1.100.0-beta.1" "build" "--frozen" "--message-format=json", kill_on_drop: false }`
[INFO] [stderr]    Compiling futures-core v0.3.32
[INFO] [stderr]    Compiling futures-sink v0.3.32
[INFO] [stderr]    Compiling slab v0.4.12
[INFO] [stderr]    Compiling anyhow v1.0.102
[INFO] [stderr]    Compiling bytes v1.12.0
[INFO] [stderr]    Compiling syn v2.0.118
[INFO] [stderr]    Compiling memmap2 v0.9.11
[INFO] [stderr]    Compiling futures-channel v0.3.32
[INFO] [stderr]    Compiling futures-macro v0.3.32
[INFO] [stderr]    Compiling futures-util v0.3.32
[INFO] [stderr]    Compiling futures-executor v0.3.32
[INFO] [stderr]    Compiling futures v0.3.32
[INFO] [stderr]    Compiling rotaryengine v0.1.12
[INFO] [stderr]    Compiling znippy-zoomies v0.1.25 (/opt/rustwide/workdir)
[INFO] [stderr]     Finished `dev` profile [unoptimized + debuginfo] target(s) in 6.77s
[INFO] running `Command { std: "docker" "inspect" "043f5784127105bcd88b9bddbe98703c7162fd336acf9e6d45eeafe74979ac92", kill_on_drop: false }`
[INFO] running `Command { std: "docker" "exec" "-e" "SOURCE_DIR=/opt/rustwide/workdir" "-e" "CARGO_HOME=/opt/rustwide/cargo-home" "-e" "RUSTUP_HOME=/opt/rustwide/rustup-home" "-e" "CARGO_TARGET_DIR=/opt/rustwide/target" "-e" "CARGO_INCREMENTAL=0" "-e" "RUST_BACKTRACE=full" "-e" "RUSTFLAGS=--cap-lints=warn" "-e" "RUSTDOCFLAGS=--cap-lints=warn" "-w" "/opt/rustwide/workdir" "--user" "0:0" "043f5784127105bcd88b9bddbe98703c7162fd336acf9e6d45eeafe74979ac92" "/opt/rustwide/cargo-home/bin/cargo" "+1.100.0-beta.1" "test" "--frozen" "--no-run" "--message-format=json", kill_on_drop: false }`
[INFO] [stderr]    Compiling zerocopy v0.8.52
[INFO] [stderr]    Compiling serde_core v1.0.228
[INFO] [stderr]    Compiling serde v1.0.228
[INFO] [stderr]    Compiling num-traits v0.2.19
[INFO] [stderr]    Compiling lexical-util v1.0.7
[INFO] [stderr]    Compiling getrandom v0.2.17
[INFO] [stderr]    Compiling ciborium-io v0.2.2
[INFO] [stderr]    Compiling simdutf8 v0.1.5
[INFO] [stderr]    Compiling zerocopy-derive v0.8.52
[INFO] [stderr]    Compiling serde_derive v1.0.228
[INFO] [stderr]    Compiling ref-cast-impl v1.0.25
[INFO] [stderr]    Compiling regex-syntax v0.8.11
[INFO] [stderr]    Compiling plotters-backend v0.3.7
[INFO] [stderr]    Compiling rand_core v0.6.4
[INFO] [stderr]    Compiling clap_builder v4.6.0
[INFO] [stderr]    Compiling thiserror-impl v2.0.18
[INFO] [stderr]    Compiling itertools v0.10.5
[INFO] [stderr]    Compiling zlib-rs v0.6.4
[INFO] [stderr]    Compiling plotters-svg v0.3.7
[INFO] [stderr]    Compiling same-file v1.0.6
[INFO] [stderr]    Compiling bitflags v2.13.0
[INFO] [stderr]    Compiling cast v0.3.0
[INFO] [stderr]    Compiling walkdir v2.5.0
[INFO] [stderr]    Compiling getrandom v0.4.3
[INFO] [stderr]    Compiling ref-cast v1.0.25
[INFO] [stderr]    Compiling rustix v1.1.4
[INFO] [stderr]    Compiling is-terminal v0.4.17
[INFO] [stderr]    Compiling sonic-simd v0.1.4
[INFO] [stderr]    Compiling sonic-number v0.1.2
[INFO] [stderr]    Compiling anes v0.1.6
[INFO] [stderr]    Compiling oorandom v11.1.5
[INFO] [stderr]    Compiling lexical-parse-integer v1.0.6
[INFO] [stderr]    Compiling lexical-write-integer v1.0.6
[INFO] [stderr]    Compiling lexical-write-float v1.0.6
[INFO] [stderr]    Compiling float-cmp v0.9.0
[INFO] [stderr]    Compiling plotters v0.3.7
[INFO] [stderr]    Compiling lexical-parse-float v1.0.6
[INFO] [stderr]    Compiling thiserror v2.0.18
[INFO] [stderr]    Compiling regex-automata v0.4.14
[INFO] [stderr]    Compiling lexical-core v1.0.6
[INFO] [stderr]    Compiling clap v4.6.1
[INFO] [stderr]    Compiling criterion-plot v0.5.0
[INFO] [stderr]    Compiling tempfile v3.27.0
[INFO] [stderr]    Compiling regex v1.12.4
[INFO] [stderr]    Compiling serde_json v1.0.150
[INFO] [stderr]    Compiling faststr v0.2.34
[INFO] [stderr]    Compiling sonic-rs v0.3.17
[INFO] [stderr]    Compiling tinytemplate v1.2.1
[INFO] [stderr]    Compiling flate2 v1.1.9
[INFO] [stderr]    Compiling ahash v0.8.12
[INFO] [stderr]    Compiling half v2.7.1
[INFO] [stderr]    Compiling ppv-lite86 v0.2.21
[INFO] [stderr]    Compiling hashbrown v0.14.5
[INFO] [stderr]    Compiling ldeflate v0.1.2
[INFO] [stderr]    Compiling ciborium-ll v0.2.2
[INFO] [stderr]    Compiling rand_chacha v0.3.1
[INFO] [stderr]    Compiling ciborium v0.2.2
[INFO] [stderr]    Compiling rand v0.8.6
[INFO] [stderr]    Compiling halfbrown v0.2.5
[INFO] [stderr]    Compiling criterion v0.5.1
[INFO] [stderr]    Compiling value-trait v0.8.1
[INFO] [stderr]    Compiling simd-json v0.13.11
[INFO] [stderr]    Compiling znippy-zoomies v0.1.25 (/opt/rustwide/workdir)
[INFO] [stdout] warning: variable does not need to be mutable
[INFO] [stdout]    --> tests/required_features_law.rs:100:13
[INFO] [stdout]     |
[INFO] [stdout] 100 |         let mut flush = |section: &str,
[INFO] [stdout]     |             ----^^^^^
[INFO] [stdout]     |             |
[INFO] [stdout]     |             help: remove this `mut`
[INFO] [stdout]     |
[INFO] [stdout]     = note: `#[warn(unused_mut)]` (part of `#[warn(unused)]`) on by default
[INFO] [stdout] 
[INFO] [stdout] 
[INFO] [stdout] warning: function `workspace_src_roots` is never used
[INFO] [stdout]    --> tests/law_common/mod.rs:105:8
[INFO] [stdout]     |
[INFO] [stdout] 105 | pub fn workspace_src_roots() -> Vec<PathBuf> {
[INFO] [stdout]     |        ^^^^^^^^^^^^^^^^^^^
[INFO] [stdout]     |
[INFO] [stdout]     = note: `#[warn(dead_code)]` (part of `#[warn(unused)]`) on by default
[INFO] [stdout] 
[INFO] [stdout] 
[INFO] [stdout] warning: function `workspace_src_roots` is never used
[INFO] [stdout]    --> tests/law_common/mod.rs:105:8
[INFO] [stdout]     |
[INFO] [stdout] 105 | pub fn workspace_src_roots() -> Vec<PathBuf> {
[INFO] [stdout]     |        ^^^^^^^^^^^^^^^^^^^
[INFO] [stdout]     |
[INFO] [stdout]     = note: `#[warn(dead_code)]` (part of `#[warn(unused)]`) on by default
[INFO] [stdout] 
[INFO] [stdout] 
[INFO] [stderr]     Finished `test` profile [unoptimized + debuginfo] target(s) in 12.59s
[INFO] running `Command { std: "docker" "inspect" "043f5784127105bcd88b9bddbe98703c7162fd336acf9e6d45eeafe74979ac92", kill_on_drop: false }`
[INFO] running `Command { std: "docker" "exec" "-e" "SOURCE_DIR=/opt/rustwide/workdir" "-e" "CARGO_HOME=/opt/rustwide/cargo-home" "-e" "RUSTUP_HOME=/opt/rustwide/rustup-home" "-e" "CARGO_TARGET_DIR=/opt/rustwide/target" "-e" "CARGO_INCREMENTAL=0" "-e" "RUST_BACKTRACE=full" "-e" "RUSTFLAGS=--cap-lints=warn" "-e" "RUSTDOCFLAGS=--cap-lints=warn" "-w" "/opt/rustwide/workdir" "--user" "0:0" "043f5784127105bcd88b9bddbe98703c7162fd336acf9e6d45eeafe74979ac92" "/opt/rustwide/cargo-home/bin/cargo" "+1.100.0-beta.1" "test" "--frozen", kill_on_drop: false }`
[INFO] [stderr] warning: variable does not need to be mutable
[INFO] [stderr]    --> tests/required_features_law.rs:100:13
[INFO] [stderr]     |
[INFO] [stderr] 100 |         let mut flush = |section: &str,
[INFO] [stderr]     |             ----^^^^^
[INFO] [stderr]     |             |
[INFO] [stderr]     |             help: remove this `mut`
[INFO] [stderr]     |
[INFO] [stderr]     = note: `#[warn(unused_mut)]` (part of `#[warn(unused)]`) on by default
[INFO] [stderr] 
[INFO] [stderr] warning: function `workspace_src_roots` is never used
[INFO] [stderr]    --> tests/law_common/mod.rs:105:8
[INFO] [stderr]     |
[INFO] [stderr] 105 | pub fn workspace_src_roots() -> Vec<PathBuf> {
[INFO] [stderr]     |        ^^^^^^^^^^^^^^^^^^^
[INFO] [stderr]     |
[INFO] [stderr]     = note: `#[warn(dead_code)]` (part of `#[warn(unused)]`) on by default
[INFO] [stderr] 
[INFO] [stderr] warning: `znippy-zoomies` (test "required_features_law") generated 2 warnings (run `cargo fix --test "required_features_law" -p znippy-zoomies` to apply 1 suggestion)
[INFO] [stderr] warning: `znippy-zoomies` (test "bench_target_law") generated 1 warning (1 duplicate)
[INFO] [stderr]     Finished `test` profile [unoptimized + debuginfo] target(s) in 0.08s
[INFO] [stderr]      Running unittests src/lib.rs (/opt/rustwide/target/debug/build/znippy-zoomies/66615664392318aa/out/znippy_zoomies-66615664392318aa)
[INFO] [stdout] 
[INFO] [stdout] running 170 tests
[INFO] [stdout] test json::tests::array_empty_variants_zero_spans ... ok
[INFO] [stdout] test json::tests::array_deeply_nested_elements ... ok
[INFO] [stdout] test json::tests::array_leading_ws_before_bracket ... ok
[INFO] [stdout] test json::tests::array_malformed_errors ... ok
[INFO] [stdout] test json::tests::array_parallel_small_input_serial_path ... ok
[INFO] [stdout] test json::tests::array_scalar_elements ... ok
[INFO] [stdout] test json::tests::array_whitespace_and_newlines_between_elements ... ok
[INFO] [stdout] test json::tests::array_trailing_and_leading_commas_tolerated ... ok
[INFO] [stdout] test json::tests::array_strings_with_delimiters_not_split ... ok
[INFO] [stdout] test json::tests::basic_records_and_spans ... ok
[INFO] [stdout] test json::tests::crlf_trimmed ... ok
[INFO] [stdout] test json::tests::empty_input ... ok
[INFO] [stdout] test json::tests::empty_lines_skipped ... ok
[INFO] [stdout] test json::tests::escaped_quotes_and_backslashes_in_strings ... ok
[INFO] [stdout] test json::tests::find_key_escaped_string_values ... ok
[INFO] [stdout] test json::tests::find_key_ignores_lookalikes_in_string_values ... ok
[INFO] [stdout] test json::tests::find_key_ignores_nested_keys ... ok
[INFO] [stdout] test json::tests::find_key_value_types ... ok
[INFO] [stdout] test json::tests::find_key_whitespace_and_non_object ... ok
[INFO] [stdout] test json::tests::find_safe_split_basics ... ok
[INFO] [stdout] test json::tests::single_record_no_trailing_newline ... ok
[INFO] [stdout] test json::tests::array_5000_small_objects_reparse ... ok
[INFO] [stdout] test json::tests::single_record_larger_than_worker_slice ... ok
[INFO] [stdout] test psort::tests::seq_floor_is_core_count_aware ... ok
[INFO] [stdout] test json::tests::parallel_matches_sequential_exact_spans ... ok
[INFO] [stdout] test json::tests::parallel_matches_sequential_degenerate ... ok
[INFO] [stdout] test json::tests::array_parallel_matches_serial ... ok
[INFO] [stdout] test stree32::tests::stree32_bench_ram_bound_40x ... ignored, heavy: 512 MB allocation, RAM-bound timing; run with --release --ignored
[INFO] [stdout] test json::tests::scan_records_map_parallel_balanced_matches_serial ... ok
[INFO] [stdout] test stree32::tests::stree32_full_u32_range_keys ... ok
[INFO] [stdout] test stree32::tests::stree32_inject_present_absent_boundaries ... ok
[INFO] [stdout] test json::tests::scan_records_map_parallel_matches_serial_and_preserves_order ... ok
[INFO] [stdout] test stree32::tests::stree32_single_and_exact_b ... ok
[INFO] [stdout] test stree32::tests::stree32mmap_all_hits_all_misses_empty ... ok
[INFO] [stdout] test json::tests::parallel_boundary_stress_tiny_records ... ok
[INFO] [stdout] test stree32::tests::stree32_batch_prefetch_matches_scalar ... ok
[INFO] [stdout] test stree32_range::tests::ipv4_cidr_containment ... ok
[INFO] [stdout] test stree32_range::tests::point_and_gap_membership ... ok
[INFO] [stdout] test stree32::tests::stree32_batch_stream_matches_scalar_all_p ... ok
[INFO] [stdout] test json::tests::skewed_corpus_oversplit_matches_sequential ... ok
[INFO] [stdout] test stree::tests::b_plus_one_elements ... ok
[INFO] [stdout] test stree::tests::batch_no_prefetch_correctness ... ok
[INFO] [stdout] test stree32_range::tests::floor_matches_reference_and_batch_matches_single ... ok
[INFO] [stdout] test stree::tests::batch_prefetch_correctness ... ok
[INFO] [stdout] test stree512::tests::matches_binary_search_across_sizes ... ok
[INFO] [stdout] test stree32::tests::every_simd_path_agrees_across_kernels ... ok
[INFO] [stdout] test stree::tests::batch_stream_various_sizes ... ok
[INFO] [stdout] test stree::tests::batch_ptr_correctness ... ok
[INFO] [stdout] test stree::tests::batch_stream_correctness ... ok
[INFO] [stdout] test stree::tests::duplicates ... ok
[INFO] [stdout] test stree32::tests::stree32mmap_inject_and_pipeline_matches_scalar ... ok
[INFO] [stdout] test stree::tests::exactly_b_elements ... ok
[INFO] [stdout] test stree::tests::mmap_batch_all_hits ... ok
[INFO] [stdout] test stree::tests::mmap_batch_all_misses ... ok
[INFO] [stdout] test stree::tests::mmap_batch_empty_queries ... ok
[INFO] [stdout] test stree32::tests::stree32_round_trip_large ... ok
[INFO] [stdout] test stree::tests::mmap_batch_remainder_handling ... ok
[INFO] [stdout] test stree::tests::mmap_batch_single_query ... ok
[INFO] [stdout] test json::tests::scan_records_slab_matches_serial_across_workers_and_knobs ... ok
[INFO] [stdout] test stree::tests::mmap_find_exact_single ... ok
[INFO] [stdout] test stree::tests::mmap_batch_ptr_vs_serial ... ok
[INFO] [stdout] test stree::tests::mmap_find_exact_basic ... ok
[INFO] [stdout] test stree::tests::mmap_lookup_batch_vs_serial ... ok
[INFO] [stdout] test stree::tests::negative_ids ... ok
[INFO] [stdout] test stree::tests::mmap_interleave_vs_serial ... ok
[INFO] [stdout] test stree::tests::planet_scale_ids ... ok
[INFO] [stdout] test stree::tests::round_trip_small ... ok
[INFO] [stdout] test stree::tests::single_element ... ok
[INFO] [stdout] test stree::tests::mmap_pipeline_vs_serial_all_p ... ok
[INFO] [stdout] test stree512::tests::every_simd_path_agrees_across_kernels ... ok
[INFO] [stdout] test stree::tests::stride8_all_hits ... ok
[INFO] [stdout] test stree::tests::round_trip_large ... ok
[INFO] [stdout] test psort::tests::samplesort_handles_degenerate_distributions ... ok
[INFO] [stdout] test stree::tests::stride8_find_exact ... ok
[INFO] [stdout] test stree::tests::stress_osm_like_ids ... ok
[INFO] [stdout] test psort::tests::samplesort_handles_signed_keys ... ok
[INFO] [stdout] test stree_log::tests::batched_as_of_on_empty_log ... ok
[INFO] [stdout] test stree::tests::stride8_batch_all_methods ... ok
[INFO] [stdout] test stree_log::tests::batched_as_of_matches_scalar_as_of ... ok
[INFO] [stdout] test stree_log::tests::empty_log_answers_none ... ok
[INFO] [stdout] test stree_log::tests::floor_and_exact_on_a_hand_log ... ok
[INFO] [stdout] test stree_log::tests::last_writer_wins_on_duplicate_keys ... ok
[INFO] [stdout] test stree::tests::stress_100k_ids_10k_queries ... ok
[INFO] [stdout] test psort::tests::samplesort_agrees_with_radix ... ok
[INFO] [stdout] test stree_simd::tests::auto_is_not_slower_than_a_narrower_kernel ... ignored, timing assertion — run deliberately on a quiet box, see the doc comment
[INFO] [stdout] test stree_simd::tests::ordering_is_capability_ordering ... ok
[INFO] [stdout] test stree_hi32::tests::matches_binary_search_including_hi32_collisions ... ok
[INFO] [stdout] test json::tests::parallel_matches_sequential_randomized ... ok
[INFO] [stdout] test stree::tests::every_simd_path_agrees_across_kernels ... ok
[INFO] [stdout] test vann::hnsw::tests::empty_and_k0_are_safe ... ok
[INFO] [stdout] test stree_hi32::tests::every_simd_path_agrees_with_binary_search ... ok
[INFO] [stdout] test stree_simd::tests::active_never_exceeds_detected ... ok
[INFO] [stdout] test stree_simd::tests::auto_is_a_narrowing_of_detected ... ok
[INFO] [stdout] test stree_simd::tests::str_round_trip ... ok
[INFO] [stdout] test vann::hnsw::tests::level_assignment_is_capped ... ok
[INFO] [stdout] test vann::tests::active_simd_is_known ... ok
[INFO] [stdout] test vann::tests::add_and_search_nearest ... ok
[INFO] [stdout] test vann::tests::add_rejects_duplicate_id ... ok
[INFO] [stdout] test vann::tests::add_rejects_wrong_buffer_len ... ok
[INFO] [stdout] test vann::tests::bench_kernels_reports_real_numbers ... ok
[INFO] [stdout] test vann::tests::high_dim_search_matches_reference ... ok
[INFO] [stdout] test vann::tests::i8_cache_invalidates_on_mutation ... ok
[INFO] [stdout] test vann::tests::i8_parallel_scan_matches_serial_reference ... ok
[INFO] [stdout] test stree::tests::bench_compare_all_methods ... ok
[INFO] [stdout] test vann::tests::int8_matches_f32_within_tolerance ... ok
[INFO] [stdout] test vann::tests::load_rejects_corrupt_header ... ok
[INFO] [stdout] test vann::tests::pairs_above_is_empty_below_two_rows ... ok
[INFO] [stdout] test vann::tests::i8_rerank_is_identical_to_exact_f32_search ... ok
[INFO] [stdout] test vann::tests::parallel_path_finds_exact_match ... ok
[INFO] [stdout] test vann::tests::rejects_zero_dim ... ok
[INFO] [stdout] test vann::tests::remove_and_contains ... ok
[INFO] [stdout] test vann::tests::search_auto_selects_by_size_and_stays_exact ... ok
[INFO] [stdout] test vann::tests::search_batch_is_identical_to_per_query_search ... ok
[INFO] [stdout] test vann::tests::simd_kernel_matches_scalar_dot ... ok
[INFO] [stdout] test vann::tests::write_then_load_roundtrips ... ok
[INFO] [stdout] test vtd::tests::byte_slice_roundtrip ... ok
[INFO] [stdout] test vtd::tests::chunk_summaries_bbox_covers_nodes ... ok
[INFO] [stdout] test vtd::tests::chunk_summaries_cover_all ... ok
[INFO] [stdout] test vtd::tests::chunk_summaries_kind_mask_correct ... ok
[INFO] [stdout] test vtd::tests::chunk_summaries_tag_flags_correct ... ok
[INFO] [stdout] test vtd::tests::chunked_filter_matches_simple_filter ... ok
[INFO] [stdout] test vtd::tests::chunked_filter_skips_node_chunks_for_ways ... ok
[INFO] [stdout] test vtd::tests::element_counts ... ok
[INFO] [stdout] test vtd::tests::filter_tag_mask ... ok
[INFO] [stdout] test vtd::tests::filter_ways_only ... ok
[INFO] [stdout] test vtd::tests::first_node_coords ... ok
[INFO] [stdout] test vtd::tests::highway_tag_flag ... ok
[INFO] [stdout] test psort::tests::radix_sort_matches_std_sort ... ok
[INFO] [stdout] test stree::tests::bench_compare_1m_records_osm_ids ... ok
[INFO] [stdout] test vtd::tests::natural_tag_flag ... ok
[INFO] [stdout] test vtd::tests::mmap_and_revolver_match_sequential_synth ... ok
[INFO] [stdout] test vtd::tests::parallel_matches_sequential ... ok
[INFO] [stdout] test vtd::tests::pipelined_handles_tiny_and_empty_docs ... ok
[INFO] [stdout] test vtd::tests::pipelined_matches_sequential_synth ... ok
[INFO] [stdout] test vtd::tests::pure_changeset_slot_is_trimmable ... ok
[INFO] [stdout] test vtd::tests::synth_osm_is_well_formed_and_has_expected_kinds ... ok
[INFO] [stdout] test vtd::tests::write_and_load_chunk_summaries ... ok
[INFO] [stdout] test vtd_single_pass::tests::boundary_detector_flips_at_first_way_across_chunk_edges ... ok
[INFO] [stdout] test vtd_single_pass::tests::nodes_only_stream_never_flips ... ok
[INFO] [stdout] test vtd_single_pass::tests::single_pass_store_is_byte_identical_to_two_pass_way_relation_subset ... ok
[INFO] [stdout] test vtd_single_pass::tests::single_pass_without_store_is_a_pure_boundary_count_pass ... ok
[INFO] [stdout] test xml::tests::attributes_via_generic_path ... ok
[INFO] [stdout] test xml::tests::comments_and_cdata_skipped ... ok
[INFO] [stdout] test xml::tests::count_matches_scan ... ok
[INFO] [stdout] test xml::tests::empty_input ... ok
[INFO] [stdout] test xml::tests::find_top_level_start_seeks_forward ... ok
[INFO] [stdout] test xml::tests::kinds_and_spans ... ok
[INFO] [stdout] test xml::tests::nested_same_name_ends_at_first_closing_tag ... ok
[INFO] [stdout] test xml::tests::parallel_map_runs_per_element ... ok
[INFO] [stdout] test vtd::tests::pipelined_fast_skips_changeset_prologue ... ok
[INFO] [stdout] test xml::tests::parallel_matches_sequential ... ok
[INFO] [stdout] test xml::tests::parallel_small_input_uses_sequential_path ... ok
[INFO] [stdout] test xml::tests::safe_slot_end_never_splits_elements ... ok
[INFO] [stdout] test xml::tests::safe_slot_end_respects_separate_shape_sets ... ok
[INFO] [stdout] test xml::tests::untracked_elements_skipped ... ok
[INFO] [stdout] test xml::tests::parallel_oversplit_matches_sequential_skewed ... ok
[INFO] [stdout] test stree::tests::bench_stree64_batch_variants ... ok
[INFO] [stdout] test vtd::tests::in_memory_parallel_matches_sequential_synth ... ok
[INFO] [stdout] test psort::tests::samplesort_correct_at_live_floor_boundary ... ok
[INFO] [stdout] test vann::tests::pairs_above_matches_the_naive_all_pairs_scan ... ok
[INFO] [stdout] test vann::hnsw::tests::ci_recall_floor_realistic_corpus ... ok
[INFO] [stdout] test vann::hnsw::tests::ef_is_a_query_time_knob_not_a_rebuild ... ok
[INFO] [stdout] test psort::tests::samplesort_matches_std_sort ... ok
[INFO] [stdout] test vann::hnsw::tests::hnsw_finds_exact_planted_match ... ok
[INFO] [stdout] test vann::hnsw::tests::layer0_graph_is_fully_connected ... ok
[INFO] [stdout] test stree_log::tests::differential_sparse_snapshot_ids ... ok
[INFO] [stdout] test vann::hnsw::tests::hnsw_recall_floor_vs_flat_oracle ... ok
[INFO] [stdout] test stree32::tests::stree32_bench_vs_binsearch_and_vs_stree64 ... ok
[INFO] [stdout] test stree_log::tests::differential_ragnar_matches_linear has been running for over 60 seconds
[INFO] [stdout] test vann::hnsw::tests::recall_converges_to_exact_as_ef_grows has been running for over 60 seconds
[INFO] [stdout] test vann::hnsw::tests::recall_converges_to_exact_as_ef_grows ... ok
[INFO] [stdout] test stree_log::tests::differential_ragnar_matches_linear ... ok
[INFO] [stdout] 
[INFO] [stdout] test result: ok. 168 passed; 0 failed; 2 ignored; 0 measured; 0 filtered out; finished in 295.13s
[INFO] [stdout] 
[INFO] [stderr]      Running tests/bench_target_law.rs (/opt/rustwide/target/debug/build/znippy-zoomies/79bc8bba3366b9ea/out/bench_target_law-79bc8bba3366b9ea)
[INFO] [stdout] 
[INFO] [stdout] running 7 tests
[INFO] [stdout] test law_common::scan_guard::a_commented_out_member_is_not_a_member_and_a_hash_cannot_close_the_array ... ok
[INFO] [stdout] test law_common::scan_guard::a_wrapped_members_array_is_read_whole_and_the_old_reader_read_none_of_it ... ok
[INFO] [stdout] test law_common::scan_guard::the_inline_form_still_parses_and_both_readers_agree_on_it ... ok
[INFO] [stdout] test the_classifier_can_report_red ... ok
[INFO] [stdout] test every_bench_target_has_a_main_in_the_dev_profile ... FAILED
[INFO] [stdout] test law_common::scan_guard::this_workspace_resolves_every_declared_member_to_a_real_crate ... FAILED
[INFO] [stdout] test the_scan_actually_finds_the_bench_sources ... FAILED
[INFO] [stdout] 
[INFO] [stdout] failures:
[INFO] [stdout] 
[INFO] [stdout] ---- every_bench_target_has_a_main_in_the_dev_profile stdout ----
[INFO] [stdout] 
[INFO] [stdout] thread 'every_bench_target_has_a_main_in_the_dev_profile' (18751) panicked at tests/law_common/mod.rs:86:5:
[INFO] [stdout] the root manifest declares NO workspace members — the member scan is empty, so every law using it would pass over the root crate alone
[INFO] [stdout] stack backtrace:
[INFO] [stdout]    0:     0x6455f67a2ae1 - std[617be2ca0a6fd877]::backtrace_rs::backtrace::libunwind::trace
[INFO] [stdout]                                at /rustc/e3feeb59cd1bdd011a2bfcc0747b55125d9b8527/library/std/src/../../backtrace/src/backtrace/libunwind.rs:117:9
[INFO] [stdout]    1:     0x6455f67a2ae1 - std[617be2ca0a6fd877]::backtrace_rs::backtrace::trace_unsynchronized::<std[617be2ca0a6fd877]::sys::backtrace::_print_fmt::{closure#1}>
[INFO] [stdout]                                at /rustc/e3feeb59cd1bdd011a2bfcc0747b55125d9b8527/library/std/src/../../backtrace/src/backtrace/mod.rs:66:14
[INFO] [stdout]    2:     0x6455f67a2ae1 - std[617be2ca0a6fd877]::sys::backtrace::_print_fmt
[INFO] [stdout]                                at /rustc/e3feeb59cd1bdd011a2bfcc0747b55125d9b8527/library/std/src/sys/backtrace.rs:74:9
[INFO] [stdout]    3:     0x6455f67a2ae1 - <<std[617be2ca0a6fd877]::sys::backtrace::BacktraceLock>::print::DisplayBacktrace as core[a373ad73a504971]::fmt::Display>::fmt
[INFO] [stdout]                                at /rustc/e3feeb59cd1bdd011a2bfcc0747b55125d9b8527/library/std/src/sys/backtrace.rs:44:26
[INFO] [stdout]    4:     0x6455f67b6b1a - <core[a373ad73a504971]::fmt::rt::Argument>::fmt
[INFO] [stdout]                                at /rustc/e3feeb59cd1bdd011a2bfcc0747b55125d9b8527/library/core/src/fmt/rt.rs:152:76
[INFO] [stdout]    5:     0x6455f67b6b1a - core[a373ad73a504971]::fmt::write
[INFO] [stdout]    6:     0x6455f67a6d1c - core[a373ad73a504971]::io::write::default_write_fmt::<alloc[2e1b2a31b91974c5]::vec::Vec<u8>>
[INFO] [stdout]                                at /rustc/e3feeb59cd1bdd011a2bfcc0747b55125d9b8527/library/core/src/io/write.rs:402:11
[INFO] [stdout]    7:     0x6455f67a6d1c - <alloc[2e1b2a31b91974c5]::vec::Vec<u8> as core[a373ad73a504971]::io::write::Write>::write_fmt
[INFO] [stdout]                                at /rustc/e3feeb59cd1bdd011a2bfcc0747b55125d9b8527/library/core/src/io/write.rs:335:13
[INFO] [stdout]    8:     0x6455f677e606 - <std[617be2ca0a6fd877]::sys::backtrace::BacktraceLock>::print
[INFO] [stdout]                                at /rustc/e3feeb59cd1bdd011a2bfcc0747b55125d9b8527/library/std/src/sys/backtrace.rs:47:9
[INFO] [stdout]    9:     0x6455f677e606 - std[617be2ca0a6fd877]::panicking::default_hook::{closure#0}
[INFO] [stdout]                                at /rustc/e3feeb59cd1bdd011a2bfcc0747b55125d9b8527/library/std/src/panicking.rs:289:27
[INFO] [stdout]   10:     0x6455f679ae19 - std[617be2ca0a6fd877]::panicking::default_hook
[INFO] [stdout]                                at /rustc/e3feeb59cd1bdd011a2bfcc0747b55125d9b8527/library/std/src/panicking.rs:313:9
[INFO] [stdout]   11:     0x6455f6736990 - <alloc[2e1b2a31b91974c5]::boxed::Box<dyn for<'a, 'b> core[a373ad73a504971]::ops::function::Fn<(&'a std[617be2ca0a6fd877]::panic::PanicHookInfo<'b>,), Output = ()> + core[a373ad73a504971]::marker::Sync + core[a373ad73a504971]::marker::Send> as core[a373ad73a504971]::ops::function::Fn<(&std[617be2ca0a6fd877]::panic::PanicHookInfo,)>>::call
[INFO] [stdout]                                at /rustc/e3feeb59cd1bdd011a2bfcc0747b55125d9b8527/library/alloc/src/boxed.rs:2328:9
[INFO] [stdout]   12:     0x6455f6736990 - test[aada8e7e76ba119b]::test_main_inner::{closure#0}
[INFO] [stdout]                                at /rustc/e3feeb59cd1bdd011a2bfcc0747b55125d9b8527/library/test/src/lib.rs:137:21
[INFO] [stdout]   13:     0x6455f679afd2 - <alloc[2e1b2a31b91974c5]::boxed::Box<dyn for<'a, 'b> core[a373ad73a504971]::ops::function::Fn<(&'a std[617be2ca0a6fd877]::panic::PanicHookInfo<'b>,), Output = ()> + core[a373ad73a504971]::marker::Sync + core[a373ad73a504971]::marker::Send> as core[a373ad73a504971]::ops::function::Fn<(&std[617be2ca0a6fd877]::panic::PanicHookInfo,)>>::call
[INFO] [stdout]                                at /rustc/e3feeb59cd1bdd011a2bfcc0747b55125d9b8527/library/alloc/src/boxed.rs:2328:9
[INFO] [stdout]   14:     0x6455f679afd2 - std[617be2ca0a6fd877]::panicking::panic_with_hook
[INFO] [stdout]                                at /rustc/e3feeb59cd1bdd011a2bfcc0747b55125d9b8527/library/std/src/panicking.rs:819:13
[INFO] [stdout]   15:     0x6455f677e6e4 - std[617be2ca0a6fd877]::panicking::panic_handler::{closure#0}
[INFO] [stdout]                                at /rustc/e3feeb59cd1bdd011a2bfcc0747b55125d9b8527/library/std/src/panicking.rs:678:13
[INFO] [stdout]   16:     0x6455f6777239 - std[617be2ca0a6fd877]::sys::backtrace::__rust_end_short_backtrace::<std[617be2ca0a6fd877]::panicking::panic_handler::{closure#0}, !>
[INFO] [stdout]                                at /rustc/e3feeb59cd1bdd011a2bfcc0747b55125d9b8527/library/std/src/sys/backtrace.rs:182:18
[INFO] [stdout]   17:     0x6455f677f2bd - __rustc[ea4f61d10b84890b]::rust_begin_unwind
[INFO] [stdout]                                at /rustc/e3feeb59cd1bdd011a2bfcc0747b55125d9b8527/library/std/src/panicking.rs:676:5
[INFO] [stdout]   18:     0x6455f67b72ac - core[a373ad73a504971]::panicking::panic_fmt
[INFO] [stdout]                                at /rustc/e3feeb59cd1bdd011a2bfcc0747b55125d9b8527/library/core/src/panicking.rs:80:14
[INFO] [stdout]   19:     0x6455f670fafe - bench_target_law[55e3f6429ca768a5]::law_common::crate_dirs
[INFO] [stdout]                                at /opt/rustwide/workdir/tests/law_common/mod.rs:86:5
[INFO] [stdout]   20:     0x6455f670c37d - bench_target_law[55e3f6429ca768a5]::crate_dirs
[INFO] [stdout]                                at /opt/rustwide/workdir/tests/bench_target_law.rs:164:5
[INFO] [stdout]   21:     0x6455f670c981 - bench_target_law[55e3f6429ca768a5]::bench_sources
[INFO] [stdout]                                at /opt/rustwide/workdir/tests/bench_target_law.rs:176:16
[INFO] [stdout]   22:     0x6455f670e9e4 - bench_target_law[55e3f6429ca768a5]::every_bench_target_has_a_main_in_the_dev_profile
[INFO] [stdout]                                at /opt/rustwide/workdir/tests/bench_target_law.rs:235:19
[INFO] [stdout]   23:     0x6455f670bce7 - bench_target_law[55e3f6429ca768a5]::every_bench_target_has_a_main_in_the_dev_profile::{closure#0}
[INFO] [stdout]                                at /opt/rustwide/workdir/tests/bench_target_law.rs:234:54
[INFO] [stdout]   24:     0x6455f6713106 - <bench_target_law[55e3f6429ca768a5]::every_bench_target_has_a_main_in_the_dev_profile::{closure#0} as core[a373ad73a504971]::ops::function::FnOnce<()>>::call_once
[INFO] [stdout]                                at /rustc/e3feeb59cd1bdd011a2bfcc0747b55125d9b8527/library/core/src/ops/function.rs:250:5
[INFO] [stderr] error: test failed, to rerun pass `--test bench_target_law`
[INFO] [stdout]   25:     0x6455f6729ddb - <fn() -> core[a373ad73a504971]::result::Result<(), alloc[2e1b2a31b91974c5]::string::String> as core[a373ad73a504971]::ops::function::FnOnce<()>>::call_once
[INFO] [stdout]                                at /rustc/e3feeb59cd1bdd011a2bfcc0747b55125d9b8527/library/core/src/ops/function.rs:250:5
[INFO] [stdout]   26:     0x6455f6729ddb - test[aada8e7e76ba119b]::__rust_begin_short_backtrace::<core[a373ad73a504971]::result::Result<(), alloc[2e1b2a31b91974c5]::string::String>, fn() -> core[a373ad73a504971]::result::Result<(), alloc[2e1b2a31b91974c5]::string::String>>
[INFO] [stdout]                                at /rustc/e3feeb59cd1bdd011a2bfcc0747b55125d9b8527/library/test/src/lib.rs:701:18
[INFO] [stdout]   27:     0x6455f6736fb5 - test[aada8e7e76ba119b]::run_test_in_process::{closure#0}
[INFO] [stdout]                                at /rustc/e3feeb59cd1bdd011a2bfcc0747b55125d9b8527/library/test/src/lib.rs:724:74
[INFO] [stdout]   28:     0x6455f6736fb5 - <core[a373ad73a504971]::panic::unwind_safe::AssertUnwindSafe<test[aada8e7e76ba119b]::run_test_in_process::{closure#0}> as core[a373ad73a504971]::ops::function::FnOnce<()>>::call_once
[INFO] [stdout]                                at /rustc/e3feeb59cd1bdd011a2bfcc0747b55125d9b8527/library/core/src/panic/unwind_safe.rs:275:9
[INFO] [stdout]   29:     0x6455f6736fb5 - std[617be2ca0a6fd877]::panicking::catch_unwind::do_call::<core[a373ad73a504971]::panic::unwind_safe::AssertUnwindSafe<test[aada8e7e76ba119b]::run_test_in_process::{closure#0}>, core[a373ad73a504971]::result::Result<(), alloc[2e1b2a31b91974c5]::string::String>>
[INFO] [stdout]                                at /rustc/e3feeb59cd1bdd011a2bfcc0747b55125d9b8527/library/std/src/panicking.rs:573:43
[INFO] [stdout]   30:     0x6455f6736fb5 - std[617be2ca0a6fd877]::panicking::catch_unwind::<core[a373ad73a504971]::result::Result<(), alloc[2e1b2a31b91974c5]::string::String>, core[a373ad73a504971]::panic::unwind_safe::AssertUnwindSafe<test[aada8e7e76ba119b]::run_test_in_process::{closure#0}>>
[INFO] [stdout]                                at /rustc/e3feeb59cd1bdd011a2bfcc0747b55125d9b8527/library/std/src/panicking.rs:541:19
[INFO] [stdout]   31:     0x6455f6736fb5 - std[617be2ca0a6fd877]::panic::catch_unwind::<core[a373ad73a504971]::panic::unwind_safe::AssertUnwindSafe<test[aada8e7e76ba119b]::run_test_in_process::{closure#0}>, core[a373ad73a504971]::result::Result<(), alloc[2e1b2a31b91974c5]::string::String>>
[INFO] [stdout]                                at /rustc/e3feeb59cd1bdd011a2bfcc0747b55125d9b8527/library/std/src/panic.rs:359:14
[INFO] [stdout]   32:     0x6455f6736fb5 - test[aada8e7e76ba119b]::run_test_in_process
[INFO] [stdout]                                at /rustc/e3feeb59cd1bdd011a2bfcc0747b55125d9b8527/library/test/src/lib.rs:724:27
[INFO] [stdout]   33:     0x6455f6736fb5 - test[aada8e7e76ba119b]::run_test::{closure#0}
[INFO] [stdout]                                at /rustc/e3feeb59cd1bdd011a2bfcc0747b55125d9b8527/library/test/src/lib.rs:645:43
[INFO] [stdout]   34:     0x6455f67308a4 - test[aada8e7e76ba119b]::run_test::{closure#1}
[INFO] [stdout]                                at /rustc/e3feeb59cd1bdd011a2bfcc0747b55125d9b8527/library/test/src/lib.rs:675:41
[INFO] [stdout]   35:     0x6455f67308a4 - std[617be2ca0a6fd877]::sys::backtrace::__rust_begin_short_backtrace::<test[aada8e7e76ba119b]::run_test::{closure#1}, ()>
[INFO] [stdout]                                at /rustc/e3feeb59cd1bdd011a2bfcc0747b55125d9b8527/library/std/src/sys/backtrace.rs:166:18
[INFO] [stdout]   36:     0x6455f673a042 - std[617be2ca0a6fd877]::thread::lifecycle::spawn_unchecked::<test[aada8e7e76ba119b]::run_test::{closure#1}, ()>::{closure#1}::{closure#0}
[INFO] [stdout]                                at /rustc/e3feeb59cd1bdd011a2bfcc0747b55125d9b8527/library/std/src/thread/lifecycle.rs:70:13
[INFO] [stdout]   37:     0x6455f673a042 - <core[a373ad73a504971]::panic::unwind_safe::AssertUnwindSafe<std[617be2ca0a6fd877]::thread::lifecycle::spawn_unchecked<test[aada8e7e76ba119b]::run_test::{closure#1}, ()>::{closure#1}::{closure#0}> as core[a373ad73a504971]::ops::function::FnOnce<()>>::call_once
[INFO] [stdout]                                at /rustc/e3feeb59cd1bdd011a2bfcc0747b55125d9b8527/library/core/src/panic/unwind_safe.rs:275:9
[INFO] [stdout]   38:     0x6455f673a042 - std[617be2ca0a6fd877]::panicking::catch_unwind::do_call::<core[a373ad73a504971]::panic::unwind_safe::AssertUnwindSafe<std[617be2ca0a6fd877]::thread::lifecycle::spawn_unchecked<test[aada8e7e76ba119b]::run_test::{closure#1}, ()>::{closure#1}::{closure#0}>, ()>
[INFO] [stdout]                                at /rustc/e3feeb59cd1bdd011a2bfcc0747b55125d9b8527/library/std/src/panicking.rs:573:43
[INFO] [stdout]   39:     0x6455f673a042 - std[617be2ca0a6fd877]::panicking::catch_unwind::<(), core[a373ad73a504971]::panic::unwind_safe::AssertUnwindSafe<std[617be2ca0a6fd877]::thread::lifecycle::spawn_unchecked<test[aada8e7e76ba119b]::run_test::{closure#1}, ()>::{closure#1}::{closure#0}>>
[INFO] [stdout]                                at /rustc/e3feeb59cd1bdd011a2bfcc0747b55125d9b8527/library/std/src/panicking.rs:541:19
[INFO] [stdout]   40:     0x6455f673a042 - std[617be2ca0a6fd877]::panic::catch_unwind::<core[a373ad73a504971]::panic::unwind_safe::AssertUnwindSafe<std[617be2ca0a6fd877]::thread::lifecycle::spawn_unchecked<test[aada8e7e76ba119b]::run_test::{closure#1}, ()>::{closure#1}::{closure#0}>, ()>
[INFO] [stdout]                                at /rustc/e3feeb59cd1bdd011a2bfcc0747b55125d9b8527/library/std/src/panic.rs:359:14
[INFO] [stdout]   41:     0x6455f673a042 - std[617be2ca0a6fd877]::thread::lifecycle::spawn_unchecked::<test[aada8e7e76ba119b]::run_test::{closure#1}, ()>::{closure#1}
[INFO] [stdout]                                at /rustc/e3feeb59cd1bdd011a2bfcc0747b55125d9b8527/library/std/src/thread/lifecycle.rs:68:26
[INFO] [stdout]   42:     0x6455f673a042 - <std[617be2ca0a6fd877]::thread::lifecycle::spawn_unchecked<test[aada8e7e76ba119b]::run_test::{closure#1}, ()>::{closure#1} as core[a373ad73a504971]::ops::function::FnOnce<()>>::call_once::{shim:vtable#0}
[INFO] [stdout]                                at /rustc/e3feeb59cd1bdd011a2bfcc0747b55125d9b8527/library/core/src/ops/function.rs:250:5
[INFO] [stdout]   43:     0x6455f67a1fdf - <alloc[2e1b2a31b91974c5]::boxed::Box<dyn core[a373ad73a504971]::ops::function::FnOnce<(), Output = ()> + core[a373ad73a504971]::marker::Send> as core[a373ad73a504971]::ops::function::FnOnce<()>>::call_once
[INFO] [stdout]                                at /rustc/e3feeb59cd1bdd011a2bfcc0747b55125d9b8527/library/alloc/src/boxed.rs:2314:9
[INFO] [stdout]   44:     0x6455f67a1fdf - <std[617be2ca0a6fd877]::sys::thread::unix::Thread>::new::thread_start
[INFO] [stdout]                                at /rustc/e3feeb59cd1bdd011a2bfcc0747b55125d9b8527/library/std/src/sys/thread/unix.rs:127:17
[INFO] [stdout]   45:     0x75f1608f8dfa - <unknown>
[INFO] [stdout]   46:     0x75f16098c3d4 - clone
[INFO] [stdout]   47:                0x0 - <unknown>
[INFO] [stdout] 
[INFO] [stdout] ---- law_common::scan_guard::this_workspace_resolves_every_declared_member_to_a_real_crate stdout ----
[INFO] [stdout] 
[INFO] [stdout] thread 'law_common::scan_guard::this_workspace_resolves_every_declared_member_to_a_real_crate' (18755) panicked at tests/law_common/mod.rs:86:5:
[INFO] [stdout] the root manifest declares NO workspace members — the member scan is empty, so every law using it would pass over the root crate alone
[INFO] [stdout] stack backtrace:
[INFO] [stdout]    0:     0x6455f67a2ae1 - std[617be2ca0a6fd877]::backtrace_rs::backtrace::libunwind::trace
[INFO] [stdout]                                at /rustc/e3feeb59cd1bdd011a2bfcc0747b55125d9b8527/library/std/src/../../backtrace/src/backtrace/libunwind.rs:117:9
[INFO] [stdout]    1:     0x6455f67a2ae1 - std[617be2ca0a6fd877]::backtrace_rs::backtrace::trace_unsynchronized::<std[617be2ca0a6fd877]::sys::backtrace::_print_fmt::{closure#1}>
[INFO] [stdout]                                at /rustc/e3feeb59cd1bdd011a2bfcc0747b55125d9b8527/library/std/src/../../backtrace/src/backtrace/mod.rs:66:14
[INFO] [stdout]    2:     0x6455f67a2ae1 - std[617be2ca0a6fd877]::sys::backtrace::_print_fmt
[INFO] [stdout]                                at /rustc/e3feeb59cd1bdd011a2bfcc0747b55125d9b8527/library/std/src/sys/backtrace.rs:74:9
[INFO] [stdout]    3:     0x6455f67a2ae1 - <<std[617be2ca0a6fd877]::sys::backtrace::BacktraceLock>::print::DisplayBacktrace as core[a373ad73a504971]::fmt::Display>::fmt
[INFO] [stdout]                                at /rustc/e3feeb59cd1bdd011a2bfcc0747b55125d9b8527/library/std/src/sys/backtrace.rs:44:26
[INFO] [stdout]    4:     0x6455f67b6b1a - <core[a373ad73a504971]::fmt::rt::Argument>::fmt
[INFO] [stdout]                                at /rustc/e3feeb59cd1bdd011a2bfcc0747b55125d9b8527/library/core/src/fmt/rt.rs:152:76
[INFO] [stdout]    5:     0x6455f67b6b1a - core[a373ad73a504971]::fmt::write
[INFO] [stdout]    6:     0x6455f67a6d1c - core[a373ad73a504971]::io::write::default_write_fmt::<alloc[2e1b2a31b91974c5]::vec::Vec<u8>>
[INFO] [stdout]                                at /rustc/e3feeb59cd1bdd011a2bfcc0747b55125d9b8527/library/core/src/io/write.rs:402:11
[INFO] [stdout]    7:     0x6455f67a6d1c - <alloc[2e1b2a31b91974c5]::vec::Vec<u8> as core[a373ad73a504971]::io::write::Write>::write_fmt
[INFO] [stdout]                                at /rustc/e3feeb59cd1bdd011a2bfcc0747b55125d9b8527/library/core/src/io/write.rs:335:13
[INFO] [stdout]    8:     0x6455f677e606 - <std[617be2ca0a6fd877]::sys::backtrace::BacktraceLock>::print
[INFO] [stdout]                                at /rustc/e3feeb59cd1bdd011a2bfcc0747b55125d9b8527/library/std/src/sys/backtrace.rs:47:9
[INFO] [stdout]    9:     0x6455f677e606 - std[617be2ca0a6fd877]::panicking::default_hook::{closure#0}
[INFO] [stdout]                                at /rustc/e3feeb59cd1bdd011a2bfcc0747b55125d9b8527/library/std/src/panicking.rs:289:27
[INFO] [stdout]   10:     0x6455f679ae19 - std[617be2ca0a6fd877]::panicking::default_hook
[INFO] [stdout]                                at /rustc/e3feeb59cd1bdd011a2bfcc0747b55125d9b8527/library/std/src/panicking.rs:313:9
[INFO] [stdout]   11:     0x6455f6736990 - <alloc[2e1b2a31b91974c5]::boxed::Box<dyn for<'a, 'b> core[a373ad73a504971]::ops::function::Fn<(&'a std[617be2ca0a6fd877]::panic::PanicHookInfo<'b>,), Output = ()> + core[a373ad73a504971]::marker::Sync + core[a373ad73a504971]::marker::Send> as core[a373ad73a504971]::ops::function::Fn<(&std[617be2ca0a6fd877]::panic::PanicHookInfo,)>>::call
[INFO] [stdout]                                at /rustc/e3feeb59cd1bdd011a2bfcc0747b55125d9b8527/library/alloc/src/boxed.rs:2328:9
[INFO] [stdout]   12:     0x6455f6736990 - test[aada8e7e76ba119b]::test_main_inner::{closure#0}
[INFO] [stdout]                                at /rustc/e3feeb59cd1bdd011a2bfcc0747b55125d9b8527/library/test/src/lib.rs:137:21
[INFO] [stdout]   13:     0x6455f679afd2 - <alloc[2e1b2a31b91974c5]::boxed::Box<dyn for<'a, 'b> core[a373ad73a504971]::ops::function::Fn<(&'a std[617be2ca0a6fd877]::panic::PanicHookInfo<'b>,), Output = ()> + core[a373ad73a504971]::marker::Sync + core[a373ad73a504971]::marker::Send> as core[a373ad73a504971]::ops::function::Fn<(&std[617be2ca0a6fd877]::panic::PanicHookInfo,)>>::call
[INFO] [stdout]                                at /rustc/e3feeb59cd1bdd011a2bfcc0747b55125d9b8527/library/alloc/src/boxed.rs:2328:9
[INFO] [stdout]   14:     0x6455f679afd2 - std[617be2ca0a6fd877]::panicking::panic_with_hook
[INFO] [stdout]                                at /rustc/e3feeb59cd1bdd011a2bfcc0747b55125d9b8527/library/std/src/panicking.rs:819:13
[INFO] [stdout]   15:     0x6455f677e6e4 - std[617be2ca0a6fd877]::panicking::panic_handler::{closure#0}
[INFO] [stdout]                                at /rustc/e3feeb59cd1bdd011a2bfcc0747b55125d9b8527/library/std/src/panicking.rs:678:13
[INFO] [stdout]   16:     0x6455f6777239 - std[617be2ca0a6fd877]::sys::backtrace::__rust_end_short_backtrace::<std[617be2ca0a6fd877]::panicking::panic_handler::{closure#0}, !>
[INFO] [stdout]                                at /rustc/e3feeb59cd1bdd011a2bfcc0747b55125d9b8527/library/std/src/sys/backtrace.rs:182:18
[INFO] [stdout]   17:     0x6455f677f2bd - __rustc[ea4f61d10b84890b]::rust_begin_unwind
[INFO] [stdout]                                at /rustc/e3feeb59cd1bdd011a2bfcc0747b55125d9b8527/library/std/src/panicking.rs:676:5
[INFO] [stdout]   18:     0x6455f67b72ac - core[a373ad73a504971]::panicking::panic_fmt
[INFO] [stdout]                                at /rustc/e3feeb59cd1bdd011a2bfcc0747b55125d9b8527/library/core/src/panicking.rs:80:14
[INFO] [stdout]   19:     0x6455f670fafe - bench_target_law[55e3f6429ca768a5]::law_common::crate_dirs
[INFO] [stdout]                                at /opt/rustwide/workdir/tests/law_common/mod.rs:86:5
[INFO] [stdout]   20:     0x6455f67232c6 - bench_target_law[55e3f6429ca768a5]::law_common::scan_guard::this_workspace_resolves_every_declared_member_to_a_real_crate
[INFO] [stdout]                                at /opt/rustwide/workdir/tests/law_common/mod.rs:184:20
[INFO] [stdout]   21:     0x6455f6721bc7 - bench_target_law[55e3f6429ca768a5]::law_common::scan_guard::this_workspace_resolves_every_declared_member_to_a_real_crate::{closure#0}
[INFO] [stdout]                                at /opt/rustwide/workdir/tests/law_common/mod.rs:183:71
[INFO] [stdout]   22:     0x6455f6713146 - <bench_target_law[55e3f6429ca768a5]::law_common::scan_guard::this_workspace_resolves_every_declared_member_to_a_real_crate::{closure#0} as core[a373ad73a504971]::ops::function::FnOnce<()>>::call_once
[INFO] [stdout]                                at /rustc/e3feeb59cd1bdd011a2bfcc0747b55125d9b8527/library/core/src/ops/function.rs:250:5
[INFO] [stdout]   23:     0x6455f6729ddb - <fn() -> core[a373ad73a504971]::result::Result<(), alloc[2e1b2a31b91974c5]::string::String> as core[a373ad73a504971]::ops::function::FnOnce<()>>::call_once
[INFO] [stdout]                                at /rustc/e3feeb59cd1bdd011a2bfcc0747b55125d9b8527/library/core/src/ops/function.rs:250:5
[INFO] [stdout]   24:     0x6455f6729ddb - test[aada8e7e76ba119b]::__rust_begin_short_backtrace::<core[a373ad73a504971]::result::Result<(), alloc[2e1b2a31b91974c5]::string::String>, fn() -> core[a373ad73a504971]::result::Result<(), alloc[2e1b2a31b91974c5]::string::String>>
[INFO] [stdout]                                at /rustc/e3feeb59cd1bdd011a2bfcc0747b55125d9b8527/library/test/src/lib.rs:701:18
[INFO] [stdout]   25:     0x6455f6736fb5 - test[aada8e7e76ba119b]::run_test_in_process::{closure#0}
[INFO] [stdout]                                at /rustc/e3feeb59cd1bdd011a2bfcc0747b55125d9b8527/library/test/src/lib.rs:724:74
[INFO] [stdout]   26:     0x6455f6736fb5 - <core[a373ad73a504971]::panic::unwind_safe::AssertUnwindSafe<test[aada8e7e76ba119b]::run_test_in_process::{closure#0}> as core[a373ad73a504971]::ops::function::FnOnce<()>>::call_once
[INFO] [stdout]                                at /rustc/e3feeb59cd1bdd011a2bfcc0747b55125d9b8527/library/core/src/panic/unwind_safe.rs:275:9
[INFO] [stdout]   27:     0x6455f6736fb5 - std[617be2ca0a6fd877]::panicking::catch_unwind::do_call::<core[a373ad73a504971]::panic::unwind_safe::AssertUnwindSafe<test[aada8e7e76ba119b]::run_test_in_process::{closure#0}>, core[a373ad73a504971]::result::Result<(), alloc[2e1b2a31b91974c5]::string::String>>
[INFO] [stdout]                                at /rustc/e3feeb59cd1bdd011a2bfcc0747b55125d9b8527/library/std/src/panicking.rs:573:43
[INFO] [stdout]   28:     0x6455f6736fb5 - std[617be2ca0a6fd877]::panicking::catch_unwind::<core[a373ad73a504971]::result::Result<(), alloc[2e1b2a31b91974c5]::string::String>, core[a373ad73a504971]::panic::unwind_safe::AssertUnwindSafe<test[aada8e7e76ba119b]::run_test_in_process::{closure#0}>>
[INFO] [stdout]                                at /rustc/e3feeb59cd1bdd011a2bfcc0747b55125d9b8527/library/std/src/panicking.rs:541:19
[INFO] [stdout]   29:     0x6455f6736fb5 - std[617be2ca0a6fd877]::panic::catch_unwind::<core[a373ad73a504971]::panic::unwind_safe::AssertUnwindSafe<test[aada8e7e76ba119b]::run_test_in_process::{closure#0}>, core[a373ad73a504971]::result::Result<(), alloc[2e1b2a31b91974c5]::string::String>>
[INFO] [stdout]                                at /rustc/e3feeb59cd1bdd011a2bfcc0747b55125d9b8527/library/std/src/panic.rs:359:14
[INFO] [stdout]   30:     0x6455f6736fb5 - test[aada8e7e76ba119b]::run_test_in_process
[INFO] [stdout]                                at /rustc/e3feeb59cd1bdd011a2bfcc0747b55125d9b8527/library/test/src/lib.rs:724:27
[INFO] [stdout]   31:     0x6455f6736fb5 - test[aada8e7e76ba119b]::run_test::{closure#0}
[INFO] [stdout]                                at /rustc/e3feeb59cd1bdd011a2bfcc0747b55125d9b8527/library/test/src/lib.rs:645:43
[INFO] [stdout]   32:     0x6455f67308a4 - test[aada8e7e76ba119b]::run_test::{closure#1}
[INFO] [stdout]                                at /rustc/e3feeb59cd1bdd011a2bfcc0747b55125d9b8527/library/test/src/lib.rs:675:41
[INFO] [stdout]   33:     0x6455f67308a4 - std[617be2ca0a6fd877]::sys::backtrace::__rust_begin_short_backtrace::<test[aada8e7e76ba119b]::run_test::{closure#1}, ()>
[INFO] [stdout]                                at /rustc/e3feeb59cd1bdd011a2bfcc0747b55125d9b8527/library/std/src/sys/backtrace.rs:166:18
[INFO] [stdout]   34:     0x6455f673a042 - std[617be2ca0a6fd877]::thread::lifecycle::spawn_unchecked::<test[aada8e7e76ba119b]::run_test::{closure#1}, ()>::{closure#1}::{closure#0}
[INFO] [stdout]                                at /rustc/e3feeb59cd1bdd011a2bfcc0747b55125d9b8527/library/std/src/thread/lifecycle.rs:70:13
[INFO] [stdout]   35:     0x6455f673a042 - <core[a373ad73a504971]::panic::unwind_safe::AssertUnwindSafe<std[617be2ca0a6fd877]::thread::lifecycle::spawn_unchecked<test[aada8e7e76ba119b]::run_test::{closure#1}, ()>::{closure#1}::{closure#0}> as core[a373ad73a504971]::ops::function::FnOnce<()>>::call_once
[INFO] [stdout]                                at /rustc/e3feeb59cd1bdd011a2bfcc0747b55125d9b8527/library/core/src/panic/unwind_safe.rs:275:9
[INFO] [stdout]   36:     0x6455f673a042 - std[617be2ca0a6fd877]::panicking::catch_unwind::do_call::<core[a373ad73a504971]::panic::unwind_safe::AssertUnwindSafe<std[617be2ca0a6fd877]::thread::lifecycle::spawn_unchecked<test[aada8e7e76ba119b]::run_test::{closure#1}, ()>::{closure#1}::{closure#0}>, ()>
[INFO] [stdout]                                at /rustc/e3feeb59cd1bdd011a2bfcc0747b55125d9b8527/library/std/src/panicking.rs:573:43
[INFO] [stdout]   37:     0x6455f673a042 - std[617be2ca0a6fd877]::panicking::catch_unwind::<(), core[a373ad73a504971]::panic::unwind_safe::AssertUnwindSafe<std[617be2ca0a6fd877]::thread::lifecycle::spawn_unchecked<test[aada8e7e76ba119b]::run_test::{closure#1}, ()>::{closure#1}::{closure#0}>>
[INFO] [stdout]                                at /rustc/e3feeb59cd1bdd011a2bfcc0747b55125d9b8527/library/std/src/panicking.rs:541:19
[INFO] [stdout]   38:     0x6455f673a042 - std[617be2ca0a6fd877]::panic::catch_unwind::<core[a373ad73a504971]::panic::unwind_safe::AssertUnwindSafe<std[617be2ca0a6fd877]::thread::lifecycle::spawn_unchecked<test[aada8e7e76ba119b]::run_test::{closure#1}, ()>::{closure#1}::{closure#0}>, ()>
[INFO] [stdout]                                at /rustc/e3feeb59cd1bdd011a2bfcc0747b55125d9b8527/library/std/src/panic.rs:359:14
[INFO] [stdout]   39:     0x6455f673a042 - std[617be2ca0a6fd877]::thread::lifecycle::spawn_unchecked::<test[aada8e7e76ba119b]::run_test::{closure#1}, ()>::{closure#1}
[INFO] [stdout]                                at /rustc/e3feeb59cd1bdd011a2bfcc0747b55125d9b8527/library/std/src/thread/lifecycle.rs:68:26
[INFO] [stdout]   40:     0x6455f673a042 - <std[617be2ca0a6fd877]::thread::lifecycle::spawn_unchecked<test[aada8e7e76ba119b]::run_test::{closure#1}, ()>::{closure#1} as core[a373ad73a504971]::ops::function::FnOnce<()>>::call_once::{shim:vtable#0}
[INFO] [stdout]                                at /rustc/e3feeb59cd1bdd011a2bfcc0747b55125d9b8527/library/core/src/ops/function.rs:250:5
[INFO] [stdout]   41:     0x6455f67a1fdf - <alloc[2e1b2a31b91974c5]::boxed::Box<dyn core[a373ad73a504971]::ops::function::FnOnce<(), Output = ()> + core[a373ad73a504971]::marker::Send> as core[a373ad73a504971]::ops::function::FnOnce<()>>::call_once
[INFO] [stdout]                                at /rustc/e3feeb59cd1bdd011a2bfcc0747b55125d9b8527/library/alloc/src/boxed.rs:2314:9
[INFO] [stdout]   42:     0x6455f67a1fdf - <std[617be2ca0a6fd877]::sys::thread::unix::Thread>::new::thread_start
[INFO] [stdout]                                at /rustc/e3feeb59cd1bdd011a2bfcc0747b55125d9b8527/library/std/src/sys/thread/unix.rs:127:17
[INFO] [stdout]   43:     0x75f1608f8dfa - <unknown>
[INFO] [stdout]   44:     0x75f16098c3d4 - clone
[INFO] [stdout]   45:                0x0 - <unknown>
[INFO] [stdout] 
[INFO] [stdout] ---- the_scan_actually_finds_the_bench_sources stdout ----
[INFO] [stdout] 
[INFO] [stdout] thread 'the_scan_actually_finds_the_bench_sources' (18757) panicked at tests/law_common/mod.rs:86:5:
[INFO] [stdout] the root manifest declares NO workspace members — the member scan is empty, so every law using it would pass over the root crate alone
[INFO] [stdout] stack backtrace:
[INFO] [stdout]    0:     0x6455f67a2ae1 - std[617be2ca0a6fd877]::backtrace_rs::backtrace::libunwind::trace
[INFO] [stdout]                                at /rustc/e3feeb59cd1bdd011a2bfcc0747b55125d9b8527/library/std/src/../../backtrace/src/backtrace/libunwind.rs:117:9
[INFO] [stdout]    1:     0x6455f67a2ae1 - std[617be2ca0a6fd877]::backtrace_rs::backtrace::trace_unsynchronized::<std[617be2ca0a6fd877]::sys::backtrace::_print_fmt::{closure#1}>
[INFO] [stdout]                                at /rustc/e3feeb59cd1bdd011a2bfcc0747b55125d9b8527/library/std/src/../../backtrace/src/backtrace/mod.rs:66:14
[INFO] [stdout]    2:     0x6455f67a2ae1 - std[617be2ca0a6fd877]::sys::backtrace::_print_fmt
[INFO] [stdout]                                at /rustc/e3feeb59cd1bdd011a2bfcc0747b55125d9b8527/library/std/src/sys/backtrace.rs:74:9
[INFO] [stdout]    3:     0x6455f67a2ae1 - <<std[617be2ca0a6fd877]::sys::backtrace::BacktraceLock>::print::DisplayBacktrace as core[a373ad73a504971]::fmt::Display>::fmt
[INFO] [stdout]                                at /rustc/e3feeb59cd1bdd011a2bfcc0747b55125d9b8527/library/std/src/sys/backtrace.rs:44:26
[INFO] [stdout]    4:     0x6455f67b6b1a - <core[a373ad73a504971]::fmt::rt::Argument>::fmt
[INFO] [stdout]                                at /rustc/e3feeb59cd1bdd011a2bfcc0747b55125d9b8527/library/core/src/fmt/rt.rs:152:76
[INFO] [stdout]    5:     0x6455f67b6b1a - core[a373ad73a504971]::fmt::write
[INFO] [stdout]    6:     0x6455f67a6d1c - core[a373ad73a504971]::io::write::default_write_fmt::<alloc[2e1b2a31b91974c5]::vec::Vec<u8>>
[INFO] [stdout]                                at /rustc/e3feeb59cd1bdd011a2bfcc0747b55125d9b8527/library/core/src/io/write.rs:402:11
[INFO] [stdout]    7:     0x6455f67a6d1c - <alloc[2e1b2a31b91974c5]::vec::Vec<u8> as core[a373ad73a504971]::io::write::Write>::write_fmt
[INFO] [stdout]                                at /rustc/e3feeb59cd1bdd011a2bfcc0747b55125d9b8527/library/core/src/io/write.rs:335:13
[INFO] [stdout]    8:     0x6455f677e606 - <std[617be2ca0a6fd877]::sys::backtrace::BacktraceLock>::print
[INFO] [stdout]                                at /rustc/e3feeb59cd1bdd011a2bfcc0747b55125d9b8527/library/std/src/sys/backtrace.rs:47:9
[INFO] [stdout]    9:     0x6455f677e606 - std[617be2ca0a6fd877]::panicking::default_hook::{closure#0}
[INFO] [stdout]                                at /rustc/e3feeb59cd1bdd011a2bfcc0747b55125d9b8527/library/std/src/panicking.rs:289:27
[INFO] [stdout]   10:     0x6455f679ae19 - std[617be2ca0a6fd877]::panicking::default_hook
[INFO] [stdout]                                at /rustc/e3feeb59cd1bdd011a2bfcc0747b55125d9b8527/library/std/src/panicking.rs:313:9
[INFO] [stdout]   11:     0x6455f6736990 - <alloc[2e1b2a31b91974c5]::boxed::Box<dyn for<'a, 'b> core[a373ad73a504971]::ops::function::Fn<(&'a std[617be2ca0a6fd877]::panic::PanicHookInfo<'b>,), Output = ()> + core[a373ad73a504971]::marker::Sync + core[a373ad73a504971]::marker::Send> as core[a373ad73a504971]::ops::function::Fn<(&std[617be2ca0a6fd877]::panic::PanicHookInfo,)>>::call
[INFO] [stdout]                                at /rustc/e3feeb59cd1bdd011a2bfcc0747b55125d9b8527/library/alloc/src/boxed.rs:2328:9
[INFO] [stdout]   12:     0x6455f6736990 - test[aada8e7e76ba119b]::test_main_inner::{closure#0}
[INFO] [stdout]                                at /rustc/e3feeb59cd1bdd011a2bfcc0747b55125d9b8527/library/test/src/lib.rs:137:21
[INFO] [stdout]   13:     0x6455f679afd2 - <alloc[2e1b2a31b91974c5]::boxed::Box<dyn for<'a, 'b> core[a373ad73a504971]::ops::function::Fn<(&'a std[617be2ca0a6fd877]::panic::PanicHookInfo<'b>,), Output = ()> + core[a373ad73a504971]::marker::Sync + core[a373ad73a504971]::marker::Send> as core[a373ad73a504971]::ops::function::Fn<(&std[617be2ca0a6fd877]::panic::PanicHookInfo,)>>::call
[INFO] [stdout]                                at /rustc/e3feeb59cd1bdd011a2bfcc0747b55125d9b8527/library/alloc/src/boxed.rs:2328:9
[INFO] [stdout]   14:     0x6455f679afd2 - std[617be2ca0a6fd877]::panicking::panic_with_hook
[INFO] [stdout]                                at /rustc/e3feeb59cd1bdd011a2bfcc0747b55125d9b8527/library/std/src/panicking.rs:819:13
[INFO] [stdout]   15:     0x6455f677e6e4 - std[617be2ca0a6fd877]::panicking::panic_handler::{closure#0}
[INFO] [stdout]                                at /rustc/e3feeb59cd1bdd011a2bfcc0747b55125d9b8527/library/std/src/panicking.rs:678:13
[INFO] [stdout]   16:     0x6455f6777239 - std[617be2ca0a6fd877]::sys::backtrace::__rust_end_short_backtrace::<std[617be2ca0a6fd877]::panicking::panic_handler::{closure#0}, !>
[INFO] [stdout]                                at /rustc/e3feeb59cd1bdd011a2bfcc0747b55125d9b8527/library/std/src/sys/backtrace.rs:182:18
[INFO] [stdout]   17:     0x6455f677f2bd - __rustc[ea4f61d10b84890b]::rust_begin_unwind
[INFO] [stdout]                                at /rustc/e3feeb59cd1bdd011a2bfcc0747b55125d9b8527/library/std/src/panicking.rs:676:5
[INFO] [stdout]   18:     0x6455f67b72ac - core[a373ad73a504971]::panicking::panic_fmt
[INFO] [stdout]                                at /rustc/e3feeb59cd1bdd011a2bfcc0747b55125d9b8527/library/core/src/panicking.rs:80:14
[INFO] [stdout]   19:     0x6455f670fafe - bench_target_law[55e3f6429ca768a5]::law_common::crate_dirs
[INFO] [stdout]                                at /opt/rustwide/workdir/tests/law_common/mod.rs:86:5
[INFO] [stdout]   20:     0x6455f670c37d - bench_target_law[55e3f6429ca768a5]::crate_dirs
[INFO] [stdout]                                at /opt/rustwide/workdir/tests/bench_target_law.rs:164:5
[INFO] [stdout]   21:     0x6455f670c981 - bench_target_law[55e3f6429ca768a5]::bench_sources
[INFO] [stdout]                                at /opt/rustwide/workdir/tests/bench_target_law.rs:176:16
[INFO] [stdout]   22:     0x6455f670e5dc - bench_target_law[55e3f6429ca768a5]::the_scan_actually_finds_the_bench_sources
[INFO] [stdout]                                at /opt/rustwide/workdir/tests/bench_target_law.rs:278:19
[INFO] [stdout]   23:     0x6455f670bcb7 - bench_target_law[55e3f6429ca768a5]::the_scan_actually_finds_the_bench_sources::{closure#0}
[INFO] [stdout]                                at /opt/rustwide/workdir/tests/bench_target_law.rs:277:47
[INFO] [stdout]   24:     0x6455f67130e6 - <bench_target_law[55e3f6429ca768a5]::the_scan_actually_finds_the_bench_sources::{closure#0} as core[a373ad73a504971]::ops::function::FnOnce<()>>::call_once
[INFO] [stdout]                                at /rustc/e3feeb59cd1bdd011a2bfcc0747b55125d9b8527/library/core/src/ops/function.rs:250:5
[INFO] [stdout]   25:     0x6455f6729ddb - <fn() -> core[a373ad73a504971]::result::Result<(), alloc[2e1b2a31b91974c5]::string::String> as core[a373ad73a504971]::ops::function::FnOnce<()>>::call_once
[INFO] [stdout]                                at /rustc/e3feeb59cd1bdd011a2bfcc0747b55125d9b8527/library/core/src/ops/function.rs:250:5
[INFO] [stdout]   26:     0x6455f6729ddb - test[aada8e7e76ba119b]::__rust_begin_short_backtrace::<core[a373ad73a504971]::result::Result<(), alloc[2e1b2a31b91974c5]::string::String>, fn() -> core[a373ad73a504971]::result::Result<(), alloc[2e1b2a31b91974c5]::string::String>>
[INFO] [stdout]                                at /rustc/e3feeb59cd1bdd011a2bfcc0747b55125d9b8527/library/test/src/lib.rs:701:18
[INFO] [stdout]   27:     0x6455f6736fb5 - test[aada8e7e76ba119b]::run_test_in_process::{closure#0}
[INFO] [stdout]                                at /rustc/e3feeb59cd1bdd011a2bfcc0747b55125d9b8527/library/test/src/lib.rs:724:74
[INFO] [stdout]   28:     0x6455f6736fb5 - <core[a373ad73a504971]::panic::unwind_safe::AssertUnwindSafe<test[aada8e7e76ba119b]::run_test_in_process::{closure#0}> as core[a373ad73a504971]::ops::function::FnOnce<()>>::call_once
[INFO] [stdout]                                at /rustc/e3feeb59cd1bdd011a2bfcc0747b55125d9b8527/library/core/src/panic/unwind_safe.rs:275:9
[INFO] [stdout]   29:     0x6455f6736fb5 - std[617be2ca0a6fd877]::panicking::catch_unwind::do_call::<core[a373ad73a504971]::panic::unwind_safe::AssertUnwindSafe<test[aada8e7e76ba119b]::run_test_in_process::{closure#0}>, core[a373ad73a504971]::result::Result<(), alloc[2e1b2a31b91974c5]::string::String>>
[INFO] [stdout]                                at /rustc/e3feeb59cd1bdd011a2bfcc0747b55125d9b8527/library/std/src/panicking.rs:573:43
[INFO] [stdout]   30:     0x6455f6736fb5 - std[617be2ca0a6fd877]::panicking::catch_unwind::<core[a373ad73a504971]::result::Result<(), alloc[2e1b2a31b91974c5]::string::String>, core[a373ad73a504971]::panic::unwind_safe::AssertUnwindSafe<test[aada8e7e76ba119b]::run_test_in_process::{closure#0}>>
[INFO] [stdout]                                at /rustc/e3feeb59cd1bdd011a2bfcc0747b55125d9b8527/library/std/src/panicking.rs:541:19
[INFO] [stdout]   31:     0x6455f6736fb5 - std[617be2ca0a6fd877]::panic::catch_unwind::<core[a373ad73a504971]::panic::unwind_safe::AssertUnwindSafe<test[aada8e7e76ba119b]::run_test_in_process::{closure#0}>, core[a373ad73a504971]::result::Result<(), alloc[2e1b2a31b91974c5]::string::String>>
[INFO] [stdout]                                at /rustc/e3feeb59cd1bdd011a2bfcc0747b55125d9b8527/library/std/src/panic.rs:359:14
[INFO] [stdout]   32:     0x6455f6736fb5 - test[aada8e7e76ba119b]::run_test_in_process
[INFO] [stdout]                                at /rustc/e3feeb59cd1bdd011a2bfcc0747b55125d9b8527/library/test/src/lib.rs:724:27
[INFO] [stdout]   33:     0x6455f6736fb5 - test[aada8e7e76ba119b]::run_test::{closure#0}
[INFO] [stdout]                                at /rustc/e3feeb59cd1bdd011a2bfcc0747b55125d9b8527/library/test/src/lib.rs:645:43
[INFO] [stdout]   34:     0x6455f67308a4 - test[aada8e7e76ba119b]::run_test::{closure#1}
[INFO] [stdout]                                at /rustc/e3feeb59cd1bdd011a2bfcc0747b55125d9b8527/library/test/src/lib.rs:675:41
[INFO] [stdout]   35:     0x6455f67308a4 - std[617be2ca0a6fd877]::sys::backtrace::__rust_begin_short_backtrace::<test[aada8e7e76ba119b]::run_test::{closure#1}, ()>
[INFO] [stdout]                                at /rustc/e3feeb59cd1bdd011a2bfcc0747b55125d9b8527/library/std/src/sys/backtrace.rs:166:18
[INFO] [stdout]   36:     0x6455f673a042 - std[617be2ca0a6fd877]::thread::lifecycle::spawn_unchecked::<test[aada8e7e76ba119b]::run_test::{closure#1}, ()>::{closure#1}::{closure#0}
[INFO] [stdout]                                at /rustc/e3feeb59cd1bdd011a2bfcc0747b55125d9b8527/library/std/src/thread/lifecycle.rs:70:13
[INFO] [stdout]   37:     0x6455f673a042 - <core[a373ad73a504971]::panic::unwind_safe::AssertUnwindSafe<std[617be2ca0a6fd877]::thread::lifecycle::spawn_unchecked<test[aada8e7e76ba119b]::run_test::{closure#1}, ()>::{closure#1}::{closure#0}> as core[a373ad73a504971]::ops::function::FnOnce<()>>::call_once
[INFO] [stdout]                                at /rustc/e3feeb59cd1bdd011a2bfcc0747b55125d9b8527/library/core/src/panic/unwind_safe.rs:275:9
[INFO] [stdout]   38:     0x6455f673a042 - std[617be2ca0a6fd877]::panicking::catch_unwind::do_call::<core[a373ad73a504971]::panic::unwind_safe::AssertUnwindSafe<std[617be2ca0a6fd877]::thread::lifecycle::spawn_unchecked<test[aada8e7e76ba119b]::run_test::{closure#1}, ()>::{closure#1}::{closure#0}>, ()>
[INFO] [stdout]                                at /rustc/e3feeb59cd1bdd011a2bfcc0747b55125d9b8527/library/std/src/panicking.rs:573:43
[INFO] [stdout]   39:     0x6455f673a042 - std[617be2ca0a6fd877]::panicking::catch_unwind::<(), core[a373ad73a504971]::panic::unwind_safe::AssertUnwindSafe<std[617be2ca0a6fd877]::thread::lifecycle::spawn_unchecked<test[aada8e7e76ba119b]::run_test::{closure#1}, ()>::{closure#1}::{closure#0}>>
[INFO] [stdout]                                at /rustc/e3feeb59cd1bdd011a2bfcc0747b55125d9b8527/library/std/src/panicking.rs:541:19
[INFO] [stdout]   40:     0x6455f673a042 - std[617be2ca0a6fd877]::panic::catch_unwind::<core[a373ad73a504971]::panic::unwind_safe::AssertUnwindSafe<std[617be2ca0a6fd877]::thread::lifecycle::spawn_unchecked<test[aada8e7e76ba119b]::run_test::{closure#1}, ()>::{closure#1}::{closure#0}>, ()>
[INFO] [stdout]                                at /rustc/e3feeb59cd1bdd011a2bfcc0747b55125d9b8527/library/std/src/panic.rs:359:14
[INFO] [stdout]   41:     0x6455f673a042 - std[617be2ca0a6fd877]::thread::lifecycle::spawn_unchecked::<test[aada8e7e76ba119b]::run_test::{closure#1}, ()>::{closure#1}
[INFO] [stdout]                                at /rustc/e3feeb59cd1bdd011a2bfcc0747b55125d9b8527/library/std/src/thread/lifecycle.rs:68:26
[INFO] [stdout]   42:     0x6455f673a042 - <std[617be2ca0a6fd877]::thread::lifecycle::spawn_unchecked<test[aada8e7e76ba119b]::run_test::{closure#1}, ()>::{closure#1} as core[a373ad73a504971]::ops::function::FnOnce<()>>::call_once::{shim:vtable#0}
[INFO] [stdout]                                at /rustc/e3feeb59cd1bdd011a2bfcc0747b55125d9b8527/library/core/src/ops/function.rs:250:5
[INFO] [stdout]   43:     0x6455f67a1fdf - <alloc[2e1b2a31b91974c5]::boxed::Box<dyn core[a373ad73a504971]::ops::function::FnOnce<(), Output = ()> + core[a373ad73a504971]::marker::Send> as core[a373ad73a504971]::ops::function::FnOnce<()>>::call_once
[INFO] [stdout]                                at /rustc/e3feeb59cd1bdd011a2bfcc0747b55125d9b8527/library/alloc/src/boxed.rs:2314:9
[INFO] [stdout]   44:     0x6455f67a1fdf - <std[617be2ca0a6fd877]::sys::thread::unix::Thread>::new::thread_start
[INFO] [stdout]                                at /rustc/e3feeb59cd1bdd011a2bfcc0747b55125d9b8527/library/std/src/sys/thread/unix.rs:127:17
[INFO] [stdout]   45:     0x75f1608f8dfa - <unknown>
[INFO] [stdout]   46:     0x75f16098c3d4 - clone
[INFO] [stdout]   47:                0x0 - <unknown>
[INFO] [stdout] 
[INFO] [stdout] 
[INFO] [stdout] failures:
[INFO] [stdout]     every_bench_target_has_a_main_in_the_dev_profile
[INFO] [stdout]     law_common::scan_guard::this_workspace_resolves_every_declared_member_to_a_real_crate
[INFO] [stdout]     the_scan_actually_finds_the_bench_sources
[INFO] [stdout] 
[INFO] [stdout] test result: FAILED. 4 passed; 3 failed; 0 ignored; 0 measured; 0 filtered out; finished in 0.01s
[INFO] [stdout] 
[INFO] running `Command { std: "docker" "inspect" "043f5784127105bcd88b9bddbe98703c7162fd336acf9e6d45eeafe74979ac92", kill_on_drop: false }`
[INFO] running `Command { std: "docker" "rm" "-f" "043f5784127105bcd88b9bddbe98703c7162fd336acf9e6d45eeafe74979ac92", kill_on_drop: false }`
[INFO] [stdout] 043f5784127105bcd88b9bddbe98703c7162fd336acf9e6d45eeafe74979ac92
