[INFO] fetching crate zng-peek-poke 0.5.1...
[INFO] testing zng-peek-poke-0.5.1 against 1.99.0-beta.8 for beta-1.100-2
[INFO] extracting crate zng-peek-poke 0.5.1 into /workspace/builds/worker-4-tc1/source
[INFO] started tweaking crates.io crate zng-peek-poke 0.5.1
[INFO] finished tweaking crates.io crate zng-peek-poke 0.5.1
[INFO] tweaked toml for crates.io crate zng-peek-poke 0.5.1 written to /workspace/builds/worker-4-tc1/source/Cargo.toml
[INFO] validating manifest of crates.io crate zng-peek-poke 0.5.1 on toolchain 1.99.0-beta.8
[INFO] running `Command { std: CARGO_HOME="/workspace/cargo-home" RUSTUP_HOME="/workspace/rustup-home" "/workspace/cargo-home/bin/cargo" "+1.99.0-beta.8" "metadata" "--manifest-path" "Cargo.toml" "--no-deps", kill_on_drop: false }`
[INFO] crate crates.io crate zng-peek-poke 0.5.1 already has a lockfile, it will not be regenerated
[INFO] running `Command { std: CARGO_HOME="/workspace/cargo-home" RUSTUP_HOME="/workspace/rustup-home" "/workspace/cargo-home/bin/cargo" "+1.99.0-beta.8" "fetch" "--manifest-path" "Cargo.toml", kill_on_drop: false }`
[INFO] [stderr]     Updating crates.io index
[INFO] [stderr]  Downloading crates ...
[INFO] [stderr]   Downloaded quote v1.0.42
[INFO] [stderr]   Downloaded euclid v0.22.11
[INFO] [stderr]   Downloaded zng-peek-poke-derive v0.5.1
[INFO] [stderr]   Downloaded proc-macro2 v1.0.103
[INFO] [stderr]   Downloaded autocfg v1.5.0
[INFO] [stderr]   Downloaded syn v2.0.109
[INFO] running `Command { std: "docker" "create" "-v" "/var/lib/crater-agent-workspace/builds/worker-4-tc1/source:/opt/rustwide/workdir:ro,Z" "-v" "/var/lib/crater-agent-workspace/builds/worker-4-tc1/target:/opt/rustwide/target:rw,Z" "-v" "/var/lib/crater-agent-workspace/cargo-home:/opt/rustwide/cargo-home:ro,Z" "-v" "/var/lib/crater-agent-workspace/rustup-home:/opt/rustwide/rustup-home:ro,Z" "-m" "1610612736" "--network" "none" "ghcr.io/rust-lang/crates-build-env/linux@sha256:3111399a4047eeb3a02b7a90e478d715f38a8c6669b5c4b49d30a17385265909" "sleep" "infinity", kill_on_drop: false }`
[INFO] [stdout] 6a2583287a3100ddc78b171aca500b9efb1980b5b16b3fe4b186b99e755aa57d
[INFO] running `Command { std: "docker" "start" "6a2583287a3100ddc78b171aca500b9efb1980b5b16b3fe4b186b99e755aa57d", kill_on_drop: false }`
[INFO] running `Command { std: "docker" "inspect" "6a2583287a3100ddc78b171aca500b9efb1980b5b16b3fe4b186b99e755aa57d", kill_on_drop: false }`
[INFO] running `Command { std: "docker" "exec" "-e" "SOURCE_DIR=/opt/rustwide/workdir" "-e" "CARGO_HOME=/opt/rustwide/cargo-home" "-e" "RUSTUP_HOME=/opt/rustwide/rustup-home" "-e" "CARGO_TARGET_DIR=/opt/rustwide/target" "-w" "/opt/rustwide/workdir" "--user" "0:0" "6a2583287a3100ddc78b171aca500b9efb1980b5b16b3fe4b186b99e755aa57d" "/opt/rustwide/cargo-home/bin/cargo" "+1.99.0-beta.8" "metadata" "--no-deps" "--format-version=1", kill_on_drop: false }`
[INFO] running `Command { std: "docker" "inspect" "6a2583287a3100ddc78b171aca500b9efb1980b5b16b3fe4b186b99e755aa57d", kill_on_drop: false }`
[INFO] running `Command { std: "docker" "exec" "-e" "SOURCE_DIR=/opt/rustwide/workdir" "-e" "CARGO_HOME=/opt/rustwide/cargo-home" "-e" "RUSTUP_HOME=/opt/rustwide/rustup-home" "-e" "CARGO_TARGET_DIR=/opt/rustwide/target" "-e" "CARGO_INCREMENTAL=0" "-e" "RUST_BACKTRACE=full" "-e" "RUSTFLAGS=--cap-lints=warn" "-e" "RUSTDOCFLAGS=--cap-lints=warn" "-w" "/opt/rustwide/workdir" "--user" "0:0" "6a2583287a3100ddc78b171aca500b9efb1980b5b16b3fe4b186b99e755aa57d" "/opt/rustwide/cargo-home/bin/cargo" "+1.99.0-beta.8" "build" "--frozen" "--message-format=json", kill_on_drop: false }`
[INFO] [stderr]    Compiling proc-macro2 v1.0.103
[INFO] [stderr]    Compiling quote v1.0.42
[INFO] [stderr]    Compiling syn v2.0.109
[INFO] [stderr]    Compiling synstructure v0.13.2
[INFO] [stderr]    Compiling zng-peek-poke-derive v0.5.1
[INFO] [stderr]    Compiling zng-peek-poke v0.5.1 (/opt/rustwide/workdir)
[INFO] [stderr]     Finished `dev` profile [unoptimized + debuginfo] target(s) in 5.03s
[INFO] running `Command { std: "docker" "inspect" "6a2583287a3100ddc78b171aca500b9efb1980b5b16b3fe4b186b99e755aa57d", kill_on_drop: false }`
[INFO] running `Command { std: "docker" "exec" "-e" "SOURCE_DIR=/opt/rustwide/workdir" "-e" "CARGO_HOME=/opt/rustwide/cargo-home" "-e" "RUSTUP_HOME=/opt/rustwide/rustup-home" "-e" "CARGO_TARGET_DIR=/opt/rustwide/target" "-e" "CARGO_INCREMENTAL=0" "-e" "RUST_BACKTRACE=full" "-e" "RUSTFLAGS=--cap-lints=warn" "-e" "RUSTDOCFLAGS=--cap-lints=warn" "-w" "/opt/rustwide/workdir" "--user" "0:0" "6a2583287a3100ddc78b171aca500b9efb1980b5b16b3fe4b186b99e755aa57d" "/opt/rustwide/cargo-home/bin/cargo" "+1.99.0-beta.8" "test" "--frozen" "--no-run" "--message-format=json", kill_on_drop: false }`
[INFO] [stderr]    Compiling zng-peek-poke v0.5.1 (/opt/rustwide/workdir)
[INFO] [stderr]     Finished `test` profile [unoptimized + debuginfo] target(s) in 0.39s
[INFO] running `Command { std: "docker" "inspect" "6a2583287a3100ddc78b171aca500b9efb1980b5b16b3fe4b186b99e755aa57d", kill_on_drop: false }`
[INFO] running `Command { std: "docker" "exec" "-e" "SOURCE_DIR=/opt/rustwide/workdir" "-e" "CARGO_HOME=/opt/rustwide/cargo-home" "-e" "RUSTUP_HOME=/opt/rustwide/rustup-home" "-e" "CARGO_TARGET_DIR=/opt/rustwide/target" "-e" "CARGO_INCREMENTAL=0" "-e" "RUST_BACKTRACE=full" "-e" "RUSTFLAGS=--cap-lints=warn" "-e" "RUSTDOCFLAGS=--cap-lints=warn" "-w" "/opt/rustwide/workdir" "--user" "0:0" "6a2583287a3100ddc78b171aca500b9efb1980b5b16b3fe4b186b99e755aa57d" "/opt/rustwide/cargo-home/bin/cargo" "+1.99.0-beta.8" "test" "--frozen", kill_on_drop: false }`
[INFO] [stderr]     Finished `test` profile [unoptimized + debuginfo] target(s) in 0.02s
[INFO] [stdout] 
[INFO] [stderr]      Running unittests src/lib.rs (/opt/rustwide/target/debug/deps/zng_peek_poke-a59b25f74e0f1e4d)
[INFO] [stdout] running 0 tests
[INFO] [stderr]    Doc-tests zng_peek_poke
[INFO] [stdout] 
[INFO] [stdout] test result: ok. 0 passed; 0 failed; 0 ignored; 0 measured; 0 filtered out; finished in 0.00s
[INFO] [stdout] 
[INFO] [stdout] 
[INFO] [stdout] running 2 tests
[INFO] [stdout] test src/lib.rs - Peek (line 221) ... ignored
[INFO] [stdout] test src/lib.rs - Poke (line 162) - compile ... FAILED
[INFO] [stdout] 
[INFO] [stdout] failures:
[INFO] [stdout] 
[INFO] [stdout] ---- src/lib.rs - Poke (line 162) stdout ----
[INFO] [stdout] error[E0432]: unresolved import `peek_poke`
[INFO] [stdout]    --> src/lib.rs:163:5
[INFO] [stdout]     |
[INFO] [stdout] 163 | use peek_poke::Poke;
[INFO] [stdout]     |     ^^^^^^^^^ use of unresolved module or unlinked crate `peek_poke`
[INFO] [stdout]     |
[INFO] [stdout]     = help: if you wanted to use a crate named `peek_poke`, use `cargo add peek_poke` to add it to your `Cargo.toml`
[INFO] [stdout] 
[INFO] [stdout] error: aborting due to 1 previous error
[INFO] [stdout] 
[INFO] [stdout] For more information about this error, try `rustc --explain E0432`.
[INFO] [stdout] Couldn't compile the test.
[INFO] [stdout] 
[INFO] [stdout] failures:
[INFO] [stdout]     src/lib.rs - Poke (line 162)
[INFO] [stdout] 
[INFO] [stdout] test result: FAILED. 0 passed; 1 failed; 1 ignored; 0 measured; 0 filtered out; finished in 0.04s
[INFO] [stdout] 
[INFO] [stderr] error: doctest failed, to rerun pass `--doc`
[INFO] running `Command { std: "docker" "inspect" "6a2583287a3100ddc78b171aca500b9efb1980b5b16b3fe4b186b99e755aa57d", kill_on_drop: false }`
[INFO] running `Command { std: "docker" "rm" "-f" "6a2583287a3100ddc78b171aca500b9efb1980b5b16b3fe4b186b99e755aa57d", kill_on_drop: false }`
[INFO] [stdout] 6a2583287a3100ddc78b171aca500b9efb1980b5b16b3fe4b186b99e755aa57d
