[INFO] fetching crate zksync_consensus_network 0.13.0...
[INFO] testing zksync_consensus_network-0.13.0 against 1.100.0-beta.1 for beta-1.100-2
[INFO] extracting crate zksync_consensus_network 0.13.0 into /workspace/builds/worker-2-tc2/source
[INFO] started tweaking crates.io crate zksync_consensus_network 0.13.0
[INFO] finished tweaking crates.io crate zksync_consensus_network 0.13.0
[INFO] tweaked toml for crates.io crate zksync_consensus_network 0.13.0 written to /workspace/builds/worker-2-tc2/source/Cargo.toml
[INFO] validating manifest of crates.io crate zksync_consensus_network 0.13.0 on toolchain 1.100.0-beta.1
[INFO] running `Command { std: CARGO_HOME="/workspace/cargo-home" RUSTUP_HOME="/workspace/rustup-home" "/workspace/cargo-home/bin/cargo" "+1.100.0-beta.1" "metadata" "--manifest-path" "Cargo.toml" "--no-deps", kill_on_drop: false }`
[INFO] crate crates.io crate zksync_consensus_network 0.13.0 already has a lockfile, it will not be regenerated
[INFO] running `Command { std: CARGO_HOME="/workspace/cargo-home" RUSTUP_HOME="/workspace/rustup-home" "/workspace/cargo-home/bin/cargo" "+1.100.0-beta.1" "fetch" "--manifest-path" "Cargo.toml", kill_on_drop: false }`
[INFO] running `Command { std: "docker" "create" "-v" "/var/lib/crater-agent-workspace/builds/worker-2-tc2/source:/opt/rustwide/workdir:ro,Z" "-v" "/var/lib/crater-agent-workspace/builds/worker-2-tc2/target:/opt/rustwide/target:rw,Z" "-v" "/var/lib/crater-agent-workspace/cargo-home:/opt/rustwide/cargo-home:ro,Z" "-v" "/var/lib/crater-agent-workspace/rustup-home:/opt/rustwide/rustup-home:ro,Z" "-m" "1610612736" "--network" "none" "ghcr.io/rust-lang/crates-build-env/linux@sha256:3111399a4047eeb3a02b7a90e478d715f38a8c6669b5c4b49d30a17385265909" "sleep" "infinity", kill_on_drop: false }`
[INFO] [stdout] 8a42332759f078e79d6cc160b7aaceed7c0bdcc14d6b1fdf842949dd51c920de
[INFO] running `Command { std: "docker" "start" "8a42332759f078e79d6cc160b7aaceed7c0bdcc14d6b1fdf842949dd51c920de", kill_on_drop: false }`
[INFO] running `Command { std: "docker" "inspect" "8a42332759f078e79d6cc160b7aaceed7c0bdcc14d6b1fdf842949dd51c920de", kill_on_drop: false }`
[INFO] running `Command { std: "docker" "exec" "-e" "SOURCE_DIR=/opt/rustwide/workdir" "-e" "CARGO_HOME=/opt/rustwide/cargo-home" "-e" "RUSTUP_HOME=/opt/rustwide/rustup-home" "-e" "CARGO_TARGET_DIR=/opt/rustwide/target" "-w" "/opt/rustwide/workdir" "--user" "0:0" "8a42332759f078e79d6cc160b7aaceed7c0bdcc14d6b1fdf842949dd51c920de" "/opt/rustwide/cargo-home/bin/cargo" "+1.100.0-beta.1" "metadata" "--no-deps" "--format-version=1", kill_on_drop: false }`
[INFO] running `Command { std: "docker" "inspect" "8a42332759f078e79d6cc160b7aaceed7c0bdcc14d6b1fdf842949dd51c920de", kill_on_drop: false }`
[INFO] running `Command { std: "docker" "exec" "-e" "SOURCE_DIR=/opt/rustwide/workdir" "-e" "CARGO_HOME=/opt/rustwide/cargo-home" "-e" "RUSTUP_HOME=/opt/rustwide/rustup-home" "-e" "CARGO_TARGET_DIR=/opt/rustwide/target" "-e" "CARGO_INCREMENTAL=0" "-e" "RUST_BACKTRACE=full" "-e" "RUSTFLAGS=--cap-lints=warn" "-e" "RUSTDOCFLAGS=--cap-lints=warn" "-w" "/opt/rustwide/workdir" "--user" "0:0" "8a42332759f078e79d6cc160b7aaceed7c0bdcc14d6b1fdf842949dd51c920de" "/opt/rustwide/cargo-home/bin/cargo" "+1.100.0-beta.1" "build" "--frozen" "--message-format=json", kill_on_drop: false }`
[INFO] [stderr]    Compiling typenum v1.18.0
[INFO] [stderr]    Compiling regex-syntax v0.6.29
[INFO] [stderr]    Compiling either v1.15.0
[INFO] [stderr]    Compiling anyhow v1.0.98
[INFO] [stderr]    Compiling lock_api v0.4.13
[INFO] [stderr]    Compiling hashbrown v0.15.3
[INFO] [stderr]    Compiling parking_lot_core v0.9.11
[INFO] [stderr]    Compiling num-traits v0.2.19
[INFO] [stderr]    Compiling beef v0.5.2
[INFO] [stderr]    Compiling unicode-width v0.1.14
[INFO] [stderr]    Compiling jobserver v0.1.33
[INFO] [stderr]    Compiling serde v1.0.219
[INFO] [stderr]    Compiling miette-derive v5.10.0
[INFO] [stderr]    Compiling rustix v1.0.7
[INFO] [stderr]    Compiling getrandom v0.3.3
[INFO] [stderr]    Compiling linux-raw-sys v0.9.4
[INFO] [stderr]    Compiling bitflags v2.9.1
[INFO] [stderr]    Compiling itertools v0.12.1
[INFO] [stderr]    Compiling cc v1.2.25
[INFO] [stderr]    Compiling prettyplease v0.2.33
[INFO] [stderr]    Compiling semver v1.0.26
[INFO] [stderr]    Compiling mio v1.0.4
[INFO] [stderr]    Compiling signal-hook-registry v1.4.5
[INFO] [stderr]    Compiling socket2 v0.5.10
[INFO] [stderr]    Compiling parking_lot v0.12.4
[INFO] [stderr]    Compiling fastrand v2.3.0
[INFO] [stderr]    Compiling fixedbitset v0.4.2
[INFO] [stderr]    Compiling tracing-core v0.1.33
[INFO] [stderr]    Compiling indexmap v2.9.0
[INFO] [stderr]    Compiling log v0.4.27
[INFO] [stderr]    Compiling tokio v1.45.1
[INFO] [stderr]    Compiling multimap v0.10.1
[INFO] [stderr]    Compiling rustc_version v0.4.1
[INFO] [stderr]    Compiling fs_extra v1.3.0
[INFO] [stderr]    Compiling miette v5.10.0
[INFO] [stderr]    Compiling generic-array v0.14.7
[INFO] [stderr]    Compiling ordered-float v2.10.1
[INFO] [stderr]    Compiling cmake v0.1.54
[INFO] [stderr]    Compiling dunce v1.0.5
[INFO] [stderr]    Compiling tracing v0.1.41
[INFO] [stderr]    Compiling der v0.7.10
[INFO] [stderr]    Compiling regex-syntax v0.8.5
[INFO] [stderr]    Compiling petgraph v0.6.5
[INFO] [stderr]    Compiling prometheus-client v0.23.1
[INFO] [stderr]    Compiling curve25519-dalek v4.1.3
[INFO] [stderr]    Compiling ff v0.13.1
[INFO] [stderr]    Compiling prometheus-client-derive-encode v0.4.2
[INFO] [stderr]    Compiling overload v0.1.1
[INFO] [stderr]    Compiling keccak v0.1.5
[INFO] [stderr]    Compiling stable_deref_trait v1.2.0
[INFO] [stderr]    Compiling lazy_static v1.5.0
[INFO] [stderr]    Compiling dtoa v1.0.10
[INFO] [stderr]    Compiling aws-lc-rs v1.13.1
[INFO] [stderr]    Compiling sharded-slab v0.1.7
[INFO] [stderr]    Compiling crypto-common v0.1.6
[INFO] [stderr]    Compiling block-buffer v0.10.4
[INFO] [stderr]    Compiling inout v0.1.4
[INFO] [stderr]    Compiling tempfile v3.20.0
[INFO] [stderr]    Compiling digest v0.10.7
[INFO] [stderr]    Compiling cipher v0.4.4
[INFO] [stderr]    Compiling prost-derive v0.12.6
[INFO] [stderr]    Compiling universal-hash v0.5.1
[INFO] [stderr]    Compiling aws-lc-sys v0.29.0
[INFO] [stderr]    Compiling crypto-bigint v0.5.5
[INFO] [stderr]    Compiling elsa v1.11.2
[INFO] [stderr]    Compiling spki v0.7.3
[INFO] [stderr]    Compiling logos-codegen v0.13.0
[INFO] [stderr]    Compiling regex-automata v0.1.10
[INFO] [stderr]    Compiling signature v2.2.0
[INFO] [stderr]    Compiling pkcs8 v0.10.2
[INFO] [stderr]    Compiling sec1 v0.7.3
[INFO] [stderr]    Compiling hmac v0.12.1
[INFO] [stderr]    Compiling sha3 v0.10.8
[INFO] [stderr]    Compiling sha2 v0.10.9
[INFO] [stderr]    Compiling nu-ansi-term v0.46.0
[INFO] [stderr]    Compiling deranged v0.4.0
[INFO] [stderr]    Compiling group v0.13.0
[INFO] [stderr]    Compiling rand v0.8.5
[INFO] [stderr]    Compiling tracing-log v0.2.0
[INFO] [stderr]    Compiling vise-macros v0.3.0
[INFO] [stderr]    Compiling ctor v0.2.9
[INFO] [stderr]    Compiling thread_local v1.1.8
[INFO] [stderr]    Compiling regex-automata v0.4.9
[INFO] [stderr]    Compiling matchers v0.1.0
[INFO] [stderr]    Compiling time-core v0.1.4
[INFO] [stderr]    Compiling num-conv v0.1.0
[INFO] [stderr]    Compiling compile-fmt v0.1.0
[INFO] [stderr]    Compiling serde-value v0.7.0
[INFO] [stderr]    Compiling elliptic-curve v0.13.8
[INFO] [stderr]    Compiling time v0.3.41
[INFO] [stderr]    Compiling rfc6979 v0.4.0
[INFO] [stderr]    Compiling prost v0.12.6
[INFO] [stderr]    Compiling blst v0.3.14
[INFO] [stderr]    Compiling num_cpus v1.17.0
[INFO] [stderr]    Compiling vise v0.3.0
[INFO] [stderr]    Compiling ryu v1.0.20
[INFO] [stderr]    Compiling serde_json v1.0.140
[INFO] [stderr]    Compiling prost-types v0.12.6
[INFO] [stderr]    Compiling threadpool v1.8.1
[INFO] [stderr]    Compiling ecdsa v0.16.9
[INFO] [stderr]    Compiling ed25519 v2.2.3
[INFO] [stderr]    Compiling logos-derive v0.13.0
[INFO] [stderr]    Compiling rustls-pki-types v1.12.0
[INFO] [stderr]    Compiling memchr v2.7.4
[INFO] [stderr]    Compiling rustls v0.23.27
[INFO] [stderr]    Compiling logos v0.13.0
[INFO] [stderr]    Compiling byteorder v1.5.0
[INFO] [stderr]    Compiling futures-util v0.3.31
[INFO] [stderr]    Compiling k256 v0.13.4
[INFO] [stderr]    Compiling polyval v0.6.2
[INFO] [stderr]    Compiling ed25519-dalek v2.1.1
[INFO] [stderr]    Compiling quick-protobuf v0.8.1
[INFO] [stderr]    Compiling aead v0.5.2
[INFO] [stderr]    Compiling num-integer v0.1.46
[INFO] [stderr]    Compiling bit-vec v0.6.3
[INFO] [stderr]    Compiling ghash v0.5.1
[INFO] [stderr]    Compiling serde_yaml v0.9.34+deprecated
[INFO] [stderr]    Compiling poly1305 v0.8.0
[INFO] [stderr]    Compiling ctr v0.9.2
[INFO] [stderr]    Compiling aes v0.8.4
[INFO] [stderr]    Compiling chacha20 v0.9.1
[INFO] [stderr]    Compiling protox-parse v0.5.0
[INFO] [stderr]    Compiling prost-reflect v0.12.0
[INFO] [stderr]    Compiling prost-build v0.12.6
[INFO] [stderr]    Compiling regex v1.11.1
[INFO] [stderr]    Compiling num-bigint v0.4.6
[INFO] [stderr]    Compiling snow v0.9.6
[INFO] [stderr]    Compiling bitmaps v2.1.0
[INFO] [stderr]    Compiling im v15.1.0
[INFO] [stderr]    Compiling aes-gcm v0.10.3
[INFO] [stderr]    Compiling chacha20poly1305 v0.10.1
[INFO] [stderr]    Compiling zksync_consensus_crypto v0.13.0
[INFO] [stderr]    Compiling blake2 v0.10.6
[INFO] [stderr]    Compiling tracing-subscriber v0.3.19
[INFO] [stderr]    Compiling tokio-util v0.7.15
[INFO] [stderr]    Compiling rand_xoshiro v0.6.0
[INFO] [stderr]    Compiling human-repr v1.1.0
[INFO] [stderr]    Compiling sized-chunks v0.6.5
[INFO] [stderr]    Compiling build_html v2.6.0
[INFO] [stderr]    Compiling h2 v0.4.10
[INFO] [stderr]    Compiling zksync_concurrency v0.13.0
[INFO] [stderr]    Compiling protox v0.5.1
[INFO] [stderr]    Compiling zksync_protobuf_build v0.13.0
[INFO] [stderr]    Compiling zksync_consensus_utils v0.13.0
[INFO] [stderr]    Compiling zksync_protobuf v0.13.0
[INFO] [stderr]    Compiling zksync_consensus_roles v0.13.0
[INFO] [stderr]    Compiling zksync_consensus_network v0.13.0 (/opt/rustwide/workdir)
[INFO] [stderr]    Compiling hyper v1.6.0
[INFO] [stderr]    Compiling hyper-util v0.1.13
[INFO] [stderr]    Compiling zksync_consensus_engine v0.13.0
[INFO] [stderr]    Compiling rustls-webpki v0.103.3
[INFO] [stderr]    Compiling tokio-rustls v0.26.2
[INFO] [stderr]    Compiling tls-listener v0.10.3
[INFO] [stdout] warning: hiding a lifetime that's elided elsewhere is confusing
[INFO] [stdout]   --> src/watch.rs:24:30
[INFO] [stdout]    |
[INFO] [stdout] 24 |     pub(crate) async fn lock(&self) -> sync::MutexGuard<sync::watch::Sender<T>> {
[INFO] [stdout]    |                              ^^^^^     ^^^^^^^^^^^^^^^^^^^^^^^^^^^^^^^^^^^^^^^^ the same lifetime is hidden here
[INFO] [stdout]    |                              |
[INFO] [stdout]    |                              the lifetime is elided here
[INFO] [stdout]    |
[INFO] [stdout]    = help: the same lifetime is referred to in inconsistent ways, making the signature confusing
[INFO] [stdout]    = note: `#[warn(mismatched_lifetime_syntaxes)]` on by default
[INFO] [stdout] help: use `'_` for type paths
[INFO] [stdout]    |
[INFO] [stdout] 24 |     pub(crate) async fn lock(&self) -> sync::MutexGuard<'_, sync::watch::Sender<T>> {
[INFO] [stdout]    |                                                         +++
[INFO] [stdout] 
[INFO] [stdout] 
[INFO] [stderr]     Finished `dev` profile [unoptimized + debuginfo] target(s) in 44.45s
[INFO] running `Command { std: "docker" "inspect" "8a42332759f078e79d6cc160b7aaceed7c0bdcc14d6b1fdf842949dd51c920de", kill_on_drop: false }`
[INFO] running `Command { std: "docker" "exec" "-e" "SOURCE_DIR=/opt/rustwide/workdir" "-e" "CARGO_HOME=/opt/rustwide/cargo-home" "-e" "RUSTUP_HOME=/opt/rustwide/rustup-home" "-e" "CARGO_TARGET_DIR=/opt/rustwide/target" "-e" "CARGO_INCREMENTAL=0" "-e" "RUST_BACKTRACE=full" "-e" "RUSTFLAGS=--cap-lints=warn" "-e" "RUSTDOCFLAGS=--cap-lints=warn" "-w" "/opt/rustwide/workdir" "--user" "0:0" "8a42332759f078e79d6cc160b7aaceed7c0bdcc14d6b1fdf842949dd51c920de" "/opt/rustwide/cargo-home/bin/cargo" "+1.100.0-beta.1" "test" "--frozen" "--no-run" "--message-format=json", kill_on_drop: false }`
[INFO] [stderr]    Compiling test-casing-macro v0.1.3
[INFO] [stderr]    Compiling yansi v1.0.1
[INFO] [stderr]    Compiling assert_matches v1.5.0
[INFO] [stdout] warning: hiding a lifetime that's elided elsewhere is confusing
[INFO] [stdout]   --> src/watch.rs:24:30
[INFO] [stdout]    |
[INFO] [stdout] 24 |     pub(crate) async fn lock(&self) -> sync::MutexGuard<sync::watch::Sender<T>> {
[INFO] [stdout]    |                              ^^^^^     ^^^^^^^^^^^^^^^^^^^^^^^^^^^^^^^^^^^^^^^^ the same lifetime is hidden here
[INFO] [stdout]    |                              |
[INFO] [stdout]    |                              the lifetime is elided here
[INFO] [stdout]    |
[INFO] [stdout]    = help: the same lifetime is referred to in inconsistent ways, making the signature confusing
[INFO] [stdout]    = note: `#[warn(mismatched_lifetime_syntaxes)]` on by default
[INFO] [stdout] help: use `'_` for type paths
[INFO] [stdout]    |
[INFO] [stdout] 24 |     pub(crate) async fn lock(&self) -> sync::MutexGuard<'_, sync::watch::Sender<T>> {
[INFO] [stdout]    |                                                         +++
[INFO] [stdout] 
[INFO] [stdout] 
[INFO] [stderr]    Compiling pretty_assertions v1.4.1
[INFO] [stderr]    Compiling test-casing v0.1.3
[INFO] [stderr]    Compiling zksync_consensus_network v0.13.0 (/opt/rustwide/workdir)
[INFO] [stdout] warning: hiding a lifetime that's elided elsewhere is confusing
[INFO] [stdout]   --> src/watch.rs:24:30
[INFO] [stdout]    |
[INFO] [stdout] 24 |     pub(crate) async fn lock(&self) -> sync::MutexGuard<sync::watch::Sender<T>> {
[INFO] [stdout]    |                              ^^^^^     ^^^^^^^^^^^^^^^^^^^^^^^^^^^^^^^^^^^^^^^^ the same lifetime is hidden here
[INFO] [stdout]    |                              |
[INFO] [stdout]    |                              the lifetime is elided here
[INFO] [stdout]    |
[INFO] [stdout]    = help: the same lifetime is referred to in inconsistent ways, making the signature confusing
[INFO] [stdout]    = note: `#[warn(mismatched_lifetime_syntaxes)]` on by default
[INFO] [stdout] help: use `'_` for type paths
[INFO] [stdout]    |
[INFO] [stdout] 24 |     pub(crate) async fn lock(&self) -> sync::MutexGuard<'_, sync::watch::Sender<T>> {
[INFO] [stdout]    |                                                         +++
[INFO] [stdout] 
[INFO] [stdout] 
[INFO] [stderr]     Finished `test` profile [unoptimized + debuginfo] target(s) in 11.90s
[INFO] running `Command { std: "docker" "inspect" "8a42332759f078e79d6cc160b7aaceed7c0bdcc14d6b1fdf842949dd51c920de", kill_on_drop: false }`
[INFO] running `Command { std: "docker" "exec" "-e" "SOURCE_DIR=/opt/rustwide/workdir" "-e" "CARGO_HOME=/opt/rustwide/cargo-home" "-e" "RUSTUP_HOME=/opt/rustwide/rustup-home" "-e" "CARGO_TARGET_DIR=/opt/rustwide/target" "-e" "CARGO_INCREMENTAL=0" "-e" "RUST_BACKTRACE=full" "-e" "RUSTFLAGS=--cap-lints=warn" "-e" "RUSTDOCFLAGS=--cap-lints=warn" "-w" "/opt/rustwide/workdir" "--user" "0:0" "8a42332759f078e79d6cc160b7aaceed7c0bdcc14d6b1fdf842949dd51c920de" "/opt/rustwide/cargo-home/bin/cargo" "+1.100.0-beta.1" "test" "--frozen", kill_on_drop: false }`
[INFO] [stderr] warning: hiding a lifetime that's elided elsewhere is confusing
[INFO] [stderr]   --> src/watch.rs:24:30
[INFO] [stderr]    |
[INFO] [stderr] 24 |     pub(crate) async fn lock(&self) -> sync::MutexGuard<sync::watch::Sender<T>> {
[INFO] [stderr]    |                              ^^^^^     ^^^^^^^^^^^^^^^^^^^^^^^^^^^^^^^^^^^^^^^^ the same lifetime is hidden here
[INFO] [stderr]    |                              |
[INFO] [stderr]    |                              the lifetime is elided here
[INFO] [stderr]    |
[INFO] [stderr]    = help: the same lifetime is referred to in inconsistent ways, making the signature confusing
[INFO] [stderr]    = note: `#[warn(mismatched_lifetime_syntaxes)]` on by default
[INFO] [stderr] help: use `'_` for type paths
[INFO] [stderr]    |
[INFO] [stderr] 24 |     pub(crate) async fn lock(&self) -> sync::MutexGuard<'_, sync::watch::Sender<T>> {
[INFO] [stderr]    |                                                         +++
[INFO] [stderr] 
[INFO] [stderr] warning: `zksync_consensus_network` (lib) generated 1 warning (run `cargo fix --lib -p zksync_consensus_network` to apply 1 suggestion)
[INFO] [stderr] warning: `zksync_consensus_network` (lib test) generated 1 warning (1 duplicate)
[INFO] [stderr]     Finished `test` profile [unoptimized + debuginfo] target(s) in 0.29s
[INFO] [stderr]      Running unittests src/lib.rs (/opt/rustwide/target/debug/build/zksync_consensus_network/746b51aa665244c6/out/zksync_consensus_network-746b51aa665244c6)
[INFO] [stdout] 
[INFO] [stdout] running 61 tests
[INFO] [stdout] test gossip::handshake::tests::test_schema_encode_decode ... ok
[INFO] [stdout] test consensus::handshake::tests::test_session_id_mismatch ... ok
[INFO] [stdout] test gossip::handshake::tests::test_genesis_mismatch ... ok
[INFO] [stdout] test consensus::handshake::tests::test_genesis_mismatch ... ok
[INFO] [stdout] test consensus::handshake::tests::test_peer_mismatch ... ok
[INFO] [stdout] test consensus::handshake::tests::test_schema_encode_decode ... ok
[INFO] [stdout] test consensus::handshake::tests::test_invalid_signature ... ok
[INFO] [stdout] test consensus::tests::test_msg_pool_recv ... ok
[INFO] [stdout] test gossip::handshake::tests::test_invalid_signature ... ok
[INFO] [stdout] test gossip::handshake::tests::test_peer_mismatch ... ok
[INFO] [stdout] test gossip::handshake::tests::test_session_id_mismatch ... ok
[INFO] [stdout] test consensus::tests::test_msg_pool ... ok
[INFO] [stdout] test consensus::tests::test_genesis_mismatch ... ok
[INFO] [stdout] test gossip::tests::fetch_blocks::test_simple ... ok
[INFO] [stdout] test gossip::tests::fetch_blocks::test_bad_responses ... ok
[INFO] [stdout] test gossip::tests::fetch_blocks::test_announce_truncated_block_range ... ok
[INFO] [stdout] test gossip::tests::fetch_blocks::test_concurrent_requests ... ok
[INFO] [stdout] test gossip::tests::syncing::coordinated_block_syncing::case_0 ... ok
[INFO] [stdout] test gossip::tests::fetch_blocks::test_retry ... ok
[INFO] [stdout] test consensus::tests::test_transmission ... ok
[INFO] [stdout] test gossip::tests::syncing::coordinated_block_syncing::case_1 ... ok
[INFO] [stdout] test gossip::tests::syncing::test_sidechannel_sync ... ok
[INFO] [stdout] test gossip::tests::syncing::coordinated_block_syncing::case_2 ... ok
[INFO] [stdout] test gossip::tests::syncing::uncoordinated_block_syncing::case_0 ... ok
[INFO] [stdout] test consensus::tests::test_one_connection_per_validator ... ok
[INFO] [stdout] test consensus::tests::test_address_change ... ok
[INFO] [stdout] test consensus::tests::test_retransmission ... ok
[INFO] [stdout] test gossip::tests::push_tx::test_push_tx_propagation ... ok
[INFO] [stdout] test gossip::tests::syncing::test_switching_on_nodes ... ok
[INFO] [stdout] test gossip::tests::syncing::test_switching_off_nodes ... ok
[INFO] [stdout] test gossip::tests::test_genesis_mismatch ... ok
[INFO] [stdout] test gossip::tests::syncing::uncoordinated_block_syncing::case_2 ... ok
[INFO] [stdout] test gossip::tests::test_validator_addrs ... ok
[INFO] [stdout] test gossip::loadtest::tests::test_loadtest ... FAILED
[INFO] [stdout] test gossip::tests::syncing::uncoordinated_block_syncing::case_8 ... FAILED
[INFO] [stdout] test mux::tests::test_masks ... ok
[INFO] [stdout] test mux::tests::test_mux_verify ... ok
[INFO] [stdout] test mux::tests::test_transport_closed ... ok
[INFO] [stdout] test noise::tests::transmit_ok ... ok
[INFO] [stdout] test gossip::tests::syncing::uncoordinated_block_syncing::case_9 ... FAILED
[INFO] [stdout] test noise::tests::transmit_sender_dies ... ok
[INFO] [stdout] test rpc::tests::test_inflight ... ok
[INFO] [stdout] test rpc::tests::test_ping ... ok
[INFO] [stdout] test rpc::tests::test_ping_loop ... ok
[INFO] [stdout] test gossip::tests::test_validator_addrs_propagation ... FAILED
[INFO] [stdout] test gossip::tests::test_one_connection_per_node ... ok
[INFO] [stdout] test rpc::tests::test_schema_encode_decode ... ok
[INFO] [stdout] test gossip::tests::syncing::uncoordinated_block_syncing::case_4 ... ok
[INFO] [stdout] test gossip::tests::syncing::coordinated_block_syncing::case_3 ... ok
[INFO] [stdout] test tests::test_metrics ... ok
[INFO] [stdout] test gossip::tests::syncing::test_different_first_block ... ok
[INFO] [stdout] test gossip::tests::syncing::coordinated_block_syncing::case_4 ... ok
[INFO] [stdout] test gossip::tests::syncing::uncoordinated_block_syncing::case_6 ... ok
[INFO] [stdout] test gossip::tests::validator_node_restart ... ok
[INFO] [stdout] test noise::tests::transmit_receiver_dies ... ok
[INFO] [stdout] test gossip::tests::rate_limiting ... ok
[INFO] [stdout] test gossip::tests::syncing::uncoordinated_block_syncing::case_1 ... ok
[INFO] [stdout] test gossip::tests::syncing::uncoordinated_block_syncing::case_3 ... ok
[INFO] [stdout] test mux::tests::mux_with_noise ... ok
[INFO] [stdout] test gossip::tests::syncing::uncoordinated_block_syncing::case_5 ... ok
[INFO] [stdout] test gossip::tests::syncing::uncoordinated_block_syncing::case_7 ... ok
[INFO] [stdout] 
[INFO] [stdout] failures:
[INFO] [stdout] 
[INFO] [stdout] ---- gossip::loadtest::tests::test_loadtest stdout ----
[INFO] [stdout] 
[INFO] [stdout] thread 'gossip::loadtest::tests::test_loadtest' (3526) panicked at /opt/rustwide/cargo-home/registry/src/index.crates.io-1949cf8c6b5b557f/zksync_concurrency-0.13.0/src/net/tcp/testonly.rs:11:53:
[INFO] [stdout] called `Result::unwrap()` on an `Err` value: Os { code: 24, kind: TooManyOpenFiles, message: "Too many open files" }
[INFO] [stdout] stack backtrace:
[INFO] [stdout]    0:     0x5810d68cecc1 - <unknown>
[INFO] [stdout]    1:     0x5810d68e75aa - <unknown>
[INFO] [stdout]    2:     0x5810d68d3c1c - <unknown>
[INFO] [stdout]    3:     0x5810d68a9ab6 - <unknown>
[INFO] [stdout]    4:     0x5810d68c6cb9 - <unknown>
[INFO] [stdout]    5:     0x5810d6287500 - <unknown>
[INFO] [stdout]    6:     0x5810d68c6fe2 - <unknown>
[INFO] [stdout]    7:     0x5810d68a9b62 - <unknown>
[INFO] [stdout]    8:     0x5810d68a2209 - <unknown>
[INFO] [stdout]    9:     0x5810d68aaa6d - <unknown>
[INFO] [stdout]   10:     0x5810d68e7e4c - <unknown>
[INFO] [stdout]   11:     0x5810d68e7ba2 - <unknown>
[INFO] [stdout]   12:     0x5810d6564749 - <unknown>
[INFO] [stdout]   13:     0x5810d60cd3c4 - <unknown>
[INFO] [stdout]   14:     0x5810d5ea0ff4 - <unknown>
[INFO] [stdout]   15:     0x5810d5e83bd5 - <unknown>
[INFO] [stdout]   16:     0x5810d5e0786c - <unknown>
[INFO] [stdout]   17:     0x5810d5f75d82 - <unknown>
[INFO] [stdout]   18:     0x5810d5eebc2b - <unknown>
[INFO] [stdout]   19:     0x5810d5eca438 - <unknown>
[INFO] [stdout]   20:     0x5810d5ee936d - <unknown>
[INFO] [stdout]   21:     0x5810d61667fa - <unknown>
[INFO] [stdout]   22:     0x5810d5ead6a0 - <unknown>
[INFO] [stdout]   23:     0x5810d61a43ca - <unknown>
[INFO] [stdout]   24:     0x5810d615554b - <unknown>
[INFO] [stdout]   25:     0x5810d61272b8 - <unknown>
[INFO] [stdout]   26:     0x5810d615f80f - <unknown>
[INFO] [stdout]   27:     0x5810d6179832 - <unknown>
[INFO] [stdout]   28:     0x5810d6179ad3 - <unknown>
[INFO] [stdout]   29:     0x5810d5f8c0db - <unknown>
[INFO] [stdout]   30:     0x5810d67dbfb7 - <unknown>
[INFO] [stdout]   31:     0x5810d60cd1c1 - <unknown>
[INFO] [stdout]   32:     0x5810d60361ba - <unknown>
[INFO] [stdout]   33:     0x5810d6023335 - <unknown>
[INFO] [stdout]   34:     0x5810d6013936 - <unknown>
[INFO] [stdout]   35:     0x5810d601419c - <unknown>
[INFO] [stdout]   36:     0x5810d602fd14 - <unknown>
[INFO] [stdout]   37:     0x5810d602ddc4 - <unknown>
[INFO] [stdout]   38:     0x5810d5dcee5b - <unknown>
[INFO] [stdout]   39:     0x5810d613e599 - <unknown>
[INFO] [stdout]   40:     0x5810d5f3e8ff - <unknown>
[INFO] [stdout]   41:     0x5810d5f3e10e - <unknown>
[INFO] [stdout]   42:     0x5810d612c25d - <unknown>
[INFO] [stdout]   43:     0x5810d601c9c0 - <unknown>
[INFO] [stdout]   44:     0x5810d601d156 - <unknown>
[INFO] [stdout]   45:     0x5810d6022670 - <unknown>
[INFO] [stdout]   46:     0x5810d5e66ba8 - <unknown>
[INFO] [stdout]   47:     0x5810d6011cd4 - <unknown>
[INFO] [stdout]   48:     0x5810d607ed3f - <unknown>
[INFO] [stdout]   49:     0x5810d607f036 - <unknown>
[INFO] [stdout]   50:     0x5810d60cecf3 - <unknown>
[INFO] [stdout]   51:     0x5810d60c8637 - <unknown>
[INFO] [stdout]   52:     0x5810d5dcd556 - <unknown>
[INFO] [stdout]   53:     0x5810d627a94b - <unknown>
[INFO] [stdout]   54:     0x5810d6287b25 - <unknown>
[INFO] [stdout]   55:     0x5810d6281414 - <unknown>
[INFO] [stdout]   56:     0x5810d628abb2 - <unknown>
[INFO] [stdout]   57:     0x5810d68ce16f - <unknown>
[INFO] [stdout]   58:     0x7d26a1370dfa - <unknown>
[INFO] [stdout]   59:     0x7d26a14043d4 - <unknown>
[INFO] [stdout]   60:                0x0 - <unknown>
[INFO] [stdout] 
[INFO] [stdout] thread 'gossip::loadtest::tests::test_loadtest' (3526) panicked at /opt/rustwide/cargo-home/registry/src/index.crates.io-1949cf8c6b5b557f/zksync_concurrency-0.13.0/src/scope/mod.rs:304:17:
[INFO] [stdout] one of the tasks panicked, look for a stack trace above
[INFO] [stdout] stack backtrace:
[INFO] [stdout]    0:     0x5810d68cecc1 - std[617be2ca0a6fd877]::backtrace_rs::backtrace::libunwind::trace
[INFO] [stdout]                                at /rustc/e3feeb59cd1bdd011a2bfcc0747b55125d9b8527/library/std/src/../../backtrace/src/backtrace/libunwind.rs:117:9
[INFO] [stdout]    1:     0x5810d68cecc1 - std[617be2ca0a6fd877]::backtrace_rs::backtrace::trace_unsynchronized::<std[617be2ca0a6fd877]::sys::backtrace::_print_fmt::{closure#1}>
[INFO] [stdout]                                at /rustc/e3feeb59cd1bdd011a2bfcc0747b55125d9b8527/library/std/src/../../backtrace/src/backtrace/mod.rs:66:14
[INFO] [stdout]    2:     0x5810d68cecc1 - std[617be2ca0a6fd877]::sys::backtrace::_print_fmt
[INFO] [stdout]                                at /rustc/e3feeb59cd1bdd011a2bfcc0747b55125d9b8527/library/std/src/sys/backtrace.rs:74:9
[INFO] [stdout]    3:     0x5810d68cecc1 - <<std[617be2ca0a6fd877]::sys::backtrace::BacktraceLock>::print::DisplayBacktrace as core[a373ad73a504971]::fmt::Display>::fmt
[INFO] [stdout]                                at /rustc/e3feeb59cd1bdd011a2bfcc0747b55125d9b8527/library/std/src/sys/backtrace.rs:44:26
[INFO] [stdout]    4:     0x5810d68e75aa - <core[a373ad73a504971]::fmt::rt::Argument>::fmt
[INFO] [stdout]                                at /rustc/e3feeb59cd1bdd011a2bfcc0747b55125d9b8527/library/core/src/fmt/rt.rs:152:76
[INFO] [stdout]    5:     0x5810d68e75aa - core[a373ad73a504971]::fmt::write
[INFO] [stdout]    6:     0x5810d68d3c1c - core[a373ad73a504971]::io::write::default_write_fmt::<alloc[2e1b2a31b91974c5]::vec::Vec<u8>>
[INFO] [stdout]                                at /rustc/e3feeb59cd1bdd011a2bfcc0747b55125d9b8527/library/core/src/io/write.rs:402:11
[INFO] [stdout]    7:     0x5810d68d3c1c - <alloc[2e1b2a31b91974c5]::vec::Vec<u8> as core[a373ad73a504971]::io::write::Write>::write_fmt
[INFO] [stdout]                                at /rustc/e3feeb59cd1bdd011a2bfcc0747b55125d9b8527/library/core/src/io/write.rs:335:13
[INFO] [stdout]    8:     0x5810d68a9ab6 - <std[617be2ca0a6fd877]::sys::backtrace::BacktraceLock>::print
[INFO] [stdout]                                at /rustc/e3feeb59cd1bdd011a2bfcc0747b55125d9b8527/library/std/src/sys/backtrace.rs:47:9
[INFO] [stdout]    9:     0x5810d68a9ab6 - std[617be2ca0a6fd877]::panicking::default_hook::{closure#0}
[INFO] [stdout]                                at /rustc/e3feeb59cd1bdd011a2bfcc0747b55125d9b8527/library/std/src/panicking.rs:289:27
[INFO] [stdout]   10:     0x5810d68c6cb9 - std[617be2ca0a6fd877]::panicking::default_hook
[INFO] [stdout]                                at /rustc/e3feeb59cd1bdd011a2bfcc0747b55125d9b8527/library/std/src/panicking.rs:313:9
[INFO] [stdout]   11:     0x5810d6287500 - <alloc[2e1b2a31b91974c5]::boxed::Box<dyn for<'a, 'b> core[a373ad73a504971]::ops::function::Fn<(&'a std[617be2ca0a6fd877]::panic::PanicHookInfo<'b>,), Output = ()> + core[a373ad73a504971]::marker::Sync + core[a373ad73a504971]::marker::Send> as core[a373ad73a504971]::ops::function::Fn<(&std[617be2ca0a6fd877]::panic::PanicHookInfo,)>>::call
[INFO] [stdout]                                at /rustc/e3feeb59cd1bdd011a2bfcc0747b55125d9b8527/library/alloc/src/boxed.rs:2328:9
[INFO] [stdout]   12:     0x5810d6287500 - test[aada8e7e76ba119b]::test_main_inner::{closure#0}
[INFO] [stdout]                                at /rustc/e3feeb59cd1bdd011a2bfcc0747b55125d9b8527/library/test/src/lib.rs:137:21
[INFO] [stdout]   13:     0x5810d68c6fe2 - <alloc[2e1b2a31b91974c5]::boxed::Box<dyn for<'a, 'b> core[a373ad73a504971]::ops::function::Fn<(&'a std[617be2ca0a6fd877]::panic::PanicHookInfo<'b>,), Output = ()> + core[a373ad73a504971]::marker::Sync + core[a373ad73a504971]::marker::Send> as core[a373ad73a504971]::ops::function::Fn<(&std[617be2ca0a6fd877]::panic::PanicHookInfo,)>>::call
[INFO] [stdout]                                at /rustc/e3feeb59cd1bdd011a2bfcc0747b55125d9b8527/library/alloc/src/boxed.rs:2328:9
[INFO] [stdout]   14:     0x5810d68c6fe2 - std[617be2ca0a6fd877]::panicking::panic_with_hook
[INFO] [stdout]                                at /rustc/e3feeb59cd1bdd011a2bfcc0747b55125d9b8527/library/std/src/panicking.rs:819:13
[INFO] [stdout]   15:     0x5810d68a9b94 - std[617be2ca0a6fd877]::panicking::panic_handler::{closure#0}
[INFO] [stdout]                                at /rustc/e3feeb59cd1bdd011a2bfcc0747b55125d9b8527/library/std/src/panicking.rs:678:13
[INFO] [stdout]   16:     0x5810d68a2209 - std[617be2ca0a6fd877]::sys::backtrace::__rust_end_short_backtrace::<std[617be2ca0a6fd877]::panicking::panic_handler::{closure#0}, !>
[INFO] [stdout]                                at /rustc/e3feeb59cd1bdd011a2bfcc0747b55125d9b8527/library/std/src/sys/backtrace.rs:182:18
[INFO] [stdout]   17:     0x5810d68aaa6d - __rustc[ea4f61d10b84890b]::rust_begin_unwind
[INFO] [stdout]                                at /rustc/e3feeb59cd1bdd011a2bfcc0747b55125d9b8527/library/std/src/panicking.rs:676:5
[INFO] [stdout]   18:     0x5810d68e7e4c - core[a373ad73a504971]::panicking::panic_fmt
[INFO] [stdout]                                at /rustc/e3feeb59cd1bdd011a2bfcc0747b55125d9b8527/library/core/src/panicking.rs:80:14
[INFO] [stdout]   19:     0x5810d5f282a1 - <zksync_concurrency[5fc5b04f53b76d77]::scope::Scope<zksync_concurrency[5fc5b04f53b76d77]::ctx::Error>>::run::<(), <zksync_consensus_network[214d5b7613c2804a]::gossip::loadtest::Loadtest>::run::{closure#0}::{closure#0}, <zksync_consensus_network[214d5b7613c2804a]::gossip::loadtest::Loadtest>::run::{closure#0}::{closure#0}::{closure#0}>::{closure#0}
[INFO] [stdout]                                at /opt/rustwide/cargo-home/registry/src/index.crates.io-1949cf8c6b5b557f/zksync_concurrency-0.13.0/src/scope/mod.rs:304:17
[INFO] [stdout]   20:     0x5810d5ea0024 - <zksync_consensus_network[214d5b7613c2804a]::gossip::loadtest::Loadtest>::run::{closure#0}
[INFO] [stdout]                                at /opt/rustwide/workdir/src/gossip/loadtest/mod.rs:173:10
[INFO] [stdout]   21:     0x5810d60b44a7 - zksync_consensus_network[214d5b7613c2804a]::gossip::loadtest::tests::test_loadtest::{closure#0}::{closure#0}::{closure#0}::{closure#0}
[INFO] [stdout]                                at /opt/rustwide/workdir/src/gossip/loadtest/tests.rs:47:14
[INFO] [stdout]   22:     0x5810d5de7f82 - <zksync_concurrency[5fc5b04f53b76d77]::scope::task::Task<anyhow[64c605b6c2343e01]::Error>>::run::<(), zksync_consensus_network[214d5b7613c2804a]::gossip::loadtest::tests::test_loadtest::{closure#0}::{closure#0}::{closure#0}::{closure#0}>::{closure#0}
[INFO] [stdout]                                at /opt/rustwide/cargo-home/registry/src/index.crates.io-1949cf8c6b5b557f/zksync_concurrency-0.13.0/src/scope/task.rs:109:21
[INFO] [stdout]   23:     0x5810d5f75d82 - <core[a373ad73a504971]::pin::Pin<alloc[2e1b2a31b91974c5]::boxed::Box<dyn core[a373ad73a504971]::future::future::Future<Output = core[a373ad73a504971]::result::Result<(), zksync_concurrency[5fc5b04f53b76d77]::scope::task::Terminated>> + core[a373ad73a504971]::marker::Send>> as core[a373ad73a504971]::future::future::Future>::poll
[INFO] [stdout]                                at /rustc/e3feeb59cd1bdd011a2bfcc0747b55125d9b8527/library/core/src/future/future.rs:133:9
[INFO] [stdout]   24:     0x5810d5eebc2b - <tracing[8229772d53753192]::instrument::Instrumented<core[a373ad73a504971]::pin::Pin<alloc[2e1b2a31b91974c5]::boxed::Box<dyn core[a373ad73a504971]::future::future::Future<Output = core[a373ad73a504971]::result::Result<(), zksync_concurrency[5fc5b04f53b76d77]::scope::task::Terminated>> + core[a373ad73a504971]::marker::Send>>> as core[a373ad73a504971]::future::future::Future>::poll
[INFO] [stdout]                                at /opt/rustwide/cargo-home/registry/src/index.crates.io-1949cf8c6b5b557f/tracing-0.1.41/src/instrument.rs:321:15
[INFO] [stdout]   25:     0x5810d5eca438 - <tokio[b09a720e4aaf19b1]::runtime::task::core::Core<tracing[8229772d53753192]::instrument::Instrumented<core[a373ad73a504971]::pin::Pin<alloc[2e1b2a31b91974c5]::boxed::Box<dyn core[a373ad73a504971]::future::future::Future<Output = core[a373ad73a504971]::result::Result<(), zksync_concurrency[5fc5b04f53b76d77]::scope::task::Terminated>> + core[a373ad73a504971]::marker::Send>>>, alloc[2e1b2a31b91974c5]::sync::Arc<tokio[b09a720e4aaf19b1]::runtime::scheduler::current_thread::Handle>>>::poll::{closure#0}
[INFO] [stdout]                                at /opt/rustwide/cargo-home/registry/src/index.crates.io-1949cf8c6b5b557f/tokio-1.45.1/src/runtime/task/core.rs:331:24
[INFO] [stdout]   26:     0x5810d5ee936d - <tokio[b09a720e4aaf19b1]::loom::std::unsafe_cell::UnsafeCell<tokio[b09a720e4aaf19b1]::runtime::task::core::Stage<tracing[8229772d53753192]::instrument::Instrumented<core[a373ad73a504971]::pin::Pin<alloc[2e1b2a31b91974c5]::boxed::Box<dyn core[a373ad73a504971]::future::future::Future<Output = core[a373ad73a504971]::result::Result<(), zksync_concurrency[5fc5b04f53b76d77]::scope::task::Terminated>> + core[a373ad73a504971]::marker::Send>>>>>>::with_mut::<core[a373ad73a504971]::task::poll::Poll<core[a373ad73a504971]::result::Result<(), zksync_concurrency[5fc5b04f53b76d77]::scope::task::Terminated>>, <tokio[b09a720e4aaf19b1]::runtime::task::core::Core<tracing[8229772d53753192]::instrument::Instrumented<core[a373ad73a504971]::pin::Pin<alloc[2e1b2a31b91974c5]::boxed::Box<dyn core[a373ad73a504971]::future::future::Future<Output = core[a373ad73a504971]::result::Result<(), zksync_concurrency[5fc5b04f53b76d77]::scope::task::Terminated>> + core[a373ad73a504971]::marker::Send>>>, alloc[2e1b2a31b91974c5]::sync::Arc<tokio[b09a720e4aaf19b1]::runtime::scheduler::current_thread::Handle>>>::poll::{closure#0}>
[INFO] [stdout]                                at /opt/rustwide/cargo-home/registry/src/index.crates.io-1949cf8c6b5b557f/tokio-1.45.1/src/loom/std/unsafe_cell.rs:16:9
[INFO] [stdout]   27:     0x5810d5ee936d - <tokio[b09a720e4aaf19b1]::runtime::task::core::Core<tracing[8229772d53753192]::instrument::Instrumented<core[a373ad73a504971]::pin::Pin<alloc[2e1b2a31b91974c5]::boxed::Box<dyn core[a373ad73a504971]::future::future::Future<Output = core[a373ad73a504971]::result::Result<(), zksync_concurrency[5fc5b04f53b76d77]::scope::task::Terminated>> + core[a373ad73a504971]::marker::Send>>>, alloc[2e1b2a31b91974c5]::sync::Arc<tokio[b09a720e4aaf19b1]::runtime::scheduler::current_thread::Handle>>>::poll
[INFO] [stdout]                                at /opt/rustwide/cargo-home/registry/src/index.crates.io-1949cf8c6b5b557f/tokio-1.45.1/src/runtime/task/core.rs:320:30
[INFO] [stdout]   28:     0x5810d61667fa - tokio[b09a720e4aaf19b1]::runtime::task::harness::poll_future::<tracing[8229772d53753192]::instrument::Instrumented<core[a373ad73a504971]::pin::Pin<alloc[2e1b2a31b91974c5]::boxed::Box<dyn core[a373ad73a504971]::future::future::Future<Output = core[a373ad73a504971]::result::Result<(), zksync_concurrency[5fc5b04f53b76d77]::scope::task::Terminated>> + core[a373ad73a504971]::marker::Send>>>, alloc[2e1b2a31b91974c5]::sync::Arc<tokio[b09a720e4aaf19b1]::runtime::scheduler::current_thread::Handle>>::{closure#0}
[INFO] [stdout]                                at /opt/rustwide/cargo-home/registry/src/index.crates.io-1949cf8c6b5b557f/tokio-1.45.1/src/runtime/task/harness.rs:532:30
[INFO] [stdout]   29:     0x5810d5ead6a0 - <core[a373ad73a504971]::panic::unwind_safe::AssertUnwindSafe<tokio[b09a720e4aaf19b1]::runtime::task::harness::poll_future<tracing[8229772d53753192]::instrument::Instrumented<core[a373ad73a504971]::pin::Pin<alloc[2e1b2a31b91974c5]::boxed::Box<dyn core[a373ad73a504971]::future::future::Future<Output = core[a373ad73a504971]::result::Result<(), zksync_concurrency[5fc5b04f53b76d77]::scope::task::Terminated>> + core[a373ad73a504971]::marker::Send>>>, alloc[2e1b2a31b91974c5]::sync::Arc<tokio[b09a720e4aaf19b1]::runtime::scheduler::current_thread::Handle>>::{closure#0}> as core[a373ad73a504971]::ops::function::FnOnce<()>>::call_once
[INFO] [stdout]                                at /rustc/e3feeb59cd1bdd011a2bfcc0747b55125d9b8527/library/core/src/panic/unwind_safe.rs:275:9
[INFO] [stdout]   30:     0x5810d61a43ca - std[617be2ca0a6fd877]::panicking::catch_unwind::do_call::<core[a373ad73a504971]::panic::unwind_safe::AssertUnwindSafe<tokio[b09a720e4aaf19b1]::runtime::task::harness::poll_future<tracing[8229772d53753192]::instrument::Instrumented<core[a373ad73a504971]::pin::Pin<alloc[2e1b2a31b91974c5]::boxed::Box<dyn core[a373ad73a504971]::future::future::Future<Output = core[a373ad73a504971]::result::Result<(), zksync_concurrency[5fc5b04f53b76d77]::scope::task::Terminated>> + core[a373ad73a504971]::marker::Send>>>, alloc[2e1b2a31b91974c5]::sync::Arc<tokio[b09a720e4aaf19b1]::runtime::scheduler::current_thread::Handle>>::{closure#0}>, core[a373ad73a504971]::task::poll::Poll<core[a373ad73a504971]::result::Result<(), zksync_concurrency[5fc5b04f53b76d77]::scope::task::Terminated>>>
[INFO] [stdout]                                at /rustc/e3feeb59cd1bdd011a2bfcc0747b55125d9b8527/library/std/src/panicking.rs:573:43
[INFO] [stdout]   31:     0x5810d615554b - __rust_try
[INFO] [stdout]   32:     0x5810d61272b8 - std[617be2ca0a6fd877]::panicking::catch_unwind::<core[a373ad73a504971]::task::poll::Poll<core[a373ad73a504971]::result::Result<(), zksync_concurrency[5fc5b04f53b76d77]::scope::task::Terminated>>, core[a373ad73a504971]::panic::unwind_safe::AssertUnwindSafe<tokio[b09a720e4aaf19b1]::runtime::task::harness::poll_future<tracing[8229772d53753192]::instrument::Instrumented<core[a373ad73a504971]::pin::Pin<alloc[2e1b2a31b91974c5]::boxed::Box<dyn core[a373ad73a504971]::future::future::Future<Output = core[a373ad73a504971]::result::Result<(), zksync_concurrency[5fc5b04f53b76d77]::scope::task::Terminated>> + core[a373ad73a504971]::marker::Send>>>, alloc[2e1b2a31b91974c5]::sync::Arc<tokio[b09a720e4aaf19b1]::runtime::scheduler::current_thread::Handle>>::{closure#0}>>
[INFO] [stdout]                                at /rustc/e3feeb59cd1bdd011a2bfcc0747b55125d9b8527/library/std/src/panicking.rs:541:19
[INFO] [stdout]   33:     0x5810d61272b8 - std[617be2ca0a6fd877]::panic::catch_unwind::<core[a373ad73a504971]::panic::unwind_safe::AssertUnwindSafe<tokio[b09a720e4aaf19b1]::runtime::task::harness::poll_future<tracing[8229772d53753192]::instrument::Instrumented<core[a373ad73a504971]::pin::Pin<alloc[2e1b2a31b91974c5]::boxed::Box<dyn core[a373ad73a504971]::future::future::Future<Output = core[a373ad73a504971]::result::Result<(), zksync_concurrency[5fc5b04f53b76d77]::scope::task::Terminated>> + core[a373ad73a504971]::marker::Send>>>, alloc[2e1b2a31b91974c5]::sync::Arc<tokio[b09a720e4aaf19b1]::runtime::scheduler::current_thread::Handle>>::{closure#0}>, core[a373ad73a504971]::task::poll::Poll<core[a373ad73a504971]::result::Result<(), zksync_concurrency[5fc5b04f53b76d77]::scope::task::Terminated>>>
[INFO] [stdout]                                at /rustc/e3feeb59cd1bdd011a2bfcc0747b55125d9b8527/library/std/src/panic.rs:359:14
[INFO] [stdout]   34:     0x5810d615f80f - tokio[b09a720e4aaf19b1]::runtime::task::harness::poll_future::<tracing[8229772d53753192]::instrument::Instrumented<core[a373ad73a504971]::pin::Pin<alloc[2e1b2a31b91974c5]::boxed::Box<dyn core[a373ad73a504971]::future::future::Future<Output = core[a373ad73a504971]::result::Result<(), zksync_concurrency[5fc5b04f53b76d77]::scope::task::Terminated>> + core[a373ad73a504971]::marker::Send>>>, alloc[2e1b2a31b91974c5]::sync::Arc<tokio[b09a720e4aaf19b1]::runtime::scheduler::current_thread::Handle>>
[INFO] [stdout]                                at /opt/rustwide/cargo-home/registry/src/index.crates.io-1949cf8c6b5b557f/tokio-1.45.1/src/runtime/task/harness.rs:520:18
[INFO] [stdout]   35:     0x5810d6179832 - <tokio[b09a720e4aaf19b1]::runtime::task::harness::Harness<tracing[8229772d53753192]::instrument::Instrumented<core[a373ad73a504971]::pin::Pin<alloc[2e1b2a31b91974c5]::boxed::Box<dyn core[a373ad73a504971]::future::future::Future<Output = core[a373ad73a504971]::result::Result<(), zksync_concurrency[5fc5b04f53b76d77]::scope::task::Terminated>> + core[a373ad73a504971]::marker::Send>>>, alloc[2e1b2a31b91974c5]::sync::Arc<tokio[b09a720e4aaf19b1]::runtime::scheduler::current_thread::Handle>>>::poll_inner
[INFO] [stdout]                                at /opt/rustwide/cargo-home/registry/src/index.crates.io-1949cf8c6b5b557f/tokio-1.45.1/src/runtime/task/harness.rs:209:27
[INFO] [stdout]   36:     0x5810d6179ad3 - <tokio[b09a720e4aaf19b1]::runtime::task::harness::Harness<tracing[8229772d53753192]::instrument::Instrumented<core[a373ad73a504971]::pin::Pin<alloc[2e1b2a31b91974c5]::boxed::Box<dyn core[a373ad73a504971]::future::future::Future<Output = core[a373ad73a504971]::result::Result<(), zksync_concurrency[5fc5b04f53b76d77]::scope::task::Terminated>> + core[a373ad73a504971]::marker::Send>>>, alloc[2e1b2a31b91974c5]::sync::Arc<tokio[b09a720e4aaf19b1]::runtime::scheduler::current_thread::Handle>>>::poll
[INFO] [stdout]                                at /opt/rustwide/cargo-home/registry/src/index.crates.io-1949cf8c6b5b557f/tokio-1.45.1/src/runtime/task/harness.rs:154:20
[INFO] [stdout]   37:     0x5810d5f8c0db - tokio[b09a720e4aaf19b1]::runtime::task::raw::poll::<tracing[8229772d53753192]::instrument::Instrumented<core[a373ad73a504971]::pin::Pin<alloc[2e1b2a31b91974c5]::boxed::Box<dyn core[a373ad73a504971]::future::future::Future<Output = core[a373ad73a504971]::result::Result<(), zksync_concurrency[5fc5b04f53b76d77]::scope::task::Terminated>> + core[a373ad73a504971]::marker::Send>>>, alloc[2e1b2a31b91974c5]::sync::Arc<tokio[b09a720e4aaf19b1]::runtime::scheduler::current_thread::Handle>>
[INFO] [stdout]                                at /opt/rustwide/cargo-home/registry/src/index.crates.io-1949cf8c6b5b557f/tokio-1.45.1/src/runtime/task/raw.rs:271:13
[INFO] [stdout]   38:     0x5810d67dbfb7 - <tokio[b09a720e4aaf19b1]::runtime::task::raw::RawTask>::poll
[INFO] [stdout]                                at /opt/rustwide/cargo-home/registry/src/index.crates.io-1949cf8c6b5b557f/tokio-1.45.1/src/runtime/task/raw.rs:201:18
[INFO] [stdout]   39:     0x5810d60cd1c1 - <tokio[b09a720e4aaf19b1]::runtime::task::LocalNotified<alloc[2e1b2a31b91974c5]::sync::Arc<tokio[b09a720e4aaf19b1]::runtime::scheduler::current_thread::Handle>>>::run
[INFO] [stdout]                                at /opt/rustwide/cargo-home/registry/src/index.crates.io-1949cf8c6b5b557f/tokio-1.45.1/src/runtime/task/mod.rs:463:13
[INFO] [stdout]   40:     0x5810d60361ba - <tokio[b09a720e4aaf19b1]::runtime::scheduler::current_thread::CoreGuard>::block_on::<core[a373ad73a504971]::pin::Pin<&mut core[a373ad73a504971]::pin::Pin<&mut dyn core[a373ad73a504971]::future::future::Future<Output = ()>>>>::{closure#0}::{closure#1}
[INFO] [stdout]                                at /opt/rustwide/cargo-home/registry/src/index.crates.io-1949cf8c6b5b557f/tokio-1.45.1/src/runtime/scheduler/current_thread/mod.rs:780:30
[INFO] [stdout]   41:     0x5810d6023335 - tokio[b09a720e4aaf19b1]::task::coop::with_budget::<(), <tokio[b09a720e4aaf19b1]::runtime::scheduler::current_thread::CoreGuard>::block_on<core[a373ad73a504971]::pin::Pin<&mut core[a373ad73a504971]::pin::Pin<&mut dyn core[a373ad73a504971]::future::future::Future<Output = ()>>>>::{closure#0}::{closure#1}>
[INFO] [stdout]                                at /opt/rustwide/cargo-home/registry/src/index.crates.io-1949cf8c6b5b557f/tokio-1.45.1/src/task/coop/mod.rs:167:5
[INFO] [stdout]   42:     0x5810d6023335 - tokio[b09a720e4aaf19b1]::task::coop::budget::<(), <tokio[b09a720e4aaf19b1]::runtime::scheduler::current_thread::CoreGuard>::block_on<core[a373ad73a504971]::pin::Pin<&mut core[a373ad73a504971]::pin::Pin<&mut dyn core[a373ad73a504971]::future::future::Future<Output = ()>>>>::{closure#0}::{closure#1}>
[INFO] [stdout]                                at /opt/rustwide/cargo-home/registry/src/index.crates.io-1949cf8c6b5b557f/tokio-1.45.1/src/task/coop/mod.rs:133:5
[INFO] [stdout]   43:     0x5810d6023335 - <tokio[b09a720e4aaf19b1]::runtime::scheduler::current_thread::Context>::run_task::<(), <tokio[b09a720e4aaf19b1]::runtime::scheduler::current_thread::CoreGuard>::block_on<core[a373ad73a504971]::pin::Pin<&mut core[a373ad73a504971]::pin::Pin<&mut dyn core[a373ad73a504971]::future::future::Future<Output = ()>>>>::{closure#0}::{closure#1}>::{closure#0}
[INFO] [stdout]                                at /opt/rustwide/cargo-home/registry/src/index.crates.io-1949cf8c6b5b557f/tokio-1.45.1/src/runtime/scheduler/current_thread/mod.rs:368:43
[INFO] [stdout]   44:     0x5810d6013936 - <tokio[b09a720e4aaf19b1]::runtime::scheduler::current_thread::Context>::enter::<(), <tokio[b09a720e4aaf19b1]::runtime::scheduler::current_thread::Context>::run_task<(), <tokio[b09a720e4aaf19b1]::runtime::scheduler::current_thread::CoreGuard>::block_on<core[a373ad73a504971]::pin::Pin<&mut core[a373ad73a504971]::pin::Pin<&mut dyn core[a373ad73a504971]::future::future::Future<Output = ()>>>>::{closure#0}::{closure#1}>::{closure#0}>
[INFO] [stdout]                                at /opt/rustwide/cargo-home/registry/src/index.crates.io-1949cf8c6b5b557f/tokio-1.45.1/src/runtime/scheduler/current_thread/mod.rs:432:19
[INFO] [stdout]   45:     0x5810d601419c - <tokio[b09a720e4aaf19b1]::runtime::scheduler::current_thread::Context>::run_task::<(), <tokio[b09a720e4aaf19b1]::runtime::scheduler::current_thread::CoreGuard>::block_on<core[a373ad73a504971]::pin::Pin<&mut core[a373ad73a504971]::pin::Pin<&mut dyn core[a373ad73a504971]::future::future::Future<Output = ()>>>>::{closure#0}::{closure#1}>
[INFO] [stdout]                                at /opt/rustwide/cargo-home/registry/src/index.crates.io-1949cf8c6b5b557f/tokio-1.45.1/src/runtime/scheduler/current_thread/mod.rs:368:28
[INFO] [stdout]   46:     0x5810d602fd14 - <tokio[b09a720e4aaf19b1]::runtime::scheduler::current_thread::CoreGuard>::block_on::<core[a373ad73a504971]::pin::Pin<&mut core[a373ad73a504971]::pin::Pin<&mut dyn core[a373ad73a504971]::future::future::Future<Output = ()>>>>::{closure#0}
[INFO] [stdout]                                at /opt/rustwide/cargo-home/registry/src/index.crates.io-1949cf8c6b5b557f/tokio-1.45.1/src/runtime/scheduler/current_thread/mod.rs:776:43
[INFO] [stdout]   47:     0x5810d602ddc4 - <tokio[b09a720e4aaf19b1]::runtime::scheduler::current_thread::CoreGuard>::enter::<<tokio[b09a720e4aaf19b1]::runtime::scheduler::current_thread::CoreGuard>::block_on<core[a373ad73a504971]::pin::Pin<&mut core[a373ad73a504971]::pin::Pin<&mut dyn core[a373ad73a504971]::future::future::Future<Output = ()>>>>::{closure#0}, core[a373ad73a504971]::option::Option<()>>::{closure#0}
[INFO] [stdout]                                at /opt/rustwide/cargo-home/registry/src/index.crates.io-1949cf8c6b5b557f/tokio-1.45.1/src/runtime/scheduler/current_thread/mod.rs:820:68
[INFO] [stdout]   48:     0x5810d5dcee5b - <tokio[b09a720e4aaf19b1]::runtime::context::scoped::Scoped<tokio[b09a720e4aaf19b1]::runtime::scheduler::Context>>::set::<<tokio[b09a720e4aaf19b1]::runtime::scheduler::current_thread::CoreGuard>::enter<<tokio[b09a720e4aaf19b1]::runtime::scheduler::current_thread::CoreGuard>::block_on<core[a373ad73a504971]::pin::Pin<&mut core[a373ad73a504971]::pin::Pin<&mut dyn core[a373ad73a504971]::future::future::Future<Output = ()>>>>::{closure#0}, core[a373ad73a504971]::option::Option<()>>::{closure#0}, (alloc[2e1b2a31b91974c5]::boxed::Box<tokio[b09a720e4aaf19b1]::runtime::scheduler::current_thread::Core>, core[a373ad73a504971]::option::Option<()>)>
[INFO] [stdout]                                at /opt/rustwide/cargo-home/registry/src/index.crates.io-1949cf8c6b5b557f/tokio-1.45.1/src/runtime/context/scoped.rs:40:9
[INFO] [stdout]   49:     0x5810d613e599 - tokio[b09a720e4aaf19b1]::runtime::context::set_scheduler::<(alloc[2e1b2a31b91974c5]::boxed::Box<tokio[b09a720e4aaf19b1]::runtime::scheduler::current_thread::Core>, core[a373ad73a504971]::option::Option<()>), <tokio[b09a720e4aaf19b1]::runtime::scheduler::current_thread::CoreGuard>::enter<<tokio[b09a720e4aaf19b1]::runtime::scheduler::current_thread::CoreGuard>::block_on<core[a373ad73a504971]::pin::Pin<&mut core[a373ad73a504971]::pin::Pin<&mut dyn core[a373ad73a504971]::future::future::Future<Output = ()>>>>::{closure#0}, core[a373ad73a504971]::option::Option<()>>::{closure#0}>::{closure#0}
[INFO] [stdout]                                at /opt/rustwide/cargo-home/registry/src/index.crates.io-1949cf8c6b5b557f/tokio-1.45.1/src/runtime/context.rs:176:38
[INFO] [stdout]   50:     0x5810d5f3e8ff - <std[617be2ca0a6fd877]::thread::local::LocalKey<tokio[b09a720e4aaf19b1]::runtime::context::Context>>::try_with::<tokio[b09a720e4aaf19b1]::runtime::context::set_scheduler<(alloc[2e1b2a31b91974c5]::boxed::Box<tokio[b09a720e4aaf19b1]::runtime::scheduler::current_thread::Core>, core[a373ad73a504971]::option::Option<()>), <tokio[b09a720e4aaf19b1]::runtime::scheduler::current_thread::CoreGuard>::enter<<tokio[b09a720e4aaf19b1]::runtime::scheduler::current_thread::CoreGuard>::block_on<core[a373ad73a504971]::pin::Pin<&mut core[a373ad73a504971]::pin::Pin<&mut dyn core[a373ad73a504971]::future::future::Future<Output = ()>>>>::{closure#0}, core[a373ad73a504971]::option::Option<()>>::{closure#0}>::{closure#0}, (alloc[2e1b2a31b91974c5]::boxed::Box<tokio[b09a720e4aaf19b1]::runtime::scheduler::current_thread::Core>, core[a373ad73a504971]::option::Option<()>)>
[INFO] [stdout]                                at /rustc/e3feeb59cd1bdd011a2bfcc0747b55125d9b8527/library/std/src/thread/local.rs:463:12
[INFO] [stdout]   51:     0x5810d5f3e10e - <std[617be2ca0a6fd877]::thread::local::LocalKey<tokio[b09a720e4aaf19b1]::runtime::context::Context>>::with::<tokio[b09a720e4aaf19b1]::runtime::context::set_scheduler<(alloc[2e1b2a31b91974c5]::boxed::Box<tokio[b09a720e4aaf19b1]::runtime::scheduler::current_thread::Core>, core[a373ad73a504971]::option::Option<()>), <tokio[b09a720e4aaf19b1]::runtime::scheduler::current_thread::CoreGuard>::enter<<tokio[b09a720e4aaf19b1]::runtime::scheduler::current_thread::CoreGuard>::block_on<core[a373ad73a504971]::pin::Pin<&mut core[a373ad73a504971]::pin::Pin<&mut dyn core[a373ad73a504971]::future::future::Future<Output = ()>>>>::{closure#0}, core[a373ad73a504971]::option::Option<()>>::{closure#0}>::{closure#0}, (alloc[2e1b2a31b91974c5]::boxed::Box<tokio[b09a720e4aaf19b1]::runtime::scheduler::current_thread::Core>, core[a373ad73a504971]::option::Option<()>)>
[INFO] [stdout]                                at /rustc/e3feeb59cd1bdd011a2bfcc0747b55125d9b8527/library/std/src/thread/local.rs:427:20
[INFO] [stdout]   52:     0x5810d612c25d - tokio[b09a720e4aaf19b1]::runtime::context::set_scheduler::<(alloc[2e1b2a31b91974c5]::boxed::Box<tokio[b09a720e4aaf19b1]::runtime::scheduler::current_thread::Core>, core[a373ad73a504971]::option::Option<()>), <tokio[b09a720e4aaf19b1]::runtime::scheduler::current_thread::CoreGuard>::enter<<tokio[b09a720e4aaf19b1]::runtime::scheduler::current_thread::CoreGuard>::block_on<core[a373ad73a504971]::pin::Pin<&mut core[a373ad73a504971]::pin::Pin<&mut dyn core[a373ad73a504971]::future::future::Future<Output = ()>>>>::{closure#0}, core[a373ad73a504971]::option::Option<()>>::{closure#0}>
[INFO] [stdout]                                at /opt/rustwide/cargo-home/registry/src/index.crates.io-1949cf8c6b5b557f/tokio-1.45.1/src/runtime/context.rs:176:17
[INFO] [stdout]   53:     0x5810d601c9c0 - <tokio[b09a720e4aaf19b1]::runtime::scheduler::current_thread::CoreGuard>::enter::<<tokio[b09a720e4aaf19b1]::runtime::scheduler::current_thread::CoreGuard>::block_on<core[a373ad73a504971]::pin::Pin<&mut core[a373ad73a504971]::pin::Pin<&mut dyn core[a373ad73a504971]::future::future::Future<Output = ()>>>>::{closure#0}, core[a373ad73a504971]::option::Option<()>>
[INFO] [stdout]                                at /opt/rustwide/cargo-home/registry/src/index.crates.io-1949cf8c6b5b557f/tokio-1.45.1/src/runtime/scheduler/current_thread/mod.rs:820:27
[INFO] [stdout]   54:     0x5810d601d156 - <tokio[b09a720e4aaf19b1]::runtime::scheduler::current_thread::CoreGuard>::block_on::<core[a373ad73a504971]::pin::Pin<&mut core[a373ad73a504971]::pin::Pin<&mut dyn core[a373ad73a504971]::future::future::Future<Output = ()>>>>
[INFO] [stdout]                                at /opt/rustwide/cargo-home/registry/src/index.crates.io-1949cf8c6b5b557f/tokio-1.45.1/src/runtime/scheduler/current_thread/mod.rs:720:24
[INFO] [stdout]   55:     0x5810d6022670 - <tokio[b09a720e4aaf19b1]::runtime::scheduler::current_thread::CurrentThread>::block_on::<core[a373ad73a504971]::pin::Pin<&mut dyn core[a373ad73a504971]::future::future::Future<Output = ()>>>::{closure#0}
[INFO] [stdout]                                at /opt/rustwide/cargo-home/registry/src/index.crates.io-1949cf8c6b5b557f/tokio-1.45.1/src/runtime/scheduler/current_thread/mod.rs:200:33
[INFO] [stdout]   56:     0x5810d5e66ba8 - tokio[b09a720e4aaf19b1]::runtime::context::runtime::enter_runtime::<<tokio[b09a720e4aaf19b1]::runtime::scheduler::current_thread::CurrentThread>::block_on<core[a373ad73a504971]::pin::Pin<&mut dyn core[a373ad73a504971]::future::future::Future<Output = ()>>>::{closure#0}, ()>
[INFO] [stdout]                                at /opt/rustwide/cargo-home/registry/src/index.crates.io-1949cf8c6b5b557f/tokio-1.45.1/src/runtime/context/runtime.rs:65:16
[INFO] [stdout]   57:     0x5810d6011cd4 - <tokio[b09a720e4aaf19b1]::runtime::scheduler::current_thread::CurrentThread>::block_on::<core[a373ad73a504971]::pin::Pin<&mut dyn core[a373ad73a504971]::future::future::Future<Output = ()>>>
[INFO] [stdout]                                at /opt/rustwide/cargo-home/registry/src/index.crates.io-1949cf8c6b5b557f/tokio-1.45.1/src/runtime/scheduler/current_thread/mod.rs:188:9
[INFO] [stdout]   58:     0x5810d607ed3f - <tokio[b09a720e4aaf19b1]::runtime::runtime::Runtime>::block_on_inner::<core[a373ad73a504971]::pin::Pin<&mut dyn core[a373ad73a504971]::future::future::Future<Output = ()>>>
[INFO] [stdout]                                at /opt/rustwide/cargo-home/registry/src/index.crates.io-1949cf8c6b5b557f/tokio-1.45.1/src/runtime/runtime.rs:356:52
[INFO] [stdout]   59:     0x5810d607f036 - <tokio[b09a720e4aaf19b1]::runtime::runtime::Runtime>::block_on::<core[a373ad73a504971]::pin::Pin<&mut dyn core[a373ad73a504971]::future::future::Future<Output = ()>>>
[INFO] [stdout]                                at /opt/rustwide/cargo-home/registry/src/index.crates.io-1949cf8c6b5b557f/tokio-1.45.1/src/runtime/runtime.rs:330:18
[INFO] [stdout]   60:     0x5810d60cecf3 - zksync_consensus_network[214d5b7613c2804a]::gossip::loadtest::tests::test_loadtest
[INFO] [stdout]                                at /opt/rustwide/workdir/src/gossip/loadtest/tests.rs:76:14
[INFO] [stdout]   61:     0x5810d60c8637 - zksync_consensus_network[214d5b7613c2804a]::gossip::loadtest::tests::test_loadtest::{closure#0}
[INFO] [stdout]                                at /opt/rustwide/workdir/src/gossip/loadtest/tests.rs:9:25
[INFO] [stdout]   62:     0x5810d5dcd556 - <zksync_consensus_network[214d5b7613c2804a]::gossip::loadtest::tests::test_loadtest::{closure#0} as core[a373ad73a504971]::ops::function::FnOnce<()>>::call_once
[INFO] [stdout]                                at /rustc/e3feeb59cd1bdd011a2bfcc0747b55125d9b8527/library/core/src/ops/function.rs:250:5
[INFO] [stdout]   63:     0x5810d627a94b - <fn() -> core[a373ad73a504971]::result::Result<(), alloc[2e1b2a31b91974c5]::string::String> as core[a373ad73a504971]::ops::function::FnOnce<()>>::call_once
[INFO] [stdout]                                at /rustc/e3feeb59cd1bdd011a2bfcc0747b55125d9b8527/library/core/src/ops/function.rs:250:5
[INFO] [stdout]   64:     0x5810d627a94b - test[aada8e7e76ba119b]::__rust_begin_short_backtrace::<core[a373ad73a504971]::result::Result<(), alloc[2e1b2a31b91974c5]::string::String>, fn() -> core[a373ad73a504971]::result::Result<(), alloc[2e1b2a31b91974c5]::string::String>>
[INFO] [stdout]                                at /rustc/e3feeb59cd1bdd011a2bfcc0747b55125d9b8527/library/test/src/lib.rs:701:18
[INFO] [stdout]   65:     0x5810d6287b25 - test[aada8e7e76ba119b]::run_test_in_process::{closure#0}
[INFO] [stdout]                                at /rustc/e3feeb59cd1bdd011a2bfcc0747b55125d9b8527/library/test/src/lib.rs:724:74
[INFO] [stdout]   66:     0x5810d6287b25 - <core[a373ad73a504971]::panic::unwind_safe::AssertUnwindSafe<test[aada8e7e76ba119b]::run_test_in_process::{closure#0}> as core[a373ad73a504971]::ops::function::FnOnce<()>>::call_once
[INFO] [stdout]                                at /rustc/e3feeb59cd1bdd011a2bfcc0747b55125d9b8527/library/core/src/panic/unwind_safe.rs:275:9
[INFO] [stdout]   67:     0x5810d6287b25 - std[617be2ca0a6fd877]::panicking::catch_unwind::do_call::<core[a373ad73a504971]::panic::unwind_safe::AssertUnwindSafe<test[aada8e7e76ba119b]::run_test_in_process::{closure#0}>, core[a373ad73a504971]::result::Result<(), alloc[2e1b2a31b91974c5]::string::String>>
[INFO] [stdout]                                at /rustc/e3feeb59cd1bdd011a2bfcc0747b55125d9b8527/library/std/src/panicking.rs:573:43
[INFO] [stdout]   68:     0x5810d6287b25 - std[617be2ca0a6fd877]::panicking::catch_unwind::<core[a373ad73a504971]::result::Result<(), alloc[2e1b2a31b91974c5]::string::String>, core[a373ad73a504971]::panic::unwind_safe::AssertUnwindSafe<test[aada8e7e76ba119b]::run_test_in_process::{closure#0}>>
[INFO] [stdout]                                at /rustc/e3feeb59cd1bdd011a2bfcc0747b55125d9b8527/library/std/src/panicking.rs:541:19
[INFO] [stdout]   69:     0x5810d6287b25 - std[617be2ca0a6fd877]::panic::catch_unwind::<core[a373ad73a504971]::panic::unwind_safe::AssertUnwindSafe<test[aada8e7e76ba119b]::run_test_in_process::{closure#0}>, core[a373ad73a504971]::result::Result<(), alloc[2e1b2a31b91974c5]::string::String>>
[INFO] [stdout]                                at /rustc/e3feeb59cd1bdd011a2bfcc0747b55125d9b8527/library/std/src/panic.rs:359:14
[INFO] [stdout]   70:     0x5810d6287b25 - test[aada8e7e76ba119b]::run_test_in_process
[INFO] [stdout]                                at /rustc/e3feeb59cd1bdd011a2bfcc0747b55125d9b8527/library/test/src/lib.rs:724:27
[INFO] [stdout]   71:     0x5810d6287b25 - test[aada8e7e76ba119b]::run_test::{closure#0}
[INFO] [stdout]                                at /rustc/e3feeb59cd1bdd011a2bfcc0747b55125d9b8527/library/test/src/lib.rs:645:43
[INFO] [stdout]   72:     0x5810d6281414 - test[aada8e7e76ba119b]::run_test::{closure#1}
[INFO] [stdout]                                at /rustc/e3feeb59cd1bdd011a2bfcc0747b55125d9b8527/library/test/src/lib.rs:675:41
[INFO] [stdout]   73:     0x5810d6281414 - std[617be2ca0a6fd877]::sys::backtrace::__rust_begin_short_backtrace::<test[aada8e7e76ba119b]::run_test::{closure#1}, ()>
[INFO] [stdout]                                at /rustc/e3feeb59cd1bdd011a2bfcc0747b55125d9b8527/library/std/src/sys/backtrace.rs:166:18
[INFO] [stdout]   74:     0x5810d628abb2 - std[617be2ca0a6fd877]::thread::lifecycle::spawn_unchecked::<test[aada8e7e76ba119b]::run_test::{closure#1}, ()>::{closure#1}::{closure#0}
[INFO] [stdout]                                at /rustc/e3feeb59cd1bdd011a2bfcc0747b55125d9b8527/library/std/src/thread/lifecycle.rs:70:13
[INFO] [stdout]   75:     0x5810d628abb2 - <core[a373ad73a504971]::panic::unwind_safe::AssertUnwindSafe<std[617be2ca0a6fd877]::thread::lifecycle::spawn_unchecked<test[aada8e7e76ba119b]::run_test::{closure#1}, ()>::{closure#1}::{closure#0}> as core[a373ad73a504971]::ops::function::FnOnce<()>>::call_once
[INFO] [stdout]                                at /rustc/e3feeb59cd1bdd011a2bfcc0747b55125d9b8527/library/core/src/panic/unwind_safe.rs:275:9
[INFO] [stdout]   76:     0x5810d628abb2 - std[617be2ca0a6fd877]::panicking::catch_unwind::do_call::<core[a373ad73a504971]::panic::unwind_safe::AssertUnwindSafe<std[617be2ca0a6fd877]::thread::lifecycle::spawn_unchecked<test[aada8e7e76ba119b]::run_test::{closure#1}, ()>::{closure#1}::{closure#0}>, ()>
[INFO] [stdout]                                at /rustc/e3feeb59cd1bdd011a2bfcc0747b55125d9b8527/library/std/src/panicking.rs:573:43
[INFO] [stdout]   77:     0x5810d628abb2 - std[617be2ca0a6fd877]::panicking::catch_unwind::<(), core[a373ad73a504971]::panic::unwind_safe::AssertUnwindSafe<std[617be2ca0a6fd877]::thread::lifecycle::spawn_unchecked<test[aada8e7e76ba119b]::run_test::{closure#1}, ()>::{closure#1}::{closure#0}>>
[INFO] [stdout]                                at /rustc/e3feeb59cd1bdd011a2bfcc0747b55125d9b8527/library/std/src/panicking.rs:541:19
[INFO] [stdout]   78:     0x5810d628abb2 - std[617be2ca0a6fd877]::panic::catch_unwind::<core[a373ad73a504971]::panic::unwind_safe::AssertUnwindSafe<std[617be2ca0a6fd877]::thread::lifecycle::spawn_unchecked<test[aada8e7e76ba119b]::run_test::{closure#1}, ()>::{closure#1}::{closure#0}>, ()>
[INFO] [stdout]                                at /rustc/e3feeb59cd1bdd011a2bfcc0747b55125d9b8527/library/std/src/panic.rs:359:14
[INFO] [stdout]   79:     0x5810d628abb2 - std[617be2ca0a6fd877]::thread::lifecycle::spawn_unchecked::<test[aada8e7e76ba119b]::run_test::{closure#1}, ()>::{closure#1}
[INFO] [stdout]                                at /rustc/e3feeb59cd1bdd011a2bfcc0747b55125d9b8527/library/std/src/thread/lifecycle.rs:68:26
[INFO] [stdout]   80:     0x5810d628abb2 - <std[617be2ca0a6fd877]::thread::lifecycle::spawn_unchecked<test[aada8e7e76ba119b]::run_test::{closure#1}, ()>::{closure#1} as core[a373ad73a504971]::ops::function::FnOnce<()>>::call_once::{shim:vtable#0}
[INFO] [stdout]                                at /rustc/e3feeb59cd1bdd011a2bfcc0747b55125d9b8527/library/core/src/ops/function.rs:250:5
[INFO] [stdout]   81:     0x5810d68ce16f - <alloc[2e1b2a31b91974c5]::boxed::Box<dyn core[a373ad73a504971]::ops::function::FnOnce<(), Output = ()> + core[a373ad73a504971]::marker::Send> as core[a373ad73a504971]::ops::function::FnOnce<()>>::call_once
[INFO] [stdout]                                at /rustc/e3feeb59cd1bdd011a2bfcc0747b55125d9b8527/library/alloc/src/boxed.rs:2314:9
[INFO] [stdout]   82:     0x5810d68ce16f - <std[617be2ca0a6fd877]::sys::thread::unix::Thread>::new::thread_start
[INFO] [stdout]                                at /rustc/e3feeb59cd1bdd011a2bfcc0747b55125d9b8527/library/std/src/sys/thread/unix.rs:127:17
[INFO] [stdout]   83:     0x7d26a1370dfa - <unknown>
[INFO] [stdout]   84:     0x7d26a14043d4 - clone
[INFO] [stdout]   85:                0x0 - <unknown>
[INFO] [stdout] 
[INFO] [stdout] thread 'gossip::loadtest::tests::test_loadtest' (3526) panicked at /opt/rustwide/cargo-home/registry/src/index.crates.io-1949cf8c6b5b557f/zksync_concurrency-0.13.0/src/scope/mod.rs:304:17:
[INFO] [stdout] one of the tasks panicked, look for a stack trace above
[INFO] [stdout] stack backtrace:
[INFO] [stdout]    0:     0x5810d68cecc1 - std[617be2ca0a6fd877]::backtrace_rs::backtrace::libunwind::trace
[INFO] [stdout]                                at /rustc/e3feeb59cd1bdd011a2bfcc0747b55125d9b8527/library/std/src/../../backtrace/src/backtrace/libunwind.rs:117:9
[INFO] [stdout]    1:     0x5810d68cecc1 - std[617be2ca0a6fd877]::backtrace_rs::backtrace::trace_unsynchronized::<std[617be2ca0a6fd877]::sys::backtrace::_print_fmt::{closure#1}>
[INFO] [stdout]                                at /rustc/e3feeb59cd1bdd011a2bfcc0747b55125d9b8527/library/std/src/../../backtrace/src/backtrace/mod.rs:66:14
[INFO] [stdout]    2:     0x5810d68cecc1 - std[617be2ca0a6fd877]::sys::backtrace::_print_fmt
[INFO] [stdout]                                at /rustc/e3feeb59cd1bdd011a2bfcc0747b55125d9b8527/library/std/src/sys/backtrace.rs:74:9
[INFO] [stdout]    3:     0x5810d68cecc1 - <<std[617be2ca0a6fd877]::sys::backtrace::BacktraceLock>::print::DisplayBacktrace as core[a373ad73a504971]::fmt::Display>::fmt
[INFO] [stdout]                                at /rustc/e3feeb59cd1bdd011a2bfcc0747b55125d9b8527/library/std/src/sys/backtrace.rs:44:26
[INFO] [stdout]    4:     0x5810d68e75aa - <core[a373ad73a504971]::fmt::rt::Argument>::fmt
[INFO] [stdout]                                at /rustc/e3feeb59cd1bdd011a2bfcc0747b55125d9b8527/library/core/src/fmt/rt.rs:152:76
[INFO] [stdout]    5:     0x5810d68e75aa - core[a373ad73a504971]::fmt::write
[INFO] [stdout]    6:     0x5810d68d3c1c - core[a373ad73a504971]::io::write::default_write_fmt::<alloc[2e1b2a31b91974c5]::vec::Vec<u8>>
[INFO] [stdout]                                at /rustc/e3feeb59cd1bdd011a2bfcc0747b55125d9b8527/library/core/src/io/write.rs:402:11
[INFO] [stdout]    7:     0x5810d68d3c1c - <alloc[2e1b2a31b91974c5]::vec::Vec<u8> as core[a373ad73a504971]::io::write::Write>::write_fmt
[INFO] [stdout]                                at /rustc/e3feeb59cd1bdd011a2bfcc0747b55125d9b8527/library/core/src/io/write.rs:335:13
[INFO] [stdout]    8:     0x5810d68a9ab6 - <std[617be2ca0a6fd877]::sys::backtrace::BacktraceLock>::print
[INFO] [stdout]                                at /rustc/e3feeb59cd1bdd011a2bfcc0747b55125d9b8527/library/std/src/sys/backtrace.rs:47:9
[INFO] [stdout]    9:     0x5810d68a9ab6 - std[617be2ca0a6fd877]::panicking::default_hook::{closure#0}
[INFO] [stdout]                                at /rustc/e3feeb59cd1bdd011a2bfcc0747b55125d9b8527/library/std/src/panicking.rs:289:27
[INFO] [stdout]   10:     0x5810d68c6cb9 - std[617be2ca0a6fd877]::panicking::default_hook
[INFO] [stdout]                                at /rustc/e3feeb59cd1bdd011a2bfcc0747b55125d9b8527/library/std/src/panicking.rs:313:9
[INFO] [stdout]   11:     0x5810d6287500 - <alloc[2e1b2a31b91974c5]::boxed::Box<dyn for<'a, 'b> core[a373ad73a504971]::ops::function::Fn<(&'a std[617be2ca0a6fd877]::panic::PanicHookInfo<'b>,), Output = ()> + core[a373ad73a504971]::marker::Sync + core[a373ad73a504971]::marker::Send> as core[a373ad73a504971]::ops::function::Fn<(&std[617be2ca0a6fd877]::panic::PanicHookInfo,)>>::call
[INFO] [stdout]                                at /rustc/e3feeb59cd1bdd011a2bfcc0747b55125d9b8527/library/alloc/src/boxed.rs:2328:9
[INFO] [stdout]   12:     0x5810d6287500 - test[aada8e7e76ba119b]::test_main_inner::{closure#0}
[INFO] [stdout]                                at /rustc/e3feeb59cd1bdd011a2bfcc0747b55125d9b8527/library/test/src/lib.rs:137:21
[INFO] [stdout]   13:     0x5810d68c6fe2 - <alloc[2e1b2a31b91974c5]::boxed::Box<dyn for<'a, 'b> core[a373ad73a504971]::ops::function::Fn<(&'a std[617be2ca0a6fd877]::panic::PanicHookInfo<'b>,), Output = ()> + core[a373ad73a504971]::marker::Sync + core[a373ad73a504971]::marker::Send> as core[a373ad73a504971]::ops::function::Fn<(&std[617be2ca0a6fd877]::panic::PanicHookInfo,)>>::call
[INFO] [stdout]                                at /rustc/e3feeb59cd1bdd011a2bfcc0747b55125d9b8527/library/alloc/src/boxed.rs:2328:9
[INFO] [stdout]   14:     0x5810d68c6fe2 - std[617be2ca0a6fd877]::panicking::panic_with_hook
[INFO] [stdout]                                at /rustc/e3feeb59cd1bdd011a2bfcc0747b55125d9b8527/library/std/src/panicking.rs:819:13
[INFO] [stdout]   15:     0x5810d68a9b94 - std[617be2ca0a6fd877]::panicking::panic_handler::{closure#0}
[INFO] [stdout]                                at /rustc/e3feeb59cd1bdd011a2bfcc0747b55125d9b8527/library/std/src/panicking.rs:678:13
[INFO] [stdout]   16:     0x5810d68a2209 - std[617be2ca0a6fd877]::sys::backtrace::__rust_end_short_backtrace::<std[617be2ca0a6fd877]::panicking::panic_handler::{closure#0}, !>
[INFO] [stdout]                                at /rustc/e3feeb59cd1bdd011a2bfcc0747b55125d9b8527/library/std/src/sys/backtrace.rs:182:18
[INFO] [stdout]   17:     0x5810d68aaa6d - __rustc[ea4f61d10b84890b]::rust_begin_unwind
[INFO] [stdout]                                at /rustc/e3feeb59cd1bdd011a2bfcc0747b55125d9b8527/library/std/src/panicking.rs:676:5
[INFO] [stdout]   18:     0x5810d68e7e4c - core[a373ad73a504971]::panicking::panic_fmt
[INFO] [stdout]                                at /rustc/e3feeb59cd1bdd011a2bfcc0747b55125d9b8527/library/core/src/panicking.rs:80:14
[INFO] [stdout]   19:     0x5810d5f1d612 - <zksync_concurrency[5fc5b04f53b76d77]::scope::Scope<anyhow[64c605b6c2343e01]::Error>>::run::<(), zksync_consensus_network[214d5b7613c2804a]::gossip::loadtest::tests::test_loadtest::{closure#0}::{closure#0}, zksync_consensus_network[214d5b7613c2804a]::gossip::loadtest::tests::test_loadtest::{closure#0}::{closure#0}::{closure#0}>::{closure#0}
[INFO] [stdout]                                at /opt/rustwide/cargo-home/registry/src/index.crates.io-1949cf8c6b5b557f/zksync_concurrency-0.13.0/src/scope/mod.rs:304:17
[INFO] [stdout]   20:     0x5810d60c89df - zksync_consensus_network[214d5b7613c2804a]::gossip::loadtest::tests::test_loadtest::{closure#0}
[INFO] [stdout]                                at /opt/rustwide/workdir/src/gossip/loadtest/tests.rs:75:6
[INFO] [stdout]   21:     0x5810d5f76162 - <core[a373ad73a504971]::pin::Pin<&mut dyn core[a373ad73a504971]::future::future::Future<Output = ()>> as core[a373ad73a504971]::future::future::Future>::poll
[INFO] [stdout]                                at /rustc/e3feeb59cd1bdd011a2bfcc0747b55125d9b8527/library/core/src/future/future.rs:133:9
[INFO] [stdout]   22:     0x5810d5f7621d - <core[a373ad73a504971]::pin::Pin<&mut core[a373ad73a504971]::pin::Pin<&mut dyn core[a373ad73a504971]::future::future::Future<Output = ()>>> as core[a373ad73a504971]::future::future::Future>::poll
[INFO] [stdout]                                at /rustc/e3feeb59cd1bdd011a2bfcc0747b55125d9b8527/library/core/src/future/future.rs:133:9
[INFO] [stdout]   23:     0x5810d603637d - <tokio[b09a720e4aaf19b1]::runtime::scheduler::current_thread::CoreGuard>::block_on::<core[a373ad73a504971]::pin::Pin<&mut core[a373ad73a504971]::pin::Pin<&mut dyn core[a373ad73a504971]::future::future::Future<Output = ()>>>>::{closure#0}::{closure#0}::{closure#0}
[INFO] [stdout]                                at /opt/rustwide/cargo-home/registry/src/index.crates.io-1949cf8c6b5b557f/tokio-1.45.1/src/runtime/scheduler/current_thread/mod.rs:733:70
[INFO] [stdout]   24:     0x5810d6036155 - tokio[b09a720e4aaf19b1]::task::coop::with_budget::<core[a373ad73a504971]::task::poll::Poll<()>, <tokio[b09a720e4aaf19b1]::runtime::scheduler::current_thread::CoreGuard>::block_on<core[a373ad73a504971]::pin::Pin<&mut core[a373ad73a504971]::pin::Pin<&mut dyn core[a373ad73a504971]::future::future::Future<Output = ()>>>>::{closure#0}::{closure#0}::{closure#0}>
[INFO] [stdout]                                at /opt/rustwide/cargo-home/registry/src/index.crates.io-1949cf8c6b5b557f/tokio-1.45.1/src/task/coop/mod.rs:167:5
[INFO] [stdout]   25:     0x5810d6036155 - tokio[b09a720e4aaf19b1]::task::coop::budget::<core[a373ad73a504971]::task::poll::Poll<()>, <tokio[b09a720e4aaf19b1]::runtime::scheduler::current_thread::CoreGuard>::block_on<core[a373ad73a504971]::pin::Pin<&mut core[a373ad73a504971]::pin::Pin<&mut dyn core[a373ad73a504971]::future::future::Future<Output = ()>>>>::{closure#0}::{closure#0}::{closure#0}>
[INFO] [stdout]                                at /opt/rustwide/cargo-home/registry/src/index.crates.io-1949cf8c6b5b557f/tokio-1.45.1/src/task/coop/mod.rs:133:5
[INFO] [stdout]   26:     0x5810d6036155 - <tokio[b09a720e4aaf19b1]::runtime::scheduler::current_thread::CoreGuard>::block_on::<core[a373ad73a504971]::pin::Pin<&mut core[a373ad73a504971]::pin::Pin<&mut dyn core[a373ad73a504971]::future::future::Future<Output = ()>>>>::{closure#0}::{closure#0}
[INFO] [stdout]                                at /opt/rustwide/cargo-home/registry/src/index.crates.io-1949cf8c6b5b557f/tokio-1.45.1/src/runtime/scheduler/current_thread/mod.rs:733:25
[INFO] [stdout]   27:     0x5810d6012dc2 - <tokio[b09a720e4aaf19b1]::runtime::scheduler::current_thread::Context>::enter::<core[a373ad73a504971]::task::poll::Poll<()>, <tokio[b09a720e4aaf19b1]::runtime::scheduler::current_thread::CoreGuard>::block_on<core[a373ad73a504971]::pin::Pin<&mut core[a373ad73a504971]::pin::Pin<&mut dyn core[a373ad73a504971]::future::future::Future<Output = ()>>>>::{closure#0}::{closure#0}>
[INFO] [stdout]                                at /opt/rustwide/cargo-home/registry/src/index.crates.io-1949cf8c6b5b557f/tokio-1.45.1/src/runtime/scheduler/current_thread/mod.rs:432:19
[INFO] [stdout]   28:     0x5810d602f57d - <tokio[b09a720e4aaf19b1]::runtime::scheduler::current_thread::CoreGuard>::block_on::<core[a373ad73a504971]::pin::Pin<&mut core[a373ad73a504971]::pin::Pin<&mut dyn core[a373ad73a504971]::future::future::Future<Output = ()>>>>::{closure#0}
[INFO] [stdout]                                at /opt/rustwide/cargo-home/registry/src/index.crates.io-1949cf8c6b5b557f/tokio-1.45.1/src/runtime/scheduler/current_thread/mod.rs:732:44
[INFO] [stdout]   29:     0x5810d602ddc4 - <tokio[b09a720e4aaf19b1]::runtime::scheduler::current_thread::CoreGuard>::enter::<<tokio[b09a720e4aaf19b1]::runtime::scheduler::current_thread::CoreGuard>::block_on<core[a373ad73a504971]::pin::Pin<&mut core[a373ad73a504971]::pin::Pin<&mut dyn core[a373ad73a504971]::future::future::Future<Output = ()>>>>::{closure#0}, core[a373ad73a504971]::option::Option<()>>::{closure#0}
[INFO] [stdout]                                at /opt/rustwide/cargo-home/registry/src/index.crates.io-1949cf8c6b5b557f/tokio-1.45.1/src/runtime/scheduler/current_thread/mod.rs:820:68
[INFO] [stdout]   30:     0x5810d5dcee5b - <tokio[b09a720e4aaf19b1]::runtime::context::scoped::Scoped<tokio[b09a720e4aaf19b1]::runtime::scheduler::Context>>::set::<<tokio[b09a720e4aaf19b1]::runtime::scheduler::current_thread::CoreGuard>::enter<<tokio[b09a720e4aaf19b1]::runtime::scheduler::current_thread::CoreGuard>::block_on<core[a373ad73a504971]::pin::Pin<&mut core[a373ad73a504971]::pin::Pin<&mut dyn core[a373ad73a504971]::future::future::Future<Output = ()>>>>::{closure#0}, core[a373ad73a504971]::option::Option<()>>::{closure#0}, (alloc[2e1b2a31b91974c5]::boxed::Box<tokio[b09a720e4aaf19b1]::runtime::scheduler::current_thread::Core>, core[a373ad73a504971]::option::Option<()>)>
[INFO] [stdout]                                at /opt/rustwide/cargo-home/registry/src/index.crates.io-1949cf8c6b5b557f/tokio-1.45.1/src/runtime/context/scoped.rs:40:9
[INFO] [stdout]   31:     0x5810d613e599 - tokio[b09a720e4aaf19b1]::runtime::context::set_scheduler::<(alloc[2e1b2a31b91974c5]::boxed::Box<tokio[b09a720e4aaf19b1]::runtime::scheduler::current_thread::Core>, core[a373ad73a504971]::option::Option<()>), <tokio[b09a720e4aaf19b1]::runtime::scheduler::current_thread::CoreGuard>::enter<<tokio[b09a720e4aaf19b1]::runtime::scheduler::current_thread::CoreGuard>::block_on<core[a373ad73a504971]::pin::Pin<&mut core[a373ad73a504971]::pin::Pin<&mut dyn core[a373ad73a504971]::future::future::Future<Output = ()>>>>::{closure#0}, core[a373ad73a504971]::option::Option<()>>::{closure#0}>::{closure#0}
[INFO] [stdout]                                at /opt/rustwide/cargo-home/registry/src/index.crates.io-1949cf8c6b5b557f/tokio-1.45.1/src/runtime/context.rs:176:38
[INFO] [stdout]   32:     0x5810d5f3e8ff - <std[617be2ca0a6fd877]::thread::local::LocalKey<tokio[b09a720e4aaf19b1]::runtime::context::Context>>::try_with::<tokio[b09a720e4aaf19b1]::runtime::context::set_scheduler<(alloc[2e1b2a31b91974c5]::boxed::Box<tokio[b09a720e4aaf19b1]::runtime::scheduler::current_thread::Core>, core[a373ad73a504971]::option::Option<()>), <tokio[b09a720e4aaf19b1]::runtime::scheduler::current_thread::CoreGuard>::enter<<tokio[b09a720e4aaf19b1]::runtime::scheduler::current_thread::CoreGuard>::block_on<core[a373ad73a504971]::pin::Pin<&mut core[a373ad73a504971]::pin::Pin<&mut dyn core[a373ad73a504971]::future::future::Future<Output = ()>>>>::{closure#0}, core[a373ad73a504971]::option::Option<()>>::{closure#0}>::{closure#0}, (alloc[2e1b2a31b91974c5]::boxed::Box<tokio[b09a720e4aaf19b1]::runtime::scheduler::current_thread::Core>, core[a373ad73a504971]::option::Option<()>)>
[INFO] [stdout]                                at /rustc/e3feeb59cd1bdd011a2bfcc0747b55125d9b8527/library/std/src/thread/local.rs:463:12
[INFO] [stdout]   33:     0x5810d5f3e10e - <std[617be2ca0a6fd877]::thread::local::LocalKey<tokio[b09a720e4aaf19b1]::runtime::context::Context>>::with::<tokio[b09a720e4aaf19b1]::runtime::context::set_scheduler<(alloc[2e1b2a31b91974c5]::boxed::Box<tokio[b09a720e4aaf19b1]::runtime::scheduler::current_thread::Core>, core[a373ad73a504971]::option::Option<()>), <tokio[b09a720e4aaf19b1]::runtime::scheduler::current_thread::CoreGuard>::enter<<tokio[b09a720e4aaf19b1]::runtime::scheduler::current_thread::CoreGuard>::block_on<core[a373ad73a504971]::pin::Pin<&mut core[a373ad73a504971]::pin::Pin<&mut dyn core[a373ad73a504971]::future::future::Future<Output = ()>>>>::{closure#0}, core[a373ad73a504971]::option::Option<()>>::{closure#0}>::{closure#0}, (alloc[2e1b2a31b91974c5]::boxed::Box<tokio[b09a720e4aaf19b1]::runtime::scheduler::current_thread::Core>, core[a373ad73a504971]::option::Option<()>)>
[INFO] [stdout]                                at /rustc/e3feeb59cd1bdd011a2bfcc0747b55125d9b8527/library/std/src/thread/local.rs:427:20
[INFO] [stdout]   34:     0x5810d612c25d - tokio[b09a720e4aaf19b1]::runtime::context::set_scheduler::<(alloc[2e1b2a31b91974c5]::boxed::Box<tokio[b09a720e4aaf19b1]::runtime::scheduler::current_thread::Core>, core[a373ad73a504971]::option::Option<()>), <tokio[b09a720e4aaf19b1]::runtime::scheduler::current_thread::CoreGuard>::enter<<tokio[b09a720e4aaf19b1]::runtime::scheduler::current_thread::CoreGuard>::block_on<core[a373ad73a504971]::pin::Pin<&mut core[a373ad73a504971]::pin::Pin<&mut dyn core[a373ad73a504971]::future::future::Future<Output = ()>>>>::{closure#0}, core[a373ad73a504971]::option::Option<()>>::{closure#0}>
[INFO] [stdout]                                at /opt/rustwide/cargo-home/registry/src/index.crates.io-1949cf8c6b5b557f/tokio-1.45.1/src/runtime/context.rs:176:17
[INFO] [stdout]   35:     0x5810d601c9c0 - <tokio[b09a720e4aaf19b1]::runtime::scheduler::current_thread::CoreGuard>::enter::<<tokio[b09a720e4aaf19b1]::runtime::scheduler::current_thread::CoreGuard>::block_on<core[a373ad73a504971]::pin::Pin<&mut core[a373ad73a504971]::pin::Pin<&mut dyn core[a373ad73a504971]::future::future::Future<Output = ()>>>>::{closure#0}, core[a373ad73a504971]::option::Option<()>>
[INFO] [stdout]                                at /opt/rustwide/cargo-home/registry/src/index.crates.io-1949cf8c6b5b557f/tokio-1.45.1/src/runtime/scheduler/current_thread/mod.rs:820:27
[INFO] [stdout]   36:     0x5810d601d156 - <tokio[b09a720e4aaf19b1]::runtime::scheduler::current_thread::CoreGuard>::block_on::<core[a373ad73a504971]::pin::Pin<&mut core[a373ad73a504971]::pin::Pin<&mut dyn core[a373ad73a504971]::future::future::Future<Output = ()>>>>
[INFO] [stdout]                                at /opt/rustwide/cargo-home/registry/src/index.crates.io-1949cf8c6b5b557f/tokio-1.45.1/src/runtime/scheduler/current_thread/mod.rs:720:24
[INFO] [stdout]   37:     0x5810d6022670 - <tokio[b09a720e4aaf19b1]::runtime::scheduler::current_thread::CurrentThread>::block_on::<core[a373ad73a504971]::pin::Pin<&mut dyn core[a373ad73a504971]::future::future::Future<Output = ()>>>::{closure#0}
[INFO] [stdout]                                at /opt/rustwide/cargo-home/registry/src/index.crates.io-1949cf8c6b5b557f/tokio-1.45.1/src/runtime/scheduler/current_thread/mod.rs:200:33
[INFO] [stdout]   38:     0x5810d5e66ba8 - tokio[b09a720e4aaf19b1]::runtime::context::runtime::enter_runtime::<<tokio[b09a720e4aaf19b1]::runtime::scheduler::current_thread::CurrentThread>::block_on<core[a373ad73a504971]::pin::Pin<&mut dyn core[a373ad73a504971]::future::future::Future<Output = ()>>>::{closure#0}, ()>
[INFO] [stdout]                                at /opt/rustwide/cargo-home/registry/src/index.crates.io-1949cf8c6b5b557f/tokio-1.45.1/src/runtime/context/runtime.rs:65:16
[INFO] [stdout]   39:     0x5810d6011cd4 - <tokio[b09a720e4aaf19b1]::runtime::scheduler::current_thread::CurrentThread>::block_on::<core[a373ad73a504971]::pin::Pin<&mut dyn core[a373ad73a504971]::future::future::Future<Output = ()>>>
[INFO] [stdout]                                at /opt/rustwide/cargo-home/registry/src/index.crates.io-1949cf8c6b5b557f/tokio-1.45.1/src/runtime/scheduler/current_thread/mod.rs:188:9
[INFO] [stdout]   40:     0x5810d607ed3f - <tokio[b09a720e4aaf19b1]::runtime::runtime::Runtime>::block_on_inner::<core[a373ad73a504971]::pin::Pin<&mut dyn core[a373ad73a504971]::future::future::Future<Output = ()>>>
[INFO] [stdout]                                at /opt/rustwide/cargo-home/registry/src/index.crates.io-1949cf8c6b5b557f/tokio-1.45.1/src/runtime/runtime.rs:356:52
[INFO] [stdout]   41:     0x5810d607f036 - <tokio[b09a720e4aaf19b1]::runtime::runtime::Runtime>::block_on::<core[a373ad73a504971]::pin::Pin<&mut dyn core[a373ad73a504971]::future::future::Future<Output = ()>>>
[INFO] [stdout]                                at /opt/rustwide/cargo-home/registry/src/index.crates.io-1949cf8c6b5b557f/tokio-1.45.1/src/runtime/runtime.rs:330:18
[INFO] [stdout]   42:     0x5810d60cecf3 - zksync_consensus_network[214d5b7613c2804a]::gossip::loadtest::tests::test_loadtest
[INFO] [stdout]                                at /opt/rustwide/workdir/src/gossip/loadtest/tests.rs:76:14
[INFO] [stdout]   43:     0x5810d60c8637 - zksync_consensus_network[214d5b7613c2804a]::gossip::loadtest::tests::test_loadtest::{closure#0}
[INFO] [stdout]                                at /opt/rustwide/workdir/src/gossip/loadtest/tests.rs:9:25
[INFO] [stdout]   44:     0x5810d5dcd556 - <zksync_consensus_network[214d5b7613c2804a]::gossip::loadtest::tests::test_loadtest::{closure#0} as core[a373ad73a504971]::ops::function::FnOnce<()>>::call_once
[INFO] [stdout]                                at /rustc/e3feeb59cd1bdd011a2bfcc0747b55125d9b8527/library/core/src/ops/function.rs:250:5
[INFO] [stdout]   45:     0x5810d627a94b - <fn() -> core[a373ad73a504971]::result::Result<(), alloc[2e1b2a31b91974c5]::string::String> as core[a373ad73a504971]::ops::function::FnOnce<()>>::call_once
[INFO] [stdout]                                at /rustc/e3feeb59cd1bdd011a2bfcc0747b55125d9b8527/library/core/src/ops/function.rs:250:5
[INFO] [stdout]   46:     0x5810d627a94b - test[aada8e7e76ba119b]::__rust_begin_short_backtrace::<core[a373ad73a504971]::result::Result<(), alloc[2e1b2a31b91974c5]::string::String>, fn() -> core[a373ad73a504971]::result::Result<(), alloc[2e1b2a31b91974c5]::string::String>>
[INFO] [stdout]                                at /rustc/e3feeb59cd1bdd011a2bfcc0747b55125d9b8527/library/test/src/lib.rs:701:18
[INFO] [stdout]   47:     0x5810d6287b25 - test[aada8e7e76ba119b]::run_test_in_process::{closure#0}
[INFO] [stdout]                                at /rustc/e3feeb59cd1bdd011a2bfcc0747b55125d9b8527/library/test/src/lib.rs:724:74
[INFO] [stdout]   48:     0x5810d6287b25 - <core[a373ad73a504971]::panic::unwind_safe::AssertUnwindSafe<test[aada8e7e76ba119b]::run_test_in_process::{closure#0}> as core[a373ad73a504971]::ops::function::FnOnce<()>>::call_once
[INFO] [stdout]                                at /rustc/e3feeb59cd1bdd011a2bfcc0747b55125d9b8527/library/core/src/panic/unwind_safe.rs:275:9
[INFO] [stdout]   49:     0x5810d6287b25 - std[617be2ca0a6fd877]::panicking::catch_unwind::do_call::<core[a373ad73a504971]::panic::unwind_safe::AssertUnwindSafe<test[aada8e7e76ba119b]::run_test_in_process::{closure#0}>, core[a373ad73a504971]::result::Result<(), alloc[2e1b2a31b91974c5]::string::String>>
[INFO] [stdout]                                at /rustc/e3feeb59cd1bdd011a2bfcc0747b55125d9b8527/library/std/src/panicking.rs:573:43
[INFO] [stdout]   50:     0x5810d6287b25 - std[617be2ca0a6fd877]::panicking::catch_unwind::<core[a373ad73a504971]::result::Result<(), alloc[2e1b2a31b91974c5]::string::String>, core[a373ad73a504971]::panic::unwind_safe::AssertUnwindSafe<test[aada8e7e76ba119b]::run_test_in_process::{closure#0}>>
[INFO] [stdout]                                at /rustc/e3feeb59cd1bdd011a2bfcc0747b55125d9b8527/library/std/src/panicking.rs:541:19
[INFO] [stdout]   51:     0x5810d6287b25 - std[617be2ca0a6fd877]::panic::catch_unwind::<core[a373ad73a504971]::panic::unwind_safe::AssertUnwindSafe<test[aada8e7e76ba119b]::run_test_in_process::{closure#0}>, core[a373ad73a504971]::result::Result<(), alloc[2e1b2a31b91974c5]::string::String>>
[INFO] [stdout]                                at /rustc/e3feeb59cd1bdd011a2bfcc0747b55125d9b8527/library/std/src/panic.rs:359:14
[INFO] [stdout]   52:     0x5810d6287b25 - test[aada8e7e76ba119b]::run_test_in_process
[INFO] [stdout]                                at /rustc/e3feeb59cd1bdd011a2bfcc0747b55125d9b8527/library/test/src/lib.rs:724:27
[INFO] [stdout]   53:     0x5810d6287b25 - test[aada8e7e76ba119b]::run_test::{closure#0}
[INFO] [stdout]                                at /rustc/e3feeb59cd1bdd011a2bfcc0747b55125d9b8527/library/test/src/lib.rs:645:43
[INFO] [stdout]   54:     0x5810d6281414 - test[aada8e7e76ba119b]::run_test::{closure#1}
[INFO] [stdout]                                at /rustc/e3feeb59cd1bdd011a2bfcc0747b55125d9b8527/library/test/src/lib.rs:675:41
[INFO] [stdout]   55:     0x5810d6281414 - std[617be2ca0a6fd877]::sys::backtrace::__rust_begin_short_backtrace::<test[aada8e7e76ba119b]::run_test::{closure#1}, ()>
[INFO] [stdout]                                at /rustc/e3feeb59cd1bdd011a2bfcc0747b55125d9b8527/library/std/src/sys/backtrace.rs:166:18
[INFO] [stdout]   56:     0x5810d628abb2 - std[617be2ca0a6fd877]::thread::lifecycle::spawn_unchecked::<test[aada8e7e76ba119b]::run_test::{closure#1}, ()>::{closure#1}::{closure#0}
[INFO] [stdout]                                at /rustc/e3feeb59cd1bdd011a2bfcc0747b55125d9b8527/library/std/src/thread/lifecycle.rs:70:13
[INFO] [stdout]   57:     0x5810d628abb2 - <core[a373ad73a504971]::panic::unwind_safe::AssertUnwindSafe<std[617be2ca0a6fd877]::thread::lifecycle::spawn_unchecked<test[aada8e7e76ba119b]::run_test::{closure#1}, ()>::{closure#1}::{closure#0}> as core[a373ad73a504971]::ops::function::FnOnce<()>>::call_once
[INFO] [stdout]                                at /rustc/e3feeb59cd1bdd011a2bfcc0747b55125d9b8527/library/core/src/panic/unwind_safe.rs:275:9
[INFO] [stdout]   58:     0x5810d628abb2 - std[617be2ca0a6fd877]::panicking::catch_unwind::do_call::<core[a373ad73a504971]::panic::unwind_safe::AssertUnwindSafe<std[617be2ca0a6fd877]::thread::lifecycle::spawn_unchecked<test[aada8e7e76ba119b]::run_test::{closure#1}, ()>::{closure#1}::{closure#0}>, ()>
[INFO] [stdout]                                at /rustc/e3feeb59cd1bdd011a2bfcc0747b55125d9b8527/library/std/src/panicking.rs:573:43
[INFO] [stdout]   59:     0x5810d628abb2 - std[617be2ca0a6fd877]::panicking::catch_unwind::<(), core[a373ad73a504971]::panic::unwind_safe::AssertUnwindSafe<std[617be2ca0a6fd877]::thread::lifecycle::spawn_unchecked<test[aada8e7e76ba119b]::run_test::{closure#1}, ()>::{closure#1}::{closure#0}>>
[INFO] [stdout]                                at /rustc/e3feeb59cd1bdd011a2bfcc0747b55125d9b8527/library/std/src/panicking.rs:541:19
[INFO] [stdout]   60:     0x5810d628abb2 - std[617be2ca0a6fd877]::panic::catch_unwind::<core[a373ad73a504971]::panic::unwind_safe::AssertUnwindSafe<std[617be2ca0a6fd877]::thread::lifecycle::spawn_unchecked<test[aada8e7e76ba119b]::run_test::{closure#1}, ()>::{closure#1}::{closure#0}>, ()>
[INFO] [stdout]                                at /rustc/e3feeb59cd1bdd011a2bfcc0747b55125d9b8527/library/std/src/panic.rs:359:14
[INFO] [stdout]   61:     0x5810d628abb2 - std[617be2ca0a6fd877]::thread::lifecycle::spawn_unchecked::<test[aada8e7e76ba119b]::run_test::{closure#1}, ()>::{closure#1}
[INFO] [stdout]                                at /rustc/e3feeb59cd1bdd011a2bfcc0747b55125d9b8527/library/std/src/thread/lifecycle.rs:68:26
[INFO] [stdout]   62:     0x5810d628abb2 - <std[617be2ca0a6fd877]::thread::lifecycle::spawn_unchecked<test[aada8e7e76ba119b]::run_test::{closure#1}, ()>::{closure#1} as core[a373ad73a504971]::ops::function::FnOnce<()>>::call_once::{shim:vtable#0}
[INFO] [stdout]                                at /rustc/e3feeb59cd1bdd011a2bfcc0747b55125d9b8527/library/core/src/ops/function.rs:250:5
[INFO] [stdout]   63:     0x5810d68ce16f - <alloc[2e1b2a31b91974c5]::boxed::Box<dyn core[a373ad73a504971]::ops::function::FnOnce<(), Output = ()> + core[a373ad73a504971]::marker::Send> as core[a373ad73a504971]::ops::function::FnOnce<()>>::call_once
[INFO] [stdout]                                at /rustc/e3feeb59cd1bdd011a2bfcc0747b55125d9b8527/library/alloc/src/boxed.rs:2314:9
[INFO] [stdout]   64:     0x5810d68ce16f - <std[617be2ca0a6fd877]::sys::thread::unix::Thread>::new::thread_start
[INFO] [stdout]                                at /rustc/e3feeb59cd1bdd011a2bfcc0747b55125d9b8527/library/std/src/sys/thread/unix.rs:127:17
[INFO] [stdout]   65:     0x7d26a1370dfa - <unknown>
[INFO] [stdout]   66:     0x7d26a14043d4 - clone
[INFO] [stdout]   67:                0x0 - <unknown>
[INFO] [stdout] 
[INFO] [stdout] ---- gossip::tests::syncing::uncoordinated_block_syncing::case_8 stdout ----
[INFO] [stdout] Testing case #8: (arg 0) = (10, 7), state_generation_interval = Duration { seconds: 0, nanoseconds: 50000000 }
[INFO] [stdout] 
[INFO] [stdout] thread 'gossip::tests::syncing::uncoordinated_block_syncing::case_8' (3993) panicked at src/gossip/tests/syncing.rs:132:6:
[INFO] [stdout] called `Result::unwrap()` on an `Err` value: accept()
[INFO] [stdout] 
[INFO] [stdout] Caused by:
[INFO] [stdout]     0: accept()
[INFO] [stdout]     1: Too many open files (os error 24)
[INFO] [stdout] 
[INFO] [stdout] Stack backtrace:
[INFO] [stdout]    0: <core::io::error::Error as anyhow::context::ext::StdError>::ext_context::<&str>
[INFO] [stdout]              at /opt/rustwide/cargo-home/registry/src/index.crates.io-1949cf8c6b5b557f/anyhow-1.0.98/src/backtrace.rs:27:14
[INFO] [stdout]    1: <core::result::Result<tokio::net::tcp::stream::TcpStream, core::io::error::Error> as anyhow::Context<tokio::net::tcp::stream::TcpStream, core::io::error::Error>>::context::<&str>
[INFO] [stdout]              at /opt/rustwide/cargo-home/registry/src/index.crates.io-1949cf8c6b5b557f/anyhow-1.0.98/src/context.rs:54:37
[INFO] [stdout]    2: <zksync_consensus_network::metrics::MeteredStream>::accept::{closure#0}
[INFO] [stdout]              at ./src/metrics.rs:46:61
[INFO] [stdout]    3: <zksync_consensus_network::Runner>::run::{closure#0}::{closure#0}::{closure#0}
[INFO] [stdout]              at ./src/lib.rs:216:22
[INFO] [stdout]    4: <zksync_concurrency::scope::task::Task<zksync_concurrency::ctx::Error>>::run::<(), <zksync_consensus_network::Runner>::run::{closure#0}::{closure#0}::{closure#0}>::{closure#0}
[INFO] [stdout]              at /opt/rustwide/cargo-home/registry/src/index.crates.io-1949cf8c6b5b557f/zksync_concurrency-0.13.0/src/scope/task.rs:109:21
[INFO] [stdout]    5: <core::pin::Pin<alloc::boxed::Box<dyn core::future::future::Future<Output = core::result::Result<(), zksync_concurrency::scope::task::Terminated>> + core::marker::Send>> as core::future::future::Future>::poll
[INFO] [stdout]              at /rustc/e3feeb59cd1bdd011a2bfcc0747b55125d9b8527/library/core/src/future/future.rs:133:9
[INFO] [stdout]    6: <tracing::instrument::Instrumented<core::pin::Pin<alloc::boxed::Box<dyn core::future::future::Future<Output = core::result::Result<(), zksync_concurrency::scope::task::Terminated>> + core::marker::Send>>> as core::future::future::Future>::poll
[INFO] [stdout]              at /opt/rustwide/cargo-home/registry/src/index.crates.io-1949cf8c6b5b557f/tracing-0.1.41/src/instrument.rs:321:15
[INFO] [stdout]    7: <tokio::runtime::task::core::Core<tracing::instrument::Instrumented<core::pin::Pin<alloc::boxed::Box<dyn core::future::future::Future<Output = core::result::Result<(), zksync_concurrency::scope::task::Terminated>> + core::marker::Send>>>, alloc::sync::Arc<tokio::runtime::scheduler::multi_thread::handle::Handle>>>::poll::{closure#0}
[INFO] [stdout]              at /opt/rustwide/cargo-home/registry/src/index.crates.io-1949cf8c6b5b557f/tokio-1.45.1/src/runtime/task/core.rs:331:24
[INFO] [stdout]    8: <tokio::loom::std::unsafe_cell::UnsafeCell<tokio::runtime::task::core::Stage<tracing::instrument::Instrumented<core::pin::Pin<alloc::boxed::Box<dyn core::future::future::Future<Output = core::result::Result<(), zksync_concurrency::scope::task::Terminated>> + core::marker::Send>>>>>>::with_mut::<core::task::poll::Poll<core::result::Result<(), zksync_concurrency::scope::task::Terminated>>, <tokio::runtime::task::core::Core<tracing::instrument::Instrumented<core::pin::Pin<alloc::boxed::Box<dyn core::future::future::Future<Output = core::result::Result<(), zksync_concurrency::scope::task::Terminated>> + core::marker::Send>>>, alloc::sync::Arc<tokio::runtime::scheduler::multi_thread::handle::Handle>>>::poll::{closure#0}>
[INFO] [stdout]              at /opt/rustwide/cargo-home/registry/src/index.crates.io-1949cf8c6b5b557f/tokio-1.45.1/src/loom/std/unsafe_cell.rs:16:9
[INFO] [stdout]    9: <tokio::runtime::task::core::Core<tracing::instrument::Instrumented<core::pin::Pin<alloc::boxed::Box<dyn core::future::future::Future<Output = core::result::Result<(), zksync_concurrency::scope::task::Terminated>> + core::marker::Send>>>, alloc::sync::Arc<tokio::runtime::scheduler::multi_thread::handle::Handle>>>::poll
[INFO] [stdout]              at /opt/rustwide/cargo-home/registry/src/index.crates.io-1949cf8c6b5b557f/tokio-1.45.1/src/runtime/task/core.rs:320:30
[INFO] [stdout]   10: tokio::runtime::task::harness::poll_future::<tracing::instrument::Instrumented<core::pin::Pin<alloc::boxed::Box<dyn core::future::future::Future<Output = core::result::Result<(), zksync_concurrency::scope::task::Terminated>> + core::marker::Send>>>, alloc::sync::Arc<tokio::runtime::scheduler::multi_thread::handle::Handle>>::{closure#0}
[INFO] [stdout]              at /opt/rustwide/cargo-home/registry/src/index.crates.io-1949cf8c6b5b557f/tokio-1.45.1/src/runtime/task/harness.rs:532:30
[INFO] [stdout]   11: <core::panic::unwind_safe::AssertUnwindSafe<tokio::runtime::task::harness::poll_future<tracing::instrument::Instrumented<core::pin::Pin<alloc::boxed::Box<dyn core::future::future::Future<Output = core::result::Result<(), zksync_concurrency::scope::task::Terminated>> + core::marker::Send>>>, alloc::sync::Arc<tokio::runtime::scheduler::multi_thread::handle::Handle>>::{closure#0}> as core::ops::function::FnOnce<()>>::call_once
[INFO] [stdout]              at /rustc/e3feeb59cd1bdd011a2bfcc0747b55125d9b8527/library/core/src/panic/unwind_safe.rs:275:9
[INFO] [stdout]   12: std::panicking::catch_unwind::do_call::<core::panic::unwind_safe::AssertUnwindSafe<tokio::runtime::task::harness::poll_future<tracing::instrument::Instrumented<core::pin::Pin<alloc::boxed::Box<dyn core::future::future::Future<Output = core::result::Result<(), zksync_concurrency::scope::task::Terminated>> + core::marker::Send>>>, alloc::sync::Arc<tokio::runtime::scheduler::multi_thread::handle::Handle>>::{closure#0}>, core::task::poll::Poll<core::result::Result<(), zksync_concurrency::scope::task::Terminated>>>
[INFO] [stdout]              at /rustc/e3feeb59cd1bdd011a2bfcc0747b55125d9b8527/library/std/src/panicking.rs:573:43
[INFO] [stdout]   13: __rust_try
[INFO] [stdout]   14: std::panicking::catch_unwind::<core::task::poll::Poll<core::result::Result<(), zksync_concurrency::scope::task::Terminated>>, core::panic::unwind_safe::AssertUnwindSafe<tokio::runtime::task::harness::poll_future<tracing::instrument::Instrumented<core::pin::Pin<alloc::boxed::Box<dyn core::future::future::Future<Output = core::result::Result<(), zksync_concurrency::scope::task::Terminated>> + core::marker::Send>>>, alloc::sync::Arc<tokio::runtime::scheduler::multi_thread::handle::Handle>>::{closure#0}>>
[INFO] [stdout]              at /rustc/e3feeb59cd1bdd011a2bfcc0747b55125d9b8527/library/std/src/panicking.rs:541:19
[INFO] [stdout]   15: std::panic::catch_unwind::<core::panic::unwind_safe::AssertUnwindSafe<tokio::runtime::task::harness::poll_future<tracing::instrument::Instrumented<core::pin::Pin<alloc::boxed::Box<dyn core::future::future::Future<Output = core::result::Result<(), zksync_concurrency::scope::task::Terminated>> + core::marker::Send>>>, alloc::sync::Arc<tokio::runtime::scheduler::multi_thread::handle::Handle>>::{closure#0}>, core::task::poll::Poll<core::result::Result<(), zksync_concurrency::scope::task::Terminated>>>
[INFO] [stdout]              at /rustc/e3feeb59cd1bdd011a2bfcc0747b55125d9b8527/library/std/src/panic.rs:359:14
[INFO] [stdout]   16: tokio::runtime::task::harness::poll_future::<tracing::instrument::Instrumented<core::pin::Pin<alloc::boxed::Box<dyn core::future::future::Future<Output = core::result::Result<(), zksync_concurrency::scope::task::Terminated>> + core::marker::Send>>>, alloc::sync::Arc<tokio::runtime::scheduler::multi_thread::handle::Handle>>
[INFO] [stdout]              at /opt/rustwide/cargo-home/registry/src/index.crates.io-1949cf8c6b5b557f/tokio-1.45.1/src/runtime/task/harness.rs:520:18
[INFO] [stdout]   17: <tokio::runtime::task::harness::Harness<tracing::instrument::Instrumented<core::pin::Pin<alloc::boxed::Box<dyn core::future::future::Future<Output = core::result::Result<(), zksync_concurrency::scope::task::Terminated>> + core::marker::Send>>>, alloc::sync::Arc<tokio::runtime::scheduler::multi_thread::handle::Handle>>>::poll_inner
[INFO] [stdout]              at /opt/rustwide/cargo-home/registry/src/index.crates.io-1949cf8c6b5b557f/tokio-1.45.1/src/runtime/task/harness.rs:209:27
[INFO] [stdout]   18: <tokio::runtime::task::harness::Harness<tracing::instrument::Instrumented<core::pin::Pin<alloc::boxed::Box<dyn core::future::future::Future<Output = core::result::Result<(), zksync_concurrency::scope::task::Terminated>> + core::marker::Send>>>, alloc::sync::Arc<tokio::runtime::scheduler::multi_thread::handle::Handle>>>::poll
[INFO] [stdout]              at /opt/rustwide/cargo-home/registry/src/index.crates.io-1949cf8c6b5b557f/tokio-1.45.1/src/runtime/task/harness.rs:154:20
[INFO] [stdout]   19: tokio::runtime::task::raw::poll::<tracing::instrument::Instrumented<core::pin::Pin<alloc::boxed::Box<dyn core::future::future::Future<Output = core::result::Result<(), zksync_concurrency::scope::task::Terminated>> + core::marker::Send>>>, alloc::sync::Arc<tokio::runtime::scheduler::multi_thread::handle::Handle>>
[INFO] [stdout]              at /opt/rustwide/cargo-home/registry/src/index.crates.io-1949cf8c6b5b557f/tokio-1.45.1/src/runtime/task/raw.rs:271:13
[INFO] [stdout]   20: <tokio::runtime::task::raw::RawTask>::poll
[INFO] [stdout]              at /opt/rustwide/cargo-home/registry/src/index.crates.io-1949cf8c6b5b557f/tokio-1.45.1/src/runtime/task/raw.rs:201:18
[INFO] [stdout]   21: <tokio::runtime::task::LocalNotified<alloc::sync::Arc<tokio::runtime::scheduler::multi_thread::handle::Handle>>>::run
[INFO] [stdout]              at /opt/rustwide/cargo-home/registry/src/index.crates.io-1949cf8c6b5b557f/tokio-1.45.1/src/runtime/task/mod.rs:463:13
[INFO] [stdout]   22: <tokio::runtime::scheduler::multi_thread::worker::Context>::run_task::{closure#0}
[INFO] [stdout]              at /opt/rustwide/cargo-home/registry/src/index.crates.io-1949cf8c6b5b557f/tokio-1.45.1/src/runtime/scheduler/multi_thread/worker.rs:600:18
[INFO] [stdout]   23: tokio::task::coop::with_budget::<core::result::Result<alloc::boxed::Box<tokio::runtime::scheduler::multi_thread::worker::Core>, ()>, <tokio::runtime::scheduler::multi_thread::worker::Context>::run_task::{closure#0}>
[INFO] [stdout]              at /opt/rustwide/cargo-home/registry/src/index.crates.io-1949cf8c6b5b557f/tokio-1.45.1/src/task/coop/mod.rs:167:5
[INFO] [stdout]   24: tokio::task::coop::budget::<core::result::Result<alloc::boxed::Box<tokio::runtime::scheduler::multi_thread::worker::Core>, ()>, <tokio::runtime::scheduler::multi_thread::worker::Context>::run_task::{closure#0}>
[INFO] [stdout]              at /opt/rustwide/cargo-home/registry/src/index.crates.io-1949cf8c6b5b557f/tokio-1.45.1/src/task/coop/mod.rs:133:5
[INFO] [stdout]   25: <tokio::runtime::scheduler::multi_thread::worker::Context>::run_task
[INFO] [stdout]              at /opt/rustwide/cargo-home/registry/src/index.crates.io-1949cf8c6b5b557f/tokio-1.45.1/src/runtime/scheduler/multi_thread/worker.rs:594:9
[INFO] [stdout]   26: <tokio::runtime::scheduler::multi_thread::worker::Context>::run
[INFO] [stdout]              at /opt/rustwide/cargo-home/registry/src/index.crates.io-1949cf8c6b5b557f/tokio-1.45.1/src/runtime/scheduler/multi_thread/worker.rs:542:29
[INFO] [stdout]   27: tokio::runtime::scheduler::multi_thread::worker::run::{closure#0}::{closure#0}
[INFO] [stdout]              at /opt/rustwide/cargo-home/registry/src/index.crates.io-1949cf8c6b5b557f/tokio-1.45.1/src/runtime/scheduler/multi_thread/worker.rs:507:24
[INFO] [stdout]   28: <tokio::runtime::context::scoped::Scoped<tokio::runtime::scheduler::Context>>::set::<tokio::runtime::scheduler::multi_thread::worker::run::{closure#0}::{closure#0}, ()>
[INFO] [stdout]              at /opt/rustwide/cargo-home/registry/src/index.crates.io-1949cf8c6b5b557f/tokio-1.45.1/src/runtime/context/scoped.rs:40:9
[INFO] [stdout]   29: tokio::runtime::context::set_scheduler::<(), tokio::runtime::scheduler::multi_thread::worker::run::{closure#0}::{closure#0}>::{closure#0}
[INFO] [stdout]              at /opt/rustwide/cargo-home/registry/src/index.crates.io-1949cf8c6b5b557f/tokio-1.45.1/src/runtime/context.rs:176:38
[INFO] [stdout]   30: <std::thread::local::LocalKey<tokio::runtime::context::Context>>::try_with::<tokio::runtime::context::set_scheduler<(), tokio::runtime::scheduler::multi_thread::worker::run::{closure#0}::{closure#0}>::{closure#0}, ()>
[INFO] [stdout]              at /rustc/e3feeb59cd1bdd011a2bfcc0747b55125d9b8527/library/std/src/thread/local.rs:463:12
[INFO] [stdout]   31: <std::thread::local::LocalKey<tokio::runtime::context::Context>>::with::<tokio::runtime::context::set_scheduler<(), tokio::runtime::scheduler::multi_thread::worker::run::{closure#0}::{closure#0}>::{closure#0}, ()>
[INFO] [stdout]              at /rustc/e3feeb59cd1bdd011a2bfcc0747b55125d9b8527/library/std/src/thread/local.rs:427:20
[INFO] [stdout]   32: tokio::runtime::context::set_scheduler::<(), tokio::runtime::scheduler::multi_thread::worker::run::{closure#0}::{closure#0}>
[INFO] [stdout]              at /opt/rustwide/cargo-home/registry/src/index.crates.io-1949cf8c6b5b557f/tokio-1.45.1/src/runtime/context.rs:176:17
[INFO] [stdout]   33: tokio::runtime::scheduler::multi_thread::worker::run::{closure#0}
[INFO] [stdout]              at /opt/rustwide/cargo-home/registry/src/index.crates.io-1949cf8c6b5b557f/tokio-1.45.1/src/runtime/scheduler/multi_thread/worker.rs:502:9
[INFO] [stdout]   34: tokio::runtime::context::runtime::enter_runtime::<tokio::runtime::scheduler::multi_thread::worker::run::{closure#0}, ()>
[INFO] [stdout]              at /opt/rustwide/cargo-home/registry/src/index.crates.io-1949cf8c6b5b557f/tokio-1.45.1/src/runtime/context/runtime.rs:65:16
[INFO] [stdout]   35: tokio::runtime::scheduler::multi_thread::worker::run
[INFO] [stdout]              at /opt/rustwide/cargo-home/registry/src/index.crates.io-1949cf8c6b5b557f/tokio-1.45.1/src/runtime/scheduler/multi_thread/worker.rs:494:5
[INFO] [stdout]   36: <tokio::runtime::scheduler::multi_thread::worker::Launch>::launch::{closure#0}
[INFO] [stdout]              at /opt/rustwide/cargo-home/registry/src/index.crates.io-1949cf8c6b5b557f/tokio-1.45.1/src/runtime/scheduler/multi_thread/worker.rs:460:45
[INFO] [stdout]   37: <tokio::runtime::blocking::task::BlockingTask<<tokio::runtime::scheduler::multi_thread::worker::Launch>::launch::{closure#0}> as core::future::future::Future>::poll
[INFO] [stdout]              at /opt/rustwide/cargo-home/registry/src/index.crates.io-1949cf8c6b5b557f/tokio-1.45.1/src/runtime/blocking/task.rs:42:21
[INFO] [stdout]   38: <tokio::runtime::task::core::Core<tokio::runtime::blocking::task::BlockingTask<<tokio::runtime::scheduler::multi_thread::worker::Launch>::launch::{closure#0}>, tokio::runtime::blocking::schedule::BlockingSchedule>>::poll::{closure#0}
[INFO] [stdout]              at /opt/rustwide/cargo-home/registry/src/index.crates.io-1949cf8c6b5b557f/tokio-1.45.1/src/runtime/task/core.rs:331:24
[INFO] [stdout]   39: <tokio::loom::std::unsafe_cell::UnsafeCell<tokio::runtime::task::core::Stage<tokio::runtime::blocking::task::BlockingTask<<tokio::runtime::scheduler::multi_thread::worker::Launch>::launch::{closure#0}>>>>::with_mut::<core::task::poll::Poll<()>, <tokio::runtime::task::core::Core<tokio::runtime::blocking::task::BlockingTask<<tokio::runtime::scheduler::multi_thread::worker::Launch>::launch::{closure#0}>, tokio::runtime::blocking::schedule::BlockingSchedule>>::poll::{closure#0}>
[INFO] [stdout]              at /opt/rustwide/cargo-home/registry/src/index.crates.io-1949cf8c6b5b557f/tokio-1.45.1/src/loom/std/unsafe_cell.rs:16:9
[INFO] [stdout]   40: <tokio::runtime::task::core::Core<tokio::runtime::blocking::task::BlockingTask<<tokio::runtime::scheduler::multi_thread::worker::Launch>::launch::{closure#0}>, tokio::runtime::blocking::schedule::BlockingSchedule>>::poll
[INFO] [stdout]              at /opt/rustwide/cargo-home/registry/src/index.crates.io-1949cf8c6b5b557f/tokio-1.45.1/src/runtime/task/core.rs:320:30
[INFO] [stdout]   41: tokio::runtime::task::harness::poll_future::<tokio::runtime::blocking::task::BlockingTask<<tokio::runtime::scheduler::multi_thread::worker::Launch>::launch::{closure#0}>, tokio::runtime::blocking::schedule::BlockingSchedule>::{closure#0}
[INFO] [stdout]              at /opt/rustwide/cargo-home/registry/src/index.crates.io-1949cf8c6b5b557f/tokio-1.45.1/src/runtime/task/harness.rs:532:30
[INFO] [stdout]   42: <core::panic::unwind_safe::AssertUnwindSafe<tokio::runtime::task::harness::poll_future<tokio::runtime::blocking::task::BlockingTask<<tokio::runtime::scheduler::multi_thread::worker::Launch>::launch::{closure#0}>, tokio::runtime::blocking::schedule::BlockingSchedule>::{closure#0}> as core::ops::function::FnOnce<()>>::call_once
[INFO] [stdout]              at /rustc/e3feeb59cd1bdd011a2bfcc0747b55125d9b8527/library/core/src/panic/unwind_safe.rs:275:9
[INFO] [stdout]   43: std::panicking::catch_unwind::do_call::<core::panic::unwind_safe::AssertUnwindSafe<tokio::runtime::task::harness::poll_future<tokio::runtime::blocking::task::BlockingTask<<tokio::runtime::scheduler::multi_thread::worker::Launch>::launch::{closure#0}>, tokio::runtime::blocking::schedule::BlockingSchedule>::{closure#0}>, core::task::poll::Poll<()>>
[INFO] [stdout]              at /rustc/e3feeb59cd1bdd011a2bfcc0747b55125d9b8527/library/std/src/panicking.rs:573:43
[INFO] [stdout]   44: __rust_try
[INFO] [stdout]   45: std::panicking::catch_unwind::<core::task::poll::Poll<()>, core::panic::unwind_safe::AssertUnwindSafe<tokio::runtime::task::harness::poll_future<tokio::runtime::blocking::task::BlockingTask<<tokio::runtime::scheduler::multi_thread::worker::Launch>::launch::{closure#0}>, tokio::runtime::blocking::schedule::BlockingSchedule>::{closure#0}>>
[INFO] [stdout]              at /rustc/e3feeb59cd1bdd011a2bfcc0747b55125d9b8527/library/std/src/panicking.rs:541:19
[INFO] [stdout]   46: std::panic::catch_unwind::<core::panic::unwind_safe::AssertUnwindSafe<tokio::runtime::task::harness::poll_future<tokio::runtime::blocking::task::BlockingTask<<tokio::runtime::scheduler::multi_thread::worker::Launch>::launch::{closure#0}>, tokio::runtime::blocking::schedule::BlockingSchedule>::{closure#0}>, core::task::poll::Poll<()>>
[INFO] [stdout]              at /rustc/e3feeb59cd1bdd011a2bfcc0747b55125d9b8527/library/std/src/panic.rs:359:14
[INFO] [stdout]   47: tokio::runtime::task::harness::poll_future::<tokio::runtime::blocking::task::BlockingTask<<tokio::runtime::scheduler::multi_thread::worker::Launch>::launch::{closure#0}>, tokio::runtime::blocking::schedule::BlockingSchedule>
[INFO] [stdout]              at /opt/rustwide/cargo-home/registry/src/index.crates.io-1949cf8c6b5b557f/tokio-1.45.1/src/runtime/task/harness.rs:520:18
[INFO] [stdout]   48: <tokio::runtime::task::harness::Harness<tokio::runtime::blocking::task::BlockingTask<<tokio::runtime::scheduler::multi_thread::worker::Launch>::launch::{closure#0}>, tokio::runtime::blocking::schedule::BlockingSchedule>>::poll_inner
[INFO] [stdout]              at /opt/rustwide/cargo-home/registry/src/index.crates.io-1949cf8c6b5b557f/tokio-1.45.1/src/runtime/task/harness.rs:209:27
[INFO] [stdout]   49: <tokio::runtime::task::harness::Harness<tokio::runtime::blocking::task::BlockingTask<<tokio::runtime::scheduler::multi_thread::worker::Launch>::launch::{closure#0}>, tokio::runtime::blocking::schedule::BlockingSchedule>>::poll
[INFO] [stdout]              at /opt/rustwide/cargo-home/registry/src/index.crates.io-1949cf8c6b5b557f/tokio-1.45.1/src/runtime/task/harness.rs:154:20
[INFO] [stdout]   50: tokio::runtime::task::raw::poll::<tokio::runtime::blocking::task::BlockingTask<<tokio::runtime::scheduler::multi_thread::worker::Launch>::launch::{closure#0}>, tokio::runtime::blocking::schedule::BlockingSchedule>
[INFO] [stdout]              at /opt/rustwide/cargo-home/registry/src/index.crates.io-1949cf8c6b5b557f/tokio-1.45.1/src/runtime/task/raw.rs:271:13
[INFO] [stdout]   51: <tokio::runtime::task::raw::RawTask>::poll
[INFO] [stdout]              at /opt/rustwide/cargo-home/registry/src/index.crates.io-1949cf8c6b5b557f/tokio-1.45.1/src/runtime/task/raw.rs:201:18
[INFO] [stdout]   52: <tokio::runtime::task::UnownedTask<tokio::runtime::blocking::schedule::BlockingSchedule>>::run
[INFO] [stdout]              at /opt/rustwide/cargo-home/registry/src/index.crates.io-1949cf8c6b5b557f/tokio-1.45.1/src/runtime/task/mod.rs:500:13
[INFO] [stdout]   53: <tokio::runtime::blocking::pool::Task>::run
[INFO] [stdout]              at /opt/rustwide/cargo-home/registry/src/index.crates.io-1949cf8c6b5b557f/tokio-1.45.1/src/runtime/blocking/pool.rs:161:19
[INFO] [stdout]   54: <tokio::runtime::blocking::pool::Inner>::run
[INFO] [stdout]              at /opt/rustwide/cargo-home/registry/src/index.crates.io-1949cf8c6b5b557f/tokio-1.45.1/src/runtime/blocking/pool.rs:511:22
[INFO] [stdout]   55: <tokio::runtime::blocking::pool::Spawner>::spawn_thread::{closure#0}
[INFO] [stdout]              at /opt/rustwide/cargo-home/registry/src/index.crates.io-1949cf8c6b5b557f/tokio-1.45.1/src/runtime/blocking/pool.rs:469:47
[INFO] [stdout]   56: std::sys::backtrace::__rust_begin_short_backtrace::<<tokio::runtime::blocking::pool::Spawner>::spawn_thread::{closure#0}, ()>
[INFO] [stdout]              at /rustc/e3feeb59cd1bdd011a2bfcc0747b55125d9b8527/library/std/src/sys/backtrace.rs:166:18
[INFO] [stdout]   57: std::thread::lifecycle::spawn_unchecked::<<tokio::runtime::blocking::pool::Spawner>::spawn_thread::{closure#0}, ()>::{closure#1}::{closure#0}
[INFO] [stdout]              at /rustc/e3feeb59cd1bdd011a2bfcc0747b55125d9b8527/library/std/src/thread/lifecycle.rs:70:13
[INFO] [stdout]   58: <core::panic::unwind_safe::AssertUnwindSafe<std::thread::lifecycle::spawn_unchecked<<tokio::runtime::blocking::pool::Spawner>::spawn_thread::{closure#0}, ()>::{closure#1}::{closure#0}> as core::ops::function::FnOnce<()>>::call_once
[INFO] [stdout]              at /rustc/e3feeb59cd1bdd011a2bfcc0747b55125d9b8527/library/core/src/panic/unwind_safe.rs:275:9
[INFO] [stdout]   59: std::panicking::catch_unwind::do_call::<core::panic::unwind_safe::AssertUnwindSafe<std::thread::lifecycle::spawn_unchecked<<tokio::runtime::blocking::pool::Spawner>::spawn_thread::{closure#0}, ()>::{closure#1}::{closure#0}>, ()>
[INFO] [stdout]              at /rustc/e3feeb59cd1bdd011a2bfcc0747b55125d9b8527/library/std/src/panicking.rs:573:43
[INFO] [stdout]   60: __rust_try
[INFO] [stdout]   61: std::panicking::catch_unwind::<(), core::panic::unwind_safe::AssertUnwindSafe<std::thread::lifecycle::spawn_unchecked<<tokio::runtime::blocking::pool::Spawner>::spawn_thread::{closure#0}, ()>::{closure#1}::{closure#0}>>
[INFO] [stdout]              at /rustc/e3feeb59cd1bdd011a2bfcc0747b55125d9b8527/library/std/src/panicking.rs:541:19
[INFO] [stdout]   62: std::panic::catch_unwind::<core::panic::unwind_safe::AssertUnwindSafe<std::thread::lifecycle::spawn_unchecked<<tokio::runtime::blocking::pool::Spawner>::spawn_thread::{closure#0}, ()>::{closure#1}::{closure#0}>, ()>
[INFO] [stdout]              at /rustc/e3feeb59cd1bdd011a2bfcc0747b55125d9b8527/library/std/src/panic.rs:359:14
[INFO] [stdout]   63: std::thread::lifecycle::spawn_unchecked::<<tokio::runtime::blocking::pool::Spawner>::spawn_thread::{closure#0}, ()>::{closure#1}
[INFO] [stdout]              at /rustc/e3feeb59cd1bdd011a2bfcc0747b55125d9b8527/library/std/src/thread/lifecycle.rs:68:26
[INFO] [stdout]   64: <std::thread::lifecycle::spawn_unchecked<<tokio::runtime::blocking::pool::Spawner>::spawn_thread::{closure#0}, ()>::{closure#1} as core::ops::function::FnOnce<()>>::call_once::{shim:vtable#0}
[INFO] [stdout]              at /rustc/e3feeb59cd1bdd011a2bfcc0747b55125d9b8527/library/core/src/ops/function.rs:250:5
[INFO] [stdout]   65: <alloc::boxed::Box<dyn core::ops::function::FnOnce<(), Output = ()> + core::marker::Send> as core::ops::function::FnOnce<()>>::call_once
[INFO] [stdout]              at /rustc/e3feeb59cd1bdd011a2bfcc0747b55125d9b8527/library/alloc/src/boxed.rs:2314:9
[INFO] [stdout]   66: <std::sys::thread::unix::Thread>::new::thread_start
[INFO] [stdout]              at /rustc/e3feeb59cd1bdd011a2bfcc0747b55125d9b8527/library/std/src/sys/thread/unix.rs:127:17
[INFO] [stdout]   67: <unknown>
[INFO] [stdout]   68: clone
[INFO] [stdout] stack backtrace:
[INFO] [stdout]    0:     0x5810d68cecc1 - std[617be2ca0a6fd877]::backtrace_rs::backtrace::libunwind::trace
[INFO] [stdout]                                at /rustc/e3feeb59cd1bdd011a2bfcc0747b55125d9b8527/library/std/src/../../backtrace/src/backtrace/libunwind.rs:117:9
[INFO] [stdout]    1:     0x5810d68cecc1 - std[617be2ca0a6fd877]::backtrace_rs::backtrace::trace_unsynchronized::<std[617be2ca0a6fd877]::sys::backtrace::_print_fmt::{closure#1}>
[INFO] [stdout]                                at /rustc/e3feeb59cd1bdd011a2bfcc0747b55125d9b8527/library/std/src/../../backtrace/src/backtrace/mod.rs:66:14
[INFO] [stdout]    2:     0x5810d68cecc1 - std[617be2ca0a6fd877]::sys::backtrace::_print_fmt
[INFO] [stdout]                                at /rustc/e3feeb59cd1bdd011a2bfcc0747b55125d9b8527/library/std/src/sys/backtrace.rs:74:9
[INFO] [stdout]    3:     0x5810d68cecc1 - <<std[617be2ca0a6fd877]::sys::backtrace::BacktraceLock>::print::DisplayBacktrace as core[a373ad73a504971]::fmt::Display>::fmt
[INFO] [stdout]                                at /rustc/e3feeb59cd1bdd011a2bfcc0747b55125d9b8527/library/std/src/sys/backtrace.rs:44:26
[INFO] [stdout]    4:     0x5810d68e75aa - <core[a373ad73a504971]::fmt::rt::Argument>::fmt
[INFO] [stdout]                                at /rustc/e3feeb59cd1bdd011a2bfcc0747b55125d9b8527/library/core/src/fmt/rt.rs:152:76
[INFO] [stdout]    5:     0x5810d68e75aa - core[a373ad73a504971]::fmt::write
[INFO] [stdout]    6:     0x5810d68d3c1c - core[a373ad73a504971]::io::write::default_write_fmt::<alloc[2e1b2a31b91974c5]::vec::Vec<u8>>
[INFO] [stdout]                                at /rustc/e3feeb59cd1bdd011a2bfcc0747b55125d9b8527/library/core/src/io/write.rs:402:11
[INFO] [stdout]    7:     0x5810d68d3c1c - <alloc[2e1b2a31b91974c5]::vec::Vec<u8> as core[a373ad73a504971]::io::write::Write>::write_fmt
[INFO] [stdout]                                at /rustc/e3feeb59cd1bdd011a2bfcc0747b55125d9b8527/library/core/src/io/write.rs:335:13
[INFO] [stdout]    8:     0x5810d68a9ab6 - <std[617be2ca0a6fd877]::sys::backtrace::BacktraceLock>::print
[INFO] [stdout]                                at /rustc/e3feeb59cd1bdd011a2bfcc0747b55125d9b8527/library/std/src/sys/backtrace.rs:47:9
[INFO] [stdout]    9:     0x5810d68a9ab6 - std[617be2ca0a6fd877]::panicking::default_hook::{closure#0}
[INFO] [stdout]                                at /rustc/e3feeb59cd1bdd011a2bfcc0747b55125d9b8527/library/std/src/panicking.rs:289:27
[INFO] [stdout]   10:     0x5810d68c6cb9 - std[617be2ca0a6fd877]::panicking::default_hook
[INFO] [stdout]                                at /rustc/e3feeb59cd1bdd011a2bfcc0747b55125d9b8527/library/std/src/panicking.rs:313:9
[INFO] [stdout]   11:     0x5810d6287500 - <alloc[2e1b2a31b91974c5]::boxed::Box<dyn for<'a, 'b> core[a373ad73a504971]::ops::function::Fn<(&'a std[617be2ca0a6fd877]::panic::PanicHookInfo<'b>,), Output = ()> + core[a373ad73a504971]::marker::Sync + core[a373ad73a504971]::marker::Send> as core[a373ad73a504971]::ops::function::Fn<(&std[617be2ca0a6fd877]::panic::PanicHookInfo,)>>::call
[INFO] [stdout]                                at /rustc/e3feeb59cd1bdd011a2bfcc0747b55125d9b8527/library/alloc/src/boxed.rs:2328:9
[INFO] [stdout]   12:     0x5810d6287500 - test[aada8e7e76ba119b]::test_main_inner::{closure#0}
[INFO] [stdout]                                at /rustc/e3feeb59cd1bdd011a2bfcc0747b55125d9b8527/library/test/src/lib.rs:137:21
[INFO] [stdout]   13:     0x5810d68c6fe2 - <alloc[2e1b2a31b91974c5]::boxed::Box<dyn for<'a, 'b> core[a373ad73a504971]::ops::function::Fn<(&'a std[617be2ca0a6fd877]::panic::PanicHookInfo<'b>,), Output = ()> + core[a373ad73a504971]::marker::Sync + core[a373ad73a504971]::marker::Send> as core[a373ad73a504971]::ops::function::Fn<(&std[617be2ca0a6fd877]::panic::PanicHookInfo,)>>::call
[INFO] [stdout]                                at /rustc/e3feeb59cd1bdd011a2bfcc0747b55125d9b8527/library/alloc/src/boxed.rs:2328:9
[INFO] [stdout]   14:     0x5810d68c6fe2 - std[617be2ca0a6fd877]::panicking::panic_with_hook
[INFO] [stdout]                                at /rustc/e3feeb59cd1bdd011a2bfcc0747b55125d9b8527/library/std/src/panicking.rs:819:13
[INFO] [stdout]   15:     0x5810d68a9b62 - std[617be2ca0a6fd877]::panicking::panic_handler::{closure#0}
[INFO] [stdout]                                at /rustc/e3feeb59cd1bdd011a2bfcc0747b55125d9b8527/library/std/src/panicking.rs:685:13
[INFO] [stdout]   16:     0x5810d68a2209 - std[617be2ca0a6fd877]::sys::backtrace::__rust_end_short_backtrace::<std[617be2ca0a6fd877]::panicking::panic_handler::{closure#0}, !>
[INFO] [stdout]                                at /rustc/e3feeb59cd1bdd011a2bfcc0747b55125d9b8527/library/std/src/sys/backtrace.rs:182:18
[INFO] [stdout]   17:     0x5810d68aaa6d - __rustc[ea4f61d10b84890b]::rust_begin_unwind
[INFO] [stdout]                                at /rustc/e3feeb59cd1bdd011a2bfcc0747b55125d9b8527/library/std/src/panicking.rs:676:5
[INFO] [stdout]   18:     0x5810d68e7e4c - core[a373ad73a504971]::panicking::panic_fmt
[INFO] [stdout]                                at /rustc/e3feeb59cd1bdd011a2bfcc0747b55125d9b8527/library/core/src/panicking.rs:80:14
[INFO] [stdout]   19:     0x5810d68e7ba2 - core[a373ad73a504971]::result::unwrap_failed
[INFO] [stdout]                                at /rustc/e3feeb59cd1bdd011a2bfcc0747b55125d9b8527/library/core/src/result.rs:1870:5
[INFO] [stdout]   20:     0x5810d5ffac0c - <core[a373ad73a504971]::result::Result<(), anyhow[64c605b6c2343e01]::Error>>::unwrap
[INFO] [stdout]                                at /rustc/e3feeb59cd1bdd011a2bfcc0747b55125d9b8527/library/core/src/result.rs:1232:23
[INFO] [stdout]   21:     0x5810d5ffac0c - zksync_consensus_network[214d5b7613c2804a]::gossip::tests::syncing::uncoordinated_block_syncing::{closure#0}
[INFO] [stdout]                                at /opt/rustwide/workdir/src/gossip/tests/syncing.rs:132:6
[INFO] [stdout]   22:     0x5810d5f9e6f7 - zksync_consensus_network[214d5b7613c2804a]::gossip::tests::syncing::uncoordinated_block_syncing::case_8::{closure#0}
[INFO] [stdout]                                at /opt/rustwide/workdir/src/gossip/tests/syncing.rs:76:1
[INFO] [stdout]   23:     0x5810d5f76162 - <core[a373ad73a504971]::pin::Pin<&mut dyn core[a373ad73a504971]::future::future::Future<Output = ()>> as core[a373ad73a504971]::future::future::Future>::poll
[INFO] [stdout]                                at /rustc/e3feeb59cd1bdd011a2bfcc0747b55125d9b8527/library/core/src/future/future.rs:133:9
[INFO] [stdout]   24:     0x5810d602d0cd - <tokio[b09a720e4aaf19b1]::runtime::park::CachedParkThread>::block_on::<core[a373ad73a504971]::pin::Pin<&mut dyn core[a373ad73a504971]::future::future::Future<Output = ()>>>::{closure#0}
[INFO] [stdout]                                at /opt/rustwide/cargo-home/registry/src/index.crates.io-1949cf8c6b5b557f/tokio-1.45.1/src/runtime/park.rs:284:71
[INFO] [stdout]   25:     0x5810d601530e - tokio[b09a720e4aaf19b1]::task::coop::with_budget::<core[a373ad73a504971]::task::poll::Poll<()>, <tokio[b09a720e4aaf19b1]::runtime::park::CachedParkThread>::block_on<core[a373ad73a504971]::pin::Pin<&mut dyn core[a373ad73a504971]::future::future::Future<Output = ()>>>::{closure#0}>
[INFO] [stdout]                                at /opt/rustwide/cargo-home/registry/src/index.crates.io-1949cf8c6b5b557f/tokio-1.45.1/src/task/coop/mod.rs:167:5
[INFO] [stdout]   26:     0x5810d601530e - tokio[b09a720e4aaf19b1]::task::coop::budget::<core[a373ad73a504971]::task::poll::Poll<()>, <tokio[b09a720e4aaf19b1]::runtime::park::CachedParkThread>::block_on<core[a373ad73a504971]::pin::Pin<&mut dyn core[a373ad73a504971]::future::future::Future<Output = ()>>>::{closure#0}>
[INFO] [stdout]                                at /opt/rustwide/cargo-home/registry/src/index.crates.io-1949cf8c6b5b557f/tokio-1.45.1/src/task/coop/mod.rs:133:5
[INFO] [stdout]   27:     0x5810d601530e - <tokio[b09a720e4aaf19b1]::runtime::park::CachedParkThread>::block_on::<core[a373ad73a504971]::pin::Pin<&mut dyn core[a373ad73a504971]::future::future::Future<Output = ()>>>
[INFO] [stdout]                                at /opt/rustwide/cargo-home/registry/src/index.crates.io-1949cf8c6b5b557f/tokio-1.45.1/src/runtime/park.rs:284:31
[INFO] [stdout]   28:     0x5810d5f828c6 - <tokio[b09a720e4aaf19b1]::runtime::context::blocking::BlockingRegionGuard>::block_on::<core[a373ad73a504971]::pin::Pin<&mut dyn core[a373ad73a504971]::future::future::Future<Output = ()>>>
[INFO] [stdout]                                at /opt/rustwide/cargo-home/registry/src/index.crates.io-1949cf8c6b5b557f/tokio-1.45.1/src/runtime/context/blocking.rs:66:14
[INFO] [stdout]   29:     0x5810d5f9a6a8 - <tokio[b09a720e4aaf19b1]::runtime::scheduler::multi_thread::MultiThread>::block_on::<core[a373ad73a504971]::pin::Pin<&mut dyn core[a373ad73a504971]::future::future::Future<Output = ()>>>::{closure#0}
[INFO] [stdout]                                at /opt/rustwide/cargo-home/registry/src/index.crates.io-1949cf8c6b5b557f/tokio-1.45.1/src/runtime/scheduler/multi_thread/mod.rs:87:22
[INFO] [stdout]   30:     0x5810d5e66683 - tokio[b09a720e4aaf19b1]::runtime::context::runtime::enter_runtime::<<tokio[b09a720e4aaf19b1]::runtime::scheduler::multi_thread::MultiThread>::block_on<core[a373ad73a504971]::pin::Pin<&mut dyn core[a373ad73a504971]::future::future::Future<Output = ()>>>::{closure#0}, ()>
[INFO] [stdout]                                at /opt/rustwide/cargo-home/registry/src/index.crates.io-1949cf8c6b5b557f/tokio-1.45.1/src/runtime/context/runtime.rs:65:16
[INFO] [stdout]   31:     0x5810d5f82bd4 - <tokio[b09a720e4aaf19b1]::runtime::scheduler::multi_thread::MultiThread>::block_on::<core[a373ad73a504971]::pin::Pin<&mut dyn core[a373ad73a504971]::future::future::Future<Output = ()>>>
[INFO] [stdout]                                at /opt/rustwide/cargo-home/registry/src/index.crates.io-1949cf8c6b5b557f/tokio-1.45.1/src/runtime/scheduler/multi_thread/mod.rs:86:9
[INFO] [stdout]   32:     0x5810d607ed0f - <tokio[b09a720e4aaf19b1]::runtime::runtime::Runtime>::block_on_inner::<core[a373ad73a504971]::pin::Pin<&mut dyn core[a373ad73a504971]::future::future::Future<Output = ()>>>
[INFO] [stdout]                                at /opt/rustwide/cargo-home/registry/src/index.crates.io-1949cf8c6b5b557f/tokio-1.45.1/src/runtime/runtime.rs:358:50
[INFO] [stdout]   33:     0x5810d607f036 - <tokio[b09a720e4aaf19b1]::runtime::runtime::Runtime>::block_on::<core[a373ad73a504971]::pin::Pin<&mut dyn core[a373ad73a504971]::future::future::Future<Output = ()>>>
[INFO] [stdout]                                at /opt/rustwide/cargo-home/registry/src/index.crates.io-1949cf8c6b5b557f/tokio-1.45.1/src/runtime/runtime.rs:330:18
[INFO] [stdout]   34:     0x5810d5fa64d3 - zksync_consensus_network[214d5b7613c2804a]::gossip::tests::syncing::uncoordinated_block_syncing::case_8
[INFO] [stdout]                                at /opt/rustwide/workdir/src/gossip/tests/syncing.rs:76:1
[INFO] [stdout]   35:     0x5810d5f9c177 - zksync_consensus_network[214d5b7613c2804a]::gossip::tests::syncing::uncoordinated_block_syncing::case_8::{closure#0}
[INFO] [stdout]                                at /opt/rustwide/workdir/src/gossip/tests/syncing.rs:79:5
[INFO] [stdout]   36:     0x5810d5dcd856 - <zksync_consensus_network[214d5b7613c2804a]::gossip::tests::syncing::uncoordinated_block_syncing::case_8::{closure#0} as core[a373ad73a504971]::ops::function::FnOnce<()>>::call_once
[INFO] [stdout]                                at /rustc/e3feeb59cd1bdd011a2bfcc0747b55125d9b8527/library/core/src/ops/function.rs:250:5
[INFO] [stdout]   37:     0x5810d627a94b - <fn() -> core[a373ad73a504971]::result::Result<(), alloc[2e1b2a31b91974c5]::string::String> as core[a373ad73a504971]::ops::function::FnOnce<()>>::call_once
[INFO] [stdout]                                at /rustc/e3feeb59cd1bdd011a2bfcc0747b55125d9b8527/library/core/src/ops/function.rs:250:5
[INFO] [stdout]   38:     0x5810d627a94b - test[aada8e7e76ba119b]::__rust_begin_short_backtrace::<core[a373ad73a504971]::result::Result<(), alloc[2e1b2a31b91974c5]::string::String>, fn() -> core[a373ad73a504971]::result::Result<(), alloc[2e1b2a31b91974c5]::string::String>>
[INFO] [stdout]                                at /rustc/e3feeb59cd1bdd011a2bfcc0747b55125d9b8527/library/test/src/lib.rs:701:18
[INFO] [stdout]   39:     0x5810d6287b25 - test[aada8e7e76ba119b]::run_test_in_process::{closure#0}
[INFO] [stdout]                                at /rustc/e3feeb59cd1bdd011a2bfcc0747b55125d9b8527/library/test/src/lib.rs:724:74
[INFO] [stdout]   40:     0x5810d6287b25 - <core[a373ad73a504971]::panic::unwind_safe::AssertUnwindSafe<test[aada8e7e76ba119b]::run_test_in_process::{closure#0}> as core[a373ad73a504971]::ops::function::FnOnce<()>>::call_once
[INFO] [stdout]                                at /rustc/e3feeb59cd1bdd011a2bfcc0747b55125d9b8527/library/core/src/panic/unwind_safe.rs:275:9
[INFO] [stdout]   41:     0x5810d6287b25 - std[617be2ca0a6fd877]::panicking::catch_unwind::do_call::<core[a373ad73a504971]::panic::unwind_safe::AssertUnwindSafe<test[aada8e7e76ba119b]::run_test_in_process::{closure#0}>, core[a373ad73a504971]::result::Result<(), alloc[2e1b2a31b91974c5]::string::String>>
[INFO] [stdout]                                at /rustc/e3feeb59cd1bdd011a2bfcc0747b55125d9b8527/library/std/src/panicking.rs:573:43
[INFO] [stdout]   42:     0x5810d6287b25 - std[617be2ca0a6fd877]::panicking::catch_unwind::<core[a373ad73a504971]::result::Result<(), alloc[2e1b2a31b91974c5]::string::String>, core[a373ad73a504971]::panic::unwind_safe::AssertUnwindSafe<test[aada8e7e76ba119b]::run_test_in_process::{closure#0}>>
[INFO] [stdout]                                at /rustc/e3feeb59cd1bdd011a2bfcc0747b55125d9b8527/library/std/src/panicking.rs:541:19
[INFO] [stdout]   43:     0x5810d6287b25 - std[617be2ca0a6fd877]::panic::catch_unwind::<core[a373ad73a504971]::panic::unwind_safe::AssertUnwindSafe<test[aada8e7e76ba119b]::run_test_in_process::{closure#0}>, core[a373ad73a504971]::result::Result<(), alloc[2e1b2a31b91974c5]::string::String>>
[INFO] [stdout]                                at /rustc/e3feeb59cd1bdd011a2bfcc0747b55125d9b8527/library/std/src/panic.rs:359:14
[INFO] [stdout]   44:     0x5810d6287b25 - test[aada8e7e76ba119b]::run_test_in_process
[INFO] [stdout]                                at /rustc/e3feeb59cd1bdd011a2bfcc0747b55125d9b8527/library/test/src/lib.rs:724:27
[INFO] [stdout]   45:     0x5810d6287b25 - test[aada8e7e76ba119b]::run_test::{closure#0}
[INFO] [stdout]                                at /rustc/e3feeb59cd1bdd011a2bfcc0747b55125d9b8527/library/test/src/lib.rs:645:43
[INFO] [stdout]   46:     0x5810d6281414 - test[aada8e7e76ba119b]::run_test::{closure#1}
[INFO] [stdout]                                at /rustc/e3feeb59cd1bdd011a2bfcc0747b55125d9b8527/library/test/src/lib.rs:675:41
[INFO] [stdout]   47:     0x5810d6281414 - std[617be2ca0a6fd877]::sys::backtrace::__rust_begin_short_backtrace::<test[aada8e7e76ba119b]::run_test::{closure#1}, ()>
[INFO] [stdout]                                at /rustc/e3feeb59cd1bdd011a2bfcc0747b55125d9b8527/library/std/src/sys/backtrace.rs:166:18
[INFO] [stdout]   48:     0x5810d628abb2 - std[617be2ca0a6fd877]::thread::lifecycle::spawn_unchecked::<test[aada8e7e76ba119b]::run_test::{closure#1}, ()>::{closure#1}::{closure#0}
[INFO] [stdout]                                at /rustc/e3feeb59cd1bdd011a2bfcc0747b55125d9b8527/library/std/src/thread/lifecycle.rs:70:13
[INFO] [stdout]   49:     0x5810d628abb2 - <core[a373ad73a504971]::panic::unwind_safe::AssertUnwindSafe<std[617be2ca0a6fd877]::thread::lifecycle::spawn_unchecked<test[aada8e7e76ba119b]::run_test::{closure#1}, ()>::{closure#1}::{closure#0}> as core[a373ad73a504971]::ops::function::FnOnce<()>>::call_once
[INFO] [stdout]                                at /rustc/e3feeb59cd1bdd011a2bfcc0747b55125d9b8527/library/core/src/panic/unwind_safe.rs:275:9
[INFO] [stdout]   50:     0x5810d628abb2 - std[617be2ca0a6fd877]::panicking::catch_unwind::do_call::<core[a373ad73a504971]::panic::unwind_safe::AssertUnwindSafe<std[617be2ca0a6fd877]::thread::lifecycle::spawn_unchecked<test[aada8e7e76ba119b]::run_test::{closure#1}, ()>::{closure#1}::{closure#0}>, ()>
[INFO] [stdout]                                at /rustc/e3feeb59cd1bdd011a2bfcc0747b55125d9b8527/library/std/src/panicking.rs:573:43
[INFO] [stdout]   51:     0x5810d628abb2 - std[617be2ca0a6fd877]::panicking::catch_unwind::<(), core[a373ad73a504971]::panic::unwind_safe::AssertUnwindSafe<std[617be2ca0a6fd877]::thread::lifecycle::spawn_unchecked<test[aada8e7e76ba119b]::run_test::{closure#1}, ()>::{closure#1}::{closure#0}>>
[INFO] [stdout]                                at /rustc/e3feeb59cd1bdd011a2bfcc0747b55125d9b8527/library/std/src/panicking.rs:541:19
[INFO] [stdout]   52:     0x5810d628abb2 - std[617be2ca0a6fd877]::panic::catch_unwind::<core[a373ad73a504971]::panic::unwind_safe::AssertUnwindSafe<std[617be2ca0a6fd877]::thread::lifecycle::spawn_unchecked<test[aada8e7e76ba119b]::run_test::{closure#1}, ()>::{closure#1}::{closure#0}>, ()>
[INFO] [stdout]                                at /rustc/e3feeb59cd1bdd011a2bfcc0747b55125d9b8527/library/std/src/panic.rs:359:14
[INFO] [stdout]   53:     0x5810d628abb2 - std[617be2ca0a6fd877]::thread::lifecycle::spawn_unchecked::<test[aada8e7e76ba119b]::run_test::{closure#1}, ()>::{closure#1}
[INFO] [stdout]                                at /rustc/e3feeb59cd1bdd011a2bfcc0747b55125d9b8527/library/std/src/thread/lifecycle.rs:68:26
[INFO] [stdout]   54:     0x5810d628abb2 - <std[617be2ca0a6fd877]::thread::lifecycle::spawn_unchecked<test[aada8e7e76ba119b]::run_test::{closure#1}, ()>::{closure#1} as core[a373ad73a504971]::ops::function::FnOnce<()>>::call_once::{shim:vtable#0}
[INFO] [stdout]                                at /rustc/e3feeb59cd1bdd011a2bfcc0747b55125d9b8527/library/core/src/ops/function.rs:250:5
[INFO] [stdout]   55:     0x5810d68ce16f - <alloc[2e1b2a31b91974c5]::boxed::Box<dyn core[a373ad73a504971]::ops::function::FnOnce<(), Output = ()> + core[a373ad73a504971]::marker::Send> as core[a373ad73a504971]::ops::function::FnOnce<()>>::call_once
[INFO] [stdout]                                at /rustc/e3feeb59cd1bdd011a2bfcc0747b55125d9b8527/library/alloc/src/boxed.rs:2314:9
[INFO] [stdout]   56:     0x5810d68ce16f - <std[617be2ca0a6fd877]::sys::thread::unix::Thread>::new::thread_start
[INFO] [stdout]                                at /rustc/e3feeb59cd1bdd011a2bfcc0747b55125d9b8527/library/std/src/sys/thread/unix.rs:127:17
[INFO] [stdout]   57:     0x7d26a1370dfa - <unknown>
[INFO] [stdout]   58:     0x7d26a14043d4 - clone
[INFO] [stdout]   59:                0x0 - <unknown>
[INFO] [stdout] 
[INFO] [stdout] ---- gossip::tests::syncing::uncoordinated_block_syncing::case_9 stdout ----
[INFO] [stdout] Testing case #9: (arg 0) = (10, 7), state_generation_interval = Duration { seconds: 0, nanoseconds: 500000000 }
[INFO] [stdout] 
[INFO] [stdout] thread 'gossip::tests::syncing::uncoordinated_block_syncing::case_9' (4022) panicked at src/gossip/tests/syncing.rs:132:6:
[INFO] [stdout] called `Result::unwrap()` on an `Err` value: server_addr.bind()
[INFO] [stdout] 
[INFO] [stdout] Caused by:
[INFO] [stdout]     Too many open files (os error 24)
[INFO] [stdout] 
[INFO] [stdout] Stack backtrace:
[INFO] [stdout]    0: <core::io::error::Error as anyhow::context::ext::StdError>::ext_context::<&str>
[INFO] [stdout]              at /opt/rustwide/cargo-home/registry/src/index.crates.io-1949cf8c6b5b557f/anyhow-1.0.98/src/backtrace.rs:27:14
[INFO] [stdout]    1: <core::result::Result<tokio::net::tcp::listener::TcpListener, core::io::error::Error> as anyhow::Context<tokio::net::tcp::listener::TcpListener, core::io::error::Error>>::context::<&str>
[INFO] [stdout]              at /opt/rustwide/cargo-home/registry/src/index.crates.io-1949cf8c6b5b557f/anyhow-1.0.98/src/context.rs:54:37
[INFO] [stdout]    2: <zksync_consensus_network::Runner>::run::{closure#0}::{closure#0}::{closure#0}
[INFO] [stdout]              at ./src/lib.rs:115:18
[INFO] [stdout]    3: <zksync_concurrency::scope::task::Task<zksync_concurrency::ctx::Error>>::run::<(), <zksync_consensus_network::Runner>::run::{closure#0}::{closure#0}::{closure#0}>::{closure#0}
[INFO] [stdout]              at /opt/rustwide/cargo-home/registry/src/index.crates.io-1949cf8c6b5b557f/zksync_concurrency-0.13.0/src/scope/task.rs:109:21
[INFO] [stdout]    4: <core::pin::Pin<alloc::boxed::Box<dyn core::future::future::Future<Output = core::result::Result<(), zksync_concurrency::scope::task::Terminated>> + core::marker::Send>> as core::future::future::Future>::poll
[INFO] [stdout]              at /rustc/e3feeb59cd1bdd011a2bfcc0747b55125d9b8527/library/core/src/future/future.rs:133:9
[INFO] [stdout]    5: <tracing::instrument::Instrumented<core::pin::Pin<alloc::boxed::Box<dyn core::future::future::Future<Output = core::result::Result<(), zksync_concurrency::scope::task::Terminated>> + core::marker::Send>>> as core::future::future::Future>::poll
[INFO] [stdout]              at /opt/rustwide/cargo-home/registry/src/index.crates.io-1949cf8c6b5b557f/tracing-0.1.41/src/instrument.rs:321:15
[INFO] [stdout]    6: <tokio::runtime::task::core::Core<tracing::instrument::Instrumented<core::pin::Pin<alloc::boxed::Box<dyn core::future::future::Future<Output = core::result::Result<(), zksync_concurrency::scope::task::Terminated>> + core::marker::Send>>>, alloc::sync::Arc<tokio::runtime::scheduler::multi_thread::handle::Handle>>>::poll::{closure#0}
[INFO] [stdout]              at /opt/rustwide/cargo-home/registry/src/index.crates.io-1949cf8c6b5b557f/tokio-1.45.1/src/runtime/task/core.rs:331:24
[INFO] [stdout]    7: <tokio::loom::std::unsafe_cell::UnsafeCell<tokio::runtime::task::core::Stage<tracing::instrument::Instrumented<core::pin::Pin<alloc::boxed::Box<dyn core::future::future::Future<Output = core::result::Result<(), zksync_concurrency::scope::task::Terminated>> + core::marker::Send>>>>>>::with_mut::<core::task::poll::Poll<core::result::Result<(), zksync_concurrency::scope::task::Terminated>>, <tokio::runtime::task::core::Core<tracing::instrument::Instrumented<core::pin::Pin<alloc::boxed::Box<dyn core::future::future::Future<Output = core::result::Result<(), zksync_concurrency::scope::task::Terminated>> + core::marker::Send>>>, alloc::sync::Arc<tokio::runtime::scheduler::multi_thread::handle::Handle>>>::poll::{closure#0}>
[INFO] [stdout]              at /opt/rustwide/cargo-home/registry/src/index.crates.io-1949cf8c6b5b557f/tokio-1.45.1/src/loom/std/unsafe_cell.rs:16:9
[INFO] [stdout]    8: <tokio::runtime::task::core::Core<tracing::instrument::Instrumented<core::pin::Pin<alloc::boxed::Box<dyn core::future::future::Future<Output = core::result::Result<(), zksync_concurrency::scope::task::Terminated>> + core::marker::Send>>>, alloc::sync::Arc<tokio::runtime::scheduler::multi_thread::handle::Handle>>>::poll
[INFO] [stdout]              at /opt/rustwide/cargo-home/registry/src/index.crates.io-1949cf8c6b5b557f/tokio-1.45.1/src/runtime/task/core.rs:320:30
[INFO] [stdout]    9: tokio::runtime::task::harness::poll_future::<tracing::instrument::Instrumented<core::pin::Pin<alloc::boxed::Box<dyn core::future::future::Future<Output = core::result::Result<(), zksync_concurrency::scope::task::Terminated>> + core::marker::Send>>>, alloc::sync::Arc<tokio::runtime::scheduler::multi_thread::handle::Handle>>::{closure#0}
[INFO] [stdout]              at /opt/rustwide/cargo-home/registry/src/index.crates.io-1949cf8c6b5b557f/tokio-1.45.1/src/runtime/task/harness.rs:532:30
[INFO] [stdout]   10: <core::panic::unwind_safe::AssertUnwindSafe<tokio::runtime::task::harness::poll_future<tracing::instrument::Instrumented<core::pin::Pin<alloc::boxed::Box<dyn core::future::future::Future<Output = core::result::Result<(), zksync_concurrency::scope::task::Terminated>> + core::marker::Send>>>, alloc::sync::Arc<tokio::runtime::scheduler::multi_thread::handle::Handle>>::{closure#0}> as core::ops::function::FnOnce<()>>::call_once
[INFO] [stdout]              at /rustc/e3feeb59cd1bdd011a2bfcc0747b55125d9b8527/library/core/src/panic/unwind_safe.rs:275:9
[INFO] [stdout]   11: std::panicking::catch_unwind::do_call::<core::panic::unwind_safe::AssertUnwindSafe<tokio::runtime::task::harness::poll_future<tracing::instrument::Instrumented<core::pin::Pin<alloc::boxed::Box<dyn core::future::future::Future<Output = core::result::Result<(), zksync_concurrency::scope::task::Terminated>> + core::marker::Send>>>, alloc::sync::Arc<tokio::runtime::scheduler::multi_thread::handle::Handle>>::{closure#0}>, core::task::poll::Poll<core::result::Result<(), zksync_concurrency::scope::task::Terminated>>>
[INFO] [stdout]              at /rustc/e3feeb59cd1bdd011a2bfcc0747b55125d9b8527/library/std/src/panicking.rs:573:43
[INFO] [stdout]   12: __rust_try
[INFO] [stdout]   13: std::panicking::catch_unwind::<core::task::poll::Poll<core::result::Result<(), zksync_concurrency::scope::task::Terminated>>, core::panic::unwind_safe::AssertUnwindSafe<tokio::runtime::task::harness::poll_future<tracing::instrument::Instrumented<core::pin::Pin<alloc::boxed::Box<dyn core::future::future::Future<Output = core::result::Result<(), zksync_concurrency::scope::task::Terminated>> + core::marker::Send>>>, alloc::sync::Arc<tokio::runtime::scheduler::multi_thread::handle::Handle>>::{closure#0}>>
[INFO] [stdout]              at /rustc/e3feeb59cd1bdd011a2bfcc0747b55125d9b8527/library/std/src/panicking.rs:541:19
[INFO] [stdout]   14: std::panic::catch_unwind::<core::panic::unwind_safe::AssertUnwindSafe<tokio::runtime::task::harness::poll_future<tracing::instrument::Instrumented<core::pin::Pin<alloc::boxed::Box<dyn core::future::future::Future<Output = core::result::Result<(), zksync_concurrency::scope::task::Terminated>> + core::marker::Send>>>, alloc::sync::Arc<tokio::runtime::scheduler::multi_thread::handle::Handle>>::{closure#0}>, core::task::poll::Poll<core::result::Result<(), zksync_concurrency::scope::task::Terminated>>>
[INFO] [stdout]              at /rustc/e3feeb59cd1bdd011a2bfcc0747b55125d9b8527/library/std/src/panic.rs:359:14
[INFO] [stdout]   15: tokio::runtime::task::harness::poll_future::<tracing::instrument::Instrumented<core::pin::Pin<alloc::boxed::Box<dyn core::future::future::Future<Output = core::result::Result<(), zksync_concurrency::scope::task::Terminated>> + core::marker::Send>>>, alloc::sync::Arc<tokio::runtime::scheduler::multi_thread::handle::Handle>>
[INFO] [stdout]              at /opt/rustwide/cargo-home/registry/src/index.crates.io-1949cf8c6b5b557f/tokio-1.45.1/src/runtime/task/harness.rs:520:18
[INFO] [stdout]   16: <tokio::runtime::task::harness::Harness<tracing::instrument::Instrumented<core::pin::Pin<alloc::boxed::Box<dyn core::future::future::Future<Output = core::result::Result<(), zksync_concurrency::scope::task::Terminated>> + core::marker::Send>>>, alloc::sync::Arc<tokio::runtime::scheduler::multi_thread::handle::Handle>>>::poll_inner
[INFO] [stdout]              at /opt/rustwide/cargo-home/registry/src/index.crates.io-1949cf8c6b5b557f/tokio-1.45.1/src/runtime/task/harness.rs:209:27
[INFO] [stdout]   17: <tokio::runtime::task::harness::Harness<tracing::instrument::Instrumented<core::pin::Pin<alloc::boxed::Box<dyn core::future::future::Future<Output = core::result::Result<(), zksync_concurrency::scope::task::Terminated>> + core::marker::Send>>>, alloc::sync::Arc<tokio::runtime::scheduler::multi_thread::handle::Handle>>>::poll
[INFO] [stdout]              at /opt/rustwide/cargo-home/registry/src/index.crates.io-1949cf8c6b5b557f/tokio-1.45.1/src/runtime/task/harness.rs:154:20
[INFO] [stdout]   18: tokio::runtime::task::raw::poll::<tracing::instrument::Instrumented<core::pin::Pin<alloc::boxed::Box<dyn core::future::future::Future<Output = core::result::Result<(), zksync_concurrency::scope::task::Terminated>> + core::marker::Send>>>, alloc::sync::Arc<tokio::runtime::scheduler::multi_thread::handle::Handle>>
[INFO] [stdout]              at /opt/rustwide/cargo-home/registry/src/index.crates.io-1949cf8c6b5b557f/tokio-1.45.1/src/runtime/task/raw.rs:271:13
[INFO] [stdout]   19: <tokio::runtime::task::raw::RawTask>::poll
[INFO] [stdout]              at /opt/rustwide/cargo-home/registry/src/index.crates.io-1949cf8c6b5b557f/tokio-1.45.1/src/runtime/task/raw.rs:201:18
[INFO] [stdout]   20: <tokio::runtime::task::LocalNotified<alloc::sync::Arc<tokio::runtime::scheduler::multi_thread::handle::Handle>>>::run
[INFO] [stdout]              at /opt/rustwide/cargo-home/registry/src/index.crates.io-1949cf8c6b5b557f/tokio-1.45.1/src/runtime/task/mod.rs:463:13
[INFO] [stdout]   21: <tokio::runtime::scheduler::multi_thread::worker::Context>::run_task::{closure#0}
[INFO] [stdout]              at /opt/rustwide/cargo-home/registry/src/index.crates.io-1949cf8c6b5b557f/tokio-1.45.1/src/runtime/scheduler/multi_thread/worker.rs:674:22
[INFO] [stdout]   22: tokio::task::coop::with_budget::<core::result::Result<alloc::boxed::Box<tokio::runtime::scheduler::multi_thread::worker::Core>, ()>, <tokio::runtime::scheduler::multi_thread::worker::Context>::run_task::{closure#0}>
[INFO] [stdout]              at /opt/rustwide/cargo-home/registry/src/index.crates.io-1949cf8c6b5b557f/tokio-1.45.1/src/task/coop/mod.rs:167:5
[INFO] [stdout]   23: tokio::task::coop::budget::<core::result::Result<alloc::boxed::Box<tokio::runtime::scheduler::multi_thread::worker::Core>, ()>, <tokio::runtime::scheduler::multi_thread::worker::Context>::run_task::{closure#0}>
[INFO] [stdout]              at /opt/rustwide/cargo-home/registry/src/index.crates.io-1949cf8c6b5b557f/tokio-1.45.1/src/task/coop/mod.rs:133:5
[INFO] [stdout]   24: <tokio::runtime::scheduler::multi_thread::worker::Context>::run_task
[INFO] [stdout]              at /opt/rustwide/cargo-home/registry/src/index.crates.io-1949cf8c6b5b557f/tokio-1.45.1/src/runtime/scheduler/multi_thread/worker.rs:594:9
[INFO] [stdout]   25: <tokio::runtime::scheduler::multi_thread::worker::Context>::run
[INFO] [stdout]              at /opt/rustwide/cargo-home/registry/src/index.crates.io-1949cf8c6b5b557f/tokio-1.45.1/src/runtime/scheduler/multi_thread/worker.rs:542:29
[INFO] [stdout]   26: tokio::runtime::scheduler::multi_thread::worker::run::{closure#0}::{closure#0}
[INFO] [stdout]              at /opt/rustwide/cargo-home/registry/src/index.crates.io-1949cf8c6b5b557f/tokio-1.45.1/src/runtime/scheduler/multi_thread/worker.rs:507:24
[INFO] [stdout]   27: <tokio::runtime::context::scoped::Scoped<tokio::runtime::scheduler::Context>>::set::<tokio::runtime::scheduler::multi_thread::worker::run::{closure#0}::{closure#0}, ()>
[INFO] [stdout]              at /opt/rustwide/cargo-home/registry/src/index.crates.io-1949cf8c6b5b557f/tokio-1.45.1/src/runtime/context/scoped.rs:40:9
[INFO] [stdout]   28: tokio::runtime::context::set_scheduler::<(), tokio::runtime::scheduler::multi_thread::worker::run::{closure#0}::{closure#0}>::{closure#0}
[INFO] [stdout]              at /opt/rustwide/cargo-home/registry/src/index.crates.io-1949cf8c6b5b557f/tokio-1.45.1/src/runtime/context.rs:176:38
[INFO] [stdout]   29: <std::thread::local::LocalKey<tokio::runtime::context::Context>>::try_with::<tokio::runtime::context::set_scheduler<(), tokio::runtime::scheduler::multi_thread::worker::run::{closure#0}::{closure#0}>::{closure#0}, ()>
[INFO] [stdout]              at /rustc/e3feeb59cd1bdd011a2bfcc0747b55125d9b8527/library/std/src/thread/local.rs:463:12
[INFO] [stdout]   30: <std::thread::local::LocalKey<tokio::runtime::context::Context>>::with::<tokio::runtime::context::set_scheduler<(), tokio::runtime::scheduler::multi_thread::worker::run::{closure#0}::{closure#0}>::{closure#0}, ()>
[INFO] [stdout]              at /rustc/e3feeb59cd1bdd011a2bfcc0747b55125d9b8527/library/std/src/thread/local.rs:427:20
[INFO] [stdout]   31: tokio::runtime::context::set_scheduler::<(), tokio::runtime::scheduler::multi_thread::worker::run::{closure#0}::{closure#0}>
[INFO] [stdout]              at /opt/rustwide/cargo-home/registry/src/index.crates.io-1949cf8c6b5b557f/tokio-1.45.1/src/runtime/context.rs:176:17
[INFO] [stdout]   32: tokio::runtime::scheduler::multi_thread::worker::run::{closure#0}
[INFO] [stdout]              at /opt/rustwide/cargo-home/registry/src/index.crates.io-1949cf8c6b5b557f/tokio-1.45.1/src/runtime/scheduler/multi_thread/worker.rs:502:9
[INFO] [stdout]   33: tokio::runtime::context::runtime::enter_runtime::<tokio::runtime::scheduler::multi_thread::worker::run::{closure#0}, ()>
[INFO] [stdout]              at /opt/rustwide/cargo-home/registry/src/index.crates.io-1949cf8c6b5b557f/tokio-1.45.1/src/runtime/context/runtime.rs:65:16
[INFO] [stdout]   34: tokio::runtime::scheduler::multi_thread::worker::run
[INFO] [stdout]              at /opt/rustwide/cargo-home/registry/src/index.crates.io-1949cf8c6b5b557f/tokio-1.45.1/src/runtime/scheduler/multi_thread/worker.rs:494:5
[INFO] [stdout]   35: <tokio::runtime::scheduler::multi_thread::worker::Launch>::launch::{closure#0}
[INFO] [stdout]              at /opt/rustwide/cargo-home/registry/src/index.crates.io-1949cf8c6b5b557f/tokio-1.45.1/src/runtime/scheduler/multi_thread/worker.rs:460:45
[INFO] [stdout]   36: <tokio::runtime::blocking::task::BlockingTask<<tokio::runtime::scheduler::multi_thread::worker::Launch>::launch::{closure#0}> as core::future::future::Future>::poll
[INFO] [stdout]              at /opt/rustwide/cargo-home/registry/src/index.crates.io-1949cf8c6b5b557f/tokio-1.45.1/src/runtime/blocking/task.rs:42:21
[INFO] [stdout]   37: <tokio::runtime::task::core::Core<tokio::runtime::blocking::task::BlockingTask<<tokio::runtime::scheduler::multi_thread::worker::Launch>::launch::{closure#0}>, tokio::runtime::blocking::schedule::BlockingSchedule>>::poll::{closure#0}
[INFO] [stdout]              at /opt/rustwide/cargo-home/registry/src/index.crates.io-1949cf8c6b5b557f/tokio-1.45.1/src/runtime/task/core.rs:331:24
[INFO] [stdout]   38: <tokio::loom::std::unsafe_cell::UnsafeCell<tokio::runtime::task::core::Stage<tokio::runtime::blocking::task::BlockingTask<<tokio::runtime::scheduler::multi_thread::worker::Launch>::launch::{closure#0}>>>>::with_mut::<core::task::poll::Poll<()>, <tokio::runtime::task::core::Core<tokio::runtime::blocking::task::BlockingTask<<tokio::runtime::scheduler::multi_thread::worker::Launch>::launch::{closure#0}>, tokio::runtime::blocking::schedule::BlockingSchedule>>::poll::{closure#0}>
[INFO] [stdout]              at /opt/rustwide/cargo-home/registry/src/index.crates.io-1949cf8c6b5b557f/tokio-1.45.1/src/loom/std/unsafe_cell.rs:16:9
[INFO] [stdout]   39: <tokio::runtime::task::core::Core<tokio::runtime::blocking::task::BlockingTask<<tokio::runtime::scheduler::multi_thread::worker::Launch>::launch::{closure#0}>, tokio::runtime::blocking::schedule::BlockingSchedule>>::poll
[INFO] [stdout]              at /opt/rustwide/cargo-home/registry/src/index.crates.io-1949cf8c6b5b557f/tokio-1.45.1/src/runtime/task/core.rs:320:30
[INFO] [stdout]   40: tokio::runtime::task::harness::poll_future::<tokio::runtime::blocking::task::BlockingTask<<tokio::runtime::scheduler::multi_thread::worker::Launch>::launch::{closure#0}>, tokio::runtime::blocking::schedule::BlockingSchedule>::{closure#0}
[INFO] [stdout]              at /opt/rustwide/cargo-home/registry/src/index.crates.io-1949cf8c6b5b557f/tokio-1.45.1/src/runtime/task/harness.rs:532:30
[INFO] [stdout]   41: <core::panic::unwind_safe::AssertUnwindSafe<tokio::runtime::task::harness::poll_future<tokio::runtime::blocking::task::BlockingTask<<tokio::runtime::scheduler::multi_thread::worker::Launch>::launch::{closure#0}>, tokio::runtime::blocking::schedule::BlockingSchedule>::{closure#0}> as core::ops::function::FnOnce<()>>::call_once
[INFO] [stdout]              at /rustc/e3feeb59cd1bdd011a2bfcc0747b55125d9b8527/library/core/src/panic/unwind_safe.rs:275:9
[INFO] [stdout]   42: std::panicking::catch_unwind::do_call::<core::panic::unwind_safe::AssertUnwindSafe<tokio::runtime::task::harness::poll_future<tokio::runtime::blocking::task::BlockingTask<<tokio::runtime::scheduler::multi_thread::worker::Launch>::launch::{closure#0}>, tokio::runtime::blocking::schedule::BlockingSchedule>::{closure#0}>, core::task::poll::Poll<()>>
[INFO] [stdout]              at /rustc/e3feeb59cd1bdd011a2bfcc0747b55125d9b8527/library/std/src/panicking.rs:573:43
[INFO] [stdout]   43: __rust_try
[INFO] [stdout]   44: std::panicking::catch_unwind::<core::task::poll::Poll<()>, core::panic::unwind_safe::AssertUnwindSafe<tokio::runtime::task::harness::poll_future<tokio::runtime::blocking::task::BlockingTask<<tokio::runtime::scheduler::multi_thread::worker::Launch>::launch::{closure#0}>, tokio::runtime::blocking::schedule::BlockingSchedule>::{closure#0}>>
[INFO] [stdout]              at /rustc/e3feeb59cd1bdd011a2bfcc0747b55125d9b8527/library/std/src/panicking.rs:541:19
[INFO] [stdout]   45: std::panic::catch_unwind::<core::panic::unwind_safe::AssertUnwindSafe<tokio::runtime::task::harness::poll_future<tokio::runtime::blocking::task::BlockingTask<<tokio::runtime::scheduler::multi_thread::worker::Launch>::launch::{closure#0}>, tokio::runtime::blocking::schedule::BlockingSchedule>::{closure#0}>, core::task::poll::Poll<()>>
[INFO] [stdout]              at /rustc/e3feeb59cd1bdd011a2bfcc0747b55125d9b8527/library/std/src/panic.rs:359:14
[INFO] [stdout]   46: tokio::runtime::task::harness::poll_future::<tokio::runtime::blocking::task::BlockingTask<<tokio::runtime::scheduler::multi_thread::worker::Launch>::launch::{closure#0}>, tokio::runtime::blocking::schedule::BlockingSchedule>
[INFO] [stdout]              at /opt/rustwide/cargo-home/registry/src/index.crates.io-1949cf8c6b5b557f/tokio-1.45.1/src/runtime/task/harness.rs:520:18
[INFO] [stdout]   47: <tokio::runtime::task::harness::Harness<tokio::runtime::blocking::task::BlockingTask<<tokio::runtime::scheduler::multi_thread::worker::Launch>::launch::{closure#0}>, tokio::runtime::blocking::schedule::BlockingSchedule>>::poll_inner
[INFO] [stdout]              at /opt/rustwide/cargo-home/registry/src/index.crates.io-1949cf8c6b5b557f/tokio-1.45.1/src/runtime/task/harness.rs:209:27
[INFO] [stdout]   48: <tokio::runtime::task::harness::Harness<tokio::runtime::blocking::task::BlockingTask<<tokio::runtime::scheduler::multi_thread::worker::Launch>::launch::{closure#0}>, tokio::runtime::blocking::schedule::BlockingSchedule>>::poll
[INFO] [stdout]              at /opt/rustwide/cargo-home/registry/src/index.crates.io-1949cf8c6b5b557f/tokio-1.45.1/src/runtime/task/harness.rs:154:20
[INFO] [stdout]   49: tokio::runtime::task::raw::poll::<tokio::runtime::blocking::task::BlockingTask<<tokio::runtime::scheduler::multi_thread::worker::Launch>::launch::{closure#0}>, tokio::runtime::blocking::schedule::BlockingSchedule>
[INFO] [stdout]              at /opt/rustwide/cargo-home/registry/src/index.crates.io-1949cf8c6b5b557f/tokio-1.45.1/src/runtime/task/raw.rs:271:13
[INFO] [stdout]   50: <tokio::runtime::task::raw::RawTask>::poll
[INFO] [stdout]              at /opt/rustwide/cargo-home/registry/src/index.crates.io-1949cf8c6b5b557f/tokio-1.45.1/src/runtime/task/raw.rs:201:18
[INFO] [stdout]   51: <tokio::runtime::task::UnownedTask<tokio::runtime::blocking::schedule::BlockingSchedule>>::run
[INFO] [stdout]              at /opt/rustwide/cargo-home/registry/src/index.crates.io-1949cf8c6b5b557f/tokio-1.45.1/src/runtime/task/mod.rs:500:13
[INFO] [stdout]   52: <tokio::runtime::blocking::pool::Task>::run
[INFO] [stdout]              at /opt/rustwide/cargo-home/registry/src/index.crates.io-1949cf8c6b5b557f/tokio-1.45.1/src/runtime/blocking/pool.rs:161:19
[INFO] [stdout]   53: <tokio::runtime::blocking::pool::Inner>::run
[INFO] [stdout]              at /opt/rustwide/cargo-home/registry/src/index.crates.io-1949cf8c6b5b557f/tokio-1.45.1/src/runtime/blocking/pool.rs:511:22
[INFO] [stdout]   54: <tokio::runtime::blocking::pool::Spawner>::spawn_thread::{closure#0}
[INFO] [stdout]              at /opt/rustwide/cargo-home/registry/src/index.crates.io-1949cf8c6b5b557f/tokio-1.45.1/src/runtime/blocking/pool.rs:469:47
[INFO] [stdout]   55: std::sys::backtrace::__rust_begin_short_backtrace::<<tokio::runtime::blocking::pool::Spawner>::spawn_thread::{closure#0}, ()>
[INFO] [stdout]              at /rustc/e3feeb59cd1bdd011a2bfcc0747b55125d9b8527/library/std/src/sys/backtrace.rs:166:18
[INFO] [stdout]   56: std::thread::lifecycle::spawn_unchecked::<<tokio::runtime::blocking::pool::Spawner>::spawn_thread::{closure#0}, ()>::{closure#1}::{closure#0}
[INFO] [stdout]              at /rustc/e3feeb59cd1bdd011a2bfcc0747b55125d9b8527/library/std/src/thread/lifecycle.rs:70:13
[INFO] [stdout]   57: <core::panic::unwind_safe::AssertUnwindSafe<std::thread::lifecycle::spawn_unchecked<<tokio::runtime::blocking::pool::Spawner>::spawn_thread::{closure#0}, ()>::{closure#1}::{closure#0}> as core::ops::function::FnOnce<()>>::call_once
[INFO] [stdout]              at /rustc/e3feeb59cd1bdd011a2bfcc0747b55125d9b8527/library/core/src/panic/unwind_safe.rs:275:9
[INFO] [stdout]   58: std::panicking::catch_unwind::do_call::<core::panic::unwind_safe::AssertUnwindSafe<std::thread::lifecycle::spawn_unchecked<<tokio::runtime::blocking::pool::Spawner>::spawn_thread::{closure#0}, ()>::{closure#1}::{closure#0}>, ()>
[INFO] [stdout]              at /rustc/e3feeb59cd1bdd011a2bfcc0747b55125d9b8527/library/std/src/panicking.rs:573:43
[INFO] [stdout]   59: __rust_try
[INFO] [stdout]   60: std::panicking::catch_unwind::<(), core::panic::unwind_safe::AssertUnwindSafe<std::thread::lifecycle::spawn_unchecked<<tokio::runtime::blocking::pool::Spawner>::spawn_thread::{closure#0}, ()>::{closure#1}::{closure#0}>>
[INFO] [stdout]              at /rustc/e3feeb59cd1bdd011a2bfcc0747b55125d9b8527/library/std/src/panicking.rs:541:19
[INFO] [stdout]   61: std::panic::catch_unwind::<core::panic::unwind_safe::AssertUnwindSafe<std::thread::lifecycle::spawn_unchecked<<tokio::runtime::blocking::pool::Spawner>::spawn_thread::{closure#0}, ()>::{closure#1}::{closure#0}>, ()>
[INFO] [stdout]              at /rustc/e3feeb59cd1bdd011a2bfcc0747b55125d9b8527/library/std/src/panic.rs:359:14
[INFO] [stdout]   62: std::thread::lifecycle::spawn_unchecked::<<tokio::runtime::blocking::pool::Spawner>::spawn_thread::{closure#0}, ()>::{closure#1}
[INFO] [stdout]              at /rustc/e3feeb59cd1bdd011a2bfcc0747b55125d9b8527/library/std/src/thread/lifecycle.rs:68:26
[INFO] [stdout]   63: <std::thread::lifecycle::spawn_unchecked<<tokio::runtime::blocking::pool::Spawner>::spawn_thread::{closure#0}, ()>::{closure#1} as core::ops::function::FnOnce<()>>::call_once::{shim:vtable#0}
[INFO] [stdout]              at /rustc/e3feeb59cd1bdd011a2bfcc0747b55125d9b8527/library/core/src/ops/function.rs:250:5
[INFO] [stdout]   64: <alloc::boxed::Box<dyn core::ops::function::FnOnce<(), Output = ()> + core::marker::Send> as core::ops::function::FnOnce<()>>::call_once
[INFO] [stdout]              at /rustc/e3feeb59cd1bdd011a2bfcc0747b55125d9b8527/library/alloc/src/boxed.rs:2314:9
[INFO] [stdout]   65: <std::sys::thread::unix::Thread>::new::thread_start
[INFO] [stdout]              at /rustc/e3feeb59cd1bdd011a2bfcc0747b55125d9b8527/library/std/src/sys/thread/unix.rs:127:17
[INFO] [stdout]   66: <unknown>
[INFO] [stdout]   67: clone
[INFO] [stdout] stack backtrace:
[INFO] [stdout]    0:     0x5810d68cecc1 - std[617be2ca0a6fd877]::backtrace_rs::backtrace::libunwind::trace
[INFO] [stdout]                                at /rustc/e3feeb59cd1bdd011a2bfcc0747b55125d9b8527/library/std/src/../../backtrace/src/backtrace/libunwind.rs:117:9
[INFO] [stdout]    1:     0x5810d68cecc1 - std[617be2ca0a6fd877]::backtrace_rs::backtrace::trace_unsynchronized::<std[617be2ca0a6fd877]::sys::backtrace::_print_fmt::{closure#1}>
[INFO] [stdout]                                at /rustc/e3feeb59cd1bdd011a2bfcc0747b55125d9b8527/library/std/src/../../backtrace/src/backtrace/mod.rs:66:14
[INFO] [stdout]    2:     0x5810d68cecc1 - std[617be2ca0a6fd877]::sys::backtrace::_print_fmt
[INFO] [stdout]                                at /rustc/e3feeb59cd1bdd011a2bfcc0747b55125d9b8527/library/std/src/sys/backtrace.rs:74:9
[INFO] [stdout]    3:     0x5810d68cecc1 - <<std[617be2ca0a6fd877]::sys::backtrace::BacktraceLock>::print::DisplayBacktrace as core[a373ad73a504971]::fmt::Display>::fmt
[INFO] [stdout]                                at /rustc/e3feeb59cd1bdd011a2bfcc0747b55125d9b8527/library/std/src/sys/backtrace.rs:44:26
[INFO] [stdout]    4:     0x5810d68e75aa - <core[a373ad73a504971]::fmt::rt::Argument>::fmt
[INFO] [stdout]                                at /rustc/e3feeb59cd1bdd011a2bfcc0747b55125d9b8527/library/core/src/fmt/rt.rs:152:76
[INFO] [stdout]    5:     0x5810d68e75aa - core[a373ad73a504971]::fmt::write
[INFO] [stdout]    6:     0x5810d68d3c1c - core[a373ad73a504971]::io::write::default_write_fmt::<alloc[2e1b2a31b91974c5]::vec::Vec<u8>>
[INFO] [stdout]                                at /rustc/e3feeb59cd1bdd011a2bfcc0747b55125d9b8527/library/core/src/io/write.rs:402:11
[INFO] [stdout]    7:     0x5810d68d3c1c - <alloc[2e1b2a31b91974c5]::vec::Vec<u8> as core[a373ad73a504971]::io::write::Write>::write_fmt
[INFO] [stdout]                                at /rustc/e3feeb59cd1bdd011a2bfcc0747b55125d9b8527/library/core/src/io/write.rs:335:13
[INFO] [stdout]    8:     0x5810d68a9ab6 - <std[617be2ca0a6fd877]::sys::backtrace::BacktraceLock>::print
[INFO] [stdout]                                at /rustc/e3feeb59cd1bdd011a2bfcc0747b55125d9b8527/library/std/src/sys/backtrace.rs:47:9
[INFO] [stdout]    9:     0x5810d68a9ab6 - std[617be2ca0a6fd877]::panicking::default_hook::{closure#0}
[INFO] [stdout]                                at /rustc/e3feeb59cd1bdd011a2bfcc0747b55125d9b8527/library/std/src/panicking.rs:289:27
[INFO] [stdout]   10:     0x5810d68c6cb9 - std[617be2ca0a6fd877]::panicking::default_hook
[INFO] [stdout]                                at /rustc/e3feeb59cd1bdd011a2bfcc0747b55125d9b8527/library/std/src/panicking.rs:313:9
[INFO] [stdout]   11:     0x5810d6287500 - <alloc[2e1b2a31b91974c5]::boxed::Box<dyn for<'a, 'b> core[a373ad73a504971]::ops::function::Fn<(&'a std[617be2ca0a6fd877]::panic::PanicHookInfo<'b>,), Output = ()> + core[a373ad73a504971]::marker::Sync + core[a373ad73a504971]::marker::Send> as core[a373ad73a504971]::ops::function::Fn<(&std[617be2ca0a6fd877]::panic::PanicHookInfo,)>>::call
[INFO] [stdout]                                at /rustc/e3feeb59cd1bdd011a2bfcc0747b55125d9b8527/library/alloc/src/boxed.rs:2328:9
[INFO] [stdout]   12:     0x5810d6287500 - test[aada8e7e76ba119b]::test_main_inner::{closure#0}
[INFO] [stdout]                                at /rustc/e3feeb59cd1bdd011a2bfcc0747b55125d9b8527/library/test/src/lib.rs:137:21
[INFO] [stdout]   13:     0x5810d68c6fe2 - <alloc[2e1b2a31b91974c5]::boxed::Box<dyn for<'a, 'b> core[a373ad73a504971]::ops::function::Fn<(&'a std[617be2ca0a6fd877]::panic::PanicHookInfo<'b>,), Output = ()> + core[a373ad73a504971]::marker::Sync + core[a373ad73a504971]::marker::Send> as core[a373ad73a504971]::ops::function::Fn<(&std[617be2ca0a6fd877]::panic::PanicHookInfo,)>>::call
[INFO] [stdout]                                at /rustc/e3feeb59cd1bdd011a2bfcc0747b55125d9b8527/library/alloc/src/boxed.rs:2328:9
[INFO] [stdout]   14:     0x5810d68c6fe2 - std[617be2ca0a6fd877]::panicking::panic_with_hook
[INFO] [stdout]                                at /rustc/e3feeb59cd1bdd011a2bfcc0747b55125d9b8527/library/std/src/panicking.rs:819:13
[INFO] [stdout]   15:     0x5810d68a9b62 - std[617be2ca0a6fd877]::panicking::panic_handler::{closure#0}
[INFO] [stdout]                                at /rustc/e3feeb59cd1bdd011a2bfcc0747b55125d9b8527/library/std/src/panicking.rs:685:13
[INFO] [stdout]   16:     0x5810d68a2209 - std[617be2ca0a6fd877]::sys::backtrace::__rust_end_short_backtrace::<std[617be2ca0a6fd877]::panicking::panic_handler::{closure#0}, !>
[INFO] [stdout]                                at /rustc/e3feeb59cd1bdd011a2bfcc0747b55125d9b8527/library/std/src/sys/backtrace.rs:182:18
[INFO] [stdout]   17:     0x5810d68aaa6d - __rustc[ea4f61d10b84890b]::rust_begin_unwind
[INFO] [stdout]                                at /rustc/e3feeb59cd1bdd011a2bfcc0747b55125d9b8527/library/std/src/panicking.rs:676:5
[INFO] [stdout]   18:     0x5810d68e7e4c - core[a373ad73a504971]::panicking::panic_fmt
[INFO] [stdout]                                at /rustc/e3feeb59cd1bdd011a2bfcc0747b55125d9b8527/library/core/src/panicking.rs:80:14
[INFO] [stdout]   19:     0x5810d68e7ba2 - core[a373ad73a504971]::result::unwrap_failed
[INFO] [stdout]                                at /rustc/e3feeb59cd1bdd011a2bfcc0747b55125d9b8527/library/core/src/result.rs:1870:5
[INFO] [stdout]   20:     0x5810d5ffac0c - <core[a373ad73a504971]::result::Result<(), anyhow[64c605b6c2343e01]::Error>>::unwrap
[INFO] [stdout]                                at /rustc/e3feeb59cd1bdd011a2bfcc0747b55125d9b8527/library/core/src/result.rs:1232:23
[INFO] [stdout]   21:     0x5810d5ffac0c - zksync_consensus_network[214d5b7613c2804a]::gossip::tests::syncing::uncoordinated_block_syncing::{closure#0}
[INFO] [stdout]                                at /opt/rustwide/workdir/src/gossip/tests/syncing.rs:132:6
[INFO] [stdout]   22:     0x5810d5f9eb27 - zksync_consensus_network[214d5b7613c2804a]::gossip::tests::syncing::uncoordinated_block_syncing::case_9::{closure#0}
[INFO] [stdout]                                at /opt/rustwide/workdir/src/gossip/tests/syncing.rs:76:1
[INFO] [stdout]   23:     0x5810d5f76162 - <core[a373ad73a504971]::pin::Pin<&mut dyn core[a373ad73a504971]::future::future::Future<Output = ()>> as core[a373ad73a504971]::future::future::Future>::poll
[INFO] [stdout]                                at /rustc/e3feeb59cd1bdd011a2bfcc0747b55125d9b8527/library/core/src/future/future.rs:133:9
[INFO] [stdout]   24:     0x5810d602d0cd - <tokio[b09a720e4aaf19b1]::runtime::park::CachedParkThread>::block_on::<core[a373ad73a504971]::pin::Pin<&mut dyn core[a373ad73a504971]::future::future::Future<Output = ()>>>::{closure#0}
[INFO] [stdout]                                at /opt/rustwide/cargo-home/registry/src/index.crates.io-1949cf8c6b5b557f/tokio-1.45.1/src/runtime/park.rs:284:71
[INFO] [stdout]   25:     0x5810d601530e - tokio[b09a720e4aaf19b1]::task::coop::with_budget::<core[a373ad73a504971]::task::poll::Poll<()>, <tokio[b09a720e4aaf19b1]::runtime::park::CachedParkThread>::block_on<core[a373ad73a504971]::pin::Pin<&mut dyn core[a373ad73a504971]::future::future::Future<Output = ()>>>::{closure#0}>
[INFO] [stdout]                                at /opt/rustwide/cargo-home/registry/src/index.crates.io-1949cf8c6b5b557f/tokio-1.45.1/src/task/coop/mod.rs:167:5
[INFO] [stdout]   26:     0x5810d601530e - tokio[b09a720e4aaf19b1]::task::coop::budget::<core[a373ad73a504971]::task::poll::Poll<()>, <tokio[b09a720e4aaf19b1]::runtime::park::CachedParkThread>::block_on<core[a373ad73a504971]::pin::Pin<&mut dyn core[a373ad73a504971]::future::future::Future<Output = ()>>>::{closure#0}>
[INFO] [stdout]                                at /opt/rustwide/cargo-home/registry/src/index.crates.io-1949cf8c6b5b557f/tokio-1.45.1/src/task/coop/mod.rs:133:5
[INFO] [stdout]   27:     0x5810d601530e - <tokio[b09a720e4aaf19b1]::runtime::park::CachedParkThread>::block_on::<core[a373ad73a504971]::pin::Pin<&mut dyn core[a373ad73a504971]::future::future::Future<Output = ()>>>
[INFO] [stdout]                                at /opt/rustwide/cargo-home/registry/src/index.crates.io-1949cf8c6b5b557f/tokio-1.45.1/src/runtime/park.rs:284:31
[INFO] [stdout]   28:     0x5810d5f828c6 - <tokio[b09a720e4aaf19b1]::runtime::context::blocking::BlockingRegionGuard>::block_on::<core[a373ad73a504971]::pin::Pin<&mut dyn core[a373ad73a504971]::future::future::Future<Output = ()>>>
[INFO] [stdout]                                at /opt/rustwide/cargo-home/registry/src/index.crates.io-1949cf8c6b5b557f/tokio-1.45.1/src/runtime/context/blocking.rs:66:14
[INFO] [stdout]   29:     0x5810d5f9a6a8 - <tokio[b09a720e4aaf19b1]::runtime::scheduler::multi_thread::MultiThread>::block_on::<core[a373ad73a504971]::pin::Pin<&mut dyn core[a373ad73a504971]::future::future::Future<Output = ()>>>::{closure#0}
[INFO] [stdout]                                at /opt/rustwide/cargo-home/registry/src/index.crates.io-1949cf8c6b5b557f/tokio-1.45.1/src/runtime/scheduler/multi_thread/mod.rs:87:22
[INFO] [stdout]   30:     0x5810d5e66683 - tokio[b09a720e4aaf19b1]::runtime::context::runtime::enter_runtime::<<tokio[b09a720e4aaf19b1]::runtime::scheduler::multi_thread::MultiThread>::block_on<core[a373ad73a504971]::pin::Pin<&mut dyn core[a373ad73a504971]::future::future::Future<Output = ()>>>::{closure#0}, ()>
[INFO] [stdout]                                at /opt/rustwide/cargo-home/registry/src/index.crates.io-1949cf8c6b5b557f/tokio-1.45.1/src/runtime/context/runtime.rs:65:16
[INFO] [stdout]   31:     0x5810d5f82bd4 - <tokio[b09a720e4aaf19b1]::runtime::scheduler::multi_thread::MultiThread>::block_on::<core[a373ad73a504971]::pin::Pin<&mut dyn core[a373ad73a504971]::future::future::Future<Output = ()>>>
[INFO] [stdout]                                at /opt/rustwide/cargo-home/registry/src/index.crates.io-1949cf8c6b5b557f/tokio-1.45.1/src/runtime/scheduler/multi_thread/mod.rs:86:9
[INFO] [stdout]   32:     0x5810d607ed0f - <tokio[b09a720e4aaf19b1]::runtime::runtime::Runtime>::block_on_inner::<core[a373ad73a504971]::pin::Pin<&mut dyn core[a373ad73a504971]::future::future::Future<Output = ()>>>
[INFO] [stdout]                                at /opt/rustwide/cargo-home/registry/src/index.crates.io-1949cf8c6b5b557f/tokio-1.45.1/src/runtime/runtime.rs:358:50
[INFO] [stdout]   33:     0x5810d607f036 - <tokio[b09a720e4aaf19b1]::runtime::runtime::Runtime>::block_on::<core[a373ad73a504971]::pin::Pin<&mut dyn core[a373ad73a504971]::future::future::Future<Output = ()>>>
[INFO] [stdout]                                at /opt/rustwide/cargo-home/registry/src/index.crates.io-1949cf8c6b5b557f/tokio-1.45.1/src/runtime/runtime.rs:330:18
[INFO] [stdout]   34:     0x5810d5fa6693 - zksync_consensus_network[214d5b7613c2804a]::gossip::tests::syncing::uncoordinated_block_syncing::case_9
[INFO] [stdout]                                at /opt/rustwide/workdir/src/gossip/tests/syncing.rs:76:1
[INFO] [stdout]   35:     0x5810d5f9c1a7 - zksync_consensus_network[214d5b7613c2804a]::gossip::tests::syncing::uncoordinated_block_syncing::case_9::{closure#0}
[INFO] [stdout]                                at /opt/rustwide/workdir/src/gossip/tests/syncing.rs:79:5
[INFO] [stdout]   36:     0x5810d5dcd876 - <zksync_consensus_network[214d5b7613c2804a]::gossip::tests::syncing::uncoordinated_block_syncing::case_9::{closure#0} as core[a373ad73a504971]::ops::function::FnOnce<()>>::call_once
[INFO] [stdout]                                at /rustc/e3feeb59cd1bdd011a2bfcc0747b55125d9b8527/library/core/src/ops/function.rs:250:5
[INFO] [stdout]   37:     0x5810d627a94b - <fn() -> core[a373ad73a504971]::result::Result<(), alloc[2e1b2a31b91974c5]::string::String> as core[a373ad73a504971]::ops::function::FnOnce<()>>::call_once
[INFO] [stdout]                                at /rustc/e3feeb59cd1bdd011a2bfcc0747b55125d9b8527/library/core/src/ops/function.rs:250:5
[INFO] [stdout]   38:     0x5810d627a94b - test[aada8e7e76ba119b]::__rust_begin_short_backtrace::<core[a373ad73a504971]::result::Result<(), alloc[2e1b2a31b91974c5]::string::String>, fn() -> core[a373ad73a504971]::result::Result<(), alloc[2e1b2a31b91974c5]::string::String>>
[INFO] [stdout]                                at /rustc/e3feeb59cd1bdd011a2bfcc0747b55125d9b8527/library/test/src/lib.rs:701:18
[INFO] [stdout]   39:     0x5810d6287b25 - test[aada8e7e76ba119b]::run_test_in_process::{closure#0}
[INFO] [stdout]                                at /rustc/e3feeb59cd1bdd011a2bfcc0747b55125d9b8527/library/test/src/lib.rs:724:74
[INFO] [stdout]   40:     0x5810d6287b25 - <core[a373ad73a504971]::panic::unwind_safe::AssertUnwindSafe<test[aada8e7e76ba119b]::run_test_in_process::{closure#0}> as core[a373ad73a504971]::ops::function::FnOnce<()>>::call_once
[INFO] [stdout]                                at /rustc/e3feeb59cd1bdd011a2bfcc0747b55125d9b8527/library/core/src/panic/unwind_safe.rs:275:9
[INFO] [stdout]   41:     0x5810d6287b25 - std[617be2ca0a6fd877]::panicking::catch_unwind::do_call::<core[a373ad73a504971]::panic::unwind_safe::AssertUnwindSafe<test[aada8e7e76ba119b]::run_test_in_process::{closure#0}>, core[a373ad73a504971]::result::Result<(), alloc[2e1b2a31b91974c5]::string::String>>
[INFO] [stdout]                                at /rustc/e3feeb59cd1bdd011a2bfcc0747b55125d9b8527/library/std/src/panicking.rs:573:43
[INFO] [stdout]   42:     0x5810d6287b25 - std[617be2ca0a6fd877]::panicking::catch_unwind::<core[a373ad73a504971]::result::Result<(), alloc[2e1b2a31b91974c5]::string::String>, core[a373ad73a504971]::panic::unwind_safe::AssertUnwindSafe<test[aada8e7e76ba119b]::run_test_in_process::{closure#0}>>
[INFO] [stdout]                                at /rustc/e3feeb59cd1bdd011a2bfcc0747b55125d9b8527/library/std/src/panicking.rs:541:19
[INFO] [stdout]   43:     0x5810d6287b25 - std[617be2ca0a6fd877]::panic::catch_unwind::<core[a373ad73a504971]::panic::unwind_safe::AssertUnwindSafe<test[aada8e7e76ba119b]::run_test_in_process::{closure#0}>, core[a373ad73a504971]::result::Result<(), alloc[2e1b2a31b91974c5]::string::String>>
[INFO] [stdout]                                at /rustc/e3feeb59cd1bdd011a2bfcc0747b55125d9b8527/library/std/src/panic.rs:359:14
[INFO] [stdout]   44:     0x5810d6287b25 - test[aada8e7e76ba119b]::run_test_in_process
[INFO] [stdout]                                at /rustc/e3feeb59cd1bdd011a2bfcc0747b55125d9b8527/library/test/src/lib.rs:724:27
[INFO] [stdout]   45:     0x5810d6287b25 - test[aada8e7e76ba119b]::run_test::{closure#0}
[INFO] [stdout]                                at /rustc/e3feeb59cd1bdd011a2bfcc0747b55125d9b8527/library/test/src/lib.rs:645:43
[INFO] [stdout]   46:     0x5810d6281414 - test[aada8e7e76ba119b]::run_test::{closure#1}
[INFO] [stdout]                                at /rustc/e3feeb59cd1bdd011a2bfcc0747b55125d9b8527/library/test/src/lib.rs:675:41
[INFO] [stdout]   47:     0x5810d6281414 - std[617be2ca0a6fd877]::sys::backtrace::__rust_begin_short_backtrace::<test[aada8e7e76ba119b]::run_test::{closure#1}, ()>
[INFO] [stdout]                                at /rustc/e3feeb59cd1bdd011a2bfcc0747b55125d9b8527/library/std/src/sys/backtrace.rs:166:18
[INFO] [stdout]   48:     0x5810d628abb2 - std[617be2ca0a6fd877]::thread::lifecycle::spawn_unchecked::<test[aada8e7e76ba119b]::run_test::{closure#1}, ()>::{closure#1}::{closure#0}
[INFO] [stdout]                                at /rustc/e3feeb59cd1bdd011a2bfcc0747b55125d9b8527/library/std/src/thread/lifecycle.rs:70:13
[INFO] [stdout]   49:     0x5810d628abb2 - <core[a373ad73a504971]::panic::unwind_safe::AssertUnwindSafe<std[617be2ca0a6fd877]::thread::lifecycle::spawn_unchecked<test[aada8e7e76ba119b]::run_test::{closure#1}, ()>::{closure#1}::{closure#0}> as core[a373ad73a504971]::ops::function::FnOnce<()>>::call_once
[INFO] [stdout]                                at /rustc/e3feeb59cd1bdd011a2bfcc0747b55125d9b8527/library/core/src/panic/unwind_safe.rs:275:9
[INFO] [stdout]   50:     0x5810d628abb2 - std[617be2ca0a6fd877]::panicking::catch_unwind::do_call::<core[a373ad73a504971]::panic::unwind_safe::AssertUnwindSafe<std[617be2ca0a6fd877]::thread::lifecycle::spawn_unchecked<test[aada8e7e76ba119b]::run_test::{closure#1}, ()>::{closure#1}::{closure#0}>, ()>
[INFO] [stdout]                                at /rustc/e3feeb59cd1bdd011a2bfcc0747b55125d9b8527/library/std/src/panicking.rs:573:43
[INFO] [stdout]   51:     0x5810d628abb2 - std[617be2ca0a6fd877]::panicking::catch_unwind::<(), core[a373ad73a504971]::panic::unwind_safe::AssertUnwindSafe<std[617be2ca0a6fd877]::thread::lifecycle::spawn_unchecked<test[aada8e7e76ba119b]::run_test::{closure#1}, ()>::{closure#1}::{closure#0}>>
[INFO] [stdout]                                at /rustc/e3feeb59cd1bdd011a2bfcc0747b55125d9b8527/library/std/src/panicking.rs:541:19
[INFO] [stdout]   52:     0x5810d628abb2 - std[617be2ca0a6fd877]::panic::catch_unwind::<core[a373ad73a504971]::panic::unwind_safe::AssertUnwindSafe<std[617be2ca0a6fd877]::thread::lifecycle::spawn_unchecked<test[aada8e7e76ba119b]::run_test::{closure#1}, ()>::{closure#1}::{closure#0}>, ()>
[INFO] [stdout]                                at /rustc/e3feeb59cd1bdd011a2bfcc0747b55125d9b8527/library/std/src/panic.rs:359:14
[INFO] [stdout]   53:     0x5810d628abb2 - std[617be2ca0a6fd877]::thread::lifecycle::spawn_unchecked::<test[aada8e7e76ba119b]::run_test::{closure#1}, ()>::{closure#1}
[INFO] [stdout]                                at /rustc/e3feeb59cd1bdd011a2bfcc0747b55125d9b8527/library/std/src/thread/lifecycle.rs:68:26
[INFO] [stdout]   54:     0x5810d628abb2 - <std[617be2ca0a6fd877]::thread::lifecycle::spawn_unchecked<test[aada8e7e76ba119b]::run_test::{closure#1}, ()>::{closure#1} as core[a373ad73a504971]::ops::function::FnOnce<()>>::call_once::{shim:vtable#0}
[INFO] [stdout]                                at /rustc/e3feeb59cd1bdd011a2bfcc0747b55125d9b8527/library/core/src/ops/function.rs:250:5
[INFO] [stdout]   55:     0x5810d68ce16f - <alloc[2e1b2a31b91974c5]::boxed::Box<dyn core[a373ad73a504971]::ops::function::FnOnce<(), Output = ()> + core[a373ad73a504971]::marker::Send> as core[a373ad73a504971]::ops::function::FnOnce<()>>::call_once
[INFO] [stdout]                                at /rustc/e3feeb59cd1bdd011a2bfcc0747b55125d9b8527/library/alloc/src/boxed.rs:2314:9
[INFO] [stdout]   56:     0x5810d68ce16f - <std[617be2ca0a6fd877]::sys::thread::unix::Thread>::new::thread_start
[INFO] [stdout]                                at /rustc/e3feeb59cd1bdd011a2bfcc0747b55125d9b8527/library/std/src/sys/thread/unix.rs:127:17
[INFO] [stdout]   57:     0x7d26a1370dfa - <unknown>
[INFO] [stdout]   58:     0x7d26a14043d4 - clone
[INFO] [stdout]   59:                0x0 - <unknown>
[INFO] [stdout] 
[INFO] [stdout] ---- gossip::tests::test_validator_addrs_propagation stdout ----
[INFO] [stdout] 
[INFO] [stdout] thread 'gossip::tests::test_validator_addrs_propagation' (4060) panicked at src/gossip/tests/mod.rs:288:6:
[INFO] [stdout] called `Result::unwrap()` on an `Err` value: accept()
[INFO] [stdout] 
[INFO] [stdout] Caused by:
[INFO] [stdout]     0: accept()
[INFO] [stdout]     1: Too many open files (os error 24)
[INFO] [stdout] 
[INFO] [stdout] Stack backtrace:
[INFO] [stdout]    0: <core::io::error::Error as anyhow::context::ext::StdError>::ext_context::<&str>
[INFO] [stdout]              at /opt/rustwide/cargo-home/registry/src/index.crates.io-1949cf8c6b5b557f/anyhow-1.0.98/src/backtrace.rs:27:14
[INFO] [stdout]    1: <core::result::Result<tokio::net::tcp::stream::TcpStream, core::io::error::Error> as anyhow::Context<tokio::net::tcp::stream::TcpStream, core::io::error::Error>>::context::<&str>
[INFO] [stdout]              at /opt/rustwide/cargo-home/registry/src/index.crates.io-1949cf8c6b5b557f/anyhow-1.0.98/src/context.rs:54:37
[INFO] [stdout]    2: <zksync_consensus_network::metrics::MeteredStream>::accept::{closure#0}
[INFO] [stdout]              at ./src/metrics.rs:46:61
[INFO] [stdout]    3: <zksync_consensus_network::Runner>::run::{closure#0}::{closure#0}::{closure#0}
[INFO] [stdout]              at ./src/lib.rs:216:22
[INFO] [stdout]    4: <zksync_concurrency::scope::task::Task<zksync_concurrency::ctx::Error>>::run::<(), <zksync_consensus_network::Runner>::run::{closure#0}::{closure#0}::{closure#0}>::{closure#0}
[INFO] [stdout]              at /opt/rustwide/cargo-home/registry/src/index.crates.io-1949cf8c6b5b557f/zksync_concurrency-0.13.0/src/scope/task.rs:109:21
[INFO] [stdout]    5: <core::pin::Pin<alloc::boxed::Box<dyn core::future::future::Future<Output = core::result::Result<(), zksync_concurrency::scope::task::Terminated>> + core::marker::Send>> as core::future::future::Future>::poll
[INFO] [stdout]              at /rustc/e3feeb59cd1bdd011a2bfcc0747b55125d9b8527/library/core/src/future/future.rs:133:9
[INFO] [stdout]    6: <tracing::instrument::Instrumented<core::pin::Pin<alloc::boxed::Box<dyn core::future::future::Future<Output = core::result::Result<(), zksync_concurrency::scope::task::Terminated>> + core::marker::Send>>> as core::future::future::Future>::poll
[INFO] [stdout]              at /opt/rustwide/cargo-home/registry/src/index.crates.io-1949cf8c6b5b557f/tracing-0.1.41/src/instrument.rs:321:15
[INFO] [stdout]    7: <tokio::runtime::task::core::Core<tracing::instrument::Instrumented<core::pin::Pin<alloc::boxed::Box<dyn core::future::future::Future<Output = core::result::Result<(), zksync_concurrency::scope::task::Terminated>> + core::marker::Send>>>, alloc::sync::Arc<tokio::runtime::scheduler::multi_thread::handle::Handle>>>::poll::{closure#0}
[INFO] [stdout]              at /opt/rustwide/cargo-home/registry/src/index.crates.io-1949cf8c6b5b557f/tokio-1.45.1/src/runtime/task/core.rs:331:24
[INFO] [stdout]    8: <tokio::loom::std::unsafe_cell::UnsafeCell<tokio::runtime::task::core::Stage<tracing::instrument::Instrumented<core::pin::Pin<alloc::boxed::Box<dyn core::future::future::Future<Output = core::result::Result<(), zksync_concurrency::scope::task::Terminated>> + core::marker::Send>>>>>>::with_mut::<core::task::poll::Poll<core::result::Result<(), zksync_concurrency::scope::task::Terminated>>, <tokio::runtime::task::core::Core<tracing::instrument::Instrumented<core::pin::Pin<alloc::boxed::Box<dyn core::future::future::Future<Output = core::result::Result<(), zksync_concurrency::scope::task::Terminated>> + core::marker::Send>>>, alloc::sync::Arc<tokio::runtime::scheduler::multi_thread::handle::Handle>>>::poll::{closure#0}>
[INFO] [stdout]              at /opt/rustwide/cargo-home/registry/src/index.crates.io-1949cf8c6b5b557f/tokio-1.45.1/src/loom/std/unsafe_cell.rs:16:9
[INFO] [stdout]    9: <tokio::runtime::task::core::Core<tracing::instrument::Instrumented<core::pin::Pin<alloc::boxed::Box<dyn core::future::future::Future<Output = core::result::Result<(), zksync_concurrency::scope::task::Terminated>> + core::marker::Send>>>, alloc::sync::Arc<tokio::runtime::scheduler::multi_thread::handle::Handle>>>::poll
[INFO] [stdout]              at /opt/rustwide/cargo-home/registry/src/index.crates.io-1949cf8c6b5b557f/tokio-1.45.1/src/runtime/task/core.rs:320:30
[INFO] [stdout]   10: tokio::runtime::task::harness::poll_future::<tracing::instrument::Instrumented<core::pin::Pin<alloc::boxed::Box<dyn core::future::future::Future<Output = core::result::Result<(), zksync_concurrency::scope::task::Terminated>> + core::marker::Send>>>, alloc::sync::Arc<tokio::runtime::scheduler::multi_thread::handle::Handle>>::{closure#0}
[INFO] [stdout]              at /opt/rustwide/cargo-home/registry/src/index.crates.io-1949cf8c6b5b557f/tokio-1.45.1/src/runtime/task/harness.rs:532:30
[INFO] [stdout]   11: <core::panic::unwind_safe::AssertUnwindSafe<tokio::runtime::task::harness::poll_future<tracing::instrument::Instrumented<core::pin::Pin<alloc::boxed::Box<dyn core::future::future::Future<Output = core::result::Result<(), zksync_concurrency::scope::task::Terminated>> + core::marker::Send>>>, alloc::sync::Arc<tokio::runtime::scheduler::multi_thread::handle::Handle>>::{closure#0}> as core::ops::function::FnOnce<()>>::call_once
[INFO] [stdout]              at /rustc/e3feeb59cd1bdd011a2bfcc0747b55125d9b8527/library/core/src/panic/unwind_safe.rs:275:9
[INFO] [stdout]   12: std::panicking::catch_unwind::do_call::<core::panic::unwind_safe::AssertUnwindSafe<tokio::runtime::task::harness::poll_future<tracing::instrument::Instrumented<core::pin::Pin<alloc::boxed::Box<dyn core::future::future::Future<Output = core::result::Result<(), zksync_concurrency::scope::task::Terminated>> + core::marker::Send>>>, alloc::sync::Arc<tokio::runtime::scheduler::multi_thread::handle::Handle>>::{closure#0}>, core::task::poll::Poll<core::result::Result<(), zksync_concurrency::scope::task::Terminated>>>
[INFO] [stdout]              at /rustc/e3feeb59cd1bdd011a2bfcc0747b55125d9b8527/library/std/src/panicking.rs:573:43
[INFO] [stdout]   13: __rust_try
[INFO] [stdout]   14: std::panicking::catch_unwind::<core::task::poll::Poll<core::result::Result<(), zksync_concurrency::scope::task::Terminated>>, core::panic::unwind_safe::AssertUnwindSafe<tokio::runtime::task::harness::poll_future<tracing::instrument::Instrumented<core::pin::Pin<alloc::boxed::Box<dyn core::future::future::Future<Output = core::result::Result<(), zksync_concurrency::scope::task::Terminated>> + core::marker::Send>>>, alloc::sync::Arc<tokio::runtime::scheduler::multi_thread::handle::Handle>>::{closure#0}>>
[INFO] [stdout]              at /rustc/e3feeb59cd1bdd011a2bfcc0747b55125d9b8527/library/std/src/panicking.rs:541:19
[INFO] [stdout]   15: std::panic::catch_unwind::<core::panic::unwind_safe::AssertUnwindSafe<tokio::runtime::task::harness::poll_future<tracing::instrument::Instrumented<core::pin::Pin<alloc::boxed::Box<dyn core::future::future::Future<Output = core::result::Result<(), zksync_concurrency::scope::task::Terminated>> + core::marker::Send>>>, alloc::sync::Arc<tokio::runtime::scheduler::multi_thread::handle::Handle>>::{closure#0}>, core::task::poll::Poll<core::result::Result<(), zksync_concurrency::scope::task::Terminated>>>
[INFO] [stdout]              at /rustc/e3feeb59cd1bdd011a2bfcc0747b55125d9b8527/library/std/src/panic.rs:359:14
[INFO] [stdout]   16: tokio::runtime::task::harness::poll_future::<tracing::instrument::Instrumented<core::pin::Pin<alloc::boxed::Box<dyn core::future::future::Future<Output = core::result::Result<(), zksync_concurrency::scope::task::Terminated>> + core::marker::Send>>>, alloc::sync::Arc<tokio::runtime::scheduler::multi_thread::handle::Handle>>
[INFO] [stdout]              at /opt/rustwide/cargo-home/registry/src/index.crates.io-1949cf8c6b5b557f/tokio-1.45.1/src/runtime/task/harness.rs:520:18
[INFO] [stdout]   17: <tokio::runtime::task::harness::Harness<tracing::instrument::Instrumented<core::pin::Pin<alloc::boxed::Box<dyn core::future::future::Future<Output = core::result::Result<(), zksync_concurrency::scope::task::Terminated>> + core::marker::Send>>>, alloc::sync::Arc<tokio::runtime::scheduler::multi_thread::handle::Handle>>>::poll_inner
[INFO] [stdout]              at /opt/rustwide/cargo-home/registry/src/index.crates.io-1949cf8c6b5b557f/tokio-1.45.1/src/runtime/task/harness.rs:209:27
[INFO] [stdout]   18: <tokio::runtime::task::harness::Harness<tracing::instrument::Instrumented<core::pin::Pin<alloc::boxed::Box<dyn core::future::future::Future<Output = core::result::Result<(), zksync_concurrency::scope::task::Terminated>> + core::marker::Send>>>, alloc::sync::Arc<tokio::runtime::scheduler::multi_thread::handle::Handle>>>::poll
[INFO] [stdout]              at /opt/rustwide/cargo-home/registry/src/index.crates.io-1949cf8c6b5b557f/tokio-1.45.1/src/runtime/task/harness.rs:154:20
[INFO] [stdout]   19: tokio::runtime::task::raw::poll::<tracing::instrument::Instrumented<core::pin::Pin<alloc::boxed::Box<dyn core::future::future::Future<Output = core::result::Result<(), zksync_concurrency::scope::task::Terminated>> + core::marker::Send>>>, alloc::sync::Arc<tokio::runtime::scheduler::multi_thread::handle::Handle>>
[INFO] [stdout]              at /opt/rustwide/cargo-home/registry/src/index.crates.io-1949cf8c6b5b557f/tokio-1.45.1/src/runtime/task/raw.rs:271:13
[INFO] [stdout]   20: <tokio::runtime::task::raw::RawTask>::poll
[INFO] [stdout]              at /opt/rustwide/cargo-home/registry/src/index.crates.io-1949cf8c6b5b557f/tokio-1.45.1/src/runtime/task/raw.rs:201:18
[INFO] [stdout]   21: <tokio::runtime::task::LocalNotified<alloc::sync::Arc<tokio::runtime::scheduler::multi_thread::handle::Handle>>>::run
[INFO] [stdout]              at /opt/rustwide/cargo-home/registry/src/index.crates.io-1949cf8c6b5b557f/tokio-1.45.1/src/runtime/task/mod.rs:463:13
[INFO] [stdout]   22: <tokio::runtime::scheduler::multi_thread::worker::Context>::run_task::{closure#0}
[INFO] [stdout]              at /opt/rustwide/cargo-home/registry/src/index.crates.io-1949cf8c6b5b557f/tokio-1.45.1/src/runtime/scheduler/multi_thread/worker.rs:600:18
[INFO] [stdout]   23: tokio::task::coop::with_budget::<core::result::Result<alloc::boxed::Box<tokio::runtime::scheduler::multi_thread::worker::Core>, ()>, <tokio::runtime::scheduler::multi_thread::worker::Context>::run_task::{closure#0}>
[INFO] [stdout]              at /opt/rustwide/cargo-home/registry/src/index.crates.io-1949cf8c6b5b557f/tokio-1.45.1/src/task/coop/mod.rs:167:5
[INFO] [stdout]   24: tokio::task::coop::budget::<core::result::Result<alloc::boxed::Box<tokio::runtime::scheduler::multi_thread::worker::Core>, ()>, <tokio::runtime::scheduler::multi_thread::worker::Context>::run_task::{closure#0}>
[INFO] [stdout]              at /opt/rustwide/cargo-home/registry/src/index.crates.io-1949cf8c6b5b557f/tokio-1.45.1/src/task/coop/mod.rs:133:5
[INFO] [stdout]   25: <tokio::runtime::scheduler::multi_thread::worker::Context>::run_task
[INFO] [stdout]              at /opt/rustwide/cargo-home/registry/src/index.crates.io-1949cf8c6b5b557f/tokio-1.45.1/src/runtime/scheduler/multi_thread/worker.rs:594:9
[INFO] [stdout]   26: <tokio::runtime::scheduler::multi_thread::worker::Context>::run
[INFO] [stdout]              at /opt/rustwide/cargo-home/registry/src/index.crates.io-1949cf8c6b5b557f/tokio-1.45.1/src/runtime/scheduler/multi_thread/worker.rs:542:29
[INFO] [stdout]   27: tokio::runtime::scheduler::multi_thread::worker::run::{closure#0}::{closure#0}
[INFO] [stdout]              at /opt/rustwide/cargo-home/registry/src/index.crates.io-1949cf8c6b5b557f/tokio-1.45.1/src/runtime/scheduler/multi_thread/worker.rs:507:24
[INFO] [stdout]   28: <tokio::runtime::context::scoped::Scoped<tokio::runtime::scheduler::Context>>::set::<tokio::runtime::scheduler::multi_thread::worker::run::{closure#0}::{closure#0}, ()>
[INFO] [stdout]              at /opt/rustwide/cargo-home/registry/src/index.crates.io-1949cf8c6b5b557f/tokio-1.45.1/src/runtime/context/scoped.rs:40:9
[INFO] [stdout]   29: tokio::runtime::context::set_scheduler::<(), tokio::runtime::scheduler::multi_thread::worker::run::{closure#0}::{closure#0}>::{closure#0}
[INFO] [stdout]              at /opt/rustwide/cargo-home/registry/src/index.crates.io-1949cf8c6b5b557f/tokio-1.45.1/src/runtime/context.rs:176:38
[INFO] [stdout]   30: <std::thread::local::LocalKey<tokio::runtime::context::Context>>::try_with::<tokio::runtime::context::set_scheduler<(), tokio::runtime::scheduler::multi_thread::worker::run::{closure#0}::{closure#0}>::{closure#0}, ()>
[INFO] [stdout]              at /rustc/e3feeb59cd1bdd011a2bfcc0747b55125d9b8527/library/std/src/thread/local.rs:463:12
[INFO] [stdout]   31: <std::thread::local::LocalKey<tokio::runtime::context::Context>>::with::<tokio::runtime::context::set_scheduler<(), tokio::runtime::scheduler::multi_thread::worker::run::{closure#0}::{closure#0}>::{closure#0}, ()>
[INFO] [stdout]              at /rustc/e3feeb59cd1bdd011a2bfcc0747b55125d9b8527/library/std/src/thread/local.rs:427:20
[INFO] [stdout]   32: tokio::runtime::context::set_scheduler::<(), tokio::runtime::scheduler::multi_thread::worker::run::{closure#0}::{closure#0}>
[INFO] [stdout]              at /opt/rustwide/cargo-home/registry/src/index.crates.io-1949cf8c6b5b557f/tokio-1.45.1/src/runtime/context.rs:176:17
[INFO] [stdout]   33: tokio::runtime::scheduler::multi_thread::worker::run::{closure#0}
[INFO] [stdout]              at /opt/rustwide/cargo-home/registry/src/index.crates.io-1949cf8c6b5b557f/tokio-1.45.1/src/runtime/scheduler/multi_thread/worker.rs:502:9
[INFO] [stdout]   34: tokio::runtime::context::runtime::enter_runtime::<tokio::runtime::scheduler::multi_thread::worker::run::{closure#0}, ()>
[INFO] [stdout]              at /opt/rustwide/cargo-home/registry/src/index.crates.io-1949cf8c6b5b557f/tokio-1.45.1/src/runtime/context/runtime.rs:65:16
[INFO] [stdout]   35: tokio::runtime::scheduler::multi_thread::worker::run
[INFO] [stdout]              at /opt/rustwide/cargo-home/registry/src/index.crates.io-1949cf8c6b5b557f/tokio-1.45.1/src/runtime/scheduler/multi_thread/worker.rs:494:5
[INFO] [stdout]   36: <tokio::runtime::scheduler::multi_thread::worker::Launch>::launch::{closure#0}
[INFO] [stdout]              at /opt/rustwide/cargo-home/registry/src/index.crates.io-1949cf8c6b5b557f/tokio-1.45.1/src/runtime/scheduler/multi_thread/worker.rs:460:45
[INFO] [stdout]   37: <tokio::runtime::blocking::task::BlockingTask<<tokio::runtime::scheduler::multi_thread::worker::Launch>::launch::{closure#0}> as core::future::future::Future>::poll
[INFO] [stdout]              at /opt/rustwide/cargo-home/registry/src/index.crates.io-1949cf8c6b5b557f/tokio-1.45.1/src/runtime/blocking/task.rs:42:21
[INFO] [stdout]   38: <tokio::runtime::task::core::Core<tokio::runtime::blocking::task::BlockingTask<<tokio::runtime::scheduler::multi_thread::worker::Launch>::launch::{closure#0}>, tokio::runtime::blocking::schedule::BlockingSchedule>>::poll::{closure#0}
[INFO] [stdout]              at /opt/rustwide/cargo-home/registry/src/index.crates.io-1949cf8c6b5b557f/tokio-1.45.1/src/runtime/task/core.rs:331:24
[INFO] [stdout]   39: <tokio::loom::std::unsafe_cell::UnsafeCell<tokio::runtime::task::core::Stage<tokio::runtime::blocking::task::BlockingTask<<tokio::runtime::scheduler::multi_thread::worker::Launch>::launch::{closure#0}>>>>::with_mut::<core::task::poll::Poll<()>, <tokio::runtime::task::core::Core<tokio::runtime::blocking::task::BlockingTask<<tokio::runtime::scheduler::multi_thread::worker::Launch>::launch::{closure#0}>, tokio::runtime::blocking::schedule::BlockingSchedule>>::poll::{closure#0}>
[INFO] [stdout]              at /opt/rustwide/cargo-home/registry/src/index.crates.io-1949cf8c6b5b557f/tokio-1.45.1/src/loom/std/unsafe_cell.rs:16:9
[INFO] [stdout]   40: <tokio::runtime::task::core::Core<tokio::runtime::blocking::task::BlockingTask<<tokio::runtime::scheduler::multi_thread::worker::Launch>::launch::{closure#0}>, tokio::runtime::blocking::schedule::BlockingSchedule>>::poll
[INFO] [stdout]              at /opt/rustwide/cargo-home/registry/src/index.crates.io-1949cf8c6b5b557f/tokio-1.45.1/src/runtime/task/core.rs:320:30
[INFO] [stdout]   41: tokio::runtime::task::harness::poll_future::<tokio::runtime::blocking::task::BlockingTask<<tokio::runtime::scheduler::multi_thread::worker::Launch>::launch::{closure#0}>, tokio::runtime::blocking::schedule::BlockingSchedule>::{closure#0}
[INFO] [stdout]              at /opt/rustwide/cargo-home/registry/src/index.crates.io-1949cf8c6b5b557f/tokio-1.45.1/src/runtime/task/harness.rs:532:30
[INFO] [stdout]   42: <core::panic::unwind_safe::AssertUnwindSafe<tokio::runtime::task::harness::poll_future<tokio::runtime::blocking::task::BlockingTask<<tokio::runtime::scheduler::multi_thread::worker::Launch>::launch::{closure#0}>, tokio::runtime::blocking::schedule::BlockingSchedule>::{closure#0}> as core::ops::function::FnOnce<()>>::call_once
[INFO] [stdout]              at /rustc/e3feeb59cd1bdd011a2bfcc0747b55125d9b8527/library/core/src/panic/unwind_safe.rs:275:9
[INFO] [stdout]   43: std::panicking::catch_unwind::do_call::<core::panic::unwind_safe::AssertUnwindSafe<tokio::runtime::task::harness::poll_future<tokio::runtime::blocking::task::BlockingTask<<tokio::runtime::scheduler::multi_thread::worker::Launch>::launch::{closure#0}>, tokio::runtime::blocking::schedule::BlockingSchedule>::{closure#0}>, core::task::poll::Poll<()>>
[INFO] [stdout]              at /rustc/e3feeb59cd1bdd011a2bfcc0747b55125d9b8527/library/std/src/panicking.rs:573:43
[INFO] [stdout]   44: __rust_try
[INFO] [stdout]   45: std::panicking::catch_unwind::<core::task::poll::Poll<()>, core::panic::unwind_safe::AssertUnwindSafe<tokio::runtime::task::harness::poll_future<tokio::runtime::blocking::task::BlockingTask<<tokio::runtime::scheduler::multi_thread::worker::Launch>::launch::{closure#0}>, tokio::runtime::blocking::schedule::BlockingSchedule>::{closure#0}>>
[INFO] [stdout]              at /rustc/e3feeb59cd1bdd011a2bfcc0747b55125d9b8527/library/std/src/panicking.rs:541:19
[INFO] [stdout]   46: std::panic::catch_unwind::<core::panic::unwind_safe::AssertUnwindSafe<tokio::runtime::task::harness::poll_future<tokio::runtime::blocking::task::BlockingTask<<tokio::runtime::scheduler::multi_thread::worker::Launch>::launch::{closure#0}>, tokio::runtime::blocking::schedule::BlockingSchedule>::{closure#0}>, core::task::poll::Poll<()>>
[INFO] [stdout]              at /rustc/e3feeb59cd1bdd011a2bfcc0747b55125d9b8527/library/std/src/panic.rs:359:14
[INFO] [stdout]   47: tokio::runtime::task::harness::poll_future::<tokio::runtime::blocking::task::BlockingTask<<tokio::runtime::scheduler::multi_thread::worker::Launch>::launch::{closure#0}>, tokio::runtime::blocking::schedule::BlockingSchedule>
[INFO] [stdout]              at /opt/rustwide/cargo-home/registry/src/index.crates.io-1949cf8c6b5b557f/tokio-1.45.1/src/runtime/task/harness.rs:520:18
[INFO] [stdout]   48: <tokio::runtime::task::harness::Harness<tokio::runtime::blocking::task::BlockingTask<<tokio::runtime::scheduler::multi_thread::worker::Launch>::launch::{closure#0}>, tokio::runtime::blocking::schedule::BlockingSchedule>>::poll_inner
[INFO] [stdout]              at /opt/rustwide/cargo-home/registry/src/index.crates.io-1949cf8c6b5b557f/tokio-1.45.1/src/runtime/task/harness.rs:209:27
[INFO] [stdout]   49: <tokio::runtime::task::harness::Harness<tokio::runtime::blocking::task::BlockingTask<<tokio::runtime::scheduler::multi_thread::worker::Launch>::launch::{closure#0}>, tokio::runtime::blocking::schedule::BlockingSchedule>>::poll
[INFO] [stdout]              at /opt/rustwide/cargo-home/registry/src/index.crates.io-1949cf8c6b5b557f/tokio-1.45.1/src/runtime/task/harness.rs:154:20
[INFO] [stdout]   50: tokio::runtime::task::raw::poll::<tokio::runtime::blocking::task::BlockingTask<<tokio::runtime::scheduler::multi_thread::worker::Launch>::launch::{closure#0}>, tokio::runtime::blocking::schedule::BlockingSchedule>
[INFO] [stdout]              at /opt/rustwide/cargo-home/registry/src/index.crates.io-1949cf8c6b5b557f/tokio-1.45.1/src/runtime/task/raw.rs:271:13
[INFO] [stdout]   51: <tokio::runtime::task::raw::RawTask>::poll
[INFO] [stdout]              at /opt/rustwide/cargo-home/registry/src/index.crates.io-1949cf8c6b5b557f/tokio-1.45.1/src/runtime/task/raw.rs:201:18
[INFO] [stdout]   52: <tokio::runtime::task::UnownedTask<tokio::runtime::blocking::schedule::BlockingSchedule>>::run
[INFO] [stdout]              at /opt/rustwide/cargo-home/registry/src/index.crates.io-1949cf8c6b5b557f/tokio-1.45.1/src/runtime/task/mod.rs:500:13
[INFO] [stdout]   53: <tokio::runtime::blocking::pool::Task>::run
[INFO] [stdout]              at /opt/rustwide/cargo-home/registry/src/index.crates.io-1949cf8c6b5b557f/tokio-1.45.1/src/runtime/blocking/pool.rs:161:19
[INFO] [stdout]   54: <tokio::runtime::blocking::pool::Inner>::run
[INFO] [stdout]              at /opt/rustwide/cargo-home/registry/src/index.crates.io-1949cf8c6b5b557f/tokio-1.45.1/src/runtime/blocking/pool.rs:511:22
[INFO] [stdout]   55: <tokio::runtime::blocking::pool::Spawner>::spawn_thread::{closure#0}
[INFO] [stdout]              at /opt/rustwide/cargo-home/registry/src/index.crates.io-1949cf8c6b5b557f/tokio-1.45.1/src/runtime/blocking/pool.rs:469:47
[INFO] [stdout]   56: std::sys::backtrace::__rust_begin_short_backtrace::<<tokio::runtime::blocking::pool::Spawner>::spawn_thread::{closure#0}, ()>
[INFO] [stdout]              at /rustc/e3feeb59cd1bdd011a2bfcc0747b55125d9b8527/library/std/src/sys/backtrace.rs:166:18
[INFO] [stdout]   57: std::thread::lifecycle::spawn_unchecked::<<tokio::runtime::blocking::pool::Spawner>::spawn_thread::{closure#0}, ()>::{closure#1}::{closure#0}
[INFO] [stdout]              at /rustc/e3feeb59cd1bdd011a2bfcc0747b55125d9b8527/library/std/src/thread/lifecycle.rs:70:13
[INFO] [stdout]   58: <core::panic::unwind_safe::AssertUnwindSafe<std::thread::lifecycle::spawn_unchecked<<tokio::runtime::blocking::pool::Spawner>::spawn_thread::{closure#0}, ()>::{closure#1}::{closure#0}> as core::ops::function::FnOnce<()>>::call_once
[INFO] [stdout]              at /rustc/e3feeb59cd1bdd011a2bfcc0747b55125d9b8527/library/core/src/panic/unwind_safe.rs:275:9
[INFO] [stdout]   59: std::panicking::catch_unwind::do_call::<core::panic::unwind_safe::AssertUnwindSafe<std::thread::lifecycle::spawn_unchecked<<tokio::runtime::blocking::pool::Spawner>::spawn_thread::{closure#0}, ()>::{closure#1}::{closure#0}>, ()>
[INFO] [stdout]              at /rustc/e3feeb59cd1bdd011a2bfcc0747b55125d9b8527/library/std/src/panicking.rs:573:43
[INFO] [stdout]   60: __rust_try
[INFO] [stdout]   61: std::panicking::catch_unwind::<(), core::panic::unwind_safe::AssertUnwindSafe<std::thread::lifecycle::spawn_unchecked<<tokio::runtime::blocking::pool::Spawner>::spawn_thread::{closure#0}, ()>::{closure#1}::{closure#0}>>
[INFO] [stdout]              at /rustc/e3feeb59cd1bdd011a2bfcc0747b55125d9b8527/library/std/src/panicking.rs:541:19
[INFO] [stdout]   62: std::panic::catch_unwind::<core::panic::unwind_safe::AssertUnwindSafe<std::thread::lifecycle::spawn_unchecked<<tokio::runtime::blocking::pool::Spawner>::spawn_thread::{closure#0}, ()>::{closure#1}::{closure#0}>, ()>
[INFO] [stdout]              at /rustc/e3feeb59cd1bdd011a2bfcc0747b55125d9b8527/library/std/src/panic.rs:359:14
[INFO] [stdout]   63: std::thread::lifecycle::spawn_unchecked::<<tokio::runtime::blocking::pool::Spawner>::spawn_thread::{closure#0}, ()>::{closure#1}
[INFO] [stdout]              at /rustc/e3feeb59cd1bdd011a2bfcc0747b55125d9b8527/library/std/src/thread/lifecycle.rs:68:26
[INFO] [stdout]   64: <std::thread::lifecycle::spawn_unchecked<<tokio::runtime::blocking::pool::Spawner>::spawn_thread::{closure#0}, ()>::{closure#1} as core::ops::function::FnOnce<()>>::call_once::{shim:vtable#0}
[INFO] [stdout]              at /rustc/e3feeb59cd1bdd011a2bfcc0747b55125d9b8527/library/core/src/ops/function.rs:250:5
[INFO] [stdout]   65: <alloc::boxed::Box<dyn core::ops::function::FnOnce<(), Output = ()> + core::marker::Send> as core::ops::function::FnOnce<()>>::call_once
[INFO] [stdout]              at /rustc/e3feeb59cd1bdd011a2bfcc0747b55125d9b8527/library/alloc/src/boxed.rs:2314:9
[INFO] [stdout]   66: <std::sys::thread::unix::Thread>::new::thread_start
[INFO] [stdout]              at /rustc/e3feeb59cd1bdd011a2bfcc0747b55125d9b8527/library/std/src/sys/thread/unix.rs:127:17
[INFO] [stdout]   67: <unknown>
[INFO] [stdout]   68: clone
[INFO] [stdout] stack backtrace:
[INFO] [stdout]    0:     0x5810d68cecc1 - std[617be2ca0a6fd877]::backtrace_rs::backtrace::libunwind::trace
[INFO] [stdout]                                at /rustc/e3feeb59cd1bdd011a2bfcc0747b55125d9b8527/library/std/src/../../backtrace/src/backtrace/libunwind.rs:117:9
[INFO] [stdout]    1:     0x5810d68cecc1 - std[617be2ca0a6fd877]::backtrace_rs::backtrace::trace_unsynchronized::<std[617be2ca0a6fd877]::sys::backtrace::_print_fmt::{closure#1}>
[INFO] [stdout]                                at /rustc/e3feeb59cd1bdd011a2bfcc0747b55125d9b8527/library/std/src/../../backtrace/src/backtrace/mod.rs:66:14
[INFO] [stdout]    2:     0x5810d68cecc1 - std[617be2ca0a6fd877]::sys::backtrace::_print_fmt
[INFO] [stdout]                                at /rustc/e3feeb59cd1bdd011a2bfcc0747b55125d9b8527/library/std/src/sys/backtrace.rs:74:9
[INFO] [stdout]    3:     0x5810d68cecc1 - <<std[617be2ca0a6fd877]::sys::backtrace::BacktraceLock>::print::DisplayBacktrace as core[a373ad73a504971]::fmt::Display>::fmt
[INFO] [stdout]                                at /rustc/e3feeb59cd1bdd011a2bfcc0747b55125d9b8527/library/std/src/sys/backtrace.rs:44:26
[INFO] [stdout]    4:     0x5810d68e75aa - <core[a373ad73a504971]::fmt::rt::Argument>::fmt
[INFO] [stdout]                                at /rustc/e3feeb59cd1bdd011a2bfcc0747b55125d9b8527/library/core/src/fmt/rt.rs:152:76
[INFO] [stdout]    5:     0x5810d68e75aa - core[a373ad73a504971]::fmt::write
[INFO] [stdout]    6:     0x5810d68d3c1c - core[a373ad73a504971]::io::write::default_write_fmt::<alloc[2e1b2a31b91974c5]::vec::Vec<u8>>
[INFO] [stdout]                                at /rustc/e3feeb59cd1bdd011a2bfcc0747b55125d9b8527/library/core/src/io/write.rs:402:11
[INFO] [stdout]    7:     0x5810d68d3c1c - <alloc[2e1b2a31b91974c5]::vec::Vec<u8> as core[a373ad73a504971]::io::write::Write>::write_fmt
[INFO] [stdout]                                at /rustc/e3feeb59cd1bdd011a2bfcc0747b55125d9b8527/library/core/src/io/write.rs:335:13
[INFO] [stdout]    8:     0x5810d68a9ab6 - <std[617be2ca0a6fd877]::sys::backtrace::BacktraceLock>::print
[INFO] [stdout]                                at /rustc/e3feeb59cd1bdd011a2bfcc0747b55125d9b8527/library/std/src/sys/backtrace.rs:47:9
[INFO] [stdout]    9:     0x5810d68a9ab6 - std[617be2ca0a6fd877]::panicking::default_hook::{closure#0}
[INFO] [stdout]                                at /rustc/e3feeb59cd1bdd011a2bfcc0747b55125d9b8527/library/std/src/panicking.rs:289:27
[INFO] [stdout]   10:     0x5810d68c6cb9 - std[617be2ca0a6fd877]::panicking::default_hook
[INFO] [stdout]                                at /rustc/e3feeb59cd1bdd011a2bfcc0747b55125d9b8527/library/std/src/panicking.rs:313:9
[INFO] [stdout]   11:     0x5810d6287500 - <alloc[2e1b2a31b91974c5]::boxed::Box<dyn for<'a, 'b> core[a373ad73a504971]::ops::function::Fn<(&'a std[617be2ca0a6fd877]::panic::PanicHookInfo<'b>,), Output = ()> + core[a373ad73a504971]::marker::Sync + core[a373ad73a504971]::marker::Send> as core[a373ad73a504971]::ops::function::Fn<(&std[617be2ca0a6fd877]::panic::PanicHookInfo,)>>::call
[INFO] [stdout]                                at /rustc/e3feeb59cd1bdd011a2bfcc0747b55125d9b8527/library/alloc/src/boxed.rs:2328:9
[INFO] [stdout]   12:     0x5810d6287500 - test[aada8e7e76ba119b]::test_main_inner::{closure#0}
[INFO] [stdout]                                at /rustc/e3feeb59cd1bdd011a2bfcc0747b55125d9b8527/library/test/src/lib.rs:137:21
[INFO] [stdout]   13:     0x5810d68c6fe2 - <alloc[2e1b2a31b91974c5]::boxed::Box<dyn for<'a, 'b> core[a373ad73a504971]::ops::function::Fn<(&'a std[617be2ca0a6fd877]::panic::PanicHookInfo<'b>,), Output = ()> + core[a373ad73a504971]::marker::Sync + core[a373ad73a504971]::marker::Send> as core[a373ad73a504971]::ops::function::Fn<(&std[617be2ca0a6fd877]::panic::PanicHookInfo,)>>::call
[INFO] [stdout]                                at /rustc/e3feeb59cd1bdd011a2bfcc0747b55125d9b8527/library/alloc/src/boxed.rs:2328:9
[INFO] [stdout]   14:     0x5810d68c6fe2 - std[617be2ca0a6fd877]::panicking::panic_with_hook
[INFO] [stdout]                                at /rustc/e3feeb59cd1bdd011a2bfcc0747b55125d9b8527/library/std/src/panicking.rs:819:13
[INFO] [stdout]   15:     0x5810d68a9b62 - std[617be2ca0a6fd877]::panicking::panic_handler::{closure#0}
[INFO] [stdout]                                at /rustc/e3feeb59cd1bdd011a2bfcc0747b55125d9b8527/library/std/src/panicking.rs:685:13
[INFO] [stdout]   16:     0x5810d68a2209 - std[617be2ca0a6fd877]::sys::backtrace::__rust_end_short_backtrace::<std[617be2ca0a6fd877]::panicking::panic_handler::{closure#0}, !>
[INFO] [stdout]                                at /rustc/e3feeb59cd1bdd011a2bfcc0747b55125d9b8527/library/std/src/sys/backtrace.rs:182:18
[INFO] [stdout]   17:     0x5810d68aaa6d - __rustc[ea4f61d10b84890b]::rust_begin_unwind
[INFO] [stdout]                                at /rustc/e3feeb59cd1bdd011a2bfcc0747b55125d9b8527/library/std/src/panicking.rs:676:5
[INFO] [stdout]   18:     0x5810d68e7e4c - core[a373ad73a504971]::panicking::panic_fmt
[INFO] [stdout]                                at /rustc/e3feeb59cd1bdd011a2bfcc0747b55125d9b8527/library/core/src/panicking.rs:80:14
[INFO] [stdout]   19:     0x5810d68e7ba2 - core[a373ad73a504971]::result::unwrap_failed
[INFO] [stdout]                                at /rustc/e3feeb59cd1bdd011a2bfcc0747b55125d9b8527/library/core/src/result.rs:1870:5
[INFO] [stdout]   20:     0x5810d5f5a9a6 - <core[a373ad73a504971]::result::Result<(), anyhow[64c605b6c2343e01]::Error>>::unwrap
[INFO] [stdout]                                at /rustc/e3feeb59cd1bdd011a2bfcc0747b55125d9b8527/library/core/src/result.rs:1232:23
[INFO] [stdout]   21:     0x5810d5f5a9a6 - zksync_consensus_network[214d5b7613c2804a]::gossip::tests::test_validator_addrs_propagation::{closure#0}
[INFO] [stdout]                                at /opt/rustwide/workdir/src/gossip/tests/mod.rs:288:6
[INFO] [stdout]   22:     0x5810d5f76162 - <core[a373ad73a504971]::pin::Pin<&mut dyn core[a373ad73a504971]::future::future::Future<Output = ()>> as core[a373ad73a504971]::future::future::Future>::poll
[INFO] [stdout]                                at /rustc/e3feeb59cd1bdd011a2bfcc0747b55125d9b8527/library/core/src/future/future.rs:133:9
[INFO] [stdout]   23:     0x5810d602d0cd - <tokio[b09a720e4aaf19b1]::runtime::park::CachedParkThread>::block_on::<core[a373ad73a504971]::pin::Pin<&mut dyn core[a373ad73a504971]::future::future::Future<Output = ()>>>::{closure#0}
[INFO] [stdout]                                at /opt/rustwide/cargo-home/registry/src/index.crates.io-1949cf8c6b5b557f/tokio-1.45.1/src/runtime/park.rs:284:71
[INFO] [stdout]   24:     0x5810d601530e - tokio[b09a720e4aaf19b1]::task::coop::with_budget::<core[a373ad73a504971]::task::poll::Poll<()>, <tokio[b09a720e4aaf19b1]::runtime::park::CachedParkThread>::block_on<core[a373ad73a504971]::pin::Pin<&mut dyn core[a373ad73a504971]::future::future::Future<Output = ()>>>::{closure#0}>
[INFO] [stdout]                                at /opt/rustwide/cargo-home/registry/src/index.crates.io-1949cf8c6b5b557f/tokio-1.45.1/src/task/coop/mod.rs:167:5
[INFO] [stdout]   25:     0x5810d601530e - tokio[b09a720e4aaf19b1]::task::coop::budget::<core[a373ad73a504971]::task::poll::Poll<()>, <tokio[b09a720e4aaf19b1]::runtime::park::CachedParkThread>::block_on<core[a373ad73a504971]::pin::Pin<&mut dyn core[a373ad73a504971]::future::future::Future<Output = ()>>>::{closure#0}>
[INFO] [stdout]                                at /opt/rustwide/cargo-home/registry/src/index.crates.io-1949cf8c6b5b557f/tokio-1.45.1/src/task/coop/mod.rs:133:5
[INFO] [stdout]   26:     0x5810d601530e - <tokio[b09a720e4aaf19b1]::runtime::park::CachedParkThread>::block_on::<core[a373ad73a504971]::pin::Pin<&mut dyn core[a373ad73a504971]::future::future::Future<Output = ()>>>
[INFO] [stdout]                                at /opt/rustwide/cargo-home/registry/src/index.crates.io-1949cf8c6b5b557f/tokio-1.45.1/src/runtime/park.rs:284:31
[INFO] [stdout]   27:     0x5810d5f828c6 - <tokio[b09a720e4aaf19b1]::runtime::context::blocking::BlockingRegionGuard>::block_on::<core[a373ad73a504971]::pin::Pin<&mut dyn core[a373ad73a504971]::future::future::Future<Output = ()>>>
[INFO] [stdout]                                at /opt/rustwide/cargo-home/registry/src/index.crates.io-1949cf8c6b5b557f/tokio-1.45.1/src/runtime/context/blocking.rs:66:14
[INFO] [stdout]   28:     0x5810d5f9a6a8 - <tokio[b09a720e4aaf19b1]::runtime::scheduler::multi_thread::MultiThread>::block_on::<core[a373ad73a504971]::pin::Pin<&mut dyn core[a373ad73a504971]::future::future::Future<Output = ()>>>::{closure#0}
[INFO] [stdout]                                at /opt/rustwide/cargo-home/registry/src/index.crates.io-1949cf8c6b5b557f/tokio-1.45.1/src/runtime/scheduler/multi_thread/mod.rs:87:22
[INFO] [stdout]   29:     0x5810d5e66683 - tokio[b09a720e4aaf19b1]::runtime::context::runtime::enter_runtime::<<tokio[b09a720e4aaf19b1]::runtime::scheduler::multi_thread::MultiThread>::block_on<core[a373ad73a504971]::pin::Pin<&mut dyn core[a373ad73a504971]::future::future::Future<Output = ()>>>::{closure#0}, ()>
[INFO] [stdout]                                at /opt/rustwide/cargo-home/registry/src/index.crates.io-1949cf8c6b5b557f/tokio-1.45.1/src/runtime/context/runtime.rs:65:16
[INFO] [stdout]   30:     0x5810d5f82bd4 - <tokio[b09a720e4aaf19b1]::runtime::scheduler::multi_thread::MultiThread>::block_on::<core[a373ad73a504971]::pin::Pin<&mut dyn core[a373ad73a504971]::future::future::Future<Output = ()>>>
[INFO] [stdout]                                at /opt/rustwide/cargo-home/registry/src/index.crates.io-1949cf8c6b5b557f/tokio-1.45.1/src/runtime/scheduler/multi_thread/mod.rs:86:9
[INFO] [stdout]   31:     0x5810d607ed0f - <tokio[b09a720e4aaf19b1]::runtime::runtime::Runtime>::block_on_inner::<core[a373ad73a504971]::pin::Pin<&mut dyn core[a373ad73a504971]::future::future::Future<Output = ()>>>
[INFO] [stdout]                                at /opt/rustwide/cargo-home/registry/src/index.crates.io-1949cf8c6b5b557f/tokio-1.45.1/src/runtime/runtime.rs:358:50
[INFO] [stdout]   32:     0x5810d607f036 - <tokio[b09a720e4aaf19b1]::runtime::runtime::Runtime>::block_on::<core[a373ad73a504971]::pin::Pin<&mut dyn core[a373ad73a504971]::future::future::Future<Output = ()>>>
[INFO] [stdout]                                at /opt/rustwide/cargo-home/registry/src/index.crates.io-1949cf8c6b5b557f/tokio-1.45.1/src/runtime/runtime.rs:330:18
[INFO] [stdout]   33:     0x5810d5f67963 - zksync_consensus_network[214d5b7613c2804a]::gossip::tests::test_validator_addrs_propagation
[INFO] [stdout]                                at /opt/rustwide/workdir/src/gossip/tests/mod.rs:288:14
[INFO] [stdout]   34:     0x5810d5f55b87 - zksync_consensus_network[214d5b7613c2804a]::gossip::tests::test_validator_addrs_propagation::{closure#0}
[INFO] [stdout]                                at /opt/rustwide/workdir/src/gossip/tests/mod.rs:252:44
[INFO] [stdout]   35:     0x5810d5dcd306 - <zksync_consensus_network[214d5b7613c2804a]::gossip::tests::test_validator_addrs_propagation::{closure#0} as core[a373ad73a504971]::ops::function::FnOnce<()>>::call_once
[INFO] [stdout]                                at /rustc/e3feeb59cd1bdd011a2bfcc0747b55125d9b8527/library/core/src/ops/function.rs:250:5
[INFO] [stdout]   36:     0x5810d627a94b - <fn() -> core[a373ad73a504971]::result::Result<(), alloc[2e1b2a31b91974c5]::string::String> as core[a373ad73a504971]::ops::function::FnOnce<()>>::call_once
[INFO] [stdout]                                at /rustc/e3feeb59cd1bdd011a2bfcc0747b55125d9b8527/library/core/src/ops/function.rs:250:5
[INFO] [stdout]   37:     0x5810d627a94b - test[aada8e7e76ba119b]::__rust_begin_short_backtrace::<core[a373ad73a504971]::result::Result<(), alloc[2e1b2a31b91974c5]::string::String>, fn() -> core[a373ad73a504971]::result::Result<(), alloc[2e1b2a31b91974c5]::string::String>>
[INFO] [stdout]                                at /rustc/e3feeb59cd1bdd011a2bfcc0747b55125d9b8527/library/test/src/lib.rs:701:18
[INFO] [stdout]   38:     0x5810d6287b25 - test[aada8e7e76ba119b]::run_test_in_process::{closure#0}
[INFO] [stdout]                                at /rustc/e3feeb59cd1bdd011a2bfcc0747b55125d9b8527/library/test/src/lib.rs:724:74
[INFO] [stdout]   39:     0x5810d6287b25 - <core[a373ad73a504971]::panic::unwind_safe::AssertUnwindSafe<test[aada8e7e76ba119b]::run_test_in_process::{closure#0}> as core[a373ad73a504971]::ops::function::FnOnce<()>>::call_once
[INFO] [stdout]                                at /rustc/e3feeb59cd1bdd011a2bfcc0747b55125d9b8527/library/core/src/panic/unwind_safe.rs:275:9
[INFO] [stdout]   40:     0x5810d6287b25 - std[617be2ca0a6fd877]::panicking::catch_unwind::do_call::<core[a373ad73a504971]::panic::unwind_safe::AssertUnwindSafe<test[aada8e7e76ba119b]::run_test_in_process::{closure#0}>, core[a373ad73a504971]::result::Result<(), alloc[2e1b2a31b91974c5]::string::String>>
[INFO] [stdout]                                at /rustc/e3feeb59cd1bdd011a2bfcc0747b55125d9b8527/library/std/src/panicking.rs:573:43
[INFO] [stdout]   41:     0x5810d6287b25 - std[617be2ca0a6fd877]::panicking::catch_unwind::<core[a373ad73a504971]::result::Result<(), alloc[2e1b2a31b91974c5]::string::String>, core[a373ad73a504971]::panic::unwind_safe::AssertUnwindSafe<test[aada8e7e76ba119b]::run_test_in_process::{closure#0}>>
[INFO] [stdout]                                at /rustc/e3feeb59cd1bdd011a2bfcc0747b55125d9b8527/library/std/src/panicking.rs:541:19
[INFO] [stdout]   42:     0x5810d6287b25 - std[617be2ca0a6fd877]::panic::catch_unwind::<core[a373ad73a504971]::panic::unwind_safe::AssertUnwindSafe<test[aada8e7e76ba119b]::run_test_in_process::{closure#0}>, core[a373ad73a504971]::result::Result<(), alloc[2e1b2a31b91974c5]::string::String>>
[INFO] [stdout]                                at /rustc/e3feeb59cd1bdd011a2bfcc0747b55125d9b8527/library/std/src/panic.rs:359:14
[INFO] [stdout]   43:     0x5810d6287b25 - test[aada8e7e76ba119b]::run_test_in_process
[INFO] [stdout]                                at /rustc/e3feeb59cd1bdd011a2bfcc0747b55125d9b8527/library/test/src/lib.rs:724:27
[INFO] [stdout]   44:     0x5810d6287b25 - test[aada8e7e76ba119b]::run_test::{closure#0}
[INFO] [stdout]                                at /rustc/e3feeb59cd1bdd011a2bfcc0747b55125d9b8527/library/test/src/lib.rs:645:43
[INFO] [stdout]   45:     0x5810d6281414 - test[aada8e7e76ba119b]::run_test::{closure#1}
[INFO] [stdout]                                at /rustc/e3feeb59cd1bdd011a2bfcc0747b55125d9b8527/library/test/src/lib.rs:675:41
[INFO] [stdout]   46:     0x5810d6281414 - std[617be2ca0a6fd877]::sys::backtrace::__rust_begin_short_backtrace::<test[aada8e7e76ba119b]::run_test::{closure#1}, ()>
[INFO] [stdout]                                at /rustc/e3feeb59cd1bdd011a2bfcc0747b55125d9b8527/library/std/src/sys/backtrace.rs:166:18
[INFO] [stdout]   47:     0x5810d628abb2 - std[617be2ca0a6fd877]::thread::lifecycle::spawn_unchecked::<test[aada8e7e76ba119b]::run_test::{closure#1}, ()>::{closure#1}::{closure#0}
[INFO] [stdout]                                at /rustc/e3feeb59cd1bdd011a2bfcc0747b55125d9b8527/library/std/src/thread/lifecycle.rs:70:13
[INFO] [stdout]   48:     0x5810d628abb2 - <core[a373ad73a504971]::panic::unwind_safe::AssertUnwindSafe<std[617be2ca0a6fd877]::thread::lifecycle::spawn_unchecked<test[aada8e7e76ba119b]::run_test::{closure#1}, ()>::{closure#1}::{closure#0}> as core[a373ad73a504971]::ops::function::FnOnce<()>>::call_once
[INFO] [stdout]                                at /rustc/e3feeb59cd1bdd011a2bfcc0747b55125d9b8527/library/core/src/panic/unwind_safe.rs:275:9
[INFO] [stdout]   49:     0x5810d628abb2 - std[617be2ca0a6fd877]::panicking::catch_unwind::do_call::<core[a373ad73a504971]::panic::unwind_safe::AssertUnwindSafe<std[617be2ca0a6fd877]::thread::lifecycle::spawn_unchecked<test[aada8e7e76ba119b]::run_test::{closure#1}, ()>::{closure#1}::{closure#0}>, ()>
[INFO] [stdout]                                at /rustc/e3feeb59cd1bdd011a2bfcc0747b55125d9b8527/library/std/src/panicking.rs:573:43
[INFO] [stdout]   50:     0x5810d628abb2 - std[617be2ca0a6fd877]::panicking::catch_unwind::<(), core[a373ad73a504971]::panic::unwind_safe::AssertUnwindSafe<std[617be2ca0a6fd877]::thread::lifecycle::spawn_unchecked<test[aada8e7e76ba119b]::run_test::{closure#1}, ()>::{closure#1}::{closure#0}>>
[INFO] [stdout]                                at /rustc/e3feeb59cd1bdd011a2bfcc0747b55125d9b8527/library/std/src/panicking.rs:541:19
[INFO] [stdout]   51:     0x5810d628abb2 - std[617be2ca0a6fd877]::panic::catch_unwind::<core[a373ad73a504971]::panic::unwind_safe::AssertUnwindSafe<std[617be2ca0a6fd877]::thread::lifecycle::spawn_unchecked<test[aada8e7e76ba119b]::run_test::{closure#1}, ()>::{closure#1}::{closure#0}>, ()>
[INFO] [stdout]                                at /rustc/e3feeb59cd1bdd011a2bfcc0747b55125d9b8527/library/std/src/panic.rs:359:14
[INFO] [stdout]   52:     0x5810d628abb2 - std[617be2ca0a6fd877]::thread::lifecycle::spawn_unchecked::<test[aada8e7e76ba119b]::run_test::{closure#1}, ()>::{closure#1}
[INFO] [stdout]                                at /rustc/e3feeb59cd1bdd011a2bfcc0747b55125d9b8527/library/std/src/thread/lifecycle.rs:68:26
[INFO] [stdout]   53:     0x5810d628abb2 - <std[617be2ca0a6fd877]::thread::lifecycle::spawn_unchecked<test[aada8e7e76ba119b]::run_test::{closure#1}, ()>::{closure#1} as core[a373ad73a504971]::ops::function::FnOnce<()>>::call_once::{shim:vtable#0}
[INFO] [stdout]                                at /rustc/e3feeb59cd1bdd011a2bfcc0747b55125d9b8527/library/core/src/ops/function.rs:250:5
[INFO] [stdout]   54:     0x5810d68ce16f - <alloc[2e1b2a31b91974c5]::boxed::Box<dyn core[a373ad73a504971]::ops::function::FnOnce<(), Output = ()> + core[a373ad73a504971]::marker::Send> as core[a373ad73a504971]::ops::function::FnOnce<()>>::call_once
[INFO] [stdout]                                at /rustc/e3feeb59cd1bdd011a2bfcc0747b55125d9b8527/library/alloc/src/boxed.rs:2314:9
[INFO] [stdout]   55:     0x5810d68ce16f - <std[617be2ca0a6fd877]::sys::thread::unix::Thread>::new::thread_start
[INFO] [stdout]                                at /rustc/e3feeb59cd1bdd011a2bfcc0747b55125d9b8527/library/std/src/sys/thread/unix.rs:127:17
[INFO] [stdout]   56:     0x7d26a1370dfa - <unknown>
[INFO] [stdout]   57:     0x7d26a14043d4 - clone
[INFO] [stdout]   58:                0x0 - <unknown>
[INFO] [stdout] 
[INFO] [stdout] 
[INFO] [stdout] failures:
[INFO] [stdout]     gossip::loadtest::tests::test_loadtest
[INFO] [stdout]     gossip::tests::syncing::uncoordinated_block_syncing::case_8
[INFO] [stdout]     gossip::tests::syncing::uncoordinated_block_syncing::case_9
[INFO] [stdout]     gossip::tests::test_validator_addrs_propagation
[INFO] [stdout] 
[INFO] [stdout] test result: FAILED. 57 passed; 4 failed; 0 ignored; 0 measured; 0 filtered out; finished in 5.88s
[INFO] [stdout] 
[INFO] [stderr] error: test failed, to rerun pass `--lib`
[INFO] running `Command { std: "docker" "inspect" "8a42332759f078e79d6cc160b7aaceed7c0bdcc14d6b1fdf842949dd51c920de", kill_on_drop: false }`
[INFO] running `Command { std: "docker" "rm" "-f" "8a42332759f078e79d6cc160b7aaceed7c0bdcc14d6b1fdf842949dd51c920de", kill_on_drop: false }`
[INFO] [stdout] 8a42332759f078e79d6cc160b7aaceed7c0bdcc14d6b1fdf842949dd51c920de
