[INFO] fetching crate zj-radar-core 0.9.0...
[INFO] testing zj-radar-core-0.9.0 against 1.99.0-beta.8 for beta-1.100-2
[INFO] extracting crate zj-radar-core 0.9.0 into /workspace/builds/worker-1-tc1/source
[INFO] started tweaking crates.io crate zj-radar-core 0.9.0
[INFO] finished tweaking crates.io crate zj-radar-core 0.9.0
[INFO] tweaked toml for crates.io crate zj-radar-core 0.9.0 written to /workspace/builds/worker-1-tc1/source/Cargo.toml
[INFO] validating manifest of crates.io crate zj-radar-core 0.9.0 on toolchain 1.99.0-beta.8
[INFO] running `Command { std: CARGO_HOME="/workspace/cargo-home" RUSTUP_HOME="/workspace/rustup-home" "/workspace/cargo-home/bin/cargo" "+1.99.0-beta.8" "metadata" "--manifest-path" "Cargo.toml" "--no-deps", kill_on_drop: false }`
[INFO] crate crates.io crate zj-radar-core 0.9.0 already has a lockfile, it will not be regenerated
[INFO] running `Command { std: CARGO_HOME="/workspace/cargo-home" RUSTUP_HOME="/workspace/rustup-home" "/workspace/cargo-home/bin/cargo" "+1.99.0-beta.8" "fetch" "--manifest-path" "Cargo.toml", kill_on_drop: false }`
[INFO] running `Command { std: "docker" "create" "-v" "/var/lib/crater-agent-workspace/builds/worker-1-tc1/source:/opt/rustwide/workdir:ro,Z" "-v" "/var/lib/crater-agent-workspace/builds/worker-1-tc1/target:/opt/rustwide/target:rw,Z" "-v" "/var/lib/crater-agent-workspace/cargo-home:/opt/rustwide/cargo-home:ro,Z" "-v" "/var/lib/crater-agent-workspace/rustup-home:/opt/rustwide/rustup-home:ro,Z" "-m" "1610612736" "--network" "none" "ghcr.io/rust-lang/crates-build-env/linux@sha256:3111399a4047eeb3a02b7a90e478d715f38a8c6669b5c4b49d30a17385265909" "sleep" "infinity", kill_on_drop: false }`
[INFO] [stdout] b2f7fa64d6ccaed152f39b28fea097c89fc5e751ab19c94e8907af9fe58f16be
[INFO] running `Command { std: "docker" "start" "b2f7fa64d6ccaed152f39b28fea097c89fc5e751ab19c94e8907af9fe58f16be", kill_on_drop: false }`
[INFO] running `Command { std: "docker" "inspect" "b2f7fa64d6ccaed152f39b28fea097c89fc5e751ab19c94e8907af9fe58f16be", kill_on_drop: false }`
[INFO] running `Command { std: "docker" "exec" "-e" "SOURCE_DIR=/opt/rustwide/workdir" "-e" "CARGO_HOME=/opt/rustwide/cargo-home" "-e" "RUSTUP_HOME=/opt/rustwide/rustup-home" "-e" "CARGO_TARGET_DIR=/opt/rustwide/target" "-w" "/opt/rustwide/workdir" "--user" "0:0" "b2f7fa64d6ccaed152f39b28fea097c89fc5e751ab19c94e8907af9fe58f16be" "/opt/rustwide/cargo-home/bin/cargo" "+1.99.0-beta.8" "metadata" "--no-deps" "--format-version=1", kill_on_drop: false }`
[INFO] running `Command { std: "docker" "inspect" "b2f7fa64d6ccaed152f39b28fea097c89fc5e751ab19c94e8907af9fe58f16be", kill_on_drop: false }`
[INFO] running `Command { std: "docker" "exec" "-e" "SOURCE_DIR=/opt/rustwide/workdir" "-e" "CARGO_HOME=/opt/rustwide/cargo-home" "-e" "RUSTUP_HOME=/opt/rustwide/rustup-home" "-e" "CARGO_TARGET_DIR=/opt/rustwide/target" "-e" "CARGO_INCREMENTAL=0" "-e" "RUST_BACKTRACE=full" "-e" "RUSTFLAGS=--cap-lints=warn" "-e" "RUSTDOCFLAGS=--cap-lints=warn" "-w" "/opt/rustwide/workdir" "--user" "0:0" "b2f7fa64d6ccaed152f39b28fea097c89fc5e751ab19c94e8907af9fe58f16be" "/opt/rustwide/cargo-home/bin/cargo" "+1.99.0-beta.8" "build" "--frozen" "--message-format=json", kill_on_drop: false }`
[INFO] [stderr]    Compiling proc-macro2 v1.0.106
[INFO] [stderr]    Compiling quote v1.0.46
[INFO] [stderr]    Compiling serde_json v1.0.150
[INFO] [stderr]    Compiling syn v2.0.118
[INFO] [stderr]    Compiling serde_derive v1.0.228
[INFO] [stderr]    Compiling serde v1.0.228
[INFO] [stderr]    Compiling zj-radar-core v0.9.0 (/opt/rustwide/workdir)
[INFO] [stderr]     Finished `dev` profile [unoptimized + debuginfo] target(s) in 7.61s
[INFO] running `Command { std: "docker" "inspect" "b2f7fa64d6ccaed152f39b28fea097c89fc5e751ab19c94e8907af9fe58f16be", kill_on_drop: false }`
[INFO] running `Command { std: "docker" "exec" "-e" "SOURCE_DIR=/opt/rustwide/workdir" "-e" "CARGO_HOME=/opt/rustwide/cargo-home" "-e" "RUSTUP_HOME=/opt/rustwide/rustup-home" "-e" "CARGO_TARGET_DIR=/opt/rustwide/target" "-e" "CARGO_INCREMENTAL=0" "-e" "RUST_BACKTRACE=full" "-e" "RUSTFLAGS=--cap-lints=warn" "-e" "RUSTDOCFLAGS=--cap-lints=warn" "-w" "/opt/rustwide/workdir" "--user" "0:0" "b2f7fa64d6ccaed152f39b28fea097c89fc5e751ab19c94e8907af9fe58f16be" "/opt/rustwide/cargo-home/bin/cargo" "+1.99.0-beta.8" "test" "--frozen" "--no-run" "--message-format=json", kill_on_drop: false }`
[INFO] [stderr]    Compiling getrandom v0.3.4
[INFO] [stderr]    Compiling bitflags v2.13.0
[INFO] [stderr]    Compiling once_cell v1.21.4
[INFO] [stderr]    Compiling wait-timeout v0.2.1
[INFO] [stderr]    Compiling num-traits v0.2.19
[INFO] [stderr]    Compiling quick-error v1.2.3
[INFO] [stderr]    Compiling getrandom v0.4.3
[INFO] [stderr]    Compiling bit-vec v0.8.0
[INFO] [stderr]    Compiling unarray v0.1.4
[INFO] [stderr]    Compiling ppv-lite86 v0.2.21
[INFO] [stderr]    Compiling rustix v1.1.4
[INFO] [stderr]    Compiling rand_core v0.9.5
[INFO] [stderr]    Compiling bit-set v0.8.0
[INFO] [stderr]    Compiling rand v0.9.4
[INFO] [stderr]    Compiling rand_xorshift v0.4.0
[INFO] [stderr]    Compiling rand_chacha v0.9.0
[INFO] [stderr]    Compiling tempfile v3.27.0
[INFO] [stderr]    Compiling rusty-fork v0.3.1
[INFO] [stderr]    Compiling proptest v1.11.0
[INFO] [stderr]    Compiling zj-radar-core v0.9.0 (/opt/rustwide/workdir)
[INFO] [stderr]     Finished `test` profile [unoptimized + debuginfo] target(s) in 8.74s
[INFO] running `Command { std: "docker" "inspect" "b2f7fa64d6ccaed152f39b28fea097c89fc5e751ab19c94e8907af9fe58f16be", kill_on_drop: false }`
[INFO] running `Command { std: "docker" "exec" "-e" "SOURCE_DIR=/opt/rustwide/workdir" "-e" "CARGO_HOME=/opt/rustwide/cargo-home" "-e" "RUSTUP_HOME=/opt/rustwide/rustup-home" "-e" "CARGO_TARGET_DIR=/opt/rustwide/target" "-e" "CARGO_INCREMENTAL=0" "-e" "RUST_BACKTRACE=full" "-e" "RUSTFLAGS=--cap-lints=warn" "-e" "RUSTDOCFLAGS=--cap-lints=warn" "-w" "/opt/rustwide/workdir" "--user" "0:0" "b2f7fa64d6ccaed152f39b28fea097c89fc5e751ab19c94e8907af9fe58f16be" "/opt/rustwide/cargo-home/bin/cargo" "+1.99.0-beta.8" "test" "--frozen", kill_on_drop: false }`
[INFO] [stderr]     Finished `test` profile [unoptimized + debuginfo] target(s) in 0.05s
[INFO] [stderr]      Running unittests src/lib.rs (/opt/rustwide/target/debug/deps/zj_radar_core-f461ea3ef2685783)
[INFO] [stdout] 
[INFO] [stdout] running 168 tests
[INFO] [stdout] test command::tests::a_new_remote_session_never_inherits_the_previous_label ... ok
[INFO] [stdout] test command::tests::brief_foreground_drop_replaced_by_command_never_shows_done ... ok
[INFO] [stdout] test command::tests::classify_display_covers_every_tool_rule_path ... ok
[INFO] [stdout] test command::tests::absolute_argv0_path_basename_used_for_command_and_repo ... ok
[INFO] [stdout] test command::tests::classify_display_keeps_useful_subcommands_and_drops_flags ... ok
[INFO] [stdout] test command::tests::display_remote_keeps_scanning_options_after_the_destination ... ok
[INFO] [stdout] test command::tests::display_remote_uses_per_tool_option_tables ... ok
[INFO] [stdout] test command::tests::classify_routes_remote_launchers_by_trailing_command ... ok
[INFO] [stdout] test command::tests::display_remote_parses_ssh_argv_shapes ... ok
[INFO] [stdout] test command::tests::classify_is_case_insensitive_over_verbs ... ok
[INFO] [stdout] test command::tests::classify_source_round_trips_through_kind ... ok
[INFO] [stdout] test command::tests::different_exit_code_on_displayed_completion_still_displaces ... ok
[INFO] [stdout] test command::tests::direnv_export_hook_is_ignored_like_a_prompt ... ok
[INFO] [stdout] test command::tests::display_first_token_is_the_exe_basename ... ok
[INFO] [stdout] test command::tests::done_recedes_to_idle_after_ttl_and_reports_the_recede ... ok
[INFO] [stdout] test command::tests::contains_word_matches_whole_words_only ... ok
[INFO] [stdout] test command::tests::exit_before_promotion_wears_the_pending_commands_label ... ok
[INFO] [stdout] test command::tests::empty_foreground_command_is_never_promoted ... ok
[INFO] [stdout] test command::tests::a_wrapped_agent_is_still_suppressed ... ok
[INFO] [stdout] test command::tests::classify_emits_every_kind_with_its_paired_display ... ok
[INFO] [stdout] test command::tests::fg_blip_cleared_before_timer_never_becomes_running ... ok
[INFO] [stdout] test command::tests::fg_command_stays_pending_until_debounce ... ok
[INFO] [stdout] test command::tests::error_is_exempt_from_ttl_but_counts_nothing_toward_arming ... ok
[INFO] [stdout] test command::tests::childless_interactive_root_still_records_quiet_pending ... ok
[INFO] [stdout] test command::tests::fresh_instance_exit_replay_of_displayed_completion_is_inert ... ok
[INFO] [stdout] test command::tests::gemini_foreground_command_is_tracked ... ok
[INFO] [stdout] test command::tests::done_awaiting_recede_arms_until_ttl_fires ... ok
[INFO] [stdout] test command::tests::is_shell_prompt_covers_non_posix_shells_and_login_argv0 ... ok
[INFO] [stdout] test command::tests::interactive_set_disjoint_from_prompt_and_agent_names ... ok
[INFO] [stdout] test command::tests::bare_exit_replay_after_recede_never_resurrects ... ok
[INFO] [stdout] test command::tests::is_shell_prompt_detects_return_to_prompt_not_agents_or_commands ... ok
[INFO] [stdout] test command::tests::held_pane_interactive_exit_labels_from_quiet_pending ... ok
[INFO] [stdout] test command::tests::interactive_over_running_flips_prior_command_done ... ok
[INFO] [stdout] test command::tests::js_runtime_agent_is_never_opened_as_a_command ... ok
[INFO] [stdout] test command::tests::ignore_set_covers_all_shells ... ok
[INFO] [stdout] test command::tests::js_runtime_running_an_agent_script_is_that_agent ... ok
[INFO] [stdout] test command::tests::leaving_foreground_debounces_before_marking_done ... ok
[INFO] [stdout] test command::tests::make_and_npm_classification_is_word_bounded ... ok
[INFO] [stdout] test command::tests::missed_exit_edge_is_the_stale_running_path ... ok
[INFO] [stdout] test command::tests::needs_ticks_reflects_state ... ok
[INFO] [stdout] test command::tests::mosh_bootstrap_lands_on_the_client_label ... ok
[INFO] [stdout] test command::tests::is_agent_command_detects_a_live_agent ... ok
[INFO] [stdout] test command::tests::agent_foreground_commands_are_not_tracked ... ok
[INFO] [stdout] test command::tests::on_exit_none_yields_done_and_ever_active ... ok
[INFO] [stdout] test command::tests::on_exit_preserves_existing_repo_and_msg ... ok
[INFO] [stdout] test command::tests::promotion_over_a_done_reports_the_displaced_completion ... ok
[INFO] [stdout] test command::tests::promotion_preserves_running_since_for_same_command ... ok
[INFO] [stdout] test command::tests::on_exit_sets_status_and_dedupes ... ok
[INFO] [stdout] test command::tests::prune_drops_dead_panes_from_all_maps ... ok
[INFO] [stdout] test command::tests::on_timer_reports_observation_changes_for_snapshot_persistence ... ok
[INFO] [stdout] test command::tests::running_to_return_to_shell_sets_done ... ok
[INFO] [stdout] test command::tests::plain_node_script_still_classifies_as_a_command ... ok
[INFO] [stdout] test command::tests::remote_destination_keeps_ipv6_literals_whole ... ok
[INFO] [stdout] test command::tests::remote_running_does_not_arm_the_timer ... ok
[INFO] [stdout] test command::tests::interactive_command_never_promotes_and_never_arms_the_timer ... ok
[INFO] [stdout] test command::tests::service_running_does_not_arm_the_timer ... ok
[INFO] [stdout] test command::tests::rerun_exit_before_promotion_does_not_wear_the_previous_runs_label ... ok
[INFO] [stdout] test command::tests::interactive_commands_are_not_prompts_and_not_agents ... ok
[INFO] [stdout] test command::tests::set_interactive_extras_sweeps_promoted_rows_level_triggered ... ok
[INFO] [stdout] test command::tests::rerun_with_command_changed_after_recede_applies_its_exit ... ok
[INFO] [stdout] test command::tests::service_done_confirm_still_arms_the_timer ... ok
[INFO] [stdout] test command::tests::set_remote_extras_composes_defaults_and_extras ... ok
[INFO] [stdout] test command::tests::shell_return_discards_quiet_pending ... ok
[INFO] [stdout] test command::tests::rerun_with_same_exit_code_is_not_swallowed_by_dedup ... ok
[INFO] [stdout] test command::tests::resolved_source_round_trips_through_kind ... ok
[INFO] [stdout] test command::tests::return_to_shell_on_idle_pane_leaves_no_done ... ok
[INFO] [stdout] test kind::tests::all_enumerates_every_variant ... ok
[INFO] [stdout] test command::tests::unclassifiable_foreground_argv_touches_no_bookkeeping ... ok
[INFO] [stdout] test kind::tests::all_marks_distinct ... ok
[INFO] [stdout] test kind::tests::from_source_agent_variants ... ok
[INFO] [stdout] test kind::tests::from_source_task_variants ... ok
[INFO] [stdout] test kind::tests::mark_per_variant ... ok
[INFO] [stdout] test kind::tests::pi_is_an_agent_kind_with_neutral_width_marks ... ok
[INFO] [stdout] test kind::tests::nerd_set_upgrades_agent_marks ... ok
[INFO] [stdout] test kind::tests::serde_serializes_as_source_token_and_is_lenient ... ok
[INFO] [stdout] test kind::tests::is_remote_only_for_remote ... ok
[INFO] [stdout] test kind::tests::from_source_unknown_is_other ... ok
[INFO] [stdout] test command::tests::unknown_wrapper_options_are_left_alone ... ok
[INFO] [stdout] test observation::tests::background_tasks_ride_the_snapshot_and_task_less_records_are_unchanged ... ok
[INFO] [stdout] test observation::tests::deserialize_is_lenient_on_status_but_strict_on_origin ... ok
[INFO] [stdout] test command::tests::wrappers_and_env_prefixes_are_peeled_before_classification ... ok
[INFO] [stdout] test command::tests::sub_debounce_command_never_renders_running ... ok
[INFO] [stdout] test command::tests::sweep_skips_a_row_already_leaving_the_foreground ... ok
[INFO] [stdout] test observation::tests::serializes_enum_fields_as_wire_tokens_and_round_trips ... ok
[INFO] [stdout] test command::tests::set_remote_extras_leaves_non_remote_kinds_alone ... ok
[INFO] [stdout] test command::tests::set_remote_extras_is_a_no_op_for_default_remote_names ... ok
[INFO] [stdout] test kind::tests::source_round_trips_for_every_kind ... ok
[INFO] [stdout] test payload::tests::parses_full_payload ... ok
[INFO] [stdout] test payload::tests::parses_ignores_v_field_value ... ok
[INFO] [stdout] test payload::tests::parses_pane_id_boundaries ... ok
[INFO] [stdout] test payload::tests::rejects_non_terminal_and_garbage_and_oversize ... ok
[INFO] [stdout] test payload::tests::default_matches_parse_of_an_all_absent_payload ... ok
[INFO] [stdout] test payload::tests::missing_optionals_default ... ok
[INFO] [stdout] test kind::tests::is_steady_is_service_or_remote ... ok
[INFO] [stdout] test observation::tests::acknowledged_true_round_trips_through_the_snapshot ... ok
[INFO] [stdout] test payload::tests::sanitize_drops_bel_control_char ... ok
[INFO] [stdout] test observation::tests::insert_returns_displaced_and_prune_returns_every_drop ... ok
[INFO] [stdout] test payload::tests::ack_is_absent_on_the_wire_unless_true_and_round_trips ... ok
[INFO] [stdout] test payload::tests::sanitize_converts_newline_to_space ... ok
[INFO] [stdout] test observation::tests::origin_wire_round_trips_and_rejects_unknown ... ok
[INFO] [stdout] test payload::tests::sanitize_fully_printable_unterminated_osc_still_drops ... ok
[INFO] [stdout] test payload::tests::sanitize_parameter_shaped_unterminated_csi_still_drops ... ok
[INFO] [stdout] test payload::tests::sanitize_strips_bidi_controls_but_keeps_zwj ... ok
[INFO] [stdout] test payload::tests::sanitize_strips_osc_st_terminated ... ok
[INFO] [stdout] test payload::tests::sanitize_strips_truecolor_csi ... ok
[INFO] [stdout] test payload::tests::sanitize_unterminated_csi_is_bounded ... ok
[INFO] [stdout] test payload::tests::task_is_sanitized_and_capped ... ok
[INFO] [stdout] test payload::tests::sanitize_length_cap_still_applies_after_hardening ... ok
[INFO] [stdout] test payload::tests::sanitize_strips_osc_bel_terminated ... ok
[INFO] [stdout] test payload::tests::sanitize_strips_control_newlines_ansi_and_truncates ... ok
[INFO] [stdout] test payload::tests::sanitize_unterminated_osc_is_bounded_by_a_control ... ok
[INFO] [stdout] test payload::tests::to_wire_round_trips_through_parse ... ok
[INFO] [stdout] test payload::tests::task_field_round_trips_and_defaults_empty ... ok
[INFO] [stdout] test payload::tests::task_fields_are_capped_on_both_sides ... ok
[INFO] [stdout] test payload::tests::tasks_ride_the_wire_and_are_absent_by_default ... ok
[INFO] [stdout] test payload::tests::to_wire_caps_oversized_fields_so_parse_never_rejects ... ok
[INFO] [stdout] test payload::tests::to_wire_emits_the_exact_pinned_wire_bytes ... ok
[INFO] [stdout] test status::tests::all_enumerates_every_variant ... ok
[INFO] [stdout] test status::tests::glyph_set_from_config_recognized_values_only ... ok
[INFO] [stdout] test status::tests::glyphs_and_roles_distinct_per_variant ... ok
[INFO] [stdout] test payload::tests::truncates_each_field_to_its_own_cap ... ok
[INFO] [stdout] test status::tests::is_active_excludes_idle_only ... ok
[INFO] [stdout] test status::tests::is_completion_is_done_or_error_only ... ok
[INFO] [stdout] test payload::tests::a_malformed_task_item_is_skipped_not_fatal ... ok
[INFO] [stdout] test status::tests::needs_attention_covers_pending_error_done_only ... ok
[INFO] [stdout] test status::tests::needs_you_is_pending_or_error_only ... ok
[INFO] [stdout] test status::tests::parses_known_and_unknown ... ok
[INFO] [stdout] test pipe::tests::argv_carries_payload_and_deadline_as_positionals ... ok
[INFO] [stdout] test status::tests::default_matches_from_wire_fallback ... ok
[INFO] [stdout] test status::tests::nerd_glyphs_use_private_use_codepoints ... ok
[INFO] [stdout] test pipe::tests::script_arms_a_watchdog_and_disarms_it_after_a_normal_send ... ok
[INFO] [stdout] test status::tests::ord_ranks_idle_lowest_error_highest ... ok
[INFO] [stdout] test payload::tests::unknown_status_is_idle ... ok
[INFO] [stdout] test payload::tests::an_oversized_snapshot_is_downgraded_to_a_delta_on_both_sides ... ok
[INFO] [stdout] test status::tests::working_spinner_cycles_braille_dots ... ok
[INFO] [stdout] test task::tests::a_late_outcome_replaces_a_snapshot_ended_task ... ok
[INFO] [stdout] test status::tests::role_colors_match_spec ... ok
[INFO] [stdout] test status::tests::try_from_wire_is_strict_where_from_wire_is_lenient ... ok
[INFO] [stdout] test task::tests::a_new_human_batch_clears_finished_tasks_but_keeps_running_ones ... ok
[INFO] [stdout] test task::tests::a_running_upsert_lowers_holds_but_never_raises_it ... ok
[INFO] [stdout] test task::tests::a_turn_end_snapshot_with_holding_work_is_waiting ... ok
[INFO] [stdout] test task::tests::an_outcome_for_an_unseen_id_is_recorded ... ok
[INFO] [stdout] test task::tests::an_outcome_is_terminal_and_a_snapshot_cannot_revive_it ... ok
[INFO] [stdout] test task::tests::idle_clears_everything ... ok
[INFO] [stdout] test task::tests::labels_update_when_given_and_persist_when_blank ... ok
[INFO] [stdout] test status::tests::status_maps_to_role ... ok
[INFO] [stdout] test pipe::tests::wrapper_propagates_the_clients_exit_status ... ok
[INFO] [stdout] test task::tests::a_snapshot_ends_omitted_running_tasks_without_claiming_success ... ok
[INFO] [stdout] test task::tests::a_start_delta_stamps_the_real_start_and_the_snapshot_keeps_it ... ok
[INFO] [stdout] test task::tests::a_stored_item_this_build_cannot_read_is_skipped_not_fatal ... ok
[INFO] [stdout] test pipe::tests::healthy_send_exits_immediately_not_at_the_watchdog_deadline ... ok
[INFO] [stdout] test task::tests::a_task_bearing_wake_is_not_a_new_human_batch ... ok
[INFO] [stdout] test wire::tests::lenient_round_trips_known_and_folds_unknown_into_fallback ... ok
[INFO] [stdout] test wire::tests::wire_enum_generates_all_as_wire_and_inverse_from_wire ... ok
[INFO] [stdout] test task::tests::the_stored_list_is_capped_evicting_ended_first ... ok
[INFO] [stdout] test task::tests::state_wire_round_trips_and_rejects_unknown ... ok
[INFO] [stdout] test task::tests::stored_tasks_round_trip_and_old_records_load ... ok
[INFO] [stdout] test wire::tests::strict_serializes_as_wire_token_and_round_trips_through_json ... ok
[INFO] [stdout] test wire::tests::strict_deserialize_rejects_unknown_token_naming_the_type ... ok
[INFO] [stdout] test status::tests::plain_glyphs_use_geometric_shapes ... ok
[INFO] [stdout] test status::tests::wire_round_trips_for_every_status ... ok
[INFO] [stdout] test task::tests::merge_invariants_hold ... ok
[INFO] [stdout] test payload::tests::sanitize_never_emits_control_or_overlong ... ok
[INFO] [stdout] test payload::tests::parse_to_wire_round_trip ... ok
[INFO] [stdout] test payload::tests::parse_never_panics_on_arbitrary_input ... ok
[INFO] [stdout] test payload::tests::sanitize_fast_path_matches_the_scrub ... ok
[INFO] [stdout] test pipe::tests::wrapper_exits_nonzero_when_the_watchdog_kills_the_client ... ok
[INFO] [stdout] test pipe::tests::subtree_reaps_a_hung_send_even_when_the_spawner_dies ... FAILED
[INFO] [stdout] 
[INFO] [stdout] failures:
[INFO] [stdout] 
[INFO] [stdout] ---- pipe::tests::subtree_reaps_a_hung_send_even_when_the_spawner_dies stdout ----
[INFO] [stdout] 
[INFO] [stdout] thread 'pipe::tests::subtree_reaps_a_hung_send_even_when_the_spawner_dies' (660) panicked at src/pipe.rs:302:17:
[INFO] [stdout] hung pipe client leaked past the watchdog deadline after spawner death
[INFO] [stdout] stack backtrace:
[INFO] [stdout]    0:     0x61522cd93c01 - std[70759c8f55707aa4]::backtrace_rs::backtrace::libunwind::trace
[INFO] [stdout]                                at /rustc/dfb0accb7f508ae8be965d8629557221c889dd98/library/std/src/../../backtrace/src/backtrace/libunwind.rs:117:9
[INFO] [stdout]    1:     0x61522cd93c01 - std[70759c8f55707aa4]::backtrace_rs::backtrace::trace_unsynchronized::<std[70759c8f55707aa4]::sys::backtrace::_print_fmt::{closure#1}>
[INFO] [stdout]                                at /rustc/dfb0accb7f508ae8be965d8629557221c889dd98/library/std/src/../../backtrace/src/backtrace/mod.rs:66:14
[INFO] [stdout]    2:     0x61522cd93c01 - std[70759c8f55707aa4]::sys::backtrace::_print_fmt
[INFO] [stdout]                                at /rustc/dfb0accb7f508ae8be965d8629557221c889dd98/library/std/src/sys/backtrace.rs:74:9
[INFO] [stdout]    3:     0x61522cd93c01 - <<std[70759c8f55707aa4]::sys::backtrace::BacktraceLock>::print::DisplayBacktrace as core[df12db4294e9bfd3]::fmt::Display>::fmt
[INFO] [stdout]                                at /rustc/dfb0accb7f508ae8be965d8629557221c889dd98/library/std/src/sys/backtrace.rs:44:26
[INFO] [stdout]    4:     0x61522cdaae4a - <core[df12db4294e9bfd3]::fmt::rt::Argument>::fmt
[INFO] [stdout]                                at /rustc/dfb0accb7f508ae8be965d8629557221c889dd98/library/core/src/fmt/rt.rs:152:76
[INFO] [stdout]    5:     0x61522cdaae4a - core[df12db4294e9bfd3]::fmt::write
[INFO] [stdout]    6:     0x61522cd9877c - core[df12db4294e9bfd3]::io::write::default_write_fmt::<alloc[2182bb758b4b3781]::vec::Vec<u8>>
[INFO] [stdout]                                at /rustc/dfb0accb7f508ae8be965d8629557221c889dd98/library/core/src/io/write.rs:402:11
[INFO] [stdout]    7:     0x61522cd9877c - <alloc[2182bb758b4b3781]::vec::Vec<u8> as core[df12db4294e9bfd3]::io::write::Write>::write_fmt
[INFO] [stdout]                                at /rustc/dfb0accb7f508ae8be965d8629557221c889dd98/library/core/src/io/write.rs:335:13
[INFO] [stdout]    8:     0x61522cd6ded6 - <std[70759c8f55707aa4]::sys::backtrace::BacktraceLock>::print
[INFO] [stdout]                                at /rustc/dfb0accb7f508ae8be965d8629557221c889dd98/library/std/src/sys/backtrace.rs:47:9
[INFO] [stdout]    9:     0x61522cd6ded6 - std[70759c8f55707aa4]::panicking::default_hook::{closure#0}
[INFO] [stdout]                                at /rustc/dfb0accb7f508ae8be965d8629557221c889dd98/library/std/src/panicking.rs:292:27
[INFO] [stdout]   10:     0x61522cd8b6b9 - std[70759c8f55707aa4]::panicking::default_hook
[INFO] [stdout]                                at /rustc/dfb0accb7f508ae8be965d8629557221c889dd98/library/std/src/panicking.rs:316:9
[INFO] [stdout]   11:     0x61522cc35010 - <alloc[2182bb758b4b3781]::boxed::Box<dyn for<'a, 'b> core[df12db4294e9bfd3]::ops::function::Fn<(&'a std[70759c8f55707aa4]::panic::PanicHookInfo<'b>,), Output = ()> + core[df12db4294e9bfd3]::marker::Send + core[df12db4294e9bfd3]::marker::Sync> as core[df12db4294e9bfd3]::ops::function::Fn<(&std[70759c8f55707aa4]::panic::PanicHookInfo,)>>::call
[INFO] [stdout]                                at /rustc/dfb0accb7f508ae8be965d8629557221c889dd98/library/alloc/src/boxed.rs:2334:9
[INFO] [stdout]   12:     0x61522cc35010 - test[9d35eded1c95d3be]::test_main_inner::<test[9d35eded1c95d3be]::test_main_static::{closure#0}>::{closure#0}
[INFO] [stdout]                                at /rustc/dfb0accb7f508ae8be965d8629557221c889dd98/library/test/src/lib.rs:155:21
[INFO] [stdout]   13:     0x61522cd8b872 - <alloc[2182bb758b4b3781]::boxed::Box<dyn for<'a, 'b> core[df12db4294e9bfd3]::ops::function::Fn<(&'a std[70759c8f55707aa4]::panic::PanicHookInfo<'b>,), Output = ()> + core[df12db4294e9bfd3]::marker::Send + core[df12db4294e9bfd3]::marker::Sync> as core[df12db4294e9bfd3]::ops::function::Fn<(&std[70759c8f55707aa4]::panic::PanicHookInfo,)>>::call
[INFO] [stdout]                                at /rustc/dfb0accb7f508ae8be965d8629557221c889dd98/library/alloc/src/boxed.rs:2334:9
[INFO] [stdout]   14:     0x61522cd8b872 - std[70759c8f55707aa4]::panicking::panic_with_hook
[INFO] [stdout]                                at /rustc/dfb0accb7f508ae8be965d8629557221c889dd98/library/std/src/panicking.rs:823:13
[INFO] [stdout]   15:     0x61522cd6dfb4 - std[70759c8f55707aa4]::panicking::panic_handler::{closure#0}
[INFO] [stdout]                                at /rustc/dfb0accb7f508ae8be965d8629557221c889dd98/library/std/src/panicking.rs:681:13
[INFO] [stdout]   16:     0x61522cd66bb9 - std[70759c8f55707aa4]::sys::backtrace::__rust_end_short_backtrace::<std[70759c8f55707aa4]::panicking::panic_handler::{closure#0}, !>
[INFO] [stdout]                                at /rustc/dfb0accb7f508ae8be965d8629557221c889dd98/library/std/src/sys/backtrace.rs:182:18
[INFO] [stdout]   17:     0x61522cd6ec3d - __rustc[8fa7c3cbc660c2b3]::rust_begin_unwind
[INFO] [stdout]                                at /rustc/dfb0accb7f508ae8be965d8629557221c889dd98/library/std/src/panicking.rs:679:5
[INFO] [stdout]   18:     0x61522cdab6ec - core[df12db4294e9bfd3]::panicking::panic_fmt
[INFO] [stdout]                                at /rustc/dfb0accb7f508ae8be965d8629557221c889dd98/library/core/src/panicking.rs:80:14
[INFO] [stdout]   19:     0x61522cbe95d9 - zj_radar_core[a0cf7af90a88171f]::pipe::tests::subtree_reaps_a_hung_send_even_when_the_spawner_dies
[INFO] [stdout]                                at /opt/rustwide/workdir/src/pipe.rs:302:17
[INFO] [stdout]   20:     0x61522cbe3b07 - zj_radar_core[a0cf7af90a88171f]::pipe::tests::subtree_reaps_a_hung_send_even_when_the_spawner_dies::{closure#0}
[INFO] [stdout]                                at /opt/rustwide/workdir/src/pipe.rs:245:62
[INFO] [stdout]   21:     0x61522cbdacc6 - <zj_radar_core[a0cf7af90a88171f]::pipe::tests::subtree_reaps_a_hung_send_even_when_the_spawner_dies::{closure#0} as core[df12db4294e9bfd3]::ops::function::FnOnce<()>>::call_once
[INFO] [stdout]                                at /rustc/dfb0accb7f508ae8be965d8629557221c889dd98/library/core/src/ops/function.rs:250:5
[INFO] [stdout]   22:     0x61522cc282fb - <fn() -> core[df12db4294e9bfd3]::result::Result<(), alloc[2182bb758b4b3781]::string::String> as core[df12db4294e9bfd3]::ops::function::FnOnce<()>>::call_once
[INFO] [stdout]                                at /rustc/dfb0accb7f508ae8be965d8629557221c889dd98/library/core/src/ops/function.rs:250:5
[INFO] [stdout]   23:     0x61522cc282fb - test[9d35eded1c95d3be]::__rust_begin_short_backtrace::<core[df12db4294e9bfd3]::result::Result<(), alloc[2182bb758b4b3781]::string::String>, fn() -> core[df12db4294e9bfd3]::result::Result<(), alloc[2182bb758b4b3781]::string::String>>
[INFO] [stdout]                                at /rustc/dfb0accb7f508ae8be965d8629557221c889dd98/library/test/src/lib.rs:733:18
[INFO] [stdout]   24:     0x61522cc35965 - test[9d35eded1c95d3be]::run_test_in_process::{closure#0}
[INFO] [stdout]                                at /rustc/dfb0accb7f508ae8be965d8629557221c889dd98/library/test/src/lib.rs:756:74
[INFO] [stdout]   25:     0x61522cc35965 - <core[df12db4294e9bfd3]::panic::unwind_safe::AssertUnwindSafe<test[9d35eded1c95d3be]::run_test_in_process::{closure#0}> as core[df12db4294e9bfd3]::ops::function::FnOnce<()>>::call_once
[INFO] [stdout]                                at /rustc/dfb0accb7f508ae8be965d8629557221c889dd98/library/core/src/panic/unwind_safe.rs:275:9
[INFO] [stdout]   26:     0x61522cc35965 - std[70759c8f55707aa4]::panicking::catch_unwind::do_call::<core[df12db4294e9bfd3]::panic::unwind_safe::AssertUnwindSafe<test[9d35eded1c95d3be]::run_test_in_process::{closure#0}>, core[df12db4294e9bfd3]::result::Result<(), alloc[2182bb758b4b3781]::string::String>>
[INFO] [stdout]                                at /rustc/dfb0accb7f508ae8be965d8629557221c889dd98/library/std/src/panicking.rs:576:43
[INFO] [stdout]   27:     0x61522cc35965 - std[70759c8f55707aa4]::panicking::catch_unwind::<core[df12db4294e9bfd3]::result::Result<(), alloc[2182bb758b4b3781]::string::String>, core[df12db4294e9bfd3]::panic::unwind_safe::AssertUnwindSafe<test[9d35eded1c95d3be]::run_test_in_process::{closure#0}>>
[INFO] [stdout]                                at /rustc/dfb0accb7f508ae8be965d8629557221c889dd98/library/std/src/panicking.rs:544:19
[INFO] [stdout]   28:     0x61522cc35965 - std[70759c8f55707aa4]::panic::catch_unwind::<core[df12db4294e9bfd3]::panic::unwind_safe::AssertUnwindSafe<test[9d35eded1c95d3be]::run_test_in_process::{closure#0}>, core[df12db4294e9bfd3]::result::Result<(), alloc[2182bb758b4b3781]::string::String>>
[INFO] [stdout]                                at /rustc/dfb0accb7f508ae8be965d8629557221c889dd98/library/std/src/panic.rs:359:14
[INFO] [stdout]   29:     0x61522cc35965 - test[9d35eded1c95d3be]::run_test_in_process
[INFO] [stdout]                                at /rustc/dfb0accb7f508ae8be965d8629557221c889dd98/library/test/src/lib.rs:756:27
[INFO] [stdout]   30:     0x61522cc35965 - test[9d35eded1c95d3be]::run_test::{closure#0}
[INFO] [stdout]                                at /rustc/dfb0accb7f508ae8be965d8629557221c889dd98/library/test/src/lib.rs:677:43
[INFO] [stdout]   31:     0x61522cc2f224 - test[9d35eded1c95d3be]::run_test::{closure#1}
[INFO] [stdout]                                at /rustc/dfb0accb7f508ae8be965d8629557221c889dd98/library/test/src/lib.rs:707:41
[INFO] [stdout]   32:     0x61522cc2f224 - std[70759c8f55707aa4]::sys::backtrace::__rust_begin_short_backtrace::<test[9d35eded1c95d3be]::run_test::{closure#1}, ()>
[INFO] [stdout]                                at /rustc/dfb0accb7f508ae8be965d8629557221c889dd98/library/std/src/sys/backtrace.rs:166:18
[INFO] [stdout]   33:     0x61522cc38ac2 - std[70759c8f55707aa4]::thread::lifecycle::spawn_unchecked::<test[9d35eded1c95d3be]::run_test::{closure#1}, ()>::{closure#1}::{closure#0}
[INFO] [stdout]                                at /rustc/dfb0accb7f508ae8be965d8629557221c889dd98/library/std/src/thread/lifecycle.rs:70:13
[INFO] [stdout]   34:     0x61522cc38ac2 - <core[df12db4294e9bfd3]::panic::unwind_safe::AssertUnwindSafe<std[70759c8f55707aa4]::thread::lifecycle::spawn_unchecked<test[9d35eded1c95d3be]::run_test::{closure#1}, ()>::{closure#1}::{closure#0}> as core[df12db4294e9bfd3]::ops::function::FnOnce<()>>::call_once
[INFO] [stdout]                                at /rustc/dfb0accb7f508ae8be965d8629557221c889dd98/library/core/src/panic/unwind_safe.rs:275:9
[INFO] [stdout]   35:     0x61522cc38ac2 - std[70759c8f55707aa4]::panicking::catch_unwind::do_call::<core[df12db4294e9bfd3]::panic::unwind_safe::AssertUnwindSafe<std[70759c8f55707aa4]::thread::lifecycle::spawn_unchecked<test[9d35eded1c95d3be]::run_test::{closure#1}, ()>::{closure#1}::{closure#0}>, ()>
[INFO] [stderr] error: test failed, to rerun pass `--lib`
[INFO] [stdout]                                at /rustc/dfb0accb7f508ae8be965d8629557221c889dd98/library/std/src/panicking.rs:576:43
[INFO] [stdout]   36:     0x61522cc38ac2 - std[70759c8f55707aa4]::panicking::catch_unwind::<(), core[df12db4294e9bfd3]::panic::unwind_safe::AssertUnwindSafe<std[70759c8f55707aa4]::thread::lifecycle::spawn_unchecked<test[9d35eded1c95d3be]::run_test::{closure#1}, ()>::{closure#1}::{closure#0}>>
[INFO] [stdout]                                at /rustc/dfb0accb7f508ae8be965d8629557221c889dd98/library/std/src/panicking.rs:544:19
[INFO] [stdout]   37:     0x61522cc38ac2 - std[70759c8f55707aa4]::panic::catch_unwind::<core[df12db4294e9bfd3]::panic::unwind_safe::AssertUnwindSafe<std[70759c8f55707aa4]::thread::lifecycle::spawn_unchecked<test[9d35eded1c95d3be]::run_test::{closure#1}, ()>::{closure#1}::{closure#0}>, ()>
[INFO] [stdout]                                at /rustc/dfb0accb7f508ae8be965d8629557221c889dd98/library/std/src/panic.rs:359:14
[INFO] [stdout]   38:     0x61522cc38ac2 - std[70759c8f55707aa4]::thread::lifecycle::spawn_unchecked::<test[9d35eded1c95d3be]::run_test::{closure#1}, ()>::{closure#1}
[INFO] [stdout]                                at /rustc/dfb0accb7f508ae8be965d8629557221c889dd98/library/std/src/thread/lifecycle.rs:68:26
[INFO] [stdout]   39:     0x61522cc38ac2 - <std[70759c8f55707aa4]::thread::lifecycle::spawn_unchecked<test[9d35eded1c95d3be]::run_test::{closure#1}, ()>::{closure#1} as core[df12db4294e9bfd3]::ops::function::FnOnce<()>>::call_once::{shim:vtable#0}
[INFO] [stdout]                                at /rustc/dfb0accb7f508ae8be965d8629557221c889dd98/library/core/src/ops/function.rs:250:5
[INFO] [stdout]   40:     0x61522cd932e9 - <alloc[2182bb758b4b3781]::boxed::Box<dyn core[df12db4294e9bfd3]::ops::function::FnOnce<(), Output = ()> + core[df12db4294e9bfd3]::marker::Send> as core[df12db4294e9bfd3]::ops::function::FnOnce<()>>::call_once
[INFO] [stdout]                                at /rustc/dfb0accb7f508ae8be965d8629557221c889dd98/library/alloc/src/boxed.rs:2320:9
[INFO] [stdout]   41:     0x61522cd932e9 - <std[70759c8f55707aa4]::sys::thread::unix::Thread>::new::thread_start
[INFO] [stdout]                                at /rustc/dfb0accb7f508ae8be965d8629557221c889dd98/library/std/src/sys/thread/unix.rs:123:17
[INFO] [stdout]   42:     0x73a0a2367dfa - <unknown>
[INFO] [stdout]   43:     0x73a0a23fb3d4 - clone
[INFO] [stdout]   44:                0x0 - <unknown>
[INFO] [stdout] 
[INFO] [stdout] 
[INFO] [stdout] failures:
[INFO] [stdout]     pipe::tests::subtree_reaps_a_hung_send_even_when_the_spawner_dies
[INFO] [stdout] 
[INFO] [stdout] test result: FAILED. 167 passed; 1 failed; 0 ignored; 0 measured; 0 filtered out; finished in 8.12s
[INFO] [stdout] 
[INFO] running `Command { std: "docker" "inspect" "b2f7fa64d6ccaed152f39b28fea097c89fc5e751ab19c94e8907af9fe58f16be", kill_on_drop: false }`
[INFO] running `Command { std: "docker" "rm" "-f" "b2f7fa64d6ccaed152f39b28fea097c89fc5e751ab19c94e8907af9fe58f16be", kill_on_drop: false }`
[INFO] [stdout] b2f7fa64d6ccaed152f39b28fea097c89fc5e751ab19c94e8907af9fe58f16be
