[INFO] fetching crate zgvariant 1.2.0...
[INFO] testing zgvariant-1.2.0 against 1.100.0-beta.1 for beta-1.100-2
[INFO] extracting crate zgvariant 1.2.0 into /workspace/builds/worker-7-tc2/source
[INFO] started tweaking crates.io crate zgvariant 1.2.0
[INFO] removed 0 missing tests
[INFO] finished tweaking crates.io crate zgvariant 1.2.0
[INFO] tweaked toml for crates.io crate zgvariant 1.2.0 written to /workspace/builds/worker-7-tc2/source/Cargo.toml
[INFO] validating manifest of crates.io crate zgvariant 1.2.0 on toolchain 1.100.0-beta.1
[INFO] running `Command { std: CARGO_HOME="/workspace/cargo-home" RUSTUP_HOME="/workspace/rustup-home" "/workspace/cargo-home/bin/cargo" "+1.100.0-beta.1" "metadata" "--manifest-path" "Cargo.toml" "--no-deps", kill_on_drop: false }`
[INFO] crate crates.io crate zgvariant 1.2.0 already has a lockfile, it will not be regenerated
[INFO] running `Command { std: CARGO_HOME="/workspace/cargo-home" RUSTUP_HOME="/workspace/rustup-home" "/workspace/cargo-home/bin/cargo" "+1.100.0-beta.1" "fetch" "--manifest-path" "Cargo.toml", kill_on_drop: false }`
[INFO] running `Command { std: "docker" "create" "-v" "/var/lib/crater-agent-workspace/builds/worker-7-tc2/source:/opt/rustwide/workdir:ro,Z" "-v" "/var/lib/crater-agent-workspace/builds/worker-7-tc2/target:/opt/rustwide/target:rw,Z" "-v" "/var/lib/crater-agent-workspace/cargo-home:/opt/rustwide/cargo-home:ro,Z" "-v" "/var/lib/crater-agent-workspace/rustup-home:/opt/rustwide/rustup-home:ro,Z" "-m" "1610612736" "--network" "none" "ghcr.io/rust-lang/crates-build-env/linux@sha256:3111399a4047eeb3a02b7a90e478d715f38a8c6669b5c4b49d30a17385265909" "sleep" "infinity", kill_on_drop: false }`
[INFO] [stdout] d7c19dcea4aedf49da41860c7d94ee8fe0d17f0ddf9bfe84e51197aa0c41abcc
[INFO] running `Command { std: "docker" "start" "d7c19dcea4aedf49da41860c7d94ee8fe0d17f0ddf9bfe84e51197aa0c41abcc", kill_on_drop: false }`
[INFO] running `Command { std: "docker" "inspect" "d7c19dcea4aedf49da41860c7d94ee8fe0d17f0ddf9bfe84e51197aa0c41abcc", kill_on_drop: false }`
[INFO] running `Command { std: "docker" "exec" "-e" "SOURCE_DIR=/opt/rustwide/workdir" "-e" "CARGO_HOME=/opt/rustwide/cargo-home" "-e" "RUSTUP_HOME=/opt/rustwide/rustup-home" "-e" "CARGO_TARGET_DIR=/opt/rustwide/target" "-w" "/opt/rustwide/workdir" "--user" "0:0" "d7c19dcea4aedf49da41860c7d94ee8fe0d17f0ddf9bfe84e51197aa0c41abcc" "/opt/rustwide/cargo-home/bin/cargo" "+1.100.0-beta.1" "metadata" "--no-deps" "--format-version=1", kill_on_drop: false }`
[INFO] running `Command { std: "docker" "inspect" "d7c19dcea4aedf49da41860c7d94ee8fe0d17f0ddf9bfe84e51197aa0c41abcc", kill_on_drop: false }`
[INFO] running `Command { std: "docker" "exec" "-e" "SOURCE_DIR=/opt/rustwide/workdir" "-e" "CARGO_HOME=/opt/rustwide/cargo-home" "-e" "RUSTUP_HOME=/opt/rustwide/rustup-home" "-e" "CARGO_TARGET_DIR=/opt/rustwide/target" "-e" "CARGO_INCREMENTAL=0" "-e" "RUST_BACKTRACE=full" "-e" "RUSTFLAGS=--cap-lints=warn" "-e" "RUSTDOCFLAGS=--cap-lints=warn" "-w" "/opt/rustwide/workdir" "--user" "0:0" "d7c19dcea4aedf49da41860c7d94ee8fe0d17f0ddf9bfe84e51197aa0c41abcc" "/opt/rustwide/cargo-home/bin/cargo" "+1.100.0-beta.1" "build" "--frozen" "--message-format=json", kill_on_drop: false }`
[INFO] [stderr]    Compiling unicode-ident v1.0.24
[INFO] [stderr]    Compiling serde_core v1.0.229
[INFO] [stderr]    Compiling endi v1.1.1
[INFO] [stderr]    Compiling proc-macro2 v1.0.107
[INFO] [stderr]    Compiling quote v1.0.47
[INFO] [stderr]    Compiling syn v3.0.3
[INFO] [stderr]    Compiling serde_derive v1.0.229
[INFO] [stderr]    Compiling serde v1.0.229
[INFO] [stderr]    Compiling zvariant_utils v4.1.0
[INFO] [stderr]    Compiling zcheapstr v1.1.0
[INFO] [stderr]    Compiling zgvariant_derive v1.2.0
[INFO] [stderr]    Compiling zgvariant v1.2.0 (/opt/rustwide/workdir)
[INFO] [stderr]     Finished `dev` profile [unoptimized + debuginfo] target(s) in 10.42s
[INFO] running `Command { std: "docker" "inspect" "d7c19dcea4aedf49da41860c7d94ee8fe0d17f0ddf9bfe84e51197aa0c41abcc", kill_on_drop: false }`
[INFO] running `Command { std: "docker" "exec" "-e" "SOURCE_DIR=/opt/rustwide/workdir" "-e" "CARGO_HOME=/opt/rustwide/cargo-home" "-e" "RUSTUP_HOME=/opt/rustwide/rustup-home" "-e" "CARGO_TARGET_DIR=/opt/rustwide/target" "-e" "CARGO_INCREMENTAL=0" "-e" "RUST_BACKTRACE=full" "-e" "RUSTFLAGS=--cap-lints=warn" "-e" "RUSTDOCFLAGS=--cap-lints=warn" "-w" "/opt/rustwide/workdir" "--user" "0:0" "d7c19dcea4aedf49da41860c7d94ee8fe0d17f0ddf9bfe84e51197aa0c41abcc" "/opt/rustwide/cargo-home/bin/cargo" "+1.100.0-beta.1" "test" "--frozen" "--no-run" "--message-format=json", kill_on_drop: false }`
[INFO] [stderr]    Compiling serde v1.0.229
[INFO] [stderr]    Compiling libc v0.2.189
[INFO] [stderr]    Compiling crossbeam-epoch v0.9.20
[INFO] [stderr]    Compiling zerocopy v0.8.56
[INFO] [stderr]    Compiling cfg_aliases v0.2.2
[INFO] [stderr]    Compiling crossbeam-deque v0.8.7
[INFO] [stderr]    Compiling cc v1.4.3
[INFO] [stderr]    Compiling serde_core v1.0.229
[INFO] [stderr]    Compiling syn v2.0.119
[INFO] [stderr]    Compiling either v1.17.0
[INFO] [stderr]    Compiling approx v0.5.1
[INFO] [stderr]    Compiling bitflags v2.13.1
[INFO] [stderr]    Compiling clap_builder v4.6.6
[INFO] [stderr]    Compiling regex-automata v0.4.18
[INFO] [stderr]    Compiling anyhow v1.0.104
[INFO] [stderr]    Compiling nix v0.31.3
[INFO] [stderr]    Compiling colored v3.1.1
[INFO] [stderr]    Compiling statrs v0.18.0
[INFO] [stderr]    Compiling glob v0.3.4
[INFO] [stderr]    Compiling codspeed-criterion-compat v5.0.1
[INFO] [stderr]    Compiling itertools v0.10.5
[INFO] [stderr]    Compiling serde_repr v0.1.21
[INFO] [stderr]    Compiling fastrand v2.5.0
[INFO] [stderr]    Compiling rayon-core v1.13.0
[INFO] [stderr]    Compiling tinytemplate v1.2.1
[INFO] [stderr]    Compiling zvariant_utils v4.1.0
[INFO] [stderr]    Compiling zcheapstr v1.1.0
[INFO] [stderr]    Compiling chrono v0.4.45
[INFO] [stderr]    Compiling rayon v1.12.0
[INFO] [stderr]    Compiling regex v1.13.1
[INFO] [stderr]    Compiling criterion-plot v0.5.0
[INFO] [stderr]    Compiling codspeed v5.0.1
[INFO] [stderr]    Compiling getrandom v0.4.3
[INFO] [stderr]    Compiling is-terminal v0.4.17
[INFO] [stderr]    Compiling clap v4.6.6
[INFO] [stderr]    Compiling zerocopy-derive v0.8.56
[INFO] [stderr]    Compiling zgvariant_derive v1.2.0
[INFO] [stderr]    Compiling zgvariant v1.2.0 (/opt/rustwide/workdir)
[INFO] [stderr]    Compiling half v2.7.1
[INFO] [stderr]    Compiling ciborium-ll v0.2.2
[INFO] [stderr]    Compiling ciborium v0.2.2
[INFO] [stderr]    Compiling codspeed-criterion-compat-walltime v5.0.1
[INFO] [stderr]     Finished `test` profile [unoptimized + debuginfo] target(s) in 24.10s
[INFO] running `Command { std: "docker" "inspect" "d7c19dcea4aedf49da41860c7d94ee8fe0d17f0ddf9bfe84e51197aa0c41abcc", kill_on_drop: false }`
[INFO] running `Command { std: "docker" "exec" "-e" "SOURCE_DIR=/opt/rustwide/workdir" "-e" "CARGO_HOME=/opt/rustwide/cargo-home" "-e" "RUSTUP_HOME=/opt/rustwide/rustup-home" "-e" "CARGO_TARGET_DIR=/opt/rustwide/target" "-e" "CARGO_INCREMENTAL=0" "-e" "RUST_BACKTRACE=full" "-e" "RUSTFLAGS=--cap-lints=warn" "-e" "RUSTDOCFLAGS=--cap-lints=warn" "-w" "/opt/rustwide/workdir" "--user" "0:0" "d7c19dcea4aedf49da41860c7d94ee8fe0d17f0ddf9bfe84e51197aa0c41abcc" "/opt/rustwide/cargo-home/bin/cargo" "+1.100.0-beta.1" "test" "--frozen", kill_on_drop: false }`
[INFO] [stderr]     Finished `test` profile [unoptimized + debuginfo] target(s) in 0.07s
[INFO] [stderr]      Running unittests src/lib.rs (/opt/rustwide/target/debug/build/zgvariant/add4c8d7989ee17b/out/zgvariant-add4c8d7989ee17b)
[INFO] [stdout] 
[INFO] [stdout] running 64 tests
[INFO] [stdout] test basic::isize::encoding_of_type_and_repr_match ... ok
[INFO] [stdout] test basic::isize::repr_can_be_deserialized_from_encoded_type ... ok
[INFO] [stdout] test basic::isize::type_can_be_deserialized_from_encoded_repr ... ok
[INFO] [stdout] test basic::usize::repr_can_be_deserialized_from_encoded_type ... ok
[INFO] [stdout] test basic::usize::encoding_of_type_and_repr_match ... ok
[INFO] [stdout] test basic::isize::type_can_be_deserialized_from_encoded_type ... ok
[INFO] [stdout] test basic::usize::type_can_be_deserialized_from_encoded_repr ... ok
[INFO] [stdout] test basic::usize::type_can_be_deserialized_from_encoded_type ... ok
[INFO] [stdout] test file_path::file_path_test::as_c_str_test ... ok
[INFO] [stdout] test file_path::file_path_test::filepath_signature ... ok
[INFO] [stdout] test file_path::file_path_test::from_test ... ok
[INFO] [stdout] test file_path::file_path_test::non_utf8_try_into_test ... ok
[INFO] [stdout] test file_path::file_path_test::nul_termination ... ok
[INFO] [stdout] test file_path::file_path_test::try_into_test ... ok
[INFO] [stdout] test framing_offset_size::tests::framing_offset_size_bump ... ok
[INFO] [stdout] test object_path::unit::owned_from_reader ... ok
[INFO] [stdout] test owned_value::tests::from_value ... ok
[INFO] [stdout] test owned_value::tests::map_conversion ... ok
[INFO] [stdout] test owned_value::tests::serde ... ok
[INFO] [stdout] test r#type::libstd::duration::encoding_of_type_and_repr_match ... ok
[INFO] [stdout] test r#type::libstd::duration::repr_can_be_deserialized_from_encoded_type ... ok
[INFO] [stdout] test r#type::libstd::duration::type_can_be_deserialized_from_encoded_repr ... ok
[INFO] [stdout] test r#type::libstd::range::encoding_of_type_and_repr_match ... ok
[INFO] [stdout] test r#type::libstd::range::repr_can_be_deserialized_from_encoded_type ... ok
[INFO] [stdout] test r#type::libstd::duration::type_can_be_deserialized_from_encoded_type ... ok
[INFO] [stdout] test r#type::libstd::range::type_can_be_deserialized_from_encoded_repr ... ok
[INFO] [stdout] test r#type::libstd::range::type_can_be_deserialized_from_encoded_type ... ok
[INFO] [stdout] test r#type::libstd::range_from::encoding_of_type_and_repr_match ... ok
[INFO] [stdout] test r#type::libstd::range_from::type_can_be_deserialized_from_encoded_type ... ok
[INFO] [stdout] test r#type::libstd::range_inclusive::encoding_of_type_and_repr_match ... ok
[INFO] [stdout] test r#type::libstd::range_inclusive::repr_can_be_deserialized_from_encoded_type ... ok
[INFO] [stdout] test r#type::libstd::range_from::repr_can_be_deserialized_from_encoded_type ... ok
[INFO] [stdout] test r#type::libstd::range_to::encoding_of_type_and_repr_match ... ok
[INFO] [stdout] test r#type::libstd::range_to::repr_can_be_deserialized_from_encoded_type ... ok
[INFO] [stdout] test r#type::libstd::range_inclusive::type_can_be_deserialized_from_encoded_type ... ok
[INFO] [stdout] test r#type::libstd::range_to::type_can_be_deserialized_from_encoded_repr ... ok
[INFO] [stdout] test r#type::libstd::range_to::type_can_be_deserialized_from_encoded_type ... ok
[INFO] [stdout] test r#type::net::ip_addr::repr_can_be_deserialized_from_encoded_type ... ok
[INFO] [stdout] test r#type::libstd::range_from::type_can_be_deserialized_from_encoded_repr ... ok
[INFO] [stdout] test r#type::net::ip_addr::type_can_be_deserialized_from_encoded_repr ... ok
[INFO] [stdout] test r#type::net::ip_addr::type_can_be_deserialized_from_encoded_type ... ok
[INFO] [stdout] test r#type::net::ipv4_addr::encoding_of_type_and_repr_match ... ok
[INFO] [stdout] test r#type::net::ipv4_addr::type_can_be_deserialized_from_encoded_type ... ok
[INFO] [stdout] test r#type::net::ipv4_addr::type_can_be_deserialized_from_encoded_repr ... ok
[INFO] [stdout] test r#type::net::ipv6_addr::encoding_of_type_and_repr_match ... ok
[INFO] [stdout] test r#type::net::ipv6_addr::repr_can_be_deserialized_from_encoded_type ... ok
[INFO] [stdout] test r#type::net::ipv6_addr::type_can_be_deserialized_from_encoded_repr ... ok
[INFO] [stdout] test r#type::net::ipv6_addr::type_can_be_deserialized_from_encoded_type ... ok
[INFO] [stdout] test r#type::net::socket_addr_v4::encoding_of_type_and_repr_match ... ok
[INFO] [stdout] test r#type::net::socket_addr_v4::repr_can_be_deserialized_from_encoded_type ... ok
[INFO] [stdout] test r#type::libstd::range_inclusive::type_can_be_deserialized_from_encoded_repr ... ok
[INFO] [stdout] test r#type::net::socket_addr_v6::encoding_of_type_and_repr_match ... ok
[INFO] [stdout] test r#type::net::socket_addr_v6::repr_can_be_deserialized_from_encoded_type ... ok
[INFO] [stdout] test r#type::net::ip_addr::encoding_of_type_and_repr_match ... ok
[INFO] [stdout] test r#type::net::socket_addr_v6::type_can_be_deserialized_from_encoded_type ... ok
[INFO] [stdout] test r#type::time::system_time::encoding_of_type_and_repr_match ... ok
[INFO] [stdout] test r#type::time::system_time::repr_can_be_deserialized_from_encoded_type ... ok
[INFO] [stdout] test r#type::net::socket_addr_v4::type_can_be_deserialized_from_encoded_type ... ok
[INFO] [stdout] test r#type::net::socket_addr_v4::type_can_be_deserialized_from_encoded_repr ... ok
[INFO] [stdout] test r#type::net::socket_addr_v6::type_can_be_deserialized_from_encoded_repr ... ok
[INFO] [stdout] test r#type::time::system_time::type_can_be_deserialized_from_encoded_type ... ok
[INFO] [stdout] test r#type::net::ipv4_addr::repr_can_be_deserialized_from_encoded_type ... ok
[INFO] [stdout] test r#type::time::system_time::type_can_be_deserialized_from_encoded_repr ... ok
[INFO] [stdout] test value::tests::value_display ... ok
[INFO] [stdout] 
[INFO] [stdout] test result: ok. 64 passed; 0 failed; 0 ignored; 0 measured; 0 filtered out; finished in 0.00s
[INFO] [stdout] 
[INFO] [stderr]      Running tests/array_string_value.rs (/opt/rustwide/target/debug/build/zgvariant/4f92a44dc3be1a0f/out/array_string_value-4f92a44dc3be1a0f)
[INFO] [stdout] 
[INFO] [stdout] running 0 tests
[INFO] [stdout] 
[INFO] [stdout] test result: ok. 0 passed; 0 failed; 0 ignored; 0 measured; 0 filtered out; finished in 0.00s
[INFO] [stdout] 
[INFO] [stderr]      Running tests/array_value.rs (/opt/rustwide/target/debug/build/zgvariant/b80bd6bfe3313871/out/array_value-b80bd6bfe3313871)
[INFO] [stdout] 
[INFO] [stdout] running 1 test
[INFO] [stdout] test array_value ... ok
[INFO] [stdout] 
[INFO] [stdout] test result: ok. 1 passed; 0 failed; 0 ignored; 0 measured; 0 filtered out; finished in 0.00s
[INFO] [stdout] 
[INFO] [stderr]      Running tests/common.rs (/opt/rustwide/target/debug/build/zgvariant/c6600dc5a7961383/out/common-c6600dc5a7961383)
[INFO] [stdout] 
[INFO] [stdout] running 0 tests
[INFO] [stdout] 
[INFO] [stdout] test result: ok. 0 passed; 0 failed; 0 ignored; 0 measured; 0 filtered out; finished in 0.00s
[INFO] [stdout] 
[INFO] [stderr]      Running tests/derive.rs (/opt/rustwide/target/debug/build/zgvariant/0f6df5bf76836119/out/derive-0f6df5bf76836119)
[INFO] [stdout] 
[INFO] [stdout] running 1 test
[INFO] [stdout] test derive ... ok
[INFO] [stdout] 
[INFO] [stdout] test result: ok. 1 passed; 0 failed; 0 ignored; 0 measured; 0 filtered out; finished in 0.00s
[INFO] [stdout] 
[INFO] [stderr]      Running tests/dict_compare.rs (/opt/rustwide/target/debug/build/zgvariant/185fe38ace678d50/out/dict_compare-185fe38ace678d50)
[INFO] [stdout] 
[INFO] [stdout] running 1 test
[INFO] [stdout] test dict_compare ... ok
[INFO] [stdout] 
[INFO] [stdout] test result: ok. 1 passed; 0 failed; 0 ignored; 0 measured; 0 filtered out; finished in 0.00s
[INFO] [stdout] 
[INFO] [stderr]      Running tests/dict_value.rs (/opt/rustwide/target/debug/build/zgvariant/2db4d7a44b26230e/out/dict_value-2db4d7a44b26230e)
[INFO] [stdout] 
[INFO] [stdout] running 4 tests
[INFO] [stdout] test struct_with_object_path_keys ... ok
[INFO] [stdout] test nested_dict_object_path_keys ... ok
[INFO] [stdout] test dict_value ... ok
[INFO] [stdout] test nested_dict_value ... ok
[INFO] [stdout] 
[INFO] [stdout] test result: ok. 4 passed; 0 failed; 0 ignored; 0 measured; 0 filtered out; finished in 0.00s
[INFO] [stdout] 
[INFO] [stderr]      Running tests/enums.rs (/opt/rustwide/target/debug/build/zgvariant/ab44a60640438bba/out/enums-ab44a60640438bba)
[INFO] [stdout] 
[INFO] [stdout] running 1 test
[INFO] [stdout] test enums ... ok
[INFO] [stdout] 
[INFO] [stdout] test result: ok. 1 passed; 0 failed; 0 ignored; 0 measured; 0 filtered out; finished in 0.00s
[INFO] [stdout] 
[INFO] [stderr]      Running tests/errors.rs (/opt/rustwide/target/debug/build/zgvariant/012032ba8890b83c/out/errors-012032ba8890b83c)
[INFO] [stdout] 
[INFO] [stdout] running 1 test
[INFO] [stdout] test fd_signature_is_rejected ... ok
[INFO] [stdout] 
[INFO] [stdout] test result: ok. 1 passed; 0 failed; 0 ignored; 0 measured; 0 filtered out; finished in 0.00s
[INFO] [stdout] 
[INFO] [stderr]      Running tests/framing_boundaries.rs (/opt/rustwide/target/debug/build/zgvariant/9ac892510f5b3938/out/framing_boundaries-9ac892510f5b3938)
[INFO] [stdout] 
[INFO] [stdout] running 1 test
[INFO] [stdout] test dict_entry_key_offset_widths ... ok
[INFO] [stdout] 
[INFO] [stdout] test result: ok. 1 passed; 0 failed; 0 ignored; 0 measured; 0 filtered out; finished in 0.00s
[INFO] [stdout] 
[INFO] [stderr]      Running tests/heapless_string_value.rs (/opt/rustwide/target/debug/build/zgvariant/9e8e9c11cd09306f/out/heapless_string_value-9e8e9c11cd09306f)
[INFO] [stdout] 
[INFO] [stdout] running 0 tests
[INFO] [stdout] 
[INFO] [stdout] test result: ok. 0 passed; 0 failed; 0 ignored; 0 measured; 0 filtered out; finished in 0.00s
[INFO] [stdout] 
[INFO] [stderr]      Running tests/issues.rs (/opt/rustwide/target/debug/build/zgvariant/7bc427e68cc9878d/out/issues-7bc427e68cc9878d)
[INFO] [stdout] 
[INFO] [stdout] running 3 tests
[INFO] [stdout] test issue::issue_1145::issue_1145 ... ok
[INFO] [stdout] test issue::issue_59::issue_59 ... ok
[INFO] [stdout] test issue::issue_99::issue_99 ... ok
[INFO] [stdout] 
[INFO] [stdout] test result: ok. 3 passed; 0 failed; 0 ignored; 0 measured; 0 filtered out; finished in 0.00s
[INFO] [stdout] 
[INFO] [stderr]      Running tests/numbers.rs (/opt/rustwide/target/debug/build/zgvariant/06db3a77c9d622bd/out/numbers-06db3a77c9d622bd)
[INFO] [stdout] 
[INFO] [stdout] running 10 tests
[INFO] [stdout] test number::bool_value::bool_maybe_array_value ... ok
[INFO] [stdout] test number::bool_value::bool_value ... ok
[INFO] [stdout] test number::f64_value::f64_value ... ok
[INFO] [stdout] test number::i16_value::i16_value ... ok
[INFO] [stdout] test number::i32_value::i32_value ... ok
[INFO] [stdout] test number::i64_value::i64_value ... ok
[INFO] [stdout] test number::u16_value::u16_value ... ok
[INFO] [stdout] test number::u32_value::u32_value ... ok
[INFO] [stdout] test number::u8_value::u8_value ... ok
[INFO] [stdout] test number::i8_value::i8_value ... ok
[INFO] [stdout] 
[INFO] [stdout] test result: ok. 10 passed; 0 failed; 0 ignored; 0 measured; 0 filtered out; finished in 0.00s
[INFO] [stdout] 
[INFO] [stderr]      Running tests/object_path_value.rs (/opt/rustwide/target/debug/build/zgvariant/f5ecee6cfe333f6e/out/object_path_value-f5ecee6cfe333f6e)
[INFO] [stdout] 
[INFO] [stdout] running 1 test
[INFO] [stdout] test object_path_value ... ok
[INFO] [stdout] 
[INFO] [stdout] test result: ok. 1 passed; 0 failed; 0 ignored; 0 measured; 0 filtered out; finished in 0.00s
[INFO] [stdout] 
[INFO] [stderr]      Running tests/recursion_limits.rs (/opt/rustwide/target/debug/build/zgvariant/45c9d5d732bd1a61/out/recursion_limits-45c9d5d732bd1a61)
[INFO] [stdout] 
[INFO] [stdout] running 1 test
[INFO] [stdout] test recursion_limits ... ok
[INFO] [stdout] 
[INFO] [stdout] test result: ok. 1 passed; 0 failed; 0 ignored; 0 measured; 0 filtered out; finished in 0.00s
[INFO] [stdout] 
[INFO] [stderr]      Running tests/serde_bytes.rs (/opt/rustwide/target/debug/build/zgvariant/aa5f18e199486ff5/out/serde_bytes-aa5f18e199486ff5)
[INFO] [stdout] 
[INFO] [stdout] running 0 tests
[INFO] [stdout] 
[INFO] [stdout] test result: ok. 0 passed; 0 failed; 0 ignored; 0 measured; 0 filtered out; finished in 0.00s
[INFO] [stdout] 
[INFO] [stderr]      Running tests/serialized_size.rs (/opt/rustwide/target/debug/build/zgvariant/e851042ba100b69c/out/serialized_size-e851042ba100b69c)
[INFO] [stdout] 
[INFO] [stdout] running 1 test
[INFO] [stdout] test test_serialized_size ... ok
[INFO] [stdout] 
[INFO] [stdout] test result: ok. 1 passed; 0 failed; 0 ignored; 0 measured; 0 filtered out; finished in 0.00s
[INFO] [stdout] 
[INFO] [stderr]      Running tests/signature.rs (/opt/rustwide/target/debug/build/zgvariant/c5c713d70d812507/out/signature-c5c713d70d812507)
[INFO] [stdout] 
[INFO] [stdout] running 1 test
[INFO] [stdout] test signature ... ok
[INFO] [stdout] 
[INFO] [stdout] test result: ok. 1 passed; 0 failed; 0 ignored; 0 measured; 0 filtered out; finished in 0.00s
[INFO] [stdout] 
[INFO] [stderr]      Running tests/smoke.rs (/opt/rustwide/target/debug/build/zgvariant/56e94ace48173ca4/out/smoke-56e94ace48173ca4)
[INFO] [stdout] 
[INFO] [stdout] running 2 tests
[INFO] [stdout] test roundtrip_option_through_maybe ... ok
[INFO] [stdout] test roundtrip_value_with_maybe ... ok
[INFO] [stdout] 
[INFO] [stdout] test result: ok. 2 passed; 0 failed; 0 ignored; 0 measured; 0 filtered out; finished in 0.00s
[INFO] [stdout] 
[INFO] [stderr]      Running tests/str_value.rs (/opt/rustwide/target/debug/build/zgvariant/9dd3a105b5cfd731/out/str_value-9dd3a105b5cfd731)
[INFO] [stdout] 
[INFO] [stdout] running 1 test
[INFO] [stdout] test str_value ... ok
[INFO] [stdout] 
[INFO] [stdout] test result: ok. 1 passed; 0 failed; 0 ignored; 0 measured; 0 filtered out; finished in 0.00s
[INFO] [stdout] 
[INFO] [stderr]      Running tests/struct_byte_array.rs (/opt/rustwide/target/debug/build/zgvariant/dc7853ed3cc31721/out/struct_byte_array-dc7853ed3cc31721)
[INFO] [stdout] 
[INFO] [stdout] running 1 test
[INFO] [stdout] test struct_byte_array ... ok
[INFO] [stdout] 
[INFO] [stdout] test result: ok. 1 passed; 0 failed; 0 ignored; 0 measured; 0 filtered out; finished in 0.00s
[INFO] [stdout] 
[INFO] [stderr]      Running tests/struct_ref.rs (/opt/rustwide/target/debug/build/zgvariant/7b8d4cedbb995b39/out/struct_ref-7b8d4cedbb995b39)
[INFO] [stdout] 
[INFO] [stdout] running 1 test
[INFO] [stdout] test struct_ref ... ok
[INFO] [stdout] 
[INFO] [stdout] test result: ok. 1 passed; 0 failed; 0 ignored; 0 measured; 0 filtered out; finished in 0.00s
[INFO] [stdout] 
[INFO] [stderr]      Running tests/struct_value.rs (/opt/rustwide/target/debug/build/zgvariant/be0d5cfad4a16bec/out/struct_value-be0d5cfad4a16bec)
[INFO] [stdout] 
[INFO] [stdout] running 1 test
[INFO] [stdout] test struct_value ... ok
[INFO] [stdout] 
[INFO] [stdout] test result: ok. 1 passed; 0 failed; 0 ignored; 0 measured; 0 filtered out; finished in 0.00s
[INFO] [stdout] 
[INFO] [stderr]      Running tests/struct_with_hashmap.rs (/opt/rustwide/target/debug/build/zgvariant/2b366e826b5b3ef4/out/struct_with_hashmap-2b366e826b5b3ef4)
[INFO] [stdout] 
[INFO] [stdout] running 1 test
[INFO] [stdout] test struct_with_hashmap ... ok
[INFO] [stdout] 
[INFO] [stdout] test result: ok. 1 passed; 0 failed; 0 ignored; 0 measured; 0 filtered out; finished in 0.00s
[INFO] [stdout] 
[INFO] [stderr]      Running tests/unit.rs (/opt/rustwide/target/debug/build/zgvariant/2be4bfced58276d1/out/unit-2be4bfced58276d1)
[INFO] [stdout] 
[INFO] [stdout] running 1 test
[INFO] [stdout] test unit ... ok
[INFO] [stdout] 
[INFO] [stdout] test result: ok. 1 passed; 0 failed; 0 ignored; 0 measured; 0 filtered out; finished in 0.00s
[INFO] [stdout] 
[INFO] [stderr]      Running tests/value_value.rs (/opt/rustwide/target/debug/build/zgvariant/4034e7f7747c6e9c/out/value_value-4034e7f7747c6e9c)
[INFO] [stdout] 
[INFO] [stdout] running 1 test
[INFO] [stdout] test value_value ... ok
[INFO] [stdout] 
[INFO] [stdout] test result: ok. 1 passed; 0 failed; 0 ignored; 0 measured; 0 filtered out; finished in 0.00s
[INFO] [stdout] 
[INFO] [stderr]    Doc-tests zgvariant
[INFO] [stdout] 
[INFO] [stdout] running 16 tests
[INFO] [stdout] test src/value.rs - value::Value (line 53) ... FAILED
[INFO] [stdout] test src/value.rs - value::Value (line 34) ... FAILED
[INFO] [stdout] test src/object_path.rs - object_path::ObjectPath (line 16) ... ok
[INFO] [stdout] test src/ser.rs - ser::to_writer (line 70) ... ok
[INFO] [stdout] test src/file_path.rs - file_path::FilePath (line 32) ... ok
[INFO] [stdout] test src/serialized/data.rs - serialized::data::Data<'bytes>::deserialize (line 90) ... ok
[INFO] [stdout] test src/type/mod.rs - r#type::Type::SIGNATURE (line 39) ... ok
[INFO] [stdout] test src/value.rs - value::Value<'a>::new (line 175) ... ok
[INFO] [stdout] test src/value.rs - value::Value<'a>::downcast_ref (line 414) ... ok
[INFO] [stdout] test src/value.rs - value::Value<'a>::downcast (line 362) ... ok
[INFO] [stdout] test src/serialized/context.rs - serialized::context::Context (line 12) ... ok
[INFO] [stdout] test src/as_value/serialize.rs - as_value::serialize::Serialize (line 10) ... ok
[INFO] [stdout] test src/ser.rs - ser::serialized_size (line 43) ... ok
[INFO] [stdout] test src/as_value/deserialize.rs - as_value::deserialize::Deserialize (line 13) ... ok
[INFO] [stdout] test src/../README.md - (line 19) ... ok
[INFO] [stdout] test src/serialized/data.rs - serialized::data::Data<'bytes>::deserialize_for_signature (line 121) ... ok
[INFO] [stdout] 
[INFO] [stdout] failures:
[INFO] [stdout] 
[INFO] [stdout] ---- src/value.rs - value::Value (line 53) stdout ----
[INFO] [stdout] error: use of deprecated associated function `core::num::<impl i16>::max_value`: replaced by the `MAX` associated constant on this type
[INFO] [stdout]   --> src/value.rs:59:26
[INFO] [stdout]    |
[INFO] [stdout] 59 | let v = Value::new((i16::max_value(), "hello", true));
[INFO] [stdout]    |                          ^^^^^^^^^
[INFO] [stdout]    |
[INFO] [stdout] note: the lint level is defined here
[INFO] [stdout]   --> src/value.rs:49:9
[INFO] [stdout]    |
[INFO] [stdout] 49 | #![deny(warnings)]
[INFO] [stdout]    |         ^^^^^^^^
[INFO] [stdout]    = note: `#[deny(deprecated)]` implied by `#[deny(warnings)]`
[INFO] [stdout] 
[INFO] [stdout] error: use of deprecated associated function `core::num::<impl i16>::max_value`: replaced by the `MAX` associated constant on this type
[INFO] [stdout]   --> src/value.rs:70:11
[INFO] [stdout]    |
[INFO] [stdout] 70 |     (i16::max_value(), Str::from("hello"), true),
[INFO] [stdout]    |           ^^^^^^^^^
[INFO] [stdout] 
[INFO] [stdout] error: aborting due to 2 previous errors
[INFO] [stdout] 
[INFO] [stdout] Couldn't compile the test.
[INFO] [stdout] ---- src/value.rs - value::Value (line 34) stdout ----
[INFO] [stdout] error: use of deprecated associated function `core::num::<impl i16>::max_value`: replaced by the `MAX` associated constant on this type
[INFO] [stdout]   --> src/value.rs:39:25
[INFO] [stdout]    |
[INFO] [stdout] 39 | let v = Value::new(i16::max_value());
[INFO] [stdout]    |                         ^^^^^^^^^
[INFO] [stdout]    |
[INFO] [stdout] note: the lint level is defined here
[INFO] [stdout]   --> src/value.rs:30:9
[INFO] [stdout]    |
[INFO] [stdout] 30 | #![deny(warnings)]
[INFO] [stdout]    |         ^^^^^^^^
[INFO] [stdout]    = note: `#[deny(deprecated)]` implied by `#[deny(warnings)]`
[INFO] [stdout] 
[INFO] [stdout] error: use of deprecated associated function `core::num::<impl i16>::max_value`: replaced by the `MAX` associated constant on this type
[INFO] [stdout]   --> src/value.rs:49:45
[INFO] [stdout]    |
[INFO] [stdout] 49 | assert_eq!(i16::try_from(&v).unwrap(), i16::max_value());
[INFO] [stdout]    |                                             ^^^^^^^^^
[INFO] [stdout] 
[INFO] [stdout] error: aborting due to 2 previous errors
[INFO] [stdout] 
[INFO] [stdout] Couldn't compile the test.
[INFO] [stdout] 
[INFO] [stdout] failures:
[INFO] [stdout]     src/value.rs - value::Value (line 34)
[INFO] [stdout]     src/value.rs - value::Value (line 53)
[INFO] [stdout] 
[INFO] [stdout] test result: FAILED. 14 passed; 2 failed; 0 ignored; 0 measured; 0 filtered out; finished in 0.55s
[INFO] [stdout] 
[INFO] [stdout] all doctests ran in 0.69s; merged doctests compilation took 0.13s
[INFO] [stderr] error: doctest failed, to rerun pass `--doc`
[INFO] running `Command { std: "docker" "inspect" "d7c19dcea4aedf49da41860c7d94ee8fe0d17f0ddf9bfe84e51197aa0c41abcc", kill_on_drop: false }`
[INFO] running `Command { std: "docker" "rm" "-f" "d7c19dcea4aedf49da41860c7d94ee8fe0d17f0ddf9bfe84e51197aa0c41abcc", kill_on_drop: false }`
[INFO] [stdout] d7c19dcea4aedf49da41860c7d94ee8fe0d17f0ddf9bfe84e51197aa0c41abcc
