[INFO] fetching crate zestors-runtime 0.3.1...
[INFO] testing zestors-runtime-0.3.1 against 1.100.0-beta.1 for beta-1.100-2
[INFO] extracting crate zestors-runtime 0.3.1 into /workspace/builds/worker-1-tc2/source
[INFO] started tweaking crates.io crate zestors-runtime 0.3.1
[INFO] removed 0 missing tests
[INFO] finished tweaking crates.io crate zestors-runtime 0.3.1
[INFO] tweaked toml for crates.io crate zestors-runtime 0.3.1 written to /workspace/builds/worker-1-tc2/source/Cargo.toml
[INFO] validating manifest of crates.io crate zestors-runtime 0.3.1 on toolchain 1.100.0-beta.1
[INFO] running `Command { std: CARGO_HOME="/workspace/cargo-home" RUSTUP_HOME="/workspace/rustup-home" "/workspace/cargo-home/bin/cargo" "+1.100.0-beta.1" "metadata" "--manifest-path" "Cargo.toml" "--no-deps", kill_on_drop: false }`
[INFO] crate crates.io crate zestors-runtime 0.3.1 already has a lockfile, it will not be regenerated
[INFO] running `Command { std: CARGO_HOME="/workspace/cargo-home" RUSTUP_HOME="/workspace/rustup-home" "/workspace/cargo-home/bin/cargo" "+1.100.0-beta.1" "fetch" "--manifest-path" "Cargo.toml", kill_on_drop: false }`
[INFO] running `Command { std: "docker" "create" "-v" "/var/lib/crater-agent-workspace/builds/worker-1-tc2/source:/opt/rustwide/workdir:ro,Z" "-v" "/var/lib/crater-agent-workspace/builds/worker-1-tc2/target:/opt/rustwide/target:rw,Z" "-v" "/var/lib/crater-agent-workspace/cargo-home:/opt/rustwide/cargo-home:ro,Z" "-v" "/var/lib/crater-agent-workspace/rustup-home:/opt/rustwide/rustup-home:ro,Z" "-m" "1610612736" "--network" "none" "ghcr.io/rust-lang/crates-build-env/linux@sha256:3111399a4047eeb3a02b7a90e478d715f38a8c6669b5c4b49d30a17385265909" "sleep" "infinity", kill_on_drop: false }`
[INFO] [stdout] 297a74defbb144a1953bd68838fd7a9dc3b28819da5a032ff670c6a30089ec70
[INFO] running `Command { std: "docker" "start" "297a74defbb144a1953bd68838fd7a9dc3b28819da5a032ff670c6a30089ec70", kill_on_drop: false }`
[INFO] running `Command { std: "docker" "inspect" "297a74defbb144a1953bd68838fd7a9dc3b28819da5a032ff670c6a30089ec70", kill_on_drop: false }`
[INFO] running `Command { std: "docker" "exec" "-e" "SOURCE_DIR=/opt/rustwide/workdir" "-e" "CARGO_HOME=/opt/rustwide/cargo-home" "-e" "RUSTUP_HOME=/opt/rustwide/rustup-home" "-e" "CARGO_TARGET_DIR=/opt/rustwide/target" "-w" "/opt/rustwide/workdir" "--user" "0:0" "297a74defbb144a1953bd68838fd7a9dc3b28819da5a032ff670c6a30089ec70" "/opt/rustwide/cargo-home/bin/cargo" "+1.100.0-beta.1" "metadata" "--no-deps" "--format-version=1", kill_on_drop: false }`
[INFO] running `Command { std: "docker" "inspect" "297a74defbb144a1953bd68838fd7a9dc3b28819da5a032ff670c6a30089ec70", kill_on_drop: false }`
[INFO] running `Command { std: "docker" "exec" "-e" "SOURCE_DIR=/opt/rustwide/workdir" "-e" "CARGO_HOME=/opt/rustwide/cargo-home" "-e" "RUSTUP_HOME=/opt/rustwide/rustup-home" "-e" "CARGO_TARGET_DIR=/opt/rustwide/target" "-e" "CARGO_INCREMENTAL=0" "-e" "RUST_BACKTRACE=full" "-e" "RUSTFLAGS=--cap-lints=warn" "-e" "RUSTDOCFLAGS=--cap-lints=warn" "-w" "/opt/rustwide/workdir" "--user" "0:0" "297a74defbb144a1953bd68838fd7a9dc3b28819da5a032ff670c6a30089ec70" "/opt/rustwide/cargo-home/bin/cargo" "+1.100.0-beta.1" "build" "--frozen" "--message-format=json", kill_on_drop: false }`
[INFO] [stderr]    Compiling serde_core v1.0.229
[INFO] [stderr]    Compiling futures-sink v0.3.34
[INFO] [stderr]    Compiling smallvec v1.16.1
[INFO] [stderr]    Compiling getrandom v0.4.3
[INFO] [stderr]    Compiling memchr v2.8.3
[INFO] [stderr]    Compiling crossbeam-utils v0.8.23
[INFO] [stderr]    Compiling serde v1.0.229
[INFO] [stderr]    Compiling triomphe v0.1.16
[INFO] [stderr]    Compiling syn v3.0.6
[INFO] [stderr]    Compiling syn v2.0.119
[INFO] [stderr]    Compiling mio v1.2.3
[INFO] [stderr]    Compiling socket2 v0.6.5
[INFO] [stderr]    Compiling chacha20 v0.10.2
[INFO] [stderr]    Compiling seize v0.5.1
[INFO] [stderr]    Compiling indexmap v2.14.2
[INFO] [stderr]    Compiling futures-channel v0.3.34
[INFO] [stderr]    Compiling parking_lot_core v0.9.12
[INFO] [stderr]    Compiling uuid v1.26.1
[INFO] [stderr]    Compiling rootcause-internals v0.13.0
[INFO] [stderr]    Compiling jiff-core v0.1.1
[INFO] [stderr]    Compiling type-sets v0.2.3
[INFO] [stderr]    Compiling rustc-hash v2.1.3
[INFO] [stderr]    Compiling parking_lot v0.12.5
[INFO] [stderr]    Compiling readlock v0.1.11
[INFO] [stderr]    Compiling rand v0.10.3
[INFO] [stderr]    Compiling bs58 v0.5.1
[INFO] [stderr]    Compiling eyeball v0.8.8
[INFO] [stderr]    Compiling concurrent-queue v2.5.0
[INFO] [stderr]    Compiling rootcause v0.13.0
[INFO] [stderr]    Compiling jiff v0.2.37
[INFO] [stderr]    Compiling smol_str v0.3.6
[INFO] [stderr]    Compiling darling_core v0.24.1
[INFO] [stderr]    Compiling futures-macro v0.3.34
[INFO] [stderr]    Compiling tokio-macros v2.7.2
[INFO] [stderr]    Compiling thiserror-impl v2.0.20
[INFO] [stderr]    Compiling serde_derive v1.0.229
[INFO] [stderr]    Compiling tracing-attributes v0.1.31
[INFO] [stderr]    Compiling tokio v1.53.1
[INFO] [stderr]    Compiling futures-util v0.3.34
[INFO] [stderr]    Compiling thiserror v2.0.20
[INFO] [stderr]    Compiling tracing v0.1.44
[INFO] [stderr]    Compiling darling_macro v0.24.1
[INFO] [stderr]    Compiling darling v0.24.1
[INFO] [stderr]    Compiling zestors-codegen v0.3.1
[INFO] [stderr]    Compiling papaya v0.2.5
[INFO] [stderr]    Compiling futures-executor v0.3.34
[INFO] [stderr]    Compiling futures v0.3.34
[INFO] [stderr]    Compiling zestors-interface v0.3.1
[INFO] [stderr]    Compiling zestors-runtime v0.3.1 (/opt/rustwide/workdir)
[INFO] [stderr]     Finished `dev` profile [unoptimized + debuginfo] target(s) in 7.67s
[INFO] running `Command { std: "docker" "inspect" "297a74defbb144a1953bd68838fd7a9dc3b28819da5a032ff670c6a30089ec70", kill_on_drop: false }`
[INFO] running `Command { std: "docker" "exec" "-e" "SOURCE_DIR=/opt/rustwide/workdir" "-e" "CARGO_HOME=/opt/rustwide/cargo-home" "-e" "RUSTUP_HOME=/opt/rustwide/rustup-home" "-e" "CARGO_TARGET_DIR=/opt/rustwide/target" "-e" "CARGO_INCREMENTAL=0" "-e" "RUST_BACKTRACE=full" "-e" "RUSTFLAGS=--cap-lints=warn" "-e" "RUSTDOCFLAGS=--cap-lints=warn" "-w" "/opt/rustwide/workdir" "--user" "0:0" "297a74defbb144a1953bd68838fd7a9dc3b28819da5a032ff670c6a30089ec70" "/opt/rustwide/cargo-home/bin/cargo" "+1.100.0-beta.1" "test" "--frozen" "--no-run" "--message-format=json", kill_on_drop: false }`
[INFO] [stderr]    Compiling zestors-runtime v0.3.1 (/opt/rustwide/workdir)
[INFO] [stderr]     Finished `test` profile [unoptimized + debuginfo] target(s) in 3.72s
[INFO] running `Command { std: "docker" "inspect" "297a74defbb144a1953bd68838fd7a9dc3b28819da5a032ff670c6a30089ec70", kill_on_drop: false }`
[INFO] running `Command { std: "docker" "exec" "-e" "SOURCE_DIR=/opt/rustwide/workdir" "-e" "CARGO_HOME=/opt/rustwide/cargo-home" "-e" "RUSTUP_HOME=/opt/rustwide/rustup-home" "-e" "CARGO_TARGET_DIR=/opt/rustwide/target" "-e" "CARGO_INCREMENTAL=0" "-e" "RUST_BACKTRACE=full" "-e" "RUSTFLAGS=--cap-lints=warn" "-e" "RUSTDOCFLAGS=--cap-lints=warn" "-w" "/opt/rustwide/workdir" "--user" "0:0" "297a74defbb144a1953bd68838fd7a9dc3b28819da5a032ff670c6a30089ec70" "/opt/rustwide/cargo-home/bin/cargo" "+1.100.0-beta.1" "test" "--frozen", kill_on_drop: false }`
[INFO] [stderr]     Finished `test` profile [unoptimized + debuginfo] target(s) in 0.06s
[INFO] [stderr]      Running unittests src/lib.rs (/opt/rustwide/target/debug/build/zestors-runtime/a26db5373ccdac37/out/zestors_runtime-a26db5373ccdac37)
[INFO] [stdout] 
[INFO] [stdout] running 6 tests
[INFO] [stdout] test channel::data::tests::queues_are_not_preallocated ... ok
[INFO] [stdout] test channel::data::tests::signals_past_the_limit_are_dropped ... ok
[INFO] [stdout] test registry::name::test::test_name ... ok
[INFO] [stdout] test references::address::tests::test_address_downcast_ref ... ok
[INFO] [stdout] test channel::data::tests::pushing_past_the_message_limit_panics - should panic ... ok
[INFO] [stdout] test channel::data::tests::pushing_past_the_message_limit_panics_on_the_typed_path - should panic ... ok
[INFO] [stdout] 
[INFO] [stdout] test result: ok. 6 passed; 0 failed; 0 ignored; 0 measured; 0 filtered out; finished in 0.11s
[INFO] [stdout] 
[INFO] [stderr]      Running tests/messaging_tests.rs (/opt/rustwide/target/debug/build/zestors-runtime/38107d2c1780e74b/out/messaging_tests-38107d2c1780e74b)
[INFO] [stdout] 
[INFO] [stdout] running 16 tests
[INFO] [stdout] test call_options_builder_methods_set_the_right_flag ... ok
[INFO] [stdout] test call_options_default_disables_both_flags ... ok
[INFO] [stdout] test call_fails_closed_on_a_dead_actor ... ok
[INFO] [stdout] test call_reports_no_response_if_the_request_is_dropped_unanswered ... ok
[INFO] [stdout] test cast_wakes_a_receiver_already_parked_in_recv ... ok
[INFO] [stdout] test try_cast_reports_full_once_backpressure_is_reached ... ok
[INFO] [stdout] test cast_and_try_cast_fail_once_the_actor_is_dead ... ok
[INFO] [stdout] test dyn_sends_reject_a_message_type_the_interface_does_not_accept ... ok
[INFO] [stdout] test members_accepts_and_is_interface_reflect_the_concrete_type ... ok
[INFO] [stdout] test cast_fails_while_exiting_unless_told_to_ignore_it ... ok
[INFO] [stdout] test call_returns_the_actors_reply ... ok
[INFO] [stdout] test cast_dyn_and_call_dyn_work_for_an_accepted_message ... ok
[INFO] [stdout] test try_cast_succeeds_on_a_running_actor ... ok
[INFO] [stdout] test ignore_backpressure_bypasses_the_full_error ... ok
[INFO] [stdout] test cast_waits_out_backpressure_instead_of_failing ... ok
[INFO] [stdout] test casting_is_fifo_so_a_trailing_call_is_a_processing_barrier ... ok
[INFO] [stdout] 
[INFO] [stdout] test result: ok. 16 passed; 0 failed; 0 ignored; 0 measured; 0 filtered out; finished in 0.01s
[INFO] [stdout] 
[INFO] [stderr]      Running tests/references_tests.rs (/opt/rustwide/target/debug/build/zestors-runtime/8b29ff741bf07777/out/references_tests-8b29ff741bf07777)
[INFO] [stdout] 
[INFO] [stdout] running 27 tests
[INFO] [stdout] test address_does_not_count_toward_strong_count ... ok
[INFO] [stdout] test address_can_still_send_after_every_strong_ref_is_dropped ... ok
[INFO] [stdout] test register_initialized_is_idempotent ... ok
[INFO] [stdout] test as_dyn_and_downcast_ref_convert_by_reference ... ok
[INFO] [stdout] test into_dyn_checked_fails_for_a_message_the_interface_does_not_accept ... ok
[INFO] [stdout] test dropping_an_attached_child_aborts_it ... ok
[INFO] [stdout] test into_parts_and_into_handle_hand_back_ownership ... ok
[INFO] [stdout] test abort_marks_the_exit_status_as_aborted ... ok
[INFO] [stdout] test into_dyn_widens_to_an_accepted_subset ... ok
[INFO] [stdout] test downcast_round_trips_to_the_concrete_interface ... ok
[INFO] [stdout] test respawn_reuses_the_name_and_registry_entry ... ok
[INFO] [stdout] test dropping_the_inbox_drains_its_queue ... ok
[INFO] [stdout] test manual_init_suppresses_the_automatic_running_transition ... ok
[INFO] [stdout] test run_until_shutdown_cancels_a_pending_future_on_shutdown ... ok
[INFO] [stdout] test run_until_shutdown_is_cancelled_immediately_if_already_exiting ... ok
[INFO] [stdout] test strong_address_create_registers_without_spawning ... ok
[INFO] [stdout] test shutdown_abort_returns_ok_for_a_cooperative_actor ... ok
[INFO] [stdout] test spawning_twice_on_the_same_strong_address_is_rejected ... ok
[INFO] [stdout] test run_until_shutdown_completes_normally_without_a_signal ... ok
[INFO] [stdout] test the_unit_interface_accepts_unit ... ok
[INFO] [stdout] test task_box_wait_shutdown_returns_once_shutdown_is_seen ... ok
[INFO] [stdout] test upgrade_fails_once_permanently_dead_and_succeeds_otherwise ... ok
[INFO] [stdout] test try_recv_finds_a_message_queued_before_the_actor_started_polling ... ok
[INFO] [stdout] test task_box_wait_shutdown_is_immediate_if_already_exiting ... ok
[INFO] [stdout] test shutdown_abort_gives_a_slow_actor_a_grace_period_then_aborts ... ok
[INFO] [stdout] test recv_event_stops_but_recv_event_always_keeps_waiting_once_exiting_and_empty ... ok
[INFO] [stdout] test detach_prevents_abort_on_drop ... ok
[INFO] [stdout] 
[INFO] [stdout] test result: ok. 27 passed; 0 failed; 0 ignored; 0 measured; 0 filtered out; finished in 0.26s
[INFO] [stdout] 
[INFO] [stderr]      Running tests/registration.rs (/opt/rustwide/target/debug/build/zestors-runtime/1d0be15fe3e7ad3e/out/registration-1d0be15fe3e7ad3e)
[INFO] [stdout] 
[INFO] [stdout] running 2 tests
[INFO] [stdout] test register_and_deregister_refcounts_basics ... ok
[INFO] [stdout] test register_and_deregister_custom ... ok
[INFO] [stdout] 
[INFO] [stdout] test result: ok. 2 passed; 0 failed; 0 ignored; 0 measured; 0 filtered out; finished in 0.01s
[INFO] [stdout] 
[INFO] [stderr]      Running tests/registry_tests.rs (/opt/rustwide/target/debug/build/zestors-runtime/88c4190114b13b6a/out/registry_tests-88c4190114b13b6a)
[INFO] [stdout] 
[INFO] [stdout] running 13 tests
[INFO] [stdout] test name_conversions_round_trip_through_string ... ok
[INFO] [stdout] test rand_names_are_unique ... ok
[INFO] [stdout] test strong_address_create_also_registers ... ok
[INFO] [stdout] test duplicate_name_is_rejected_and_reports_the_name ... ok
[INFO] [stdout] test get_finds_a_registered_actor_and_none_for_an_unknown_name ... ok
[INFO] [stdout] test get_typed_succeeds_for_the_right_interface_and_errors_otherwise ... ok
[INFO] [stdout] test contains_reflects_registration_and_removal ... ok
[INFO] [stdout] test spawn_auto_registers_and_exit_plus_drop_auto_deregisters ... ok
[INFO] [stdout] test a_names_address_mirrors_the_registry ... ok
[INFO] [stdout] test get_dyn_succeeds_for_an_accepted_subset_and_errors_otherwise ... ok
[INFO] [stdout] test a_rejected_duplicate_spawn_does_not_deregister_the_original ... ok
[INFO] [stdout] test name_can_be_reused_once_the_previous_actor_is_fully_gone ... ok
[INFO] [stdout] test fetch_addresses_includes_every_currently_registered_actor ... ok
[INFO] [stdout] 
[INFO] [stdout] test result: ok. 13 passed; 0 failed; 0 ignored; 0 measured; 0 filtered out; finished in 0.01s
[INFO] [stdout] 
[INFO] [stderr]      Running tests/signals_tests.rs (/opt/rustwide/target/debug/build/zestors-runtime/ef8d722b7b66f77e/out/signals_tests-ef8d722b7b66f77e)
[INFO] [stdout] 
[INFO] [stdout] running 16 tests
[INFO] [stdout] test signal_predicates_match_the_variant ... ok
[INFO] [stdout] test ping_fails_once_the_actor_is_dead ... ok
[INFO] [stdout] test signals_are_rejected_once_the_actor_is_exiting_but_not_yet_dead ... ok
[INFO] [stdout] test shutdown_stops_the_actor ... ok
[INFO] [stdout] test shutdown_returns_false_once_already_dead ... ok
[INFO] [stdout] test resume_is_a_no_op_when_already_running ... ok
[INFO] [stdout] test ping_resolves_on_a_live_actor ... ok
[INFO] [stdout] test a_signal_queued_right_after_shutdown_on_an_idle_actor_outlives_the_event_loop ... ok
[INFO] [stdout] test every_signal_returns_false_on_a_dead_channel ... ok
[INFO] [stdout] test suspend_is_a_no_op_when_already_suspended ... ok
[INFO] [stdout] test ping_jumps_ahead_of_a_slow_message_backlog ... ok
[INFO] [stdout] test later_signals_override_earlier_ones_in_order ... ok
[INFO] [stdout] test messages_queued_while_suspended_are_processed_exactly_once_after_resuming ... ok
[INFO] [stdout] test shutdown_still_drains_every_queued_message ... ok
[INFO] [stdout] test suspend_then_resume_round_trips_status ... ok
[INFO] [stdout] test suspend_prevents_processing_until_resumed ... ok
[INFO] [stdout] 
[INFO] [stdout] test result: ok. 16 passed; 0 failed; 0 ignored; 0 measured; 0 filtered out; finished in 0.21s
[INFO] [stderr]      Running tests/spawning_tests.rs (/opt/rustwide/target/debug/build/zestors-runtime/afc1c627d8d15a90/out/spawning_tests-afc1c627d8d15a90)
[INFO] [stdout] 
[INFO] [stdout] 
[INFO] [stdout] running 13 tests
[INFO] [stdout] test spawn_and_spawn_task_reject_a_duplicate_name ... ok
[INFO] [stdout] test spawn_rand_uses_a_fresh_random_name ... ok
[INFO] [stdout] test created_at_is_stable_across_respawns_while_last_spawned_at_updates ... ok
[INFO] [stdout] test spawn_task_with_a_specific_name_registers_it ... ok
[INFO] [stdout] test spawn_on_a_strong_address_registers_the_name_it_was_created_with ... ok
[INFO] [stdout] test respawning_with_a_different_handler_is_allowed ... ok
[INFO] [stdout] test spawn_task_cannot_receive_messages_but_can_receive_signals ... ok
[INFO] [stdout] test the_spawn_functions_return_the_handlers_own_result ... ok
[INFO] [stdout] test cannot_spawn_again_while_a_previous_run_is_still_active ... ok
[INFO] [stdout] test spawn_error_result_maps_to_unhandled_error_exit_status ... ok
[INFO] [stdout] test respawning_reuses_the_same_channel_and_name ... ok
[INFO] [stdout] test spawn_uses_the_given_name ... ok
[INFO] [stdout] test a_panic_before_the_first_recv_still_registers_spawned_and_exited ... ok
[INFO] [stdout] 
[INFO] [stdout] test result: ok. 13 passed; 0 failed; 0 ignored; 0 measured; 0 filtered out; finished in 0.05s
[INFO] [stdout] 
[INFO] [stderr]      Running tests/status_tests.rs (/opt/rustwide/target/debug/build/zestors-runtime/1a5e4692048563da/out/status_tests-1a5e4692048563da)
[INFO] [stdout] 
[INFO] [stdout] running 14 tests
[INFO] [stdout] test exit_status_is_normal_xor_is_error ... ok
[INFO] [stdout] test actor_status_predicates_are_mutually_consistent ... ok
[INFO] [stdout] test exit_status_round_trips_through_result ... ok
[INFO] [stdout] test permanently_dead_requires_every_strong_ref_to_be_gone ... ok
[INFO] [stdout] test monitor_resolves_for_an_already_satisfied_condition ... ok
[INFO] [stdout] test snapshot_msg_len_reflects_unprocessed_messages ... ok
[INFO] [stdout] test snapshot_reports_name_status_and_empty_queues ... ok
[INFO] [stdout] test uptime_counts_from_last_spawn_and_keeps_counting_after_exit ... ok
[INFO] [stdout] test exit_status_reflects_unhandled_error ... ok
[INFO] [stdout] test full_lifecycle_transitions_in_order ... ok
[INFO] [stdout] test spawn_and_exit_history_are_bounded_and_ordered ... ok
[INFO] [stdout] test exit_status_reflects_panic ... ok
[INFO] [stdout] test monitor_init_reports_early_exit_instead_of_hanging ... ok
[INFO] [stdout] test monitor_never_resolves_for_an_unreachable_condition ... ok
[INFO] [stdout] 
[INFO] [stdout] test result: ok. 14 passed; 0 failed; 0 ignored; 0 measured; 0 filtered out; finished in 0.12s
[INFO] [stdout] 
[INFO] [stderr]    Doc-tests zestors_runtime
[INFO] [stdout] 
[INFO] [stdout] running 11 tests
[INFO] [stdout] test src/accepts.rs - accepts::CallOptions (line 140) ... FAILED
[INFO] [stdout] test src/ops.rs - ops::ActorOps (line 31) ... FAILED
[INFO] [stdout] test src/lib.rs - (line 43) ... FAILED
[INFO] [stdout] test src/references/child.rs - references::child::Child (line 22) ... FAILED
[INFO] [stdout] test src/spawn.rs - spawn::spawn_task (line 24) ... FAILED
[INFO] [stdout] test src/references/dyn_conv.rs - references::dyn_conv::IntoDyn (line 10) ... FAILED
[INFO] [stdout] test src/spawn.rs - spawn::spawn (line 69) ... FAILED
[INFO] [stdout] test src/ops.rs - ops::ActorOps::cast_dyn (line 63) ... FAILED
[INFO] [stdout] test src/accepts.rs - accepts::Accepts (line 19) ... FAILED
[INFO] [stdout] test src/lib.rs - (line 68) ... FAILED
[INFO] [stdout] test src/spawn.rs - spawn::StrongAddress<T>::spawn (line 136) ... FAILED
[INFO] [stdout] 
[INFO] [stdout] failures:
[INFO] [stdout] 
[INFO] [stdout] ---- src/accepts.rs - accepts::CallOptions (line 140) stdout ----
[INFO] [stdout] error[E0433]: cannot find module or crate `zestors` in this scope
[INFO] [stdout]    --> src/accepts.rs:141:5
[INFO] [stdout]     |
[INFO] [stdout] 141 | use zestors::runtime::CallOptions;
[INFO] [stdout]     |     ^^^^^^^ use of unresolved module or unlinked crate `zestors`
[INFO] [stdout]     |
[INFO] [stdout]     = help: if you wanted to use a crate named `zestors`, use `cargo add zestors` to add it to your `Cargo.toml`
[INFO] [stdout] 
[INFO] [stdout] error: aborting due to 1 previous error
[INFO] [stdout] 
[INFO] [stdout] For more information about this error, try `rustc --explain E0433`.
[INFO] [stdout] Couldn't compile the test.
[INFO] [stdout] ---- src/ops.rs - ops::ActorOps (line 31) stdout ----
[INFO] [stdout] error[E0433]: cannot find module or crate `zestors` in this scope
[INFO] [stdout]   --> src/ops.rs:32:5
[INFO] [stdout]    |
[INFO] [stdout] 32 | use zestors::runtime::prelude::*;
[INFO] [stdout]    |     ^^^^^^^ use of unresolved module or unlinked crate `zestors`
[INFO] [stdout]    |
[INFO] [stdout]    = help: if you wanted to use a crate named `zestors`, use `cargo add zestors` to add it to your `Cargo.toml`
[INFO] [stdout] 
[INFO] [stdout] error[E0433]: cannot find module or crate `zestors` in this scope
[INFO] [stdout]   --> src/ops.rs:33:5
[INFO] [stdout]    |
[INFO] [stdout] 33 | use zestors::runtime::spawn_rand;
[INFO] [stdout]    |     ^^^^^^^ use of unresolved module or unlinked crate `zestors`
[INFO] [stdout]    |
[INFO] [stdout]    = help: if you wanted to use a crate named `zestors`, use `cargo add zestors` to add it to your `Cargo.toml`
[INFO] [stdout] 
[INFO] [stdout] error[E0432]: unresolved import `zestors::runtime::spawn_rand`
[INFO] [stdout]   --> src/ops.rs:33:5
[INFO] [stdout]    |
[INFO] [stdout] 33 | use zestors::runtime::spawn_rand;
[INFO] [stdout]    |     ^^^^^^^^^^^^^^^^^^^^^^^^^^^^
[INFO] [stdout] 
[INFO] [stdout] error[E0425]: cannot find type `Inbox` in this scope
[INFO] [stdout]   --> src/ops.rs:37:36
[INFO] [stdout]    |
[INFO] [stdout] 37 | let child = spawn_rand(|mut inbox: Inbox<()>| async move {
[INFO] [stdout]    |                                    ^^^^^ not found in this scope
[INFO] [stdout] 
[INFO] [stdout] error: aborting due to 4 previous errors
[INFO] [stdout] 
[INFO] [stdout] Some errors have detailed explanations: E0425, E0432, E0433.
[INFO] [stdout] For more information about an error, try `rustc --explain E0425`.
[INFO] [stdout] Couldn't compile the test.
[INFO] [stdout] ---- src/lib.rs - (line 43) stdout ----
[INFO] [stdout] error[E0433]: cannot find module or crate `zestors` in this scope
[INFO] [stdout]   --> src/lib.rs:44:5
[INFO] [stdout]    |
[INFO] [stdout] 44 | use zestors::runtime::prelude::*;
[INFO] [stdout]    |     ^^^^^^^ use of unresolved module or unlinked crate `zestors`
[INFO] [stdout]    |
[INFO] [stdout]    = help: if you wanted to use a crate named `zestors`, use `cargo add zestors` to add it to your `Cargo.toml`
[INFO] [stdout] 
[INFO] [stdout] error[E0433]: cannot find module or crate `zestors` in this scope
[INFO] [stdout]   --> src/lib.rs:45:5
[INFO] [stdout]    |
[INFO] [stdout] 45 | use zestors::runtime::spawn_rand;
[INFO] [stdout]    |     ^^^^^^^ use of unresolved module or unlinked crate `zestors`
[INFO] [stdout]    |
[INFO] [stdout]    = help: if you wanted to use a crate named `zestors`, use `cargo add zestors` to add it to your `Cargo.toml`
[INFO] [stdout] 
[INFO] [stdout] error[E0432]: unresolved import `zestors::runtime::spawn_rand`
[INFO] [stdout]   --> src/lib.rs:45:5
[INFO] [stdout]    |
[INFO] [stdout] 45 | use zestors::runtime::spawn_rand;
[INFO] [stdout]    |     ^^^^^^^^^^^^^^^^^^^^^^^^^^^^
[INFO] [stdout] 
[INFO] [stdout] error[E0425]: cannot find type `Inbox` in this scope
[INFO] [stdout]   --> src/lib.rs:48:36
[INFO] [stdout]    |
[INFO] [stdout] 48 | let child = spawn_rand(|mut inbox: Inbox<()>| async move {
[INFO] [stdout]    |                                    ^^^^^ not found in this scope
[INFO] [stdout] 
[INFO] [stdout] error: aborting due to 4 previous errors
[INFO] [stdout] 
[INFO] [stdout] Some errors have detailed explanations: E0425, E0432, E0433.
[INFO] [stdout] For more information about an error, try `rustc --explain E0425`.
[INFO] [stdout] Couldn't compile the test.
[INFO] [stdout] ---- src/references/child.rs - references::child::Child (line 22) stdout ----
[INFO] [stdout] error[E0433]: cannot find module or crate `zestors` in this scope
[INFO] [stdout]   --> src/references/child.rs:23:5
[INFO] [stdout]    |
[INFO] [stdout] 23 | use zestors::runtime::prelude::*;
[INFO] [stdout]    |     ^^^^^^^ use of unresolved module or unlinked crate `zestors`
[INFO] [stdout]    |
[INFO] [stdout]    = help: if you wanted to use a crate named `zestors`, use `cargo add zestors` to add it to your `Cargo.toml`
[INFO] [stdout] 
[INFO] [stdout] error[E0433]: cannot find module or crate `zestors` in this scope
[INFO] [stdout]   --> src/references/child.rs:24:5
[INFO] [stdout]    |
[INFO] [stdout] 24 | use zestors::runtime::spawn_rand;
[INFO] [stdout]    |     ^^^^^^^ use of unresolved module or unlinked crate `zestors`
[INFO] [stdout]    |
[INFO] [stdout]    = help: if you wanted to use a crate named `zestors`, use `cargo add zestors` to add it to your `Cargo.toml`
[INFO] [stdout] 
[INFO] [stdout] error[E0432]: unresolved import `zestors::runtime::spawn_rand`
[INFO] [stdout]   --> src/references/child.rs:24:5
[INFO] [stdout]    |
[INFO] [stdout] 24 | use zestors::runtime::spawn_rand;
[INFO] [stdout]    |     ^^^^^^^^^^^^^^^^^^^^^^^^^^^^
[INFO] [stdout] 
[INFO] [stdout] error[E0425]: cannot find type `Inbox` in this scope
[INFO] [stdout]   --> src/references/child.rs:27:40
[INFO] [stdout]    |
[INFO] [stdout] 27 | let mut child = spawn_rand(|mut inbox: Inbox<()>| async move {
[INFO] [stdout]    |                                        ^^^^^ not found in this scope
[INFO] [stdout] 
[INFO] [stdout] error: aborting due to 4 previous errors
[INFO] [stdout] 
[INFO] [stdout] Some errors have detailed explanations: E0425, E0432, E0433.
[INFO] [stdout] For more information about an error, try `rustc --explain E0425`.
[INFO] [stdout] Couldn't compile the test.
[INFO] [stdout] ---- src/spawn.rs - spawn::spawn_task (line 24) stdout ----
[INFO] [stdout] error[E0433]: cannot find module or crate `zestors` in this scope
[INFO] [stdout]   --> src/spawn.rs:25:5
[INFO] [stdout]    |
[INFO] [stdout] 25 | use zestors::runtime::prelude::*;
[INFO] [stdout]    |     ^^^^^^^ use of unresolved module or unlinked crate `zestors`
[INFO] [stdout]    |
[INFO] [stdout]    = help: if you wanted to use a crate named `zestors`, use `cargo add zestors` to add it to your `Cargo.toml`
[INFO] [stdout] 
[INFO] [stdout] error[E0433]: cannot find module or crate `zestors` in this scope
[INFO] [stdout]   --> src/spawn.rs:26:5
[INFO] [stdout]    |
[INFO] [stdout] 26 | use zestors::runtime::{TaskBox, spawn_task};
[INFO] [stdout]    |     ^^^^^^^ use of unresolved module or unlinked crate `zestors`
[INFO] [stdout]    |
[INFO] [stdout]    = help: if you wanted to use a crate named `zestors`, use `cargo add zestors` to add it to your `Cargo.toml`
[INFO] [stdout] 
[INFO] [stdout] error[E0432]: unresolved imports `zestors::runtime::TaskBox`, `zestors::runtime::spawn_task`
[INFO] [stdout]   --> src/spawn.rs:26:24
[INFO] [stdout]    |
[INFO] [stdout] 26 | use zestors::runtime::{TaskBox, spawn_task};
[INFO] [stdout]    |                        ^^^^^^^  ^^^^^^^^^^
[INFO] [stdout] 
[INFO] [stdout] error[E0433]: cannot find type `Name` in this scope
[INFO] [stdout]   --> src/spawn.rs:30:24
[INFO] [stdout]    |
[INFO] [stdout] 30 | let child = spawn_task(Name::new("background-job"), |mut task_box: TaskBox| async move {
[INFO] [stdout]    |                        ^^^^ use of undeclared type `Name`
[INFO] [stdout] 
[INFO] [stdout] error: aborting due to 4 previous errors
[INFO] [stdout] 
[INFO] [stdout] Some errors have detailed explanations: E0432, E0433.
[INFO] [stdout] For more information about an error, try `rustc --explain E0432`.
[INFO] [stdout] Couldn't compile the test.
[INFO] [stdout] ---- src/references/dyn_conv.rs - references::dyn_conv::IntoDyn (line 10) stdout ----
[INFO] [stdout] error[E0433]: cannot find module or crate `zestors` in this scope
[INFO] [stdout]   --> src/references/dyn_conv.rs:12:5
[INFO] [stdout]    |
[INFO] [stdout] 12 | use zestors::runtime::prelude::*;
[INFO] [stdout]    |     ^^^^^^^ use of unresolved module or unlinked crate `zestors`
[INFO] [stdout]    |
[INFO] [stdout]    = help: if you wanted to use a crate named `zestors`, use `cargo add zestors` to add it to your `Cargo.toml`
[INFO] [stdout] 
[INFO] [stdout] error[E0433]: cannot find module or crate `zestors` in this scope
[INFO] [stdout]   --> src/references/dyn_conv.rs:11:5
[INFO] [stdout]    |
[INFO] [stdout] 11 | use zestors::interface::{Envelope, Interface, Message};
[INFO] [stdout]    |     ^^^^^^^ use of unresolved module or unlinked crate `zestors`
[INFO] [stdout]    |
[INFO] [stdout]    = help: if you wanted to use a crate named `zestors`, use `cargo add zestors` to add it to your `Cargo.toml`
[INFO] [stdout] 
[INFO] [stdout] error[E0433]: cannot find module or crate `zestors` in this scope
[INFO] [stdout]   --> src/references/dyn_conv.rs:13:5
[INFO] [stdout]    |
[INFO] [stdout] 13 | use zestors::runtime::{Dyn, spawn_rand};
[INFO] [stdout]    |     ^^^^^^^ use of unresolved module or unlinked crate `zestors`
[INFO] [stdout]    |
[INFO] [stdout]    = help: if you wanted to use a crate named `zestors`, use `cargo add zestors` to add it to your `Cargo.toml`
[INFO] [stdout] 
[INFO] [stdout] error[E0432]: unresolved imports `zestors::interface::Envelope`, `zestors::interface::Interface`, `zestors::interface::Message`, `zestors::runtime::Dyn`, `zestors::runtime::spawn_rand`
[INFO] [stdout]   --> src/references/dyn_conv.rs:11:26
[INFO] [stdout]    |
[INFO] [stdout] 11 | use zestors::interface::{Envelope, Interface, Message};
[INFO] [stdout]    |                          ^^^^^^^^  ^^^^^^^^^  ^^^^^^^
[INFO] [stdout] 12 | use zestors::runtime::prelude::*;
[INFO] [stdout] 13 | use zestors::runtime::{Dyn, spawn_rand};
[INFO] [stdout]    |                        ^^^  ^^^^^^^^^^
[INFO] [stdout] 
[INFO] [stdout] error: cannot find attribute `zestors` in this scope
[INFO] [stdout]   --> src/references/dyn_conv.rs:15:3
[INFO] [stdout]    |
[INFO] [stdout] 15 | #[zestors(interface_path = "zestors::interface")]
[INFO] [stdout]    |   ^^^^^^^
[INFO] [stdout] 
[INFO] [stdout] error: cannot find attribute `zestors` in this scope
[INFO] [stdout]   --> src/references/dyn_conv.rs:19:3
[INFO] [stdout]    |
[INFO] [stdout] 19 | #[zestors(interface_path = "zestors::interface")]
[INFO] [stdout]    |   ^^^^^^^
[INFO] [stdout] 
[INFO] [stdout] error[E0425]: cannot find type `Inbox` in this scope
[INFO] [stdout]   --> src/references/dyn_conv.rs:26:36
[INFO] [stdout]    |
[INFO] [stdout] 26 | let child = spawn_rand(|mut inbox: Inbox<PingInterface>| async move {
[INFO] [stdout]    |                                    ^^^^^ not found in this scope
[INFO] [stdout] 
[INFO] [stdout] error[E0425]: cannot find type `Address` in this scope
[INFO] [stdout]   --> src/references/dyn_conv.rs:33:18
[INFO] [stdout]    |
[INFO] [stdout] 33 | let dyn_address: Address<Dyn<(Ping,)>> = child.address().clone().into_dyn();
[INFO] [stdout]    |                  ^^^^^^^ not found in this scope
[INFO] [stdout] 
[INFO] [stdout] error: aborting due to 8 previous errors
[INFO] [stdout] 
[INFO] [stdout] Some errors have detailed explanations: E0425, E0432, E0433.
[INFO] [stdout] For more information about an error, try `rustc --explain E0425`.
[INFO] [stdout] Couldn't compile the test.
[INFO] [stdout] ---- src/spawn.rs - spawn::spawn (line 69) stdout ----
[INFO] [stdout] error[E0433]: cannot find module or crate `zestors` in this scope
[INFO] [stdout]   --> src/spawn.rs:70:5
[INFO] [stdout]    |
[INFO] [stdout] 70 | use zestors::runtime::prelude::*;
[INFO] [stdout]    |     ^^^^^^^ use of unresolved module or unlinked crate `zestors`
[INFO] [stdout]    |
[INFO] [stdout]    = help: if you wanted to use a crate named `zestors`, use `cargo add zestors` to add it to your `Cargo.toml`
[INFO] [stdout] 
[INFO] [stdout] error[E0433]: cannot find module or crate `zestors` in this scope
[INFO] [stdout]   --> src/spawn.rs:71:5
[INFO] [stdout]    |
[INFO] [stdout] 71 | use zestors::runtime::spawn;
[INFO] [stdout]    |     ^^^^^^^ use of unresolved module or unlinked crate `zestors`
[INFO] [stdout]    |
[INFO] [stdout]    = help: if you wanted to use a crate named `zestors`, use `cargo add zestors` to add it to your `Cargo.toml`
[INFO] [stdout] 
[INFO] [stdout] error[E0432]: unresolved import `zestors::runtime::spawn`
[INFO] [stdout]   --> src/spawn.rs:71:5
[INFO] [stdout]    |
[INFO] [stdout] 71 | use zestors::runtime::spawn;
[INFO] [stdout]    |     ^^^^^^^^^^^^^^^^^^^^^^^
[INFO] [stdout] 
[INFO] [stdout] error[E0425]: cannot find type `Inbox` in this scope
[INFO] [stdout]   --> src/spawn.rs:75:45
[INFO] [stdout]    |
[INFO] [stdout] 75 | let child = spawn(name.clone(), |mut inbox: Inbox<()>| async move {
[INFO] [stdout]    |                                             ^^^^^ not found in this scope
[INFO] [stdout] 
[INFO] [stdout] error[E0425]: cannot find type `Inbox` in this scope
[INFO] [stdout]   --> src/spawn.rs:82:25
[INFO] [stdout]    |
[INFO] [stdout] 82 | assert!(spawn(name, |_: Inbox<()>| async { Ok(()) }).is_err());
[INFO] [stdout]    |                         ^^^^^ not found in this scope
[INFO] [stdout] 
[INFO] [stdout] error[E0433]: cannot find type `Name` in this scope
[INFO] [stdout]   --> src/spawn.rs:74:12
[INFO] [stdout]    |
[INFO] [stdout] 74 | let name = Name::new("my-actor");
[INFO] [stdout]    |            ^^^^ use of undeclared type `Name`
[INFO] [stdout] 
[INFO] [stdout] error: aborting due to 6 previous errors
[INFO] [stdout] 
[INFO] [stdout] Some errors have detailed explanations: E0425, E0432, E0433.
[INFO] [stdout] For more information about an error, try `rustc --explain E0425`.
[INFO] [stdout] Couldn't compile the test.
[INFO] [stdout] ---- src/ops.rs - ops::ActorOps::cast_dyn (line 63) stdout ----
[INFO] [stdout] error[E0433]: cannot find module or crate `zestors` in this scope
[INFO] [stdout]   --> src/ops.rs:65:5
[INFO] [stdout]    |
[INFO] [stdout] 65 | use zestors::runtime::prelude::*;
[INFO] [stdout]    |     ^^^^^^^ use of unresolved module or unlinked crate `zestors`
[INFO] [stdout]    |
[INFO] [stdout]    = help: if you wanted to use a crate named `zestors`, use `cargo add zestors` to add it to your `Cargo.toml`
[INFO] [stdout] 
[INFO] [stdout] error[E0433]: cannot find module or crate `zestors` in this scope
[INFO] [stdout]   --> src/ops.rs:64:5
[INFO] [stdout]    |
[INFO] [stdout] 64 | use zestors::runtime::errors::CastDynError;
[INFO] [stdout]    |     ^^^^^^^ use of unresolved module or unlinked crate `zestors`
[INFO] [stdout]    |
[INFO] [stdout]    = help: if you wanted to use a crate named `zestors`, use `cargo add zestors` to add it to your `Cargo.toml`
[INFO] [stdout] 
[INFO] [stdout] error[E0433]: cannot find module or crate `zestors` in this scope
[INFO] [stdout]   --> src/ops.rs:66:5
[INFO] [stdout]    |
[INFO] [stdout] 66 | use zestors::runtime::spawn_rand;
[INFO] [stdout]    |     ^^^^^^^ use of unresolved module or unlinked crate `zestors`
[INFO] [stdout]    |
[INFO] [stdout]    = help: if you wanted to use a crate named `zestors`, use `cargo add zestors` to add it to your `Cargo.toml`
[INFO] [stdout] 
[INFO] [stdout] error[E0432]: unresolved imports `zestors::runtime::errors::CastDynError`, `zestors::runtime::spawn_rand`
[INFO] [stdout]   --> src/ops.rs:64:5
[INFO] [stdout]    |
[INFO] [stdout] 64 | use zestors::runtime::errors::CastDynError;
[INFO] [stdout]    |     ^^^^^^^^^^^^^^^^^^^^^^^^^^^^^^^^^^^^^^
[INFO] [stdout] 65 | use zestors::runtime::prelude::*;
[INFO] [stdout] 66 | use zestors::runtime::spawn_rand;
[INFO] [stdout]    |     ^^^^^^^^^^^^^^^^^^^^^^^^^^^^
[INFO] [stdout] 
[INFO] [stdout] error[E0425]: cannot find type `Inbox` in this scope
[INFO] [stdout]   --> src/ops.rs:72:36
[INFO] [stdout]    |
[INFO] [stdout] 72 | let child = spawn_rand(|mut inbox: Inbox<()>| async move {
[INFO] [stdout]    |                                    ^^^^^ not found in this scope
[INFO] [stdout] 
[INFO] [stdout] error: aborting due to 5 previous errors
[INFO] [stdout] 
[INFO] [stdout] Some errors have detailed explanations: E0425, E0432, E0433.
[INFO] [stdout] For more information about an error, try `rustc --explain E0425`.
[INFO] [stdout] Couldn't compile the test.
[INFO] [stdout] ---- src/accepts.rs - accepts::Accepts (line 19) stdout ----
[INFO] [stdout] error[E0433]: cannot find module or crate `zestors` in this scope
[INFO] [stdout]   --> src/accepts.rs:21:5
[INFO] [stdout]    |
[INFO] [stdout] 21 | use zestors::runtime::prelude::*;
[INFO] [stdout]    |     ^^^^^^^ use of unresolved module or unlinked crate `zestors`
[INFO] [stdout]    |
[INFO] [stdout]    = help: if you wanted to use a crate named `zestors`, use `cargo add zestors` to add it to your `Cargo.toml`
[INFO] [stdout] 
[INFO] [stdout] error[E0433]: cannot find module or crate `zestors` in this scope
[INFO] [stdout]   --> src/accepts.rs:20:5
[INFO] [stdout]    |
[INFO] [stdout] 20 | use zestors::interface::{Envelope, Interface, Message};
[INFO] [stdout]    |     ^^^^^^^ use of unresolved module or unlinked crate `zestors`
[INFO] [stdout]    |
[INFO] [stdout]    = help: if you wanted to use a crate named `zestors`, use `cargo add zestors` to add it to your `Cargo.toml`
[INFO] [stdout] 
[INFO] [stdout] error[E0433]: cannot find module or crate `zestors` in this scope
[INFO] [stdout]   --> src/accepts.rs:22:5
[INFO] [stdout]    |
[INFO] [stdout] 22 | use zestors::runtime::spawn_rand;
[INFO] [stdout]    |     ^^^^^^^ use of unresolved module or unlinked crate `zestors`
[INFO] [stdout]    |
[INFO] [stdout]    = help: if you wanted to use a crate named `zestors`, use `cargo add zestors` to add it to your `Cargo.toml`
[INFO] [stdout] 
[INFO] [stdout] error[E0432]: unresolved imports `zestors::interface::Envelope`, `zestors::interface::Interface`, `zestors::interface::Message`, `zestors::runtime::spawn_rand`
[INFO] [stdout]   --> src/accepts.rs:20:26
[INFO] [stdout]    |
[INFO] [stdout] 20 | use zestors::interface::{Envelope, Interface, Message};
[INFO] [stdout]    |                          ^^^^^^^^  ^^^^^^^^^  ^^^^^^^
[INFO] [stdout] 21 | use zestors::runtime::prelude::*;
[INFO] [stdout] 22 | use zestors::runtime::spawn_rand;
[INFO] [stdout]    |     ^^^^^^^^^^^^^^^^^^^^^^^^^^^^
[INFO] [stdout] 
[INFO] [stdout] error: cannot find attribute `msg` in this scope
[INFO] [stdout]   --> src/accepts.rs:25:3
[INFO] [stdout]    |
[INFO] [stdout] 25 | #[msg(reply = u32)]
[INFO] [stdout]    |   ^^^
[INFO] [stdout] 
[INFO] [stdout] error: cannot find attribute `zestors` in this scope
[INFO] [stdout]   --> src/accepts.rs:26:3
[INFO] [stdout]    |
[INFO] [stdout] 26 | #[zestors(interface_path = "zestors::interface")]
[INFO] [stdout]    |   ^^^^^^^
[INFO] [stdout] 
[INFO] [stdout] error: cannot find attribute `zestors` in this scope
[INFO] [stdout]   --> src/accepts.rs:30:3
[INFO] [stdout]    |
[INFO] [stdout] 30 | #[zestors(interface_path = "zestors::interface")]
[INFO] [stdout]    |   ^^^^^^^
[INFO] [stdout] 
[INFO] [stdout] error[E0425]: cannot find type `Inbox` in this scope
[INFO] [stdout]   --> src/accepts.rs:37:36
[INFO] [stdout]    |
[INFO] [stdout] 37 | let child = spawn_rand(|mut inbox: Inbox<MyInterface>| async move {
[INFO] [stdout]    |                                    ^^^^^ not found in this scope
[INFO] [stdout] 
[INFO] [stdout] error: aborting due to 8 previous errors
[INFO] [stdout] 
[INFO] [stdout] Some errors have detailed explanations: E0425, E0432, E0433.
[INFO] [stdout] For more information about an error, try `rustc --explain E0425`.
[INFO] [stdout] Couldn't compile the test.
[INFO] [stdout] ---- src/lib.rs - (line 68) stdout ----
[INFO] [stdout] error[E0433]: cannot find module or crate `zestors` in this scope
[INFO] [stdout]   --> src/lib.rs:70:5
[INFO] [stdout]    |
[INFO] [stdout] 70 | use zestors::runtime::prelude::*;
[INFO] [stdout]    |     ^^^^^^^ use of unresolved module or unlinked crate `zestors`
[INFO] [stdout]    |
[INFO] [stdout]    = help: if you wanted to use a crate named `zestors`, use `cargo add zestors` to add it to your `Cargo.toml`
[INFO] [stdout] 
[INFO] [stdout] error[E0433]: cannot find module or crate `zestors` in this scope
[INFO] [stdout]   --> src/lib.rs:71:5
[INFO] [stdout]    |
[INFO] [stdout] 71 | use zestors::runtime::{Registry, spawn};
[INFO] [stdout]    |     ^^^^^^^ use of unresolved module or unlinked crate `zestors`
[INFO] [stdout]    |
[INFO] [stdout]    = help: if you wanted to use a crate named `zestors`, use `cargo add zestors` to add it to your `Cargo.toml`
[INFO] [stdout] 
[INFO] [stdout] error[E0432]: unresolved imports `zestors::runtime::Registry`, `zestors::runtime::spawn`
[INFO] [stdout]   --> src/lib.rs:71:24
[INFO] [stdout]    |
[INFO] [stdout] 71 | use zestors::runtime::{Registry, spawn};
[INFO] [stdout]    |                        ^^^^^^^^  ^^^^^
[INFO] [stdout] 
[INFO] [stdout] error[E0425]: cannot find type `Inbox` in this scope
[INFO] [stdout]   --> src/lib.rs:75:45
[INFO] [stdout]    |
[INFO] [stdout] 75 | let child = spawn(name.clone(), |mut inbox: Inbox<()>| async move {
[INFO] [stdout]    |                                             ^^^^^ not found in this scope
[INFO] [stdout] 
[INFO] [stdout] error[E0433]: cannot find type `Name` in this scope
[INFO] [stdout]   --> src/lib.rs:74:12
[INFO] [stdout]    |
[INFO] [stdout] 74 | let name = Name::new("counter");
[INFO] [stdout]    |            ^^^^ use of undeclared type `Name`
[INFO] [stdout] 
[INFO] [stdout] error: aborting due to 5 previous errors
[INFO] [stdout] 
[INFO] [stdout] Some errors have detailed explanations: E0425, E0432, E0433.
[INFO] [stdout] For more information about an error, try `rustc --explain E0425`.
[INFO] [stdout] Couldn't compile the test.
[INFO] [stdout] ---- src/spawn.rs - spawn::StrongAddress<T>::spawn (line 136) stdout ----
[INFO] [stdout] error[E0433]: cannot find module or crate `zestors` in this scope
[INFO] [stdout]    --> src/spawn.rs:137:5
[INFO] [stdout]     |
[INFO] [stdout] 137 | use zestors::runtime::prelude::*;
[INFO] [stdout]     |     ^^^^^^^ use of unresolved module or unlinked crate `zestors`
[INFO] [stdout]     |
[INFO] [stdout]     = help: if you wanted to use a crate named `zestors`, use `cargo add zestors` to add it to your `Cargo.toml`
[INFO] [stdout] 
[INFO] [stdout] error[E0425]: cannot find type `StrongAddress` in this scope
[INFO] [stdout]    --> src/spawn.rs:141:13
[INFO] [stdout]     |
[INFO] [stdout] 141 | let strong: StrongAddress<()> = StrongAddress::create(Name::rand()).unwrap();
[INFO] [stdout]     |             ^^^^^^^^^^^^^ not found in this scope
[INFO] [stdout] 
[INFO] [stdout] error[E0425]: cannot find type `Inbox` in this scope
[INFO] [stdout]    --> src/spawn.rs:143:46
[INFO] [stdout]     |
[INFO] [stdout] 143 | let first = strong.clone().spawn(|mut inbox: Inbox<()>| async move {
[INFO] [stdout]     |                                              ^^^^^ not found in this scope
[INFO] [stdout] 
[INFO] [stdout] error[E0425]: cannot find type `Inbox` in this scope
[INFO] [stdout]    --> src/spawn.rs:153:39
[INFO] [stdout]     |
[INFO] [stdout] 153 | let second = strong.spawn(|mut inbox: Inbox<()>| async move {
[INFO] [stdout]     |                                       ^^^^^ not found in this scope
[INFO] [stdout] 
[INFO] [stdout] error[E0433]: cannot find type `StrongAddress` in this scope
[INFO] [stdout]    --> src/spawn.rs:141:33
[INFO] [stdout]     |
[INFO] [stdout] 141 | let strong: StrongAddress<()> = StrongAddress::create(Name::rand()).unwrap();
[INFO] [stdout]     |                                 ^^^^^^^^^^^^^ use of undeclared type `StrongAddress`
[INFO] [stdout] 
[INFO] [stdout] error[E0433]: cannot find type `Name` in this scope
[INFO] [stdout]    --> src/spawn.rs:141:55
[INFO] [stdout]     |
[INFO] [stdout] 141 | let strong: StrongAddress<()> = StrongAddress::create(Name::rand()).unwrap();
[INFO] [stdout]     |                                                       ^^^^ use of undeclared type `Name`
[INFO] [stdout] 
[INFO] [stdout] error: aborting due to 6 previous errors
[INFO] [stdout] 
[INFO] [stdout] Some errors have detailed explanations: E0425, E0433.
[INFO] [stdout] For more information about an error, try `rustc --explain E0425`.
[INFO] [stdout] Couldn't compile the test.
[INFO] [stdout] 
[INFO] [stdout] failures:
[INFO] [stdout]     src/accepts.rs - accepts::Accepts (line 19)
[INFO] [stdout]     src/accepts.rs - accepts::CallOptions (line 140)
[INFO] [stdout]     src/lib.rs - (line 43)
[INFO] [stdout]     src/lib.rs - (line 68)
[INFO] [stdout]     src/ops.rs - ops::ActorOps (line 31)
[INFO] [stdout]     src/ops.rs - ops::ActorOps::cast_dyn (line 63)
[INFO] [stdout]     src/references/child.rs - references::child::Child (line 22)
[INFO] [stdout]     src/references/dyn_conv.rs - references::dyn_conv::IntoDyn (line 10)
[INFO] [stdout]     src/spawn.rs - spawn::StrongAddress<T>::spawn (line 136)
[INFO] [stdout]     src/spawn.rs - spawn::spawn (line 69)
[INFO] [stdout]     src/spawn.rs - spawn::spawn_task (line 24)
[INFO] [stdout] 
[INFO] [stdout] test result: FAILED. 0 passed; 11 failed; 0 ignored; 0 measured; 0 filtered out; finished in 0.10s
[INFO] [stdout] 
[INFO] [stdout] all doctests ran in 0.25s; merged doctests compilation took 0.15s
[INFO] [stderr] error: doctest failed, to rerun pass `--doc`
[INFO] running `Command { std: "docker" "inspect" "297a74defbb144a1953bd68838fd7a9dc3b28819da5a032ff670c6a30089ec70", kill_on_drop: false }`
[INFO] running `Command { std: "docker" "rm" "-f" "297a74defbb144a1953bd68838fd7a9dc3b28819da5a032ff670c6a30089ec70", kill_on_drop: false }`
[INFO] [stdout] 297a74defbb144a1953bd68838fd7a9dc3b28819da5a032ff670c6a30089ec70
