[INFO] fetching crate zestors-interface 0.3.1...
[INFO] testing zestors-interface-0.3.1 against 1.100.0-beta.1 for beta-1.100-2
[INFO] extracting crate zestors-interface 0.3.1 into /workspace/builds/worker-3-tc2/source
[INFO] started tweaking crates.io crate zestors-interface 0.3.1
[INFO] removed 0 missing tests
[INFO] finished tweaking crates.io crate zestors-interface 0.3.1
[INFO] tweaked toml for crates.io crate zestors-interface 0.3.1 written to /workspace/builds/worker-3-tc2/source/Cargo.toml
[INFO] validating manifest of crates.io crate zestors-interface 0.3.1 on toolchain 1.100.0-beta.1
[INFO] running `Command { std: CARGO_HOME="/workspace/cargo-home" RUSTUP_HOME="/workspace/rustup-home" "/workspace/cargo-home/bin/cargo" "+1.100.0-beta.1" "metadata" "--manifest-path" "Cargo.toml" "--no-deps", kill_on_drop: false }`
[INFO] crate crates.io crate zestors-interface 0.3.1 already has a lockfile, it will not be regenerated
[INFO] running `Command { std: CARGO_HOME="/workspace/cargo-home" RUSTUP_HOME="/workspace/rustup-home" "/workspace/cargo-home/bin/cargo" "+1.100.0-beta.1" "fetch" "--manifest-path" "Cargo.toml", kill_on_drop: false }`
[INFO] running `Command { std: "docker" "create" "-v" "/var/lib/crater-agent-workspace/builds/worker-3-tc2/source:/opt/rustwide/workdir:ro,Z" "-v" "/var/lib/crater-agent-workspace/builds/worker-3-tc2/target:/opt/rustwide/target:rw,Z" "-v" "/var/lib/crater-agent-workspace/cargo-home:/opt/rustwide/cargo-home:ro,Z" "-v" "/var/lib/crater-agent-workspace/rustup-home:/opt/rustwide/rustup-home:ro,Z" "-m" "1610612736" "--network" "none" "ghcr.io/rust-lang/crates-build-env/linux@sha256:3111399a4047eeb3a02b7a90e478d715f38a8c6669b5c4b49d30a17385265909" "sleep" "infinity", kill_on_drop: false }`
[INFO] [stdout] 397571e9aca78f3caa13fc02c261880c0ff47df8d2c67804799e50ea8b957c99
[INFO] running `Command { std: "docker" "start" "397571e9aca78f3caa13fc02c261880c0ff47df8d2c67804799e50ea8b957c99", kill_on_drop: false }`
[INFO] running `Command { std: "docker" "inspect" "397571e9aca78f3caa13fc02c261880c0ff47df8d2c67804799e50ea8b957c99", kill_on_drop: false }`
[INFO] running `Command { std: "docker" "exec" "-e" "SOURCE_DIR=/opt/rustwide/workdir" "-e" "CARGO_HOME=/opt/rustwide/cargo-home" "-e" "RUSTUP_HOME=/opt/rustwide/rustup-home" "-e" "CARGO_TARGET_DIR=/opt/rustwide/target" "-w" "/opt/rustwide/workdir" "--user" "0:0" "397571e9aca78f3caa13fc02c261880c0ff47df8d2c67804799e50ea8b957c99" "/opt/rustwide/cargo-home/bin/cargo" "+1.100.0-beta.1" "metadata" "--no-deps" "--format-version=1", kill_on_drop: false }`
[INFO] running `Command { std: "docker" "inspect" "397571e9aca78f3caa13fc02c261880c0ff47df8d2c67804799e50ea8b957c99", kill_on_drop: false }`
[INFO] running `Command { std: "docker" "exec" "-e" "SOURCE_DIR=/opt/rustwide/workdir" "-e" "CARGO_HOME=/opt/rustwide/cargo-home" "-e" "RUSTUP_HOME=/opt/rustwide/rustup-home" "-e" "CARGO_TARGET_DIR=/opt/rustwide/target" "-e" "CARGO_INCREMENTAL=0" "-e" "RUST_BACKTRACE=full" "-e" "RUSTFLAGS=--cap-lints=warn" "-e" "RUSTDOCFLAGS=--cap-lints=warn" "-w" "/opt/rustwide/workdir" "--user" "0:0" "397571e9aca78f3caa13fc02c261880c0ff47df8d2c67804799e50ea8b957c99" "/opt/rustwide/cargo-home/bin/cargo" "+1.100.0-beta.1" "build" "--frozen" "--message-format=json", kill_on_drop: false }`
[INFO] [stderr]    Compiling libc v0.2.189
[INFO] [stderr]    Compiling getrandom v0.4.3
[INFO] [stderr]    Compiling futures-macro v0.3.34
[INFO] [stderr]    Compiling parking_lot_core v0.9.12
[INFO] [stderr]    Compiling syn v2.0.119
[INFO] [stderr]    Compiling mio v1.2.3
[INFO] [stderr]    Compiling socket2 v0.6.5
[INFO] [stderr]    Compiling tokio-macros v2.7.2
[INFO] [stderr]    Compiling thiserror-impl v2.0.20
[INFO] [stderr]    Compiling parking_lot v0.12.5
[INFO] [stderr]    Compiling tokio v1.53.1
[INFO] [stderr]    Compiling type-sets v0.2.3
[INFO] [stderr]    Compiling futures-util v0.3.34
[INFO] [stderr]    Compiling thiserror v2.0.20
[INFO] [stderr]    Compiling uuid v1.26.1
[INFO] [stderr]    Compiling zestors-codegen v0.3.1
[INFO] [stderr]    Compiling futures-executor v0.3.34
[INFO] [stderr]    Compiling futures v0.3.34
[INFO] [stderr]    Compiling tracing-attributes v0.1.31
[INFO] [stderr]    Compiling tracing v0.1.44
[INFO] [stderr]    Compiling zestors-interface v0.3.1 (/opt/rustwide/workdir)
[INFO] [stderr]     Finished `dev` profile [unoptimized + debuginfo] target(s) in 15.29s
[INFO] running `Command { std: "docker" "inspect" "397571e9aca78f3caa13fc02c261880c0ff47df8d2c67804799e50ea8b957c99", kill_on_drop: false }`
[INFO] running `Command { std: "docker" "exec" "-e" "SOURCE_DIR=/opt/rustwide/workdir" "-e" "CARGO_HOME=/opt/rustwide/cargo-home" "-e" "RUSTUP_HOME=/opt/rustwide/rustup-home" "-e" "CARGO_TARGET_DIR=/opt/rustwide/target" "-e" "CARGO_INCREMENTAL=0" "-e" "RUST_BACKTRACE=full" "-e" "RUSTFLAGS=--cap-lints=warn" "-e" "RUSTDOCFLAGS=--cap-lints=warn" "-w" "/opt/rustwide/workdir" "--user" "0:0" "397571e9aca78f3caa13fc02c261880c0ff47df8d2c67804799e50ea8b957c99" "/opt/rustwide/cargo-home/bin/cargo" "+1.100.0-beta.1" "test" "--frozen" "--no-run" "--message-format=json", kill_on_drop: false }`
[INFO] [stderr]    Compiling zestors-interface v0.3.1 (/opt/rustwide/workdir)
[INFO] [stderr]     Finished `test` profile [unoptimized + debuginfo] target(s) in 1.11s
[INFO] running `Command { std: "docker" "inspect" "397571e9aca78f3caa13fc02c261880c0ff47df8d2c67804799e50ea8b957c99", kill_on_drop: false }`
[INFO] running `Command { std: "docker" "exec" "-e" "SOURCE_DIR=/opt/rustwide/workdir" "-e" "CARGO_HOME=/opt/rustwide/cargo-home" "-e" "RUSTUP_HOME=/opt/rustwide/rustup-home" "-e" "CARGO_TARGET_DIR=/opt/rustwide/target" "-e" "CARGO_INCREMENTAL=0" "-e" "RUST_BACKTRACE=full" "-e" "RUSTFLAGS=--cap-lints=warn" "-e" "RUSTDOCFLAGS=--cap-lints=warn" "-w" "/opt/rustwide/workdir" "--user" "0:0" "397571e9aca78f3caa13fc02c261880c0ff47df8d2c67804799e50ea8b957c99" "/opt/rustwide/cargo-home/bin/cargo" "+1.100.0-beta.1" "test" "--frozen", kill_on_drop: false }`
[INFO] [stderr]     Finished `test` profile [unoptimized + debuginfo] target(s) in 0.07s
[INFO] [stderr]      Running unittests src/lib.rs (/opt/rustwide/target/debug/build/zestors-interface/6b54baf6e480a1d3/out/zestors_interface-6b54baf6e480a1d3)
[INFO] [stderr]      Running tests/main.rs (/opt/rustwide/target/debug/build/zestors-interface/ff771d105e064018/out/main-ff771d105e064018)
[INFO] [stdout] 
[INFO] [stdout] running 0 tests
[INFO] [stdout] 
[INFO] [stdout] test result: ok. 0 passed; 0 failed; 0 ignored; 0 measured; 0 filtered out; finished in 0.00s
[INFO] [stdout] 
[INFO] [stdout] 
[INFO] [stderr]    Doc-tests zestors_interface
[INFO] [stdout] running 0 tests
[INFO] [stdout] 
[INFO] [stdout] test result: ok. 0 passed; 0 failed; 0 ignored; 0 measured; 0 filtered out; finished in 0.00s
[INFO] [stdout] 
[INFO] [stdout] 
[INFO] [stdout] running 6 tests
[INFO] [stdout] test src/envelope.rs - envelope::AnyEnvelope (line 62) ... FAILED
[INFO] [stdout] test src/envelope.rs - envelope::Envelope (line 8) ... FAILED
[INFO] [stdout] test src/oneshot.rs - oneshot::Reply<T>::try_wait (line 68) ... FAILED
[INFO] [stdout] test src/message.rs - message::Message (line 21) ... FAILED
[INFO] [stdout] test src/interface.rs - interface::Interface (line 11) ... FAILED
[INFO] [stdout] test src/lib.rs - (line 26) ... FAILED
[INFO] [stdout] 
[INFO] [stdout] failures:
[INFO] [stdout] 
[INFO] [stdout] ---- src/envelope.rs - envelope::AnyEnvelope (line 62) stdout ----
[INFO] [stdout] error[E0433]: cannot find module or crate `zestors` in this scope
[INFO] [stdout]   --> src/envelope.rs:63:5
[INFO] [stdout]    |
[INFO] [stdout] 63 | use zestors::interface::{AnyEnvelope, Message};
[INFO] [stdout]    |     ^^^^^^^ use of unresolved module or unlinked crate `zestors`
[INFO] [stdout]    |
[INFO] [stdout]    = help: if you wanted to use a crate named `zestors`, use `cargo add zestors` to add it to your `Cargo.toml`
[INFO] [stdout] 
[INFO] [stdout] error: cannot find attribute `zestors` in this scope
[INFO] [stdout]   --> src/envelope.rs:66:3
[INFO] [stdout]    |
[INFO] [stdout] 66 | #[zestors(interface_path = "zestors::interface")]
[INFO] [stdout]    |   ^^^^^^^
[INFO] [stdout] 
[INFO] [stdout] error: cannot find attribute `zestors` in this scope
[INFO] [stdout]   --> src/envelope.rs:70:3
[INFO] [stdout]    |
[INFO] [stdout] 70 | #[zestors(interface_path = "zestors::interface")]
[INFO] [stdout]    |   ^^^^^^^
[INFO] [stdout] 
[INFO] [stdout] error: aborting due to 3 previous errors
[INFO] [stdout] 
[INFO] [stdout] For more information about this error, try `rustc --explain E0433`.
[INFO] [stdout] Couldn't compile the test.
[INFO] [stdout] ---- src/envelope.rs - envelope::Envelope (line 8) stdout ----
[INFO] [stdout] error[E0433]: cannot find module or crate `zestors` in this scope
[INFO] [stdout]  --> src/envelope.rs:9:5
[INFO] [stdout]   |
[INFO] [stdout] 9 | use zestors::interface::{Envelope, Message, Receipt as _};
[INFO] [stdout]   |     ^^^^^^^ use of unresolved module or unlinked crate `zestors`
[INFO] [stdout]   |
[INFO] [stdout]   = help: if you wanted to use a crate named `zestors`, use `cargo add zestors` to add it to your `Cargo.toml`
[INFO] [stdout] 
[INFO] [stdout] error: cannot find attribute `msg` in this scope
[INFO] [stdout]   --> src/envelope.rs:12:3
[INFO] [stdout]    |
[INFO] [stdout] 12 | #[msg(reply = u32)]
[INFO] [stdout]    |   ^^^
[INFO] [stdout] 
[INFO] [stdout] error: cannot find attribute `zestors` in this scope
[INFO] [stdout]   --> src/envelope.rs:13:3
[INFO] [stdout]    |
[INFO] [stdout] 13 | #[zestors(interface_path = "zestors::interface")]
[INFO] [stdout]    |   ^^^^^^^
[INFO] [stdout] 
[INFO] [stdout] error: aborting due to 3 previous errors
[INFO] [stdout] 
[INFO] [stdout] For more information about this error, try `rustc --explain E0433`.
[INFO] [stdout] Couldn't compile the test.
[INFO] [stdout] ---- src/oneshot.rs - oneshot::Reply<T>::try_wait (line 68) stdout ----
[INFO] [stdout] error[E0433]: cannot find module or crate `zestors` in this scope
[INFO] [stdout]   --> src/oneshot.rs:69:5
[INFO] [stdout]    |
[INFO] [stdout] 69 | use zestors::interface::Request;
[INFO] [stdout]    |     ^^^^^^^ use of unresolved module or unlinked crate `zestors`
[INFO] [stdout]    |
[INFO] [stdout]    = help: if you wanted to use a crate named `zestors`, use `cargo add zestors` to add it to your `Cargo.toml`
[INFO] [stdout] 
[INFO] [stdout] error: aborting due to 1 previous error
[INFO] [stdout] 
[INFO] [stdout] For more information about this error, try `rustc --explain E0433`.
[INFO] [stdout] Couldn't compile the test.
[INFO] [stdout] ---- src/message.rs - message::Message (line 21) stdout ----
[INFO] [stdout] error[E0433]: cannot find module or crate `zestors` in this scope
[INFO] [stdout]   --> src/message.rs:22:5
[INFO] [stdout]    |
[INFO] [stdout] 22 | use zestors::interface::Message;
[INFO] [stdout]    |     ^^^^^^^ use of unresolved module or unlinked crate `zestors`
[INFO] [stdout]    |
[INFO] [stdout]    = help: if you wanted to use a crate named `zestors`, use `cargo add zestors` to add it to your `Cargo.toml`
[INFO] [stdout] 
[INFO] [stdout] error: cannot find attribute `msg` in this scope
[INFO] [stdout]   --> src/message.rs:30:3
[INFO] [stdout]    |
[INFO] [stdout] 30 | #[msg(reply = u32)]
[INFO] [stdout]    |   ^^^
[INFO] [stdout] 
[INFO] [stdout] error: cannot find attribute `zestors` in this scope
[INFO] [stdout]   --> src/message.rs:31:3
[INFO] [stdout]    |
[INFO] [stdout] 31 | #[zestors(interface_path = "zestors::interface")]
[INFO] [stdout]    |   ^^^^^^^
[INFO] [stdout] 
[INFO] [stdout] error: cannot find attribute `zestors` in this scope
[INFO] [stdout]   --> src/message.rs:25:3
[INFO] [stdout]    |
[INFO] [stdout] 25 | #[zestors(interface_path = "zestors::interface")]
[INFO] [stdout]    |   ^^^^^^^
[INFO] [stdout] 
[INFO] [stdout] error: aborting due to 4 previous errors
[INFO] [stdout] 
[INFO] [stdout] For more information about this error, try `rustc --explain E0433`.
[INFO] [stdout] Couldn't compile the test.
[INFO] [stdout] ---- src/interface.rs - interface::Interface (line 11) stdout ----
[INFO] [stdout] error[E0433]: cannot find module or crate `zestors` in this scope
[INFO] [stdout]   --> src/interface.rs:12:5
[INFO] [stdout]    |
[INFO] [stdout] 12 | use zestors::interface::{Envelope, Interface, Message};
[INFO] [stdout]    |     ^^^^^^^ use of unresolved module or unlinked crate `zestors`
[INFO] [stdout]    |
[INFO] [stdout]    = help: if you wanted to use a crate named `zestors`, use `cargo add zestors` to add it to your `Cargo.toml`
[INFO] [stdout] 
[INFO] [stdout] error: cannot find attribute `zestors` in this scope
[INFO] [stdout]   --> src/interface.rs:15:3
[INFO] [stdout]    |
[INFO] [stdout] 15 | #[zestors(interface_path = "zestors::interface")]
[INFO] [stdout]    |   ^^^^^^^
[INFO] [stdout] 
[INFO] [stdout] error: cannot find attribute `msg` in this scope
[INFO] [stdout]   --> src/interface.rs:19:3
[INFO] [stdout]    |
[INFO] [stdout] 19 | #[msg(reply = u32)]
[INFO] [stdout]    |   ^^^
[INFO] [stdout] 
[INFO] [stdout] error: cannot find attribute `zestors` in this scope
[INFO] [stdout]   --> src/interface.rs:20:3
[INFO] [stdout]    |
[INFO] [stdout] 20 | #[zestors(interface_path = "zestors::interface")]
[INFO] [stdout]    |   ^^^^^^^
[INFO] [stdout] 
[INFO] [stdout] error: cannot find attribute `zestors` in this scope
[INFO] [stdout]   --> src/interface.rs:24:3
[INFO] [stdout]    |
[INFO] [stdout] 24 | #[zestors(interface_path = "zestors::interface")]
[INFO] [stdout]    |   ^^^^^^^
[INFO] [stdout] 
[INFO] [stdout] error[E0599]: no method named `into_dyn_envelope` found for enum `MyInterface` in the current scope
[INFO] [stdout]   --> src/interface.rs:34:50
[INFO] [stdout]    |
[INFO] [stdout] 25 | enum MyInterface {
[INFO] [stdout]    | ---------------- method `into_dyn_envelope` not found for this enum
[INFO] [stdout] ...
[INFO] [stdout] 34 | let any_envelope = MyInterface::Double(envelope).into_dyn_envelope();
[INFO] [stdout]    |                                                  ^^^^^^^^^^^^^^^^^ method not found in `MyInterface`
[INFO] [stdout]    |
[INFO] [stdout]    = help: items from traits can only be used if the trait is implemented and in scope
[INFO] [stdout]    = note: the following trait defines an item `into_dyn_envelope`, perhaps you need to implement it:
[INFO] [stdout]            candidate #1: `zestors_interface::Interface`
[INFO] [stdout] 
[INFO] [stdout] error[E0599]: no variant, associated function, or constant named `try_from_dyn_envelope` found for enum `MyInterface` in the current scope
[INFO] [stdout]   --> src/interface.rs:35:29
[INFO] [stdout]    |
[INFO] [stdout] 25 | enum MyInterface {
[INFO] [stdout]    | ---------------- variant, associated function, or constant `try_from_dyn_envelope` not found for this enum
[INFO] [stdout] ...
[INFO] [stdout] 35 | let restored = MyInterface::try_from_dyn_envelope(any_envelope).unwrap();
[INFO] [stdout]    |                             ^^^^^^^^^^^^^^^^^^^^^ variant, associated function, or constant not found in `MyInterface`
[INFO] [stdout]    |
[INFO] [stdout]    = help: items from traits can only be used if the trait is implemented and in scope
[INFO] [stdout]    = note: the following trait defines an item `try_from_dyn_envelope`, perhaps you need to implement it:
[INFO] [stdout]            candidate #1: `zestors_interface::Interface`
[INFO] [stdout] 
[INFO] [stdout] error: aborting due to 7 previous errors
[INFO] [stdout] 
[INFO] [stdout] Some errors have detailed explanations: E0433, E0599.
[INFO] [stdout] For more information about an error, try `rustc --explain E0433`.
[INFO] [stdout] Couldn't compile the test.
[INFO] [stdout] ---- src/lib.rs - (line 26) stdout ----
[INFO] [stdout] error[E0433]: cannot find module or crate `zestors` in this scope
[INFO] [stdout]   --> src/lib.rs:27:5
[INFO] [stdout]    |
[INFO] [stdout] 27 | use zestors::interface::{Envelope, Message, Receipt as _, Resolver as _};
[INFO] [stdout]    |     ^^^^^^^ use of unresolved module or unlinked crate `zestors`
[INFO] [stdout]    |
[INFO] [stdout]    = help: if you wanted to use a crate named `zestors`, use `cargo add zestors` to add it to your `Cargo.toml`
[INFO] [stdout] 
[INFO] [stdout] error: cannot find attribute `msg` in this scope
[INFO] [stdout]   --> src/lib.rs:29:3
[INFO] [stdout]    |
[INFO] [stdout] 29 | #[msg(reply = u32)]
[INFO] [stdout]    |   ^^^
[INFO] [stdout] 
[INFO] [stdout] error: cannot find attribute `zestors` in this scope
[INFO] [stdout]   --> src/lib.rs:30:3
[INFO] [stdout]    |
[INFO] [stdout] 30 | #[zestors(interface_path = "zestors::interface")]
[INFO] [stdout]    |   ^^^^^^^
[INFO] [stdout] 
[INFO] [stdout] error: aborting due to 3 previous errors
[INFO] [stdout] 
[INFO] [stdout] For more information about this error, try `rustc --explain E0433`.
[INFO] [stdout] Couldn't compile the test.
[INFO] [stdout] 
[INFO] [stdout] failures:
[INFO] [stdout]     src/envelope.rs - envelope::AnyEnvelope (line 62)
[INFO] [stdout]     src/envelope.rs - envelope::Envelope (line 8)
[INFO] [stdout]     src/interface.rs - interface::Interface (line 11)
[INFO] [stdout]     src/lib.rs - (line 26)
[INFO] [stdout]     src/message.rs - message::Message (line 21)
[INFO] [stdout]     src/oneshot.rs - oneshot::Reply<T>::try_wait (line 68)
[INFO] [stdout] 
[INFO] [stdout] test result: FAILED. 0 passed; 6 failed; 0 ignored; 0 measured; 0 filtered out; finished in 0.22s
[INFO] [stdout] 
[INFO] [stdout] all doctests ran in 0.37s; merged doctests compilation took 0.15s
[INFO] [stderr] error: doctest failed, to rerun pass `--doc`
[INFO] running `Command { std: "docker" "inspect" "397571e9aca78f3caa13fc02c261880c0ff47df8d2c67804799e50ea8b957c99", kill_on_drop: false }`
[INFO] running `Command { std: "docker" "rm" "-f" "397571e9aca78f3caa13fc02c261880c0ff47df8d2c67804799e50ea8b957c99", kill_on_drop: false }`
[INFO] [stdout] 397571e9aca78f3caa13fc02c261880c0ff47df8d2c67804799e50ea8b957c99
