[INFO] fetching crate zestors-actor 0.3.1...
[INFO] testing zestors-actor-0.3.1 against 1.100.0-beta.1 for beta-1.100-2
[INFO] extracting crate zestors-actor 0.3.1 into /workspace/builds/worker-6-tc2/source
[INFO] started tweaking crates.io crate zestors-actor 0.3.1
[INFO] finished tweaking crates.io crate zestors-actor 0.3.1
[INFO] tweaked toml for crates.io crate zestors-actor 0.3.1 written to /workspace/builds/worker-6-tc2/source/Cargo.toml
[INFO] validating manifest of crates.io crate zestors-actor 0.3.1 on toolchain 1.100.0-beta.1
[INFO] running `Command { std: CARGO_HOME="/workspace/cargo-home" RUSTUP_HOME="/workspace/rustup-home" "/workspace/cargo-home/bin/cargo" "+1.100.0-beta.1" "metadata" "--manifest-path" "Cargo.toml" "--no-deps", kill_on_drop: false }`
[INFO] crate crates.io crate zestors-actor 0.3.1 already has a lockfile, it will not be regenerated
[INFO] running `Command { std: CARGO_HOME="/workspace/cargo-home" RUSTUP_HOME="/workspace/rustup-home" "/workspace/cargo-home/bin/cargo" "+1.100.0-beta.1" "fetch" "--manifest-path" "Cargo.toml", kill_on_drop: false }`
[INFO] running `Command { std: "docker" "create" "-v" "/var/lib/crater-agent-workspace/builds/worker-6-tc2/source:/opt/rustwide/workdir:ro,Z" "-v" "/var/lib/crater-agent-workspace/builds/worker-6-tc2/target:/opt/rustwide/target:rw,Z" "-v" "/var/lib/crater-agent-workspace/cargo-home:/opt/rustwide/cargo-home:ro,Z" "-v" "/var/lib/crater-agent-workspace/rustup-home:/opt/rustwide/rustup-home:ro,Z" "-m" "1610612736" "--network" "none" "ghcr.io/rust-lang/crates-build-env/linux@sha256:3111399a4047eeb3a02b7a90e478d715f38a8c6669b5c4b49d30a17385265909" "sleep" "infinity", kill_on_drop: false }`
[INFO] [stdout] f481066ea2ef9a40b2faf98287c295635de98dec8915867a2b67aed78f684f9e
[INFO] running `Command { std: "docker" "start" "f481066ea2ef9a40b2faf98287c295635de98dec8915867a2b67aed78f684f9e", kill_on_drop: false }`
[INFO] running `Command { std: "docker" "inspect" "f481066ea2ef9a40b2faf98287c295635de98dec8915867a2b67aed78f684f9e", kill_on_drop: false }`
[INFO] running `Command { std: "docker" "exec" "-e" "SOURCE_DIR=/opt/rustwide/workdir" "-e" "CARGO_HOME=/opt/rustwide/cargo-home" "-e" "RUSTUP_HOME=/opt/rustwide/rustup-home" "-e" "CARGO_TARGET_DIR=/opt/rustwide/target" "-w" "/opt/rustwide/workdir" "--user" "0:0" "f481066ea2ef9a40b2faf98287c295635de98dec8915867a2b67aed78f684f9e" "/opt/rustwide/cargo-home/bin/cargo" "+1.100.0-beta.1" "metadata" "--no-deps" "--format-version=1", kill_on_drop: false }`
[INFO] running `Command { std: "docker" "inspect" "f481066ea2ef9a40b2faf98287c295635de98dec8915867a2b67aed78f684f9e", kill_on_drop: false }`
[INFO] running `Command { std: "docker" "exec" "-e" "SOURCE_DIR=/opt/rustwide/workdir" "-e" "CARGO_HOME=/opt/rustwide/cargo-home" "-e" "RUSTUP_HOME=/opt/rustwide/rustup-home" "-e" "CARGO_TARGET_DIR=/opt/rustwide/target" "-e" "CARGO_INCREMENTAL=0" "-e" "RUST_BACKTRACE=full" "-e" "RUSTFLAGS=--cap-lints=warn" "-e" "RUSTDOCFLAGS=--cap-lints=warn" "-w" "/opt/rustwide/workdir" "--user" "0:0" "f481066ea2ef9a40b2faf98287c295635de98dec8915867a2b67aed78f684f9e" "/opt/rustwide/cargo-home/bin/cargo" "+1.100.0-beta.1" "build" "--frozen" "--message-format=json", kill_on_drop: false }`
[INFO] [stderr]    Compiling getrandom v0.4.3
[INFO] [stderr]    Compiling smallvec v1.16.1
[INFO] [stderr]    Compiling serde v1.0.229
[INFO] [stderr]    Compiling crossbeam-utils v0.8.23
[INFO] [stderr]    Compiling thiserror v2.0.20
[INFO] [stderr]    Compiling triomphe v0.1.16
[INFO] [stderr]    Compiling syn v3.0.6
[INFO] [stderr]    Compiling syn v2.0.119
[INFO] [stderr]    Compiling mio v1.2.3
[INFO] [stderr]    Compiling indexmap v2.14.2
[INFO] [stderr]    Compiling seize v0.5.1
[INFO] [stderr]    Compiling jiff-core v0.1.1
[INFO] [stderr]    Compiling readlock v0.1.11
[INFO] [stderr]    Compiling rustc-hash v2.1.3
[INFO] [stderr]    Compiling type-sets v0.2.3
[INFO] [stderr]    Compiling rand v0.10.3
[INFO] [stderr]    Compiling eyeball v0.8.8
[INFO] [stderr]    Compiling smol_str v0.3.6
[INFO] [stderr]    Compiling parking_lot_core v0.9.12
[INFO] [stderr]    Compiling uuid v1.26.1
[INFO] [stderr]    Compiling rootcause-internals v0.13.0
[INFO] [stderr]    Compiling bs58 v0.5.1
[INFO] [stderr]    Compiling parking_lot v0.12.5
[INFO] [stderr]    Compiling concurrent-queue v2.5.0
[INFO] [stderr]    Compiling rootcause v0.13.0
[INFO] [stderr]    Compiling jiff v0.2.37
[INFO] [stderr]    Compiling darling_core v0.24.1
[INFO] [stderr]    Compiling futures-macro v0.3.34
[INFO] [stderr]    Compiling tokio-macros v2.7.2
[INFO] [stderr]    Compiling serde_derive v1.0.229
[INFO] [stderr]    Compiling thiserror-impl v2.0.20
[INFO] [stderr]    Compiling tracing-attributes v0.1.31
[INFO] [stderr]    Compiling tokio v1.53.1
[INFO] [stderr]    Compiling futures-util v0.3.34
[INFO] [stderr]    Compiling tracing v0.1.44
[INFO] [stderr]    Compiling darling_macro v0.24.1
[INFO] [stderr]    Compiling darling v0.24.1
[INFO] [stderr]    Compiling zestors-codegen v0.3.1
[INFO] [stderr]    Compiling papaya v0.2.5
[INFO] [stderr]    Compiling futures-executor v0.3.34
[INFO] [stderr]    Compiling futures v0.3.34
[INFO] [stderr]    Compiling zestors-interface v0.3.1
[INFO] [stderr]    Compiling zestors-runtime v0.3.1
[INFO] [stderr]    Compiling zestors-actor v0.3.1 (/opt/rustwide/workdir)
[INFO] [stderr]     Finished `dev` profile [unoptimized + debuginfo] target(s) in 15.00s
[INFO] running `Command { std: "docker" "inspect" "f481066ea2ef9a40b2faf98287c295635de98dec8915867a2b67aed78f684f9e", kill_on_drop: false }`
[INFO] running `Command { std: "docker" "exec" "-e" "SOURCE_DIR=/opt/rustwide/workdir" "-e" "CARGO_HOME=/opt/rustwide/cargo-home" "-e" "RUSTUP_HOME=/opt/rustwide/rustup-home" "-e" "CARGO_TARGET_DIR=/opt/rustwide/target" "-e" "CARGO_INCREMENTAL=0" "-e" "RUST_BACKTRACE=full" "-e" "RUSTFLAGS=--cap-lints=warn" "-e" "RUSTDOCFLAGS=--cap-lints=warn" "-w" "/opt/rustwide/workdir" "--user" "0:0" "f481066ea2ef9a40b2faf98287c295635de98dec8915867a2b67aed78f684f9e" "/opt/rustwide/cargo-home/bin/cargo" "+1.100.0-beta.1" "test" "--frozen" "--no-run" "--message-format=json", kill_on_drop: false }`
[INFO] [stderr]    Compiling zestors-actor v0.3.1 (/opt/rustwide/workdir)
[INFO] [stderr]     Finished `test` profile [unoptimized + debuginfo] target(s) in 0.50s
[INFO] running `Command { std: "docker" "inspect" "f481066ea2ef9a40b2faf98287c295635de98dec8915867a2b67aed78f684f9e", kill_on_drop: false }`
[INFO] running `Command { std: "docker" "exec" "-e" "SOURCE_DIR=/opt/rustwide/workdir" "-e" "CARGO_HOME=/opt/rustwide/cargo-home" "-e" "RUSTUP_HOME=/opt/rustwide/rustup-home" "-e" "CARGO_TARGET_DIR=/opt/rustwide/target" "-e" "CARGO_INCREMENTAL=0" "-e" "RUST_BACKTRACE=full" "-e" "RUSTFLAGS=--cap-lints=warn" "-e" "RUSTDOCFLAGS=--cap-lints=warn" "-w" "/opt/rustwide/workdir" "--user" "0:0" "f481066ea2ef9a40b2faf98287c295635de98dec8915867a2b67aed78f684f9e" "/opt/rustwide/cargo-home/bin/cargo" "+1.100.0-beta.1" "test" "--frozen", kill_on_drop: false }`
[INFO] [stderr]     Finished `test` profile [unoptimized + debuginfo] target(s) in 0.08s
[INFO] [stderr]      Running unittests src/lib.rs (/opt/rustwide/target/debug/build/zestors-actor/9ccbf4c9c3f3756e/out/zestors_actor-9ccbf4c9c3f3756e)
[INFO] [stdout] 
[INFO] [stdout] running 0 tests
[INFO] [stdout] 
[INFO] [stdout] test result: ok. 0 passed; 0 failed; 0 ignored; 0 measured; 0 filtered out; finished in 0.00s
[INFO] [stdout] 
[INFO] [stderr]    Doc-tests zestors_actor
[INFO] [stdout] 
[INFO] [stdout] running 1 test
[INFO] [stdout] test src/lib.rs - (line 30) ... FAILED
[INFO] [stdout] 
[INFO] [stdout] failures:
[INFO] [stdout] 
[INFO] [stdout] ---- src/lib.rs - (line 30) stdout ----
[INFO] [stdout] error[E0433]: cannot find module or crate `zestors` in this scope
[INFO] [stdout]   --> src/lib.rs:32:5
[INFO] [stdout]    |
[INFO] [stdout] 32 | use zestors::prelude::*;
[INFO] [stdout]    |     ^^^^^^^ use of unresolved module or unlinked crate `zestors`
[INFO] [stdout]    |
[INFO] [stdout]    = help: if you wanted to use a crate named `zestors`, use `cargo add zestors` to add it to your `Cargo.toml`
[INFO] [stdout] 
[INFO] [stdout] error[E0433]: cannot find module or crate `zestors` in this scope
[INFO] [stdout]   --> src/lib.rs:31:5
[INFO] [stdout]    |
[INFO] [stdout] 31 | use zestors::interface::{Envelope, Interface, Message, Request};
[INFO] [stdout]    |     ^^^^^^^ use of unresolved module or unlinked crate `zestors`
[INFO] [stdout]    |
[INFO] [stdout]    = help: if you wanted to use a crate named `zestors`, use `cargo add zestors` to add it to your `Cargo.toml`
[INFO] [stdout] 
[INFO] [stdout] error[E0432]: unresolved imports `zestors::interface::Envelope`, `zestors::interface::Interface`, `zestors::interface::Message`, `zestors::interface::Request`
[INFO] [stdout]   --> src/lib.rs:31:26
[INFO] [stdout]    |
[INFO] [stdout] 31 | use zestors::interface::{Envelope, Interface, Message, Request};
[INFO] [stdout]    |                          ^^^^^^^^  ^^^^^^^^^  ^^^^^^^  ^^^^^^^
[INFO] [stdout] 
[INFO] [stdout] error: cannot find attribute `msg` in this scope
[INFO] [stdout]   --> src/lib.rs:38:3
[INFO] [stdout]    |
[INFO] [stdout] 38 | #[msg(reply = u32)]
[INFO] [stdout]    |   ^^^
[INFO] [stdout] 
[INFO] [stdout] error: cannot find derive macro `HandlerInterface` in this scope
[INFO] [stdout]   --> src/lib.rs:41:21
[INFO] [stdout]    |
[INFO] [stdout] 41 | #[derive(Interface, HandlerInterface, Debug)]
[INFO] [stdout]    |                     ^^^^^^^^^^^^^^^^
[INFO] [stdout] 
[INFO] [stdout] error[E0405]: cannot find trait `Handler` in this scope
[INFO] [stdout]   --> src/lib.rs:52:6
[INFO] [stdout]    |
[INFO] [stdout] 52 | impl Handler for Counter {
[INFO] [stdout]    |      ^^^^^^^ not found in this scope
[INFO] [stdout] 
[INFO] [stdout] error[E0405]: cannot find trait `Handle` in this scope
[INFO] [stdout]   --> src/lib.rs:56:6
[INFO] [stdout]    |
[INFO] [stdout] 56 | impl Handle<Increment> for Counter {
[INFO] [stdout]    |      ^^^^^^ not found in this scope
[INFO] [stdout] 
[INFO] [stdout] error[E0425]: cannot find type `HandlerContext` in this scope
[INFO] [stdout]   --> src/lib.rs:59:15
[INFO] [stdout]    |
[INFO] [stdout] 59 |         _ctx: HandlerContext<'_, Self>,
[INFO] [stdout]    |               ^^^^^^^^^^^^^^ not found in this scope
[INFO] [stdout] 
[INFO] [stdout] error[E0405]: cannot find trait `Handle` in this scope
[INFO] [stdout]   --> src/lib.rs:68:6
[INFO] [stdout]    |
[INFO] [stdout] 68 | impl Handle<GetCount> for Counter {
[INFO] [stdout]    |      ^^^^^^ not found in this scope
[INFO] [stdout] 
[INFO] [stdout] error[E0425]: cannot find type `HandlerContext` in this scope
[INFO] [stdout]   --> src/lib.rs:71:15
[INFO] [stdout]    |
[INFO] [stdout] 71 |         _ctx: HandlerContext<'_, Self>,
[INFO] [stdout]    |               ^^^^^^^^^^^^^^ not found in this scope
[INFO] [stdout] 
[INFO] [stdout] error: aborting due to 10 previous errors
[INFO] [stdout] 
[INFO] [stdout] Some errors have detailed explanations: E0405, E0425, E0432, E0433.
[INFO] [stdout] For more information about an error, try `rustc --explain E0405`.
[INFO] [stdout] Couldn't compile the test.
[INFO] [stdout] 
[INFO] [stdout] failures:
[INFO] [stdout]     src/lib.rs - (line 30)
[INFO] [stdout] 
[INFO] [stdout] test result: FAILED. 0 passed; 1 failed; 0 ignored; 0 measured; 0 filtered out; finished in 0.12s
[INFO] [stdout] 
[INFO] [stdout] all doctests ran in 0.24s; merged doctests compilation took 0.12s
[INFO] [stderr] error: doctest failed, to rerun pass `--doc`
[INFO] running `Command { std: "docker" "inspect" "f481066ea2ef9a40b2faf98287c295635de98dec8915867a2b67aed78f684f9e", kill_on_drop: false }`
[INFO] running `Command { std: "docker" "rm" "-f" "f481066ea2ef9a40b2faf98287c295635de98dec8915867a2b67aed78f684f9e", kill_on_drop: false }`
[INFO] [stdout] f481066ea2ef9a40b2faf98287c295635de98dec8915867a2b67aed78f684f9e
