[INFO] fetching crate zerodds-idl-ts 1.0.0-rc.6...
[INFO] testing zerodds-idl-ts-1.0.0-rc.6 against 1.100.0-beta.1 for beta-1.100-2
[INFO] extracting crate zerodds-idl-ts 1.0.0-rc.6 into /workspace/builds/worker-1-tc2/source
[INFO] started tweaking crates.io crate zerodds-idl-ts 1.0.0-rc.6
[INFO] removed 0 missing tests
[INFO] finished tweaking crates.io crate zerodds-idl-ts 1.0.0-rc.6
[INFO] tweaked toml for crates.io crate zerodds-idl-ts 1.0.0-rc.6 written to /workspace/builds/worker-1-tc2/source/Cargo.toml
[INFO] validating manifest of crates.io crate zerodds-idl-ts 1.0.0-rc.6 on toolchain 1.100.0-beta.1
[INFO] running `Command { std: CARGO_HOME="/workspace/cargo-home" RUSTUP_HOME="/workspace/rustup-home" "/workspace/cargo-home/bin/cargo" "+1.100.0-beta.1" "metadata" "--manifest-path" "Cargo.toml" "--no-deps", kill_on_drop: false }`
[INFO] crate crates.io crate zerodds-idl-ts 1.0.0-rc.6 already has a lockfile, it will not be regenerated
[INFO] running `Command { std: CARGO_HOME="/workspace/cargo-home" RUSTUP_HOME="/workspace/rustup-home" "/workspace/cargo-home/bin/cargo" "+1.100.0-beta.1" "fetch" "--manifest-path" "Cargo.toml", kill_on_drop: false }`
[INFO] running `Command { std: "docker" "create" "-v" "/var/lib/crater-agent-workspace/builds/worker-1-tc2/source:/opt/rustwide/workdir:ro,Z" "-v" "/var/lib/crater-agent-workspace/builds/worker-1-tc2/target:/opt/rustwide/target:rw,Z" "-v" "/var/lib/crater-agent-workspace/cargo-home:/opt/rustwide/cargo-home:ro,Z" "-v" "/var/lib/crater-agent-workspace/rustup-home:/opt/rustwide/rustup-home:ro,Z" "-m" "1610612736" "--network" "none" "ghcr.io/rust-lang/crates-build-env/linux@sha256:3111399a4047eeb3a02b7a90e478d715f38a8c6669b5c4b49d30a17385265909" "sleep" "infinity", kill_on_drop: false }`
[INFO] [stdout] 4f70fd34496ff53ef30b53ec1c89eb0cc783bb7ff32d6c103bb321869fd12840
[INFO] running `Command { std: "docker" "start" "4f70fd34496ff53ef30b53ec1c89eb0cc783bb7ff32d6c103bb321869fd12840", kill_on_drop: false }`
[INFO] running `Command { std: "docker" "inspect" "4f70fd34496ff53ef30b53ec1c89eb0cc783bb7ff32d6c103bb321869fd12840", kill_on_drop: false }`
[INFO] running `Command { std: "docker" "exec" "-e" "SOURCE_DIR=/opt/rustwide/workdir" "-e" "CARGO_HOME=/opt/rustwide/cargo-home" "-e" "RUSTUP_HOME=/opt/rustwide/rustup-home" "-e" "CARGO_TARGET_DIR=/opt/rustwide/target" "-w" "/opt/rustwide/workdir" "--user" "0:0" "4f70fd34496ff53ef30b53ec1c89eb0cc783bb7ff32d6c103bb321869fd12840" "/opt/rustwide/cargo-home/bin/cargo" "+1.100.0-beta.1" "metadata" "--no-deps" "--format-version=1", kill_on_drop: false }`
[INFO] running `Command { std: "docker" "inspect" "4f70fd34496ff53ef30b53ec1c89eb0cc783bb7ff32d6c103bb321869fd12840", kill_on_drop: false }`
[INFO] running `Command { std: "docker" "exec" "-e" "SOURCE_DIR=/opt/rustwide/workdir" "-e" "CARGO_HOME=/opt/rustwide/cargo-home" "-e" "RUSTUP_HOME=/opt/rustwide/rustup-home" "-e" "CARGO_TARGET_DIR=/opt/rustwide/target" "-e" "CARGO_INCREMENTAL=0" "-e" "RUST_BACKTRACE=full" "-e" "RUSTFLAGS=--cap-lints=warn" "-e" "RUSTDOCFLAGS=--cap-lints=warn" "-w" "/opt/rustwide/workdir" "--user" "0:0" "4f70fd34496ff53ef30b53ec1c89eb0cc783bb7ff32d6c103bb321869fd12840" "/opt/rustwide/cargo-home/bin/cargo" "+1.100.0-beta.1" "build" "--frozen" "--message-format=json", kill_on_drop: false }`
[INFO] [stderr]    Compiling num-traits v0.2.19
[INFO] [stderr]    Compiling zerodds-foundation v1.0.0-rc.6
[INFO] [stderr]    Compiling zerodds-cdr v1.0.0-rc.6
[INFO] [stderr]    Compiling zerodds-types v1.0.0-rc.6
[INFO] [stderr]    Compiling num-integer v0.1.46
[INFO] [stderr]    Compiling num-bigint v0.4.6
[INFO] [stderr]    Compiling zerodds-idl v1.0.0-rc.6
[INFO] [stderr]    Compiling zerodds-idl-ts v1.0.0-rc.6 (/opt/rustwide/workdir)
[INFO] [stderr]     Finished `dev` profile [unoptimized + debuginfo] target(s) in 17.27s
[INFO] running `Command { std: "docker" "inspect" "4f70fd34496ff53ef30b53ec1c89eb0cc783bb7ff32d6c103bb321869fd12840", kill_on_drop: false }`
[INFO] running `Command { std: "docker" "exec" "-e" "SOURCE_DIR=/opt/rustwide/workdir" "-e" "CARGO_HOME=/opt/rustwide/cargo-home" "-e" "RUSTUP_HOME=/opt/rustwide/rustup-home" "-e" "CARGO_TARGET_DIR=/opt/rustwide/target" "-e" "CARGO_INCREMENTAL=0" "-e" "RUST_BACKTRACE=full" "-e" "RUSTFLAGS=--cap-lints=warn" "-e" "RUSTDOCFLAGS=--cap-lints=warn" "-w" "/opt/rustwide/workdir" "--user" "0:0" "4f70fd34496ff53ef30b53ec1c89eb0cc783bb7ff32d6c103bb321869fd12840" "/opt/rustwide/cargo-home/bin/cargo" "+1.100.0-beta.1" "test" "--frozen" "--no-run" "--message-format=json", kill_on_drop: false }`
[INFO] [stderr]    Compiling libc v0.2.186
[INFO] [stderr]    Compiling rustix v1.1.4
[INFO] [stderr]    Compiling bitflags v2.11.1
[INFO] [stderr]    Compiling linux-raw-sys v0.12.1
[INFO] [stderr]    Compiling fastrand v2.4.1
[INFO] [stderr]    Compiling similar v2.7.0
[INFO] [stderr]    Compiling getrandom v0.4.2
[INFO] [stderr]    Compiling tempfile v3.27.0
[INFO] [stderr]    Compiling insta v1.47.2
[INFO] [stderr]    Compiling zerodds-idl-ts v1.0.0-rc.6 (/opt/rustwide/workdir)
[INFO] [stderr]     Finished `test` profile [unoptimized + debuginfo] target(s) in 15.33s
[INFO] running `Command { std: "docker" "inspect" "4f70fd34496ff53ef30b53ec1c89eb0cc783bb7ff32d6c103bb321869fd12840", kill_on_drop: false }`
[INFO] running `Command { std: "docker" "exec" "-e" "SOURCE_DIR=/opt/rustwide/workdir" "-e" "CARGO_HOME=/opt/rustwide/cargo-home" "-e" "RUSTUP_HOME=/opt/rustwide/rustup-home" "-e" "CARGO_TARGET_DIR=/opt/rustwide/target" "-e" "CARGO_INCREMENTAL=0" "-e" "RUST_BACKTRACE=full" "-e" "RUSTFLAGS=--cap-lints=warn" "-e" "RUSTDOCFLAGS=--cap-lints=warn" "-w" "/opt/rustwide/workdir" "--user" "0:0" "4f70fd34496ff53ef30b53ec1c89eb0cc783bb7ff32d6c103bb321869fd12840" "/opt/rustwide/cargo-home/bin/cargo" "+1.100.0-beta.1" "test" "--frozen", kill_on_drop: false }`
[INFO] [stderr]     Finished `test` profile [unoptimized + debuginfo] target(s) in 0.10s
[INFO] [stdout] 
[INFO] [stderr]      Running unittests src/lib.rs (/opt/rustwide/target/debug/build/zerodds-idl-ts/cd4ee6f8babcd168/out/zerodds_idl_ts-cd4ee6f8babcd168)
[INFO] [stdout] running 136 tests
[INFO] [stdout] test amqp::tests::_helper_suffix_uses_underscore_separator ... ok
[INFO] [stdout] test amqp::tests::_qualified_ts_name_helper ... ok
[INFO] [stdout] test amqp::tests::json_helper_for_union_too ... ok
[INFO] [stdout] test amqp::tests::opt_in_disabled_by_default ... ok
[INFO] [stdout] test amqp::tests::nested_modules_qualify_spec_type_name ... ok
[INFO] [stdout] test amqp::tests::module_qualifies_spec_type_name ... ok
[INFO] [stdout] test amqp::tests::primitive_field_setters_correct ... ok
[INFO] [stdout] test amqp::tests::helpers_appear_after_main_definitions ... ok
[INFO] [stdout] test amqp::tests::empty_spec_emits_no_amqp_section ... ok
[INFO] [stdout] test amqp::tests::struct_emits_to_amqp_value_function ... ok
[INFO] [stdout] test amqp::tests::string_field_uses_field_string ... ok
[INFO] [stdout] test amqp::tests::nested_struct_recurses ... ok
[INFO] [stdout] test amqp::tests::struct_emits_to_json_wrapper ... ok
[INFO] [stdout] test amqp::tests::union_disc_short_uses_int16_factory ... ok
[INFO] [stdout] test amqp::tests::union_emits_make_union_body_calls ... ok
[INFO] [stdout] test tests::b_1_13_typedef_emits_alias_descriptor ... ok
[INFO] [stdout] test tests::b_1_12_exception_extends_dds_exception_with_descriptor_kind ... ok
[INFO] [stdout] test amqp::tests::union_without_default_emits_unreachable_throw ... ok
[INFO] [stdout] test tests::b_1_11_annotated_struct_yields_interface_not_class ... ok
[INFO] [stdout] test tests::b_1_10_any_uses_dds_any_carrier_not_unknown_or_any ... ok
[INFO] [stdout] test tests::b_1_14_module_with_full_construct_set_compiles_clean ... ok
[INFO] [stdout] test tests::b_1_1_primitive_types_round_trip_strict_clean ... ok
[INFO] [stdout] test tests::b_1_15_unknown_annotation_emits_w002_diagnostic_in_strict_mode ... ok
[INFO] [stdout] test tests::b_1_16_map_kv_yields_readonly_map_with_descriptor_kind ... ok
[INFO] [stdout] test tests::b_1_5a_bitmask_default_uses_unsigned_32bit_shifts ... ok
[INFO] [stdout] test tests::b_1_3_union_emits_discriminator_per_branch ... ok
[INFO] [stdout] test tests::b_1_2_struct_emits_interface_descriptor_and_guard_no_class ... ok
[INFO] [stdout] test tests::b_2_1_runtime_exports_full_b21_surface ... ok
[INFO] [stdout] test tests::b_1_4_bitset_widths_dispatch_number_or_bigint_and_descriptor_uses_bitfield_kind ... ok
[INFO] [stdout] test tests::b_2_4_box_any_throws_on_typeguard_failure ... ok
[INFO] [stdout] test tests::b_2_3_get_key_iterates_key_marked_members_in_declaration_order ... ok
[INFO] [stdout] test tests::b_2_2_lookup_type_referenced_by_registry_module ... ok
[INFO] [stdout] test tests::b_2_6_with_defaults_fills_absent_properties_from_descriptor ... ok
[INFO] [stdout] test tests::b_2_7_make_w_char_accepts_astral_plane_make_char_iso_8859_1 ... ok
[INFO] [stdout] test tests::b_2_5_unbox_any_throws_on_typeid_or_guard_mismatch ... ok
[INFO] [stdout] test tests::b_2_8_equal_key_struct_uses_recursive_member_compare ... ok
[INFO] [stdout] test tests::b_1_6_module_emits_export_namespace_with_nested_constructs ... ok
[INFO] [stdout] test tests::b_2_9_is_one_of_returns_false_for_non_error_input ... ok
[INFO] [stdout] test tests::b_1_8_char_wchar_use_branded_aliases ... ok
[INFO] [stdout] test tests::b_1_5b_bitmask_above_32_uses_bigint ... ok
[INFO] [stdout] test tests::b_1_7_constants_export_with_typed_literal_and_bigint_suffix ... ok
[INFO] [stdout] test tests::b_1_9_long_double_emits_long_double_carrier_no_abort ... ok
[INFO] [stdout] test tests::b_3_1_interface_emits_client_handler_and_service_no_class ... ok
[INFO] [stdout] test tests::b_3_4_oneway_op_yields_promise_void_and_descriptor_oneway_true ... ok
[INFO] [stdout] test tests::b_3_2_op_with_out_param_resolves_to_object_with_result ... ok
[INFO] [stdout] test tests::b_4_reference_harness_is_the_idl_ts_test_suite_itself ... ok
[INFO] [stdout] test tests::b_3_6_inheritance_extends_parent_client_handler_and_service ... ok
[INFO] [stdout] test tests::b_3_3_op_raises_lists_exception_descriptor_in_descriptor ... ok
[INFO] [stdout] test tests::b_3_5_readonly_attribute_emits_only_getter ... ok
[INFO] [stdout] test tests::b_3_8_orphan_forward_declaration_fires_dds_ts_e002 ... ok
[INFO] [stdout] test tests::bitmask_bit_bound_above_32_emits_bigint ... ok
[INFO] [stdout] test tests::b_3_9_attribute_descriptor_carries_exception_descriptor_lists ... ok
[INFO] [stdout] test tests::bitmask_descriptor_emitted ... ok
[INFO] [stdout] test tests::b_3_7_multi_inheritance_lists_both_parents_in_order ... ok
[INFO] [stdout] test tests::c_1_2_sample_and_dds_guid_shape_normative ... ok
[INFO] [stdout] test tests::c_1_handle_types_use_string_literal_brands ... ok
[INFO] [stdout] test tests::c_2_required_operations_present ... ok
[INFO] [stdout] test tests::c_3_wire_format_uses_uint8_array_with_xcdr2_carrier ... ok
[INFO] [stdout] test tests::c_4_browser_node_backend_via_bind_wasm_backend ... ok
[INFO] [stdout] test tests::c_5_round_trip_reference_backend_is_pure_typescript ... ok
[INFO] [stdout] test tests::c_6_reservation_unused_identifiers_not_collided ... ok
[INFO] [stdout] test tests::bitmask_emits_const_object_with_shift_values ... ok
[INFO] [stdout] test tests::bitmask_position_annotation_overrides_index ... ok
[INFO] [stdout] test tests::bitset_descriptor_emitted_with_bitfield_kind ... ok
[INFO] [stdout] test tests::bitset_emits_interface_and_bit_constants ... ok
[INFO] [stdout] test tests::bitset_total_width_above_64_rejected ... ok
[INFO] [stdout] test tests::bitset_width_const_eval_emits_concrete_widths ... ok
[INFO] [stdout] test tests::bitset_width_const_eval_handles_hex_literal ... ok
[INFO] [stdout] test tests::const_decl_boolean_normalises_token ... ok
[INFO] [stdout] test tests::diagnostic_clean_input_yields_no_diagnostics ... ok
[INFO] [stdout] test tests::const_decl_emits_export_const_with_typed_literal ... ok
[INFO] [stdout] test tests::const_decl_long_long_uses_bigint_suffix ... ok
[INFO] [stdout] test tests::const_decl_string_emits_double_quoted_literal ... ok
[INFO] [stdout] test tests::diagnostic_known_annotations_yield_no_w002 ... ok
[INFO] [stdout] test tests::diagnostic_duplicate_member_id_emits_e003_fatal ... ok
[INFO] [stdout] test tests::diagnostic_long_double_emits_i001_per_field ... ok
[INFO] [stdout] test tests::diagnostic_orphan_forward_decl_is_e002_fatal ... ok
[INFO] [stdout] test tests::diagnostic_map_struct_key_emits_w003 ... ok
[INFO] [stdout] test tests::diagnostic_union_without_default_emits_w004 ... ok
[INFO] [stdout] test tests::diagnostic_multiple_extensibility_e003_fatal ... ok
[INFO] [stdout] test tests::enum_emits_as_const_object_and_literal_union ... ok
[INFO] [stdout] test tests::diagnostic_unknown_annotation_strict_mode_e004_fatal ... ok
[INFO] [stdout] test tests::enum_emits_ordinal_companion ... ok
[INFO] [stdout] test tests::exception_emits_interface_extending_dds_exception ... ok
[INFO] [stdout] test tests::diagnostic_unknown_annotation_warns_w002 ... ok
[INFO] [stdout] test tests::enum_descriptor_emitted_with_ordinal_defaults ... ok
[INFO] [stdout] test tests::enum_value_annotation_overrides_ordinal ... ok
[INFO] [stdout] test tests::interface_emits_client_handler_and_service_descriptor ... ok
[INFO] [stdout] test tests::full_module_compiles_all_constructs ... ok
[INFO] [stdout] test tests::interface_inheritance_extends_parent_client_handler_and_service ... ok
[INFO] [stdout] test tests::interface_oneway_emits_promise_void_with_oneway_descriptor ... ok
[INFO] [stdout] test tests::interface_inout_emits_param_and_result_property ... ok
[INFO] [stdout] test tests::parse_int_literal_handles_decimal_hex_octal ... ok
[INFO] [stdout] test tests::interface_raises_lists_exception_descriptors ... ok
[INFO] [stdout] test tests::runtime_all_files_listed ... ok
[INFO] [stdout] test tests::runtime_branded_helpers_are_present ... ok
[INFO] [stdout] test tests::runtime_equal_provides_equalkey_and_isoneof ... ok
[INFO] [stdout] test tests::interface_readonly_attribute_no_setter ... ok
[INFO] [stdout] test tests::runtime_includes_operations_descriptor_types ... ok
[INFO] [stdout] test tests::runtime_index_exports_b21_surface ... ok
[INFO] [stdout] test tests::runtime_registry_provides_reflection_api ... ok
[INFO] [stdout] test tests::map_mapping_uses_readonly_map ... ok
[INFO] [stdout] test tests::long_long_maps_to_bigint ... ok
[INFO] [stdout] test tests::module_declaration_merging_uses_export_namespace_only ... ok
[INFO] [stdout] test tests::map_key_struct_sets_key_equality_hazard_in_descriptor ... ok
[INFO] [stdout] test tests::module_wraps_in_namespace ... ok
[INFO] [stdout] test tests::runtime_import_block_present ... ok
[INFO] [stdout] test tests::struct_bounded_sequence_emits_bound_constant ... ok
[INFO] [stdout] test tests::primitive_mapping_uses_branded_carriers ... ok
[INFO] [stdout] test tests::struct_bounded_string_emits_bound_constant ... ok
[INFO] [stdout] test tests::struct_emits_typescript_interface ... ok
[INFO] [stdout] test tests::struct_emits_descriptor_typeguard_and_registertype ... ok
[INFO] [stdout] test tests::sequence_maps_to_array ... ok
[INFO] [stdout] test tests::struct_one_dim_array_emits_single_array_and_length ... ok
[INFO] [stdout] test tests::struct_multi_dim_array_emits_nested_array_type ... ok
[INFO] [stdout] test tests::struct_no_class_keyword_emitted ... ok
[INFO] [stdout] test tests::struct_optional_member_emits_optional_marker ... ok
[INFO] [stdout] test tests::struct_min_max_unit_emit_descriptor_fields_and_tsdoc ... ok
[INFO] [stdout] test tests::struct_with_appendable_annotation_sets_extensibility ... ok
[INFO] [stdout] test tests::struct_with_final_annotation_sets_extensibility ... ok
[INFO] [stdout] test tests::typedef_emits_descriptor ... ok
[INFO] [stdout] test tests::typedef_chain_resolves_module_scope_order_independent ... ok
[INFO] [stdout] test tests::typedef_bit_bound_above_32_switches_to_bigint ... ok
[INFO] [stdout] test tests::type_guard_checks_array_isarray_for_fixed_array_member ... ok
[INFO] [stdout] test tests::typedef_emits_type_alias ... ok
[INFO] [stdout] test tests::typedef_sequence_alias ... ok
[INFO] [stdout] test tests::typedef_string_alias ... ok
[INFO] [stdout] test tests::union_emits_descriptor_with_synthetic_discriminator_id ... ok
[INFO] [stdout] test tests::union_emits_discriminated_union_type ... ok
[INFO] [stdout] test tests::union_with_default_includes_default_arm ... ok
[INFO] [stdout] test tests::verbatim_before_after_declaration ... ok
[INFO] [stdout] test tests::verbatim_begin_file_appears_before_banner ... ok
[INFO] [stdout] test tests::verbatim_language_other_is_ignored ... ok
[INFO] [stdout] test tests::verbatim_unescapes_idl_escapes ... ok
[INFO] [stdout] test tests::verbatim_inside_struct_body ... ok
[INFO] [stderr]      Running tests/compile_check.rs (/opt/rustwide/target/debug/build/zerodds-idl-ts/2613ab6d1a598455/out/compile_check-2613ab6d1a598455)
[INFO] [stdout] test tests::verbatim_language_wildcard_is_emitted ... ok
[INFO] [stdout] 
[INFO] [stdout] test result: ok. 136 passed; 0 failed; 0 ignored; 0 measured; 0 filtered out; finished in 3.51s
[INFO] [stdout] 
[INFO] [stdout] 
[INFO] [stdout] running 12 tests
[INFO] [stdout] test compiles_simple_struct ... ok
[INFO] [stdout] test compiles_module_nesting ... ok
[INFO] [stdout] test compiles_struct_with_string_sequence ... ok
[INFO] [stdout] test compiles_struct_with_any_member_gated ... ok
[INFO] [stdout] test compiles_struct_with_fixed_member ... ok
[INFO] [stdout] test compiles_amqp_helpers_union ... ok
[INFO] [stdout] test compiles_struct_with_union_member_gated ... ok
[INFO] [stdout] test compiles_inheritance ... ok
[INFO] [stdout] test compiles_enum ... ok
[INFO] [stdout] test compiles_union ... ok
[INFO] [stdout] test compiles_amqp_helpers_struct ... ok
[INFO] [stderr] error: test failed, to rerun pass `--test compile_check`
[INFO] [stdout] test compiles_conformance_fixtures ... FAILED
[INFO] [stdout] 
[INFO] [stdout] failures:
[INFO] [stdout] 
[INFO] [stdout] ---- compiles_conformance_fixtures stdout ----
[INFO] [stdout] 
[INFO] [stdout] thread 'compiles_conformance_fixtures' (702) panicked at tests/compile_check.rs:390:63:
[INFO] [stdout] read fixture 08_arrays: No such file or directory (os error 2)
[INFO] [stdout] stack backtrace:
[INFO] [stdout]    0:     0x56fe45aaca71 - std[617be2ca0a6fd877]::backtrace_rs::backtrace::libunwind::trace
[INFO] [stdout]                                at /rustc/e3feeb59cd1bdd011a2bfcc0747b55125d9b8527/library/std/src/../../backtrace/src/backtrace/libunwind.rs:117:9
[INFO] [stdout]    1:     0x56fe45aaca71 - std[617be2ca0a6fd877]::backtrace_rs::backtrace::trace_unsynchronized::<std[617be2ca0a6fd877]::sys::backtrace::_print_fmt::{closure#1}>
[INFO] [stdout]                                at /rustc/e3feeb59cd1bdd011a2bfcc0747b55125d9b8527/library/std/src/../../backtrace/src/backtrace/mod.rs:66:14
[INFO] [stdout]    2:     0x56fe45aaca71 - std[617be2ca0a6fd877]::sys::backtrace::_print_fmt
[INFO] [stdout]                                at /rustc/e3feeb59cd1bdd011a2bfcc0747b55125d9b8527/library/std/src/sys/backtrace.rs:74:9
[INFO] [stdout]    3:     0x56fe45aaca71 - <<std[617be2ca0a6fd877]::sys::backtrace::BacktraceLock>::print::DisplayBacktrace as core[a373ad73a504971]::fmt::Display>::fmt
[INFO] [stdout]                                at /rustc/e3feeb59cd1bdd011a2bfcc0747b55125d9b8527/library/std/src/sys/backtrace.rs:44:26
[INFO] [stdout]    4:     0x56fe45ac23ca - <core[a373ad73a504971]::fmt::rt::Argument>::fmt
[INFO] [stdout]                                at /rustc/e3feeb59cd1bdd011a2bfcc0747b55125d9b8527/library/core/src/fmt/rt.rs:152:76
[INFO] [stdout]    5:     0x56fe45ac23ca - core[a373ad73a504971]::fmt::write
[INFO] [stdout]    6:     0x56fe45ab0eec - core[a373ad73a504971]::io::write::default_write_fmt::<alloc[2e1b2a31b91974c5]::vec::Vec<u8>>
[INFO] [stdout]                                at /rustc/e3feeb59cd1bdd011a2bfcc0747b55125d9b8527/library/core/src/io/write.rs:402:11
[INFO] [stdout]    7:     0x56fe45ab0eec - <alloc[2e1b2a31b91974c5]::vec::Vec<u8> as core[a373ad73a504971]::io::write::Write>::write_fmt
[INFO] [stdout]                                at /rustc/e3feeb59cd1bdd011a2bfcc0747b55125d9b8527/library/core/src/io/write.rs:335:13
[INFO] [stdout]    8:     0x56fe45a874e6 - <std[617be2ca0a6fd877]::sys::backtrace::BacktraceLock>::print
[INFO] [stdout]                                at /rustc/e3feeb59cd1bdd011a2bfcc0747b55125d9b8527/library/std/src/sys/backtrace.rs:47:9
[INFO] [stdout]    9:     0x56fe45a874e6 - std[617be2ca0a6fd877]::panicking::default_hook::{closure#0}
[INFO] [stdout]                                at /rustc/e3feeb59cd1bdd011a2bfcc0747b55125d9b8527/library/std/src/panicking.rs:289:27
[INFO] [stdout]   10:     0x56fe45aa44a9 - std[617be2ca0a6fd877]::panicking::default_hook
[INFO] [stdout]                                at /rustc/e3feeb59cd1bdd011a2bfcc0747b55125d9b8527/library/std/src/panicking.rs:313:9
[INFO] [stdout]   11:     0x56fe45903cc0 - <alloc[2e1b2a31b91974c5]::boxed::Box<dyn for<'a, 'b> core[a373ad73a504971]::ops::function::Fn<(&'a std[617be2ca0a6fd877]::panic::PanicHookInfo<'b>,), Output = ()> + core[a373ad73a504971]::marker::Sync + core[a373ad73a504971]::marker::Send> as core[a373ad73a504971]::ops::function::Fn<(&std[617be2ca0a6fd877]::panic::PanicHookInfo,)>>::call
[INFO] [stdout]                                at /rustc/e3feeb59cd1bdd011a2bfcc0747b55125d9b8527/library/alloc/src/boxed.rs:2328:9
[INFO] [stdout]   12:     0x56fe45903cc0 - test[aada8e7e76ba119b]::test_main_inner::{closure#0}
[INFO] [stdout]                                at /rustc/e3feeb59cd1bdd011a2bfcc0747b55125d9b8527/library/test/src/lib.rs:137:21
[INFO] [stdout]   13:     0x56fe45aa4662 - <alloc[2e1b2a31b91974c5]::boxed::Box<dyn for<'a, 'b> core[a373ad73a504971]::ops::function::Fn<(&'a std[617be2ca0a6fd877]::panic::PanicHookInfo<'b>,), Output = ()> + core[a373ad73a504971]::marker::Sync + core[a373ad73a504971]::marker::Send> as core[a373ad73a504971]::ops::function::Fn<(&std[617be2ca0a6fd877]::panic::PanicHookInfo,)>>::call
[INFO] [stdout]                                at /rustc/e3feeb59cd1bdd011a2bfcc0747b55125d9b8527/library/alloc/src/boxed.rs:2328:9
[INFO] [stdout]   14:     0x56fe45aa4662 - std[617be2ca0a6fd877]::panicking::panic_with_hook
[INFO] [stdout]                                at /rustc/e3feeb59cd1bdd011a2bfcc0747b55125d9b8527/library/std/src/panicking.rs:819:13
[INFO] [stdout]   15:     0x56fe45a87592 - std[617be2ca0a6fd877]::panicking::panic_handler::{closure#0}
[INFO] [stdout]                                at /rustc/e3feeb59cd1bdd011a2bfcc0747b55125d9b8527/library/std/src/panicking.rs:685:13
[INFO] [stdout]   16:     0x56fe45a7fff9 - std[617be2ca0a6fd877]::sys::backtrace::__rust_end_short_backtrace::<std[617be2ca0a6fd877]::panicking::panic_handler::{closure#0}, !>
[INFO] [stdout]                                at /rustc/e3feeb59cd1bdd011a2bfcc0747b55125d9b8527/library/std/src/sys/backtrace.rs:182:18
[INFO] [stdout]   17:     0x56fe45a8819d - __rustc[ea4f61d10b84890b]::rust_begin_unwind
[INFO] [stdout]                                at /rustc/e3feeb59cd1bdd011a2bfcc0747b55125d9b8527/library/std/src/panicking.rs:676:5
[INFO] [stdout]   18:     0x56fe45ac2bec - core[a373ad73a504971]::panicking::panic_fmt
[INFO] [stdout]                                at /rustc/e3feeb59cd1bdd011a2bfcc0747b55125d9b8527/library/core/src/panicking.rs:80:14
[INFO] [stdout]   19:     0x56fe458e4c3a - compile_check[b27bb244cc8c31df]::compiles_conformance_fixtures::{closure#0}
[INFO] [stdout]                                at /opt/rustwide/workdir/tests/compile_check.rs:390:63
[INFO] [stdout]   20:     0x56fe458e1a11 - <core[a373ad73a504971]::result::Result<alloc[2e1b2a31b91974c5]::string::String, core[a373ad73a504971]::io::error::Error>>::unwrap_or_else::<compile_check[b27bb244cc8c31df]::compiles_conformance_fixtures::{closure#0}>
[INFO] [stdout]                                at /rustc/e3feeb59cd1bdd011a2bfcc0747b55125d9b8527/library/core/src/result.rs:1619:23
[INFO] [stdout]   21:     0x56fe458e766e - compile_check[b27bb244cc8c31df]::compiles_conformance_fixtures
[INFO] [stdout]                                at /opt/rustwide/workdir/tests/compile_check.rs:390:44
[INFO] [stdout]   22:     0x56fe458e4aa7 - compile_check[b27bb244cc8c31df]::compiles_conformance_fixtures::{closure#0}
[INFO] [stdout]                                at /opt/rustwide/workdir/tests/compile_check.rs:383:35
[INFO] [stdout]   23:     0x56fe458eb2e6 - <compile_check[b27bb244cc8c31df]::compiles_conformance_fixtures::{closure#0} as core[a373ad73a504971]::ops::function::FnOnce<()>>::call_once
[INFO] [stdout]                                at /rustc/e3feeb59cd1bdd011a2bfcc0747b55125d9b8527/library/core/src/ops/function.rs:250:5
[INFO] [stdout]   24:     0x56fe458f710b - <fn() -> core[a373ad73a504971]::result::Result<(), alloc[2e1b2a31b91974c5]::string::String> as core[a373ad73a504971]::ops::function::FnOnce<()>>::call_once
[INFO] [stdout]                                at /rustc/e3feeb59cd1bdd011a2bfcc0747b55125d9b8527/library/core/src/ops/function.rs:250:5
[INFO] [stdout]   25:     0x56fe458f710b - test[aada8e7e76ba119b]::__rust_begin_short_backtrace::<core[a373ad73a504971]::result::Result<(), alloc[2e1b2a31b91974c5]::string::String>, fn() -> core[a373ad73a504971]::result::Result<(), alloc[2e1b2a31b91974c5]::string::String>>
[INFO] [stdout]                                at /rustc/e3feeb59cd1bdd011a2bfcc0747b55125d9b8527/library/test/src/lib.rs:701:18
[INFO] [stdout]   26:     0x56fe459042e5 - test[aada8e7e76ba119b]::run_test_in_process::{closure#0}
[INFO] [stdout]                                at /rustc/e3feeb59cd1bdd011a2bfcc0747b55125d9b8527/library/test/src/lib.rs:724:74
[INFO] [stdout]   27:     0x56fe459042e5 - <core[a373ad73a504971]::panic::unwind_safe::AssertUnwindSafe<test[aada8e7e76ba119b]::run_test_in_process::{closure#0}> as core[a373ad73a504971]::ops::function::FnOnce<()>>::call_once
[INFO] [stdout]                                at /rustc/e3feeb59cd1bdd011a2bfcc0747b55125d9b8527/library/core/src/panic/unwind_safe.rs:275:9
[INFO] [stdout]   28:     0x56fe459042e5 - std[617be2ca0a6fd877]::panicking::catch_unwind::do_call::<core[a373ad73a504971]::panic::unwind_safe::AssertUnwindSafe<test[aada8e7e76ba119b]::run_test_in_process::{closure#0}>, core[a373ad73a504971]::result::Result<(), alloc[2e1b2a31b91974c5]::string::String>>
[INFO] [stdout]                                at /rustc/e3feeb59cd1bdd011a2bfcc0747b55125d9b8527/library/std/src/panicking.rs:573:43
[INFO] [stdout]   29:     0x56fe459042e5 - std[617be2ca0a6fd877]::panicking::catch_unwind::<core[a373ad73a504971]::result::Result<(), alloc[2e1b2a31b91974c5]::string::String>, core[a373ad73a504971]::panic::unwind_safe::AssertUnwindSafe<test[aada8e7e76ba119b]::run_test_in_process::{closure#0}>>
[INFO] [stdout]                                at /rustc/e3feeb59cd1bdd011a2bfcc0747b55125d9b8527/library/std/src/panicking.rs:541:19
[INFO] [stdout]   30:     0x56fe459042e5 - std[617be2ca0a6fd877]::panic::catch_unwind::<core[a373ad73a504971]::panic::unwind_safe::AssertUnwindSafe<test[aada8e7e76ba119b]::run_test_in_process::{closure#0}>, core[a373ad73a504971]::result::Result<(), alloc[2e1b2a31b91974c5]::string::String>>
[INFO] [stdout]                                at /rustc/e3feeb59cd1bdd011a2bfcc0747b55125d9b8527/library/std/src/panic.rs:359:14
[INFO] [stdout]   31:     0x56fe459042e5 - test[aada8e7e76ba119b]::run_test_in_process
[INFO] [stdout]                                at /rustc/e3feeb59cd1bdd011a2bfcc0747b55125d9b8527/library/test/src/lib.rs:724:27
[INFO] [stdout]   32:     0x56fe459042e5 - test[aada8e7e76ba119b]::run_test::{closure#0}
[INFO] [stdout]                                at /rustc/e3feeb59cd1bdd011a2bfcc0747b55125d9b8527/library/test/src/lib.rs:645:43
[INFO] [stdout]   33:     0x56fe458fdbd4 - test[aada8e7e76ba119b]::run_test::{closure#1}
[INFO] [stdout]                                at /rustc/e3feeb59cd1bdd011a2bfcc0747b55125d9b8527/library/test/src/lib.rs:675:41
[INFO] [stdout]   34:     0x56fe458fdbd4 - std[617be2ca0a6fd877]::sys::backtrace::__rust_begin_short_backtrace::<test[aada8e7e76ba119b]::run_test::{closure#1}, ()>
[INFO] [stdout]                                at /rustc/e3feeb59cd1bdd011a2bfcc0747b55125d9b8527/library/std/src/sys/backtrace.rs:166:18
[INFO] [stdout]   35:     0x56fe45907372 - std[617be2ca0a6fd877]::thread::lifecycle::spawn_unchecked::<test[aada8e7e76ba119b]::run_test::{closure#1}, ()>::{closure#1}::{closure#0}
[INFO] [stdout]                                at /rustc/e3feeb59cd1bdd011a2bfcc0747b55125d9b8527/library/std/src/thread/lifecycle.rs:70:13
[INFO] [stdout]   36:     0x56fe45907372 - <core[a373ad73a504971]::panic::unwind_safe::AssertUnwindSafe<std[617be2ca0a6fd877]::thread::lifecycle::spawn_unchecked<test[aada8e7e76ba119b]::run_test::{closure#1}, ()>::{closure#1}::{closure#0}> as core[a373ad73a504971]::ops::function::FnOnce<()>>::call_once
[INFO] [stdout]                                at /rustc/e3feeb59cd1bdd011a2bfcc0747b55125d9b8527/library/core/src/panic/unwind_safe.rs:275:9
[INFO] [stdout]   37:     0x56fe45907372 - std[617be2ca0a6fd877]::panicking::catch_unwind::do_call::<core[a373ad73a504971]::panic::unwind_safe::AssertUnwindSafe<std[617be2ca0a6fd877]::thread::lifecycle::spawn_unchecked<test[aada8e7e76ba119b]::run_test::{closure#1}, ()>::{closure#1}::{closure#0}>, ()>
[INFO] [stdout]                                at /rustc/e3feeb59cd1bdd011a2bfcc0747b55125d9b8527/library/std/src/panicking.rs:573:43
[INFO] [stdout]   38:     0x56fe45907372 - std[617be2ca0a6fd877]::panicking::catch_unwind::<(), core[a373ad73a504971]::panic::unwind_safe::AssertUnwindSafe<std[617be2ca0a6fd877]::thread::lifecycle::spawn_unchecked<test[aada8e7e76ba119b]::run_test::{closure#1}, ()>::{closure#1}::{closure#0}>>
[INFO] [stdout]                                at /rustc/e3feeb59cd1bdd011a2bfcc0747b55125d9b8527/library/std/src/panicking.rs:541:19
[INFO] [stdout]   39:     0x56fe45907372 - std[617be2ca0a6fd877]::panic::catch_unwind::<core[a373ad73a504971]::panic::unwind_safe::AssertUnwindSafe<std[617be2ca0a6fd877]::thread::lifecycle::spawn_unchecked<test[aada8e7e76ba119b]::run_test::{closure#1}, ()>::{closure#1}::{closure#0}>, ()>
[INFO] [stdout]                                at /rustc/e3feeb59cd1bdd011a2bfcc0747b55125d9b8527/library/std/src/panic.rs:359:14
[INFO] [stdout]   40:     0x56fe45907372 - std[617be2ca0a6fd877]::thread::lifecycle::spawn_unchecked::<test[aada8e7e76ba119b]::run_test::{closure#1}, ()>::{closure#1}
[INFO] [stdout]                                at /rustc/e3feeb59cd1bdd011a2bfcc0747b55125d9b8527/library/std/src/thread/lifecycle.rs:68:26
[INFO] [stdout]   41:     0x56fe45907372 - <std[617be2ca0a6fd877]::thread::lifecycle::spawn_unchecked<test[aada8e7e76ba119b]::run_test::{closure#1}, ()>::{closure#1} as core[a373ad73a504971]::ops::function::FnOnce<()>>::call_once::{shim:vtable#0}
[INFO] [stdout]                                at /rustc/e3feeb59cd1bdd011a2bfcc0747b55125d9b8527/library/core/src/ops/function.rs:250:5
[INFO] [stdout]   42:     0x56fe45aabd8f - <alloc[2e1b2a31b91974c5]::boxed::Box<dyn core[a373ad73a504971]::ops::function::FnOnce<(), Output = ()> + core[a373ad73a504971]::marker::Send> as core[a373ad73a504971]::ops::function::FnOnce<()>>::call_once
[INFO] [stdout]                                at /rustc/e3feeb59cd1bdd011a2bfcc0747b55125d9b8527/library/alloc/src/boxed.rs:2314:9
[INFO] [stdout]   43:     0x56fe45aabd8f - <std[617be2ca0a6fd877]::sys::thread::unix::Thread>::new::thread_start
[INFO] [stdout]                                at /rustc/e3feeb59cd1bdd011a2bfcc0747b55125d9b8527/library/std/src/sys/thread/unix.rs:127:17
[INFO] [stdout]   44:     0x7323f0e56dfa - <unknown>
[INFO] [stdout]   45:     0x7323f0eea3d4 - clone
[INFO] [stdout]   46:                0x0 - <unknown>
[INFO] [stdout] 
[INFO] [stdout] 
[INFO] [stdout] failures:
[INFO] [stdout]     compiles_conformance_fixtures
[INFO] [stdout] 
[INFO] [stdout] test result: FAILED. 11 passed; 1 failed; 0 ignored; 0 measured; 0 filtered out; finished in 0.06s
[INFO] [stdout] 
[INFO] running `Command { std: "docker" "inspect" "4f70fd34496ff53ef30b53ec1c89eb0cc783bb7ff32d6c103bb321869fd12840", kill_on_drop: false }`
[INFO] running `Command { std: "docker" "rm" "-f" "4f70fd34496ff53ef30b53ec1c89eb0cc783bb7ff32d6c103bb321869fd12840", kill_on_drop: false }`
[INFO] [stdout] 4f70fd34496ff53ef30b53ec1c89eb0cc783bb7ff32d6c103bb321869fd12840
