[INFO] fetching crate zerodds-idl-java 1.0.0-rc.6...
[INFO] testing zerodds-idl-java-1.0.0-rc.6 against 1.100.0-beta.1 for beta-1.100-2
[INFO] extracting crate zerodds-idl-java 1.0.0-rc.6 into /workspace/builds/worker-0-tc2/source
[INFO] started tweaking crates.io crate zerodds-idl-java 1.0.0-rc.6
[INFO] removed 0 missing tests
[INFO] finished tweaking crates.io crate zerodds-idl-java 1.0.0-rc.6
[INFO] tweaked toml for crates.io crate zerodds-idl-java 1.0.0-rc.6 written to /workspace/builds/worker-0-tc2/source/Cargo.toml
[INFO] validating manifest of crates.io crate zerodds-idl-java 1.0.0-rc.6 on toolchain 1.100.0-beta.1
[INFO] running `Command { std: CARGO_HOME="/workspace/cargo-home" RUSTUP_HOME="/workspace/rustup-home" "/workspace/cargo-home/bin/cargo" "+1.100.0-beta.1" "metadata" "--manifest-path" "Cargo.toml" "--no-deps", kill_on_drop: false }`
[INFO] crate crates.io crate zerodds-idl-java 1.0.0-rc.6 already has a lockfile, it will not be regenerated
[INFO] running `Command { std: CARGO_HOME="/workspace/cargo-home" RUSTUP_HOME="/workspace/rustup-home" "/workspace/cargo-home/bin/cargo" "+1.100.0-beta.1" "fetch" "--manifest-path" "Cargo.toml", kill_on_drop: false }`
[INFO] running `Command { std: "docker" "create" "-v" "/var/lib/crater-agent-workspace/builds/worker-0-tc2/source:/opt/rustwide/workdir:ro,Z" "-v" "/var/lib/crater-agent-workspace/builds/worker-0-tc2/target:/opt/rustwide/target:rw,Z" "-v" "/var/lib/crater-agent-workspace/cargo-home:/opt/rustwide/cargo-home:ro,Z" "-v" "/var/lib/crater-agent-workspace/rustup-home:/opt/rustwide/rustup-home:ro,Z" "-m" "1610612736" "--network" "none" "ghcr.io/rust-lang/crates-build-env/linux@sha256:3111399a4047eeb3a02b7a90e478d715f38a8c6669b5c4b49d30a17385265909" "sleep" "infinity", kill_on_drop: false }`
[INFO] [stdout] aa91ec7b5819f5bc4a7733e0d3f64e736aa7ac5b59fc31511cd927cc1f85a9b6
[INFO] running `Command { std: "docker" "start" "aa91ec7b5819f5bc4a7733e0d3f64e736aa7ac5b59fc31511cd927cc1f85a9b6", kill_on_drop: false }`
[INFO] running `Command { std: "docker" "inspect" "aa91ec7b5819f5bc4a7733e0d3f64e736aa7ac5b59fc31511cd927cc1f85a9b6", kill_on_drop: false }`
[INFO] running `Command { std: "docker" "exec" "-e" "SOURCE_DIR=/opt/rustwide/workdir" "-e" "CARGO_HOME=/opt/rustwide/cargo-home" "-e" "RUSTUP_HOME=/opt/rustwide/rustup-home" "-e" "CARGO_TARGET_DIR=/opt/rustwide/target" "-w" "/opt/rustwide/workdir" "--user" "0:0" "aa91ec7b5819f5bc4a7733e0d3f64e736aa7ac5b59fc31511cd927cc1f85a9b6" "/opt/rustwide/cargo-home/bin/cargo" "+1.100.0-beta.1" "metadata" "--no-deps" "--format-version=1", kill_on_drop: false }`
[INFO] running `Command { std: "docker" "inspect" "aa91ec7b5819f5bc4a7733e0d3f64e736aa7ac5b59fc31511cd927cc1f85a9b6", kill_on_drop: false }`
[INFO] running `Command { std: "docker" "exec" "-e" "SOURCE_DIR=/opt/rustwide/workdir" "-e" "CARGO_HOME=/opt/rustwide/cargo-home" "-e" "RUSTUP_HOME=/opt/rustwide/rustup-home" "-e" "CARGO_TARGET_DIR=/opt/rustwide/target" "-e" "CARGO_INCREMENTAL=0" "-e" "RUST_BACKTRACE=full" "-e" "RUSTFLAGS=--cap-lints=warn" "-e" "RUSTDOCFLAGS=--cap-lints=warn" "-w" "/opt/rustwide/workdir" "--user" "0:0" "aa91ec7b5819f5bc4a7733e0d3f64e736aa7ac5b59fc31511cd927cc1f85a9b6" "/opt/rustwide/cargo-home/bin/cargo" "+1.100.0-beta.1" "build" "--frozen" "--message-format=json", kill_on_drop: false }`
[INFO] [stderr]    Compiling zerodds-foundation v1.0.0-rc.6
[INFO] [stderr]    Compiling portable-atomic v1.13.1
[INFO] [stderr]    Compiling zerodds-security v1.0.0-rc.6
[INFO] [stderr]    Compiling zerodds-sql-filter v1.0.0-rc.6
[INFO] [stderr]    Compiling num-traits v0.2.19
[INFO] [stderr]    Compiling socket2 v0.5.10
[INFO] [stderr]    Compiling zerodds-cdr v1.0.0-rc.6
[INFO] [stderr]    Compiling zerodds-monitor v1.0.0-rc.6
[INFO] [stderr]    Compiling zerodds-types v1.0.0-rc.6
[INFO] [stderr]    Compiling zerodds-qos v1.0.0-rc.6
[INFO] [stderr]    Compiling num-integer v0.1.46
[INFO] [stderr]    Compiling num-bigint v0.4.6
[INFO] [stderr]    Compiling zerodds-rtps v1.0.0-rc.6
[INFO] [stderr]    Compiling zerodds-xml v1.0.0-rc.6
[INFO] [stderr]    Compiling zerodds-idl v1.0.0-rc.6
[INFO] [stderr]    Compiling zerodds-transport v1.0.0-rc.6
[INFO] [stderr]    Compiling zerodds-discovery v1.0.0-rc.6
[INFO] [stderr]    Compiling zerodds-transport-tcp v1.0.0-rc.6
[INFO] [stderr]    Compiling zerodds-transport-udp v1.0.0-rc.6
[INFO] [stderr]    Compiling zerodds-dcps v1.0.0-rc.6
[INFO] [stderr]    Compiling zerodds-rpc v1.0.0-rc.6
[INFO] [stderr]    Compiling zerodds-idl-java v1.0.0-rc.6 (/opt/rustwide/workdir)
[INFO] [stderr]     Finished `dev` profile [unoptimized + debuginfo] target(s) in 35.95s
[INFO] running `Command { std: "docker" "inspect" "aa91ec7b5819f5bc4a7733e0d3f64e736aa7ac5b59fc31511cd927cc1f85a9b6", kill_on_drop: false }`
[INFO] running `Command { std: "docker" "exec" "-e" "SOURCE_DIR=/opt/rustwide/workdir" "-e" "CARGO_HOME=/opt/rustwide/cargo-home" "-e" "RUSTUP_HOME=/opt/rustwide/rustup-home" "-e" "CARGO_TARGET_DIR=/opt/rustwide/target" "-e" "CARGO_INCREMENTAL=0" "-e" "RUST_BACKTRACE=full" "-e" "RUSTFLAGS=--cap-lints=warn" "-e" "RUSTDOCFLAGS=--cap-lints=warn" "-w" "/opt/rustwide/workdir" "--user" "0:0" "aa91ec7b5819f5bc4a7733e0d3f64e736aa7ac5b59fc31511cd927cc1f85a9b6" "/opt/rustwide/cargo-home/bin/cargo" "+1.100.0-beta.1" "test" "--frozen" "--no-run" "--message-format=json", kill_on_drop: false }`
[INFO] [stderr]    Compiling bitflags v2.11.1
[INFO] [stderr]    Compiling getrandom v0.4.2
[INFO] [stderr]    Compiling similar v2.7.0
[INFO] [stderr]    Compiling rustix v1.1.4
[INFO] [stderr]    Compiling tempfile v3.27.0
[INFO] [stderr]    Compiling insta v1.47.2
[INFO] [stderr]    Compiling zerodds-idl-java v1.0.0-rc.6 (/opt/rustwide/workdir)
[INFO] [stderr]     Finished `test` profile [unoptimized + debuginfo] target(s) in 15.44s
[INFO] running `Command { std: "docker" "inspect" "aa91ec7b5819f5bc4a7733e0d3f64e736aa7ac5b59fc31511cd927cc1f85a9b6", kill_on_drop: false }`
[INFO] running `Command { std: "docker" "exec" "-e" "SOURCE_DIR=/opt/rustwide/workdir" "-e" "CARGO_HOME=/opt/rustwide/cargo-home" "-e" "RUSTUP_HOME=/opt/rustwide/rustup-home" "-e" "CARGO_TARGET_DIR=/opt/rustwide/target" "-e" "CARGO_INCREMENTAL=0" "-e" "RUST_BACKTRACE=full" "-e" "RUSTFLAGS=--cap-lints=warn" "-e" "RUSTDOCFLAGS=--cap-lints=warn" "-w" "/opt/rustwide/workdir" "--user" "0:0" "aa91ec7b5819f5bc4a7733e0d3f64e736aa7ac5b59fc31511cd927cc1f85a9b6" "/opt/rustwide/cargo-home/bin/cargo" "+1.100.0-beta.1" "test" "--frozen", kill_on_drop: false }`
[INFO] [stderr]     Finished `test` profile [unoptimized + debuginfo] target(s) in 0.09s
[INFO] [stderr]      Running unittests src/lib.rs (/opt/rustwide/target/debug/build/zerodds-idl-java/0b4a03e12f16dc79/out/zerodds_idl_java-0b4a03e12f16dc79)
[INFO] [stdout] 
[INFO] [stdout] running 106 tests
[INFO] [stdout] test amqp::tests::json_helper_for_union_too ... ok
[INFO] [stdout] test amqp::tests::module_qualifies_spec_type_name ... ok
[INFO] [stdout] test amqp::tests::empty_spec_emits_no_amqp_files ... ok
[INFO] [stdout] test amqp::tests::nested_modules_qualify_spec_type_name ... ok
[INFO] [stdout] test amqp::tests::nested_struct_field_recurses_via_codec ... ok
[INFO] [stdout] test amqp::tests::codec_files_appear_alongside_main_files ... ok
[INFO] [stdout] test amqp::tests::opt_in_disabled_by_default ... ok
[INFO] [stdout] test amqp::tests::struct_emits_amqp_codec_file ... ok
[INFO] [stdout] test amqp::tests::string_field_uses_field_string ... ok
[INFO] [stdout] test amqp::tests::struct_emits_to_json_helper ... ok
[INFO] [stdout] test amqp::tests::primitive_field_setters_correct ... ok
[INFO] [stdout] test amqp::tests::union_disc_short_uses_int16_factory ... ok
[INFO] [stdout] test amqp::tests::union_emits_codec_with_make_union_body_calls ... ok
[INFO] [stdout] test annotations::tests::enum_value_override_absent_returns_none ... ok
[INFO] [stdout] test annotations::tests::id_emits_id_with_value ... ok
[INFO] [stdout] test annotations::tests::appendable_explicit_extensibility_emits ... ok
[INFO] [stdout] test annotations::tests::enum_value_override_returns_literal ... ok
[INFO] [stdout] test annotations::tests::final_struct_emits_extensibility_annotation ... ok
[INFO] [stdout] test annotations::tests::external_emits_marker ... ok
[INFO] [stdout] test annotations::tests::key_emits_key_annotation ... ok
[INFO] [stdout] test annotations::tests::mutable_struct_emits_extensibility_mutable ... ok
[INFO] [stdout] test annotations::tests::key_id_optional_combine_in_deterministic_order ... ok
[INFO] [stdout] test annotations::tests::nested_struct_emits_nested_type_annotation ... ok
[INFO] [stdout] test annotations::tests::must_understand_emits_marker ... ok
[INFO] [stdout] test bitset::tests::bitmask_too_large_bit_bound_errors ... ok
[INFO] [stdout] test annotations::tests::optional_emits_optional_annotation ... ok
[INFO] [stdout] test bitset::tests::bitmask_explicit_bit_bound_8_emits ... ok
[INFO] [stdout] test bitset::tests::bitmask_default_bit_bound_is_32 ... ok
[INFO] [stdout] test bitset::tests::bitset_64bit_field_uses_long_return ... ok
[INFO] [stdout] test bitset::tests::bitmask_position_overrides_implicit ... ok
[INFO] [stdout] test bitset::tests::bitset_large_field_above_32_returns_long ... ok
[INFO] [stdout] test bitset::tests::bitmask_uses_enumset_field ... ok
[INFO] [stdout] test corba_traits::tests::no_local_default_set_to_false ... ok
[INFO] [stdout] test bitset::tests::bitset_with_anonymous_padding_skips_accessor ... ok
[INFO] [stdout] test bitset::tests::bitset_simple_emits_long_backing ... ok
[INFO] [stdout] test bitset::tests::bitset_total_width_over_64_errors ... ok
[INFO] [stdout] test annotations::tests::no_annotations_yields_empty_lists ... ok
[INFO] [stdout] test corba_traits::tests::nested_module_yields_correct_package_path ... ok
[INFO] [stdout] test error::tests::inheritance_cycle_display ... ok
[INFO] [stdout] test corba_traits::tests::empty_source_emits_no_traits_files ... ok
[INFO] [stdout] test error::tests::internal_display ... ok
[INFO] [stdout] test error::tests::invalid_name_display ... ok
[INFO] [stdout] test error::tests::unsupported_display_without_context ... ok
[INFO] [stdout] test error::tests::unsupported_display_has_context ... ok
[INFO] [stdout] test keywords::tests::class_is_reserved ... ok
[INFO] [stdout] test keywords::tests::foo_is_not_reserved ... ok
[INFO] [stdout] test keywords::tests::list_contains_at_least_50_keywords ... ok
[INFO] [stdout] test keywords::tests::record_is_reserved ... ok
[INFO] [stdout] test keywords::tests::sanitize_empty_errors ... ok
[INFO] [stdout] test keywords::tests::sanitize_keyword_appends_underscore ... ok
[INFO] [stdout] test keywords::tests::sanitize_normal_passthrough ... ok
[INFO] [stdout] test keywords::tests::sealed_is_reserved ... ok
[INFO] [stdout] test corba_traits::tests::private_constructor_prevents_instantiation ... ok
[INFO] [stdout] test keywords::tests::var_yield_reserved ... ok
[INFO] [stdout] test corba_traits::tests::enum_emits_traits_file ... ok
[INFO] [stdout] test corba_traits::tests::sequence_member_marks_struct_variable ... ok
[INFO] [stdout] test corba_traits::tests::struct_emits_companion_traits_file ... ok
[INFO] [stdout] test corba_traits::tests::variable_size_struct_marked_correctly ... ok
[INFO] [stdout] test tests::const_decl_emits_holder_class ... ok
[INFO] [stdout] test corba_traits::tests::union_with_string_branch_is_variable ... ok
[INFO] [stdout] test tests::array_uses_java_array_syntax ... ok
[INFO] [stdout] test tests::each_file_starts_with_generated_marker ... ok
[INFO] [stdout] test tests::inherited_struct_uses_extends ... ok
[INFO] [stdout] test tests::empty_source_emits_no_files ... ok
[INFO] [stdout] test tests::any_member_emits_object ... ok
[INFO] [stdout] test tests::keyed_member_emits_key_annotation ... ok
[INFO] [stdout] test tests::exception_extends_runtime_exception ... ok
[INFO] [stdout] test tests::options_clone_works ... ok
[INFO] [stdout] test tests::options_have_sensible_defaults ... ok
[INFO] [stdout] test tests::empty_module_emits_no_files ... ok
[INFO] [stdout] test tests::enum_emits_explicit_values ... ok
[INFO] [stdout] test tests::inheritance_cycle_is_rejected ... ok
[INFO] [stdout] test tests::module_becomes_lowercase_package ... ok
[INFO] [stdout] test tests::java_file_struct_field_access ... ok
[INFO] [stdout] test tests::relative_path_default_package ... ok
[INFO] [stdout] test tests::relative_path_uses_package_directory ... ok
[INFO] [stdout] test tests::optional_member_uses_optional ... ok
[INFO] [stdout] test tests::non_service_interface_emits_java_interface ... ok
[INFO] [stdout] test tests::primitive_struct_uses_correct_java_types ... ok
[INFO] [stdout] test tests::sequence_uses_list ... ok
[INFO] [stdout] test tests::reserved_member_name_gets_underscore_suffix ... ok
[INFO] [stdout] test type_map::tests::boxed_floats ... ok
[INFO] [stdout] test type_map::tests::boxed_int_is_integer ... ok
[INFO] [stdout] test type_map::tests::boxed_long_is_long ... ok
[INFO] [stdout] test type_map::tests::boxed_octet_is_byte_capital ... ok
[INFO] [stdout] test type_map::tests::boxed_primitive_boolean_is_capital_boolean ... ok
[INFO] [stdout] test type_map::tests::boxed_unsigned_long_is_long ... ok
[INFO] [stdout] test type_map::tests::floating_float_double ... ok
[INFO] [stdout] test type_map::tests::integer_explicit_widths ... ok
[INFO] [stdout] test type_map::tests::integer_long_long_signed ... ok
[INFO] [stdout] test type_map::tests::integer_long_signed ... ok
[INFO] [stdout] test type_map::tests::integer_short_signed ... ok
[INFO] [stdout] test type_map::tests::integer_unsigned_long_long_keeps_long ... ok
[INFO] [stdout] test type_map::tests::integer_unsigned_short_widens_to_int ... ok
[INFO] [stdout] test type_map::tests::integer_unsigned_long_widens_to_long ... ok
[INFO] [stdout] test type_map::tests::primitive_boolean ... ok
[INFO] [stdout] test type_map::tests::primitive_octet ... ok
[INFO] [stdout] test type_map::tests::primitive_wchar ... ok
[INFO] [stdout] test type_map::tests::unsigned_marker_is_correct ... ok
[INFO] [stdout] test tests::union_emits_sealed_interface ... ok
[INFO] [stdout] test type_map::tests::primitive_char ... ok
[INFO] [stdout] test tests::unsigned_member_gets_doc_comment ... ok
[INFO] [stdout] test tests::root_package_prepends_to_modules ... ok
[INFO] [stdout] test tests::struct_emits_one_file_per_type ... ok
[INFO] [stdout] test tests::three_level_modules_become_three_packages ... ok
[INFO] [stdout] test tests::typedef_emits_wrapper_class ... ok
[INFO] [stdout] 
[INFO] [stdout] test result: ok. 106 passed; 0 failed; 0 ignored; 0 measured; 0 filtered out; finished in 2.01s
[INFO] [stdout] 
[INFO] [stderr]      Running tests/bounded_collections.rs (/opt/rustwide/target/debug/build/zerodds-idl-java/f8e26b041fc60093/out/bounded_collections-f8e26b041fc60093)
[INFO] [stdout] 
[INFO] [stdout] running 3 tests
[INFO] [stdout] test bounded_sequence_throws_on_over_bound ... ok
[INFO] [stdout] test bounded_string_byte_length_check ... ok
[INFO] [stdout] test unbounded_sequence_has_no_check ... ok
[INFO] [stdout] 
[INFO] [stdout] test result: ok. 3 passed; 0 failed; 0 ignored; 0 measured; 0 filtered out; finished in 0.11s
[INFO] [stdout] 
[INFO] [stderr]      Running tests/cluster_e.rs (/opt/rustwide/target/debug/build/zerodds-idl-java/794b982f9917cd3a/out/cluster_e-794b982f9917cd3a)
[INFO] [stdout] 
[INFO] [stdout] running 35 tests
[INFO] [stdout] test base_emits_companion_interface_descendant_does_not ... ok
[INFO] [stdout] test bitmask_inner_enum_has_position_accessor ... ok
[INFO] [stdout] test bitmask_bit_bound_8_emits_constant ... ok
[INFO] [stdout] test bitmask_position_overrides_implicit_cursor ... ok
[INFO] [stdout] test bitmask_bit_bound_16_emits_constant ... ok
[INFO] [stdout] test bitmask_default_bit_bound_32 ... ok
[INFO] [stdout] test bitset_64bit_field_returns_long_typed_accessor ... ok
[INFO] [stdout] test bitmask_bit_bound_64_emits_constant ... ok
[INFO] [stdout] test bitset_over_64_returns_error ... ok
[INFO] [stdout] test bitset_b_uses_mask_0x1f_offset_3 ... ok
[INFO] [stdout] test bitset_cumulative_64bit_filled_is_ok ... ok
[INFO] [stdout] test bitset_a_uses_mask_0x7_offset_0 ... ok
[INFO] [stdout] test bitset_anonymous_padding_is_skipped_but_offsets_advance ... ok
[INFO] [stdout] test companion_interface_lists_getter_signatures ... ok
[INFO] [stdout] test bitset_simple_two_fields ... ok
[INFO] [stdout] test enum_value_non_ascending_is_allowed ... ok
[INFO] [stdout] test enum_without_value_keeps_sequential_ordinals ... ok
[INFO] [stdout] test id_annotation_includes_value ... ok
[INFO] [stdout] test enum_value_overrides_emit_explicit_int ... ok
[INFO] [stdout] test extensibility_appendable_explicit_form ... ok
[INFO] [stdout] test enum_value_partial_overrides_continue_from_override ... ok
[INFO] [stdout] test extensibility_final_emits_type_annotation ... ok
[INFO] [stdout] test extensibility_mutable_emits_type_annotation ... ok
[INFO] [stdout] test external_annotation_emits ... ok
[INFO] [stdout] test key_id_and_optional_appear_in_deterministic_order ... ok
[INFO] [stdout] test key_annotation_emits_java_annotation ... ok
[INFO] [stdout] test nested_annotation_on_enum_is_emitted ... ok
[INFO] [stdout] test multiple_annotations_combined_test ... ok
[INFO] [stdout] test must_understand_annotation_emits ... ok
[INFO] [stdout] test two_level_chain_emits_grandparent_interface_clause ... ok
[INFO] [stdout] test optional_annotation_emits_marker_in_addition_to_optional_type ... ok
[INFO] [stdout] test nested_struct_does_not_implement_topic_type ... ok
[INFO] [stdout] test struct_with_base_inherits_topic_type_from_parent ... ok
[INFO] [stdout] test top_level_struct_implements_topic_type ... ok
[INFO] [stdout] test three_level_chain_emits_two_grandparent_interfaces ... ok
[INFO] [stdout] 
[INFO] [stdout] test result: ok. 35 passed; 0 failed; 0 ignored; 0 measured; 0 filtered out; finished in 1.09s
[INFO] [stdout] 
[INFO] [stderr]      Running tests/compile_check.rs (/opt/rustwide/target/debug/build/zerodds-idl-java/f86c676f21e5f6d4/out/compile_check-f86c676f21e5f6d4)
[INFO] [stdout] 
[INFO] [stdout] running 15 tests
[INFO] [stdout] test compiles_inheritance ... ok
[INFO] [stdout] test compiles_optional_member ... ok
[INFO] [stdout] test compiles_array_member ... ok
[INFO] [stdout] test compiles_exception ... ok
[INFO] [stdout] test compiles_enum ... ok
[INFO] [stdout] test compiles_keyed_struct ... ok
[INFO] [stdout] test compiles_module_nesting ... ok
[INFO] [stdout] test compiles_service_with_struct_params_against_real_runtime ... ok
[INFO] [stdout] test compiles_simple_struct ... ok
[INFO] [stdout] test compiles_struct_with_string_sequence ... ok
[INFO] [stdout] test compiles_service_against_real_rpc_runtime ... ok
[INFO] [stdout] test real_runtime_compiles ... ok
[INFO] [stdout] test compiles_typedef ... ok
[INFO] [stdout] test compiles_union ... ok
[INFO] [stdout] test compiles_unsigned_workaround ... ok
[INFO] [stdout] 
[INFO] [stdout] test result: ok. 15 passed; 0 failed; 0 ignored; 0 measured; 0 filtered out; finished in 0.03s
[INFO] [stdout] 
[INFO] [stderr]      Running tests/edge_cases.rs (/opt/rustwide/target/debug/build/zerodds-idl-java/f49be48bba826184/out/edge_cases-f49be48bba826184)
[INFO] [stdout] 
[INFO] [stdout] running 20 tests
[INFO] [stdout] test bitset_is_now_supported_in_cluster_e ... ok
[INFO] [stdout] test empty_ast_produces_no_files ... ok
[INFO] [stdout] test bitmask_is_now_supported_in_cluster_e ... ok
[INFO] [stdout] test empty_module_emits_zero_files ... ok
[INFO] [stdout] test fixed_type_emits_bigdecimal ... ok
[INFO] [stdout] test const_decl_is_emitted_as_holder_class ... ok
[INFO] [stdout] test bitset_too_wide_is_unsupported ... ok
[INFO] [stdout] test any_type_emits_object ... ok
[INFO] [stdout] test relative_path_uses_directory_separator ... ok
[INFO] [stdout] test inheritance_self_loop_is_rejected ... ok
[INFO] [stdout] test nested_three_modules_become_three_packages ... ok
[INFO] [stdout] test forward_struct_does_not_emit_file ... ok
[INFO] [stdout] test root_package_alone_without_modules ... ok
[INFO] [stdout] test interface_emits_java_interface ... ok
[INFO] [stdout] test root_package_option_is_prepended_to_modules ... ok
[INFO] [stdout] test module_name_lowercased_in_package ... ok
[INFO] [stdout] test three_top_level_structs_produce_three_files ... ok
[INFO] [stdout] test unsigned_workaround_widens_correctly ... ok
[INFO] [stdout] test struct_with_reserved_int_field_name_gets_underscore ... ok
[INFO] [stdout] test struct_with_reserved_field_name_uses_underscore_suffix ... ok
[INFO] [stdout] 
[INFO] [stdout] test result: ok. 20 passed; 0 failed; 0 ignored; 0 measured; 0 filtered out; finished in 0.50s
[INFO] [stdout] 
[INFO] [stderr]      Running tests/fixtures.rs (/opt/rustwide/target/debug/build/zerodds-idl-java/c67197cd7b03f481/out/fixtures-c67197cd7b03f481)
[INFO] [stdout] 
[INFO] [stdout] running 14 tests
[INFO] [stdout] test optional_member ... ok
[INFO] [stdout] test multi_file_output_one_class_per_top_level_type ... ok
[INFO] [stdout] test sequence_of_long ... ok
[INFO] [stdout] test multiple_types ... ok
[INFO] [stdout] test inherited_struct ... ok
[INFO] [stdout] test nested_modules ... ok
[INFO] [stdout] test keyed_struct ... ok
[INFO] [stdout] test array_2d ... ok
[INFO] [stdout] test typedef_alias ... ok
[INFO] [stdout] test prim_struct ... ok
[INFO] [stdout] test simple_enum ... ok
[INFO] [stdout] test typedef_with_two_aliases_emits_two_files ... ok
[INFO] [stdout] test union_with_default ... ok
[INFO] [stdout] test all_fixtures_generate_required_markers ... ok
[INFO] [stdout] 
[INFO] [stdout] test result: ok. 14 passed; 0 failed; 0 ignored; 0 measured; 0 filtered out; finished in 0.76s
[INFO] [stdout] 
[INFO] [stdout] 
[INFO] [stderr]      Running tests/java8_compat.rs (/opt/rustwide/target/debug/build/zerodds-idl-java/ddffe19022e0f46f/out/java8_compat-ddffe19022e0f46f)
[INFO] [stdout] running 2 tests
[INFO] [stdout] test standard_mode_uses_sealed_interface_and_records ... ok
[INFO] [stdout] test java8_mode_uses_abstract_class_and_static_subclasses ... ok
[INFO] [stdout] 
[INFO] [stdout] test result: ok. 2 passed; 0 failed; 0 ignored; 0 measured; 0 filtered out; finished in 0.08s
[INFO] [stdout] 
[INFO] [stderr]      Running tests/rpc_codegen.rs (/opt/rustwide/target/debug/build/zerodds-idl-java/269fffff2535d534/out/rpc_codegen-269fffff2535d534)
[INFO] [stdout] 
[INFO] [stdout] running 35 tests
[INFO] [stderr]      Running tests/snapshot_codegen.rs (/opt/rustwide/target/debug/build/zerodds-idl-java/465ea1b3d8bb1636/out/snapshot_codegen-465ea1b3d8bb1636)
[INFO] [stdout] test async_string_return_uses_boxed_string ... ok
[INFO] [stdout] test async_method_name_has_async_suffix ... ok
[INFO] [stdout] test async_interface_returns_completable_future ... ok
[INFO] [stdout] test inout_param_uses_holder_pattern ... ok
[INFO] [stdout] test module_scoped_service_lands_in_lowercase_package ... ok
[INFO] [stdout] test multi_service_in_one_idl_emits_independent_class_sets ... ok
[INFO] [stdout] test multiple_methods_async_have_independent_signatures ... ok
[INFO] [stdout] test non_service_interface_emits_plain_java_interface ... ok
[INFO] [stdout] test oneway_async_returns_void_future ... ok
[INFO] [stdout] test oneway_method_emits_oneway_annotation ... ok
[INFO] [stdout] test out_param_uses_holder_pattern ... ok
[INFO] [stdout] test replier_dispatch_table_uses_method_ids ... ok
[INFO] [stdout] test raises_clause_emits_inner_exception_class ... ok
[INFO] [stdout] test replier_constructor_takes_handler ... ok
[INFO] [stdout] test replier_dispatch_includes_service_handler_field ... ok
[INFO] [stdout] test replier_holds_runtime_replier_reference ... ok
[INFO] [stdout] test requester_implements_both_sync_and_async ... ok
[INFO] [stdout] test requester_async_method_uses_send_request ... ok
[INFO] [stdout] test requester_implements_close_via_runtime_field ... ok
[INFO] [stdout] test each_emitted_file_starts_with_generated_marker ... ok
[INFO] [stdout] test requester_holds_runtime_handle ... ok
[INFO] [stdout] test calculator_emits_five_files_for_single_method ... ok
[INFO] [stdout] test handler_interface_has_method_signatures ... ok
[INFO] [stdout] test requester_oneway_uses_send_oneway ... ok
[INFO] [stdout] test requester_sync_blocks_via_get ... ok
[INFO] [stdout] test service_context_skeleton_referenced_in_runtime ... ok
[INFO] [stdout] test service_name_annotation_overrides_iface_name ... ok
[INFO] [stdout] test service_with_empty_method_list_still_emits_all_files ... ok
[INFO] [stdout] test string_param_signature ... ok
[INFO] [stdout] test sequence_param_uses_list_in_signature ... ok
[INFO] [stdout] test sync_interface_returns_unboxed_primitive ... ok
[INFO] [stdout] test requester_non_oneway_with_no_return_uses_get_for_void ... ok
[INFO] [stdout] test sync_method_signature_in_requester_overrides ... ok
[INFO] [stdout] test service_interface_carries_runtime_annotation ... ok
[INFO] [stdout] test void_method_returns_void ... ok
[INFO] [stdout] 
[INFO] [stdout] test result: ok. 35 passed; 0 failed; 0 ignored; 0 measured; 0 filtered out; finished in 0.01s
[INFO] [stdout] 
[INFO] [stdout] 
[INFO] [stdout] running 13 tests
[INFO] [stdout] test mutable_autoid_is_zero_based_sequential ... ok
[INFO] [stdout] test snapshot_amqp_helpers_struct ... ok
[INFO] [stdout] test snapshot_struct_with_string_and_sequence ... ok
[INFO] [stdout] test snapshot_module_nesting ... ok
[INFO] [stdout] test snapshot_inheritance ... ok
[INFO] [stdout] test snapshot_enum ... ok
[INFO] [stdout] test snapshot_simple_struct ... ok
[INFO] [stdout] test snapshot_amqp_helpers_union ... ok
[INFO] [stdout] test snapshot_typesupport_final_struct ... ok
[INFO] [stdout] test snapshot_typesupport_keyed_struct ... ok
[INFO] [stdout] test snapshot_typesupport_mutable_struct ... ok
[INFO] [stdout] test snapshot_typesupport_sequence_of_string_dheader ... ok
[INFO] [stdout] test snapshot_union ... ok
[INFO] [stdout] 
[INFO] [stdout] test result: ok. 13 passed; 0 failed; 0 ignored; 0 measured; 0 filtered out; finished in 0.36s
[INFO] [stdout] 
[INFO] [stderr]      Running tests/spec_conformance.rs (/opt/rustwide/target/debug/build/zerodds-idl-java/cd138d3eaf27a9c3/out/spec_conformance-cd138d3eaf27a9c3)
[INFO] [stdout] 
[INFO] [stdout] running 29 tests
[INFO] [stdout] test any_member_emits_java_object ... ok
[INFO] [stdout] test any_returns_object_or_parse_error ... ok
[INFO] [stdout] test enum_emits_java_enum ... ok
[INFO] [stdout] test fixed_member_emits_java_bigdecimal ... ok
[INFO] [stdout] test array_member_uses_java_array_or_list ... ok
[INFO] [stdout] test camel_case_for_member_accessors ... ok
[INFO] [stdout] test bounded_sequence_keeps_bound_marker ... ok
[INFO] [stdout] test all_uppercase_for_constants_via_idl_default ... ok
[INFO] [stdout] test idl_map_emits_java_map ... ok
[INFO] [stdout] test fixed_returns_unsupported_or_parse_error ... ok
[INFO] [stdout] test module_becomes_lowercase_package_path ... ok
[INFO] [stdout] test out_param_uses_holder_pattern_in_service_interface ... ok
[INFO] [stdout] test shared_member_emits_shared_annotation ... ok
[INFO] [stdout] test non_service_interface_emits_java_interface ... ok
[INFO] [stdout] test standalone_constant_emits_holder_class ... ok
[INFO] [stdout] test string_member_uses_java_lang_string ... ok
[INFO] [stdout] test unbounded_sequence_emits_list_or_typed_seq ... ok
[INFO] [stdout] test typedef_emits_alias_class_or_inline ... ok
[INFO] [stdout] test union_with_octet_discriminator_supported ... ok
[INFO] [stdout] test union_emits_class_with_discriminator ... ok
[INFO] [stdout] test struct_emits_public_class ... ok
[INFO] [stdout] test pascal_case_for_class_names ... ok
[INFO] [stdout] test verbatim_annotation_with_after_declaration_placement ... ok
[INFO] [stdout] test valuetype_factory_emits_void_method ... ok
[INFO] [stdout] test verbatim_annotation_other_language_skipped_in_java ... ok
[INFO] [stdout] test verbatim_annotation_with_java_language_inlines_text ... ok
[INFO] [stdout] test valuetype_private_state_emits_protected_accessor ... ok
[INFO] [stdout] test wstring_member_uses_java_lang_string ... ok
[INFO] [stdout] test valuetype_emits_two_classes_abstract_and_concrete ... ok
[INFO] [stdout] 
[INFO] [stdout] test result: ok. 29 passed; 0 failed; 0 ignored; 0 measured; 0 filtered out; finished in 1.03s
[INFO] [stdout] 
[INFO] [stderr]      Running tests/typesupport_roundtrip.rs (/opt/rustwide/target/debug/build/zerodds-idl-java/8f453d9de2a783a2/out/typesupport_roundtrip-8f453d9de2a783a2)
[INFO] [stdout] 
[INFO] [stdout] running 18 tests
[INFO] [stdout] test roundtrip_bounds_exact_ok_and_over_throws ... ok
[INFO] [stdout] test roundtrip_array_of_struct_multidim_and_bounded_string ... ok
[INFO] [stdout] test roundtrip_fixed_arrays_incl_multidim_and_struct ... ok
[INFO] [stdout] test roundtrip_maps_primitive_and_struct_value ... ok
[INFO] [stdout] test roundtrip_extreme_primitive_values ... ok
[INFO] [stdout] test roundtrip_empty_collections ... ok
[INFO] [stdout] test roundtrip_nested_struct ... ok
[INFO] [stdout] test roundtrip_enum_in_struct ... ok
[INFO] [stdout] test roundtrip_deep_nesting ... ok
[INFO] [stdout] test roundtrip_optional_aggregate_present_and_absent ... ok
[INFO] [stdout] test roundtrip_sequences_incl_nested_and_struct ... ok
[INFO] [stdout] test roundtrip_unicode_string_and_wstring ... ok
[INFO] [stdout] test roundtrip_typedef_members ... ok
[INFO] [stdout] test roundtrip_union_as_seq_element_and_map_value ... ok
[INFO] [stdout] test roundtrip_unions_int_and_enum_discriminator ... ok
[INFO] [stdout] test roundtrip_keyed_same_key_different_payload ... ok
[INFO] [stdout] test roundtrip_fixture_06_typedefs_incl_matrix_array_alias ... FAILED
[INFO] [stdout] test roundtrip_fixture_20_mixed_combo ... FAILED
[INFO] [stdout] 
[INFO] [stdout] failures:
[INFO] [stdout] 
[INFO] [stdout] ---- roundtrip_fixture_06_typedefs_incl_matrix_array_alias stdout ----
[INFO] [stdout] 
[INFO] [stdout] thread 'roundtrip_fixture_06_typedefs_incl_matrix_array_alias' (1008) panicked at tests/typesupport_roundtrip.rs:169:52:
[INFO] [stdout] read fixture /opt/rustwide/workdir/../../tools/idlc/tests/conformance/fixtures/06_typedefs.idl: No such file or directory (os error 2)
[INFO] [stdout] stack backtrace:
[INFO] [stdout]    0:     0x610ee050fdc1 - std[617be2ca0a6fd877]::backtrace_rs::backtrace::libunwind::trace
[INFO] [stdout]                                at /rustc/e3feeb59cd1bdd011a2bfcc0747b55125d9b8527/library/std/src/../../backtrace/src/backtrace/libunwind.rs:117:9
[INFO] [stdout]    1:     0x610ee050fdc1 - std[617be2ca0a6fd877]::backtrace_rs::backtrace::trace_unsynchronized::<std[617be2ca0a6fd877]::sys::backtrace::_print_fmt::{closure#1}>
[INFO] [stdout]                                at /rustc/e3feeb59cd1bdd011a2bfcc0747b55125d9b8527/library/std/src/../../backtrace/src/backtrace/mod.rs:66:14
[INFO] [stdout]    2:     0x610ee050fdc1 - std[617be2ca0a6fd877]::sys::backtrace::_print_fmt
[INFO] [stdout]                                at /rustc/e3feeb59cd1bdd011a2bfcc0747b55125d9b8527/library/std/src/sys/backtrace.rs:74:9
[INFO] [stdout]    3:     0x610ee050fdc1 - <<std[617be2ca0a6fd877]::sys::backtrace::BacktraceLock>::print::DisplayBacktrace as core[a373ad73a504971]::fmt::Display>::fmt
[INFO] [stdout]                                at /rustc/e3feeb59cd1bdd011a2bfcc0747b55125d9b8527/library/std/src/sys/backtrace.rs:44:26
[INFO] [stdout]    4:     0x610ee052504a - <core[a373ad73a504971]::fmt::rt::Argument>::fmt
[INFO] [stdout]                                at /rustc/e3feeb59cd1bdd011a2bfcc0747b55125d9b8527/library/core/src/fmt/rt.rs:152:76
[INFO] [stdout]    5:     0x610ee052504a - core[a373ad73a504971]::fmt::write
[INFO] [stdout]    6:     0x610ee05142cc - core[a373ad73a504971]::io::write::default_write_fmt::<alloc[2e1b2a31b91974c5]::vec::Vec<u8>>
[INFO] [stdout]                                at /rustc/e3feeb59cd1bdd011a2bfcc0747b55125d9b8527/library/core/src/io/write.rs:402:11
[INFO] [stdout]    7:     0x610ee05142cc - <alloc[2e1b2a31b91974c5]::vec::Vec<u8> as core[a373ad73a504971]::io::write::Write>::write_fmt
[INFO] [stdout]                                at /rustc/e3feeb59cd1bdd011a2bfcc0747b55125d9b8527/library/core/src/io/write.rs:335:13
[INFO] [stdout]    8:     0x610ee04ea446 - <std[617be2ca0a6fd877]::sys::backtrace::BacktraceLock>::print
[INFO] [stdout]                                at /rustc/e3feeb59cd1bdd011a2bfcc0747b55125d9b8527/library/std/src/sys/backtrace.rs:47:9
[INFO] [stdout]    9:     0x610ee04ea446 - std[617be2ca0a6fd877]::panicking::default_hook::{closure#0}
[INFO] [stdout]                                at /rustc/e3feeb59cd1bdd011a2bfcc0747b55125d9b8527/library/std/src/panicking.rs:289:27
[INFO] [stdout]   10:     0x610ee05075e9 - std[617be2ca0a6fd877]::panicking::default_hook
[INFO] [stdout]                                at /rustc/e3feeb59cd1bdd011a2bfcc0747b55125d9b8527/library/std/src/panicking.rs:313:9
[INFO] [stdout]   11:     0x610ee0329630 - <alloc[2e1b2a31b91974c5]::boxed::Box<dyn for<'a, 'b> core[a373ad73a504971]::ops::function::Fn<(&'a std[617be2ca0a6fd877]::panic::PanicHookInfo<'b>,), Output = ()> + core[a373ad73a504971]::marker::Sync + core[a373ad73a504971]::marker::Send> as core[a373ad73a504971]::ops::function::Fn<(&std[617be2ca0a6fd877]::panic::PanicHookInfo,)>>::call
[INFO] [stdout]                                at /rustc/e3feeb59cd1bdd011a2bfcc0747b55125d9b8527/library/alloc/src/boxed.rs:2328:9
[INFO] [stdout]   12:     0x610ee0329630 - test[aada8e7e76ba119b]::test_main_inner::{closure#0}
[INFO] [stdout]                                at /rustc/e3feeb59cd1bdd011a2bfcc0747b55125d9b8527/library/test/src/lib.rs:137:21
[INFO] [stdout]   13:     0x610ee05077a2 - <alloc[2e1b2a31b91974c5]::boxed::Box<dyn for<'a, 'b> core[a373ad73a504971]::ops::function::Fn<(&'a std[617be2ca0a6fd877]::panic::PanicHookInfo<'b>,), Output = ()> + core[a373ad73a504971]::marker::Sync + core[a373ad73a504971]::marker::Send> as core[a373ad73a504971]::ops::function::Fn<(&std[617be2ca0a6fd877]::panic::PanicHookInfo,)>>::call
[INFO] [stdout]                                at /rustc/e3feeb59cd1bdd011a2bfcc0747b55125d9b8527/library/alloc/src/boxed.rs:2328:9
[INFO] [stdout]   14:     0x610ee05077a2 - std[617be2ca0a6fd877]::panicking::panic_with_hook
[INFO] [stdout]                                at /rustc/e3feeb59cd1bdd011a2bfcc0747b55125d9b8527/library/std/src/panicking.rs:819:13
[INFO] [stdout]   15:     0x610ee04ea4f2 - std[617be2ca0a6fd877]::panicking::panic_handler::{closure#0}
[INFO] [stdout]                                at /rustc/e3feeb59cd1bdd011a2bfcc0747b55125d9b8527/library/std/src/panicking.rs:685:13
[INFO] [stdout]   16:     0x610ee04e2eb9 - std[617be2ca0a6fd877]::sys::backtrace::__rust_end_short_backtrace::<std[617be2ca0a6fd877]::panicking::panic_handler::{closure#0}, !>
[INFO] [stdout]                                at /rustc/e3feeb59cd1bdd011a2bfcc0747b55125d9b8527/library/std/src/sys/backtrace.rs:182:18
[INFO] [stdout]   17:     0x610ee04eb0fd - __rustc[ea4f61d10b84890b]::rust_begin_unwind
[INFO] [stdout]                                at /rustc/e3feeb59cd1bdd011a2bfcc0747b55125d9b8527/library/std/src/panicking.rs:676:5
[INFO] [stdout]   18:     0x610ee052583c - core[a373ad73a504971]::panicking::panic_fmt
[INFO] [stdout]                                at /rustc/e3feeb59cd1bdd011a2bfcc0747b55125d9b8527/library/core/src/panicking.rs:80:14
[INFO] [stdout]   19:     0x610ee030d228 - typesupport_roundtrip[8bd8a69c43bb97ef]::fixture::{closure#0}
[INFO] [stdout]                                at /opt/rustwide/workdir/tests/typesupport_roundtrip.rs:169:52
[INFO] [stdout]   20:     0x610ee030a901 - <core[a373ad73a504971]::result::Result<alloc[2e1b2a31b91974c5]::string::String, core[a373ad73a504971]::io::error::Error>>::unwrap_or_else::<typesupport_roundtrip[8bd8a69c43bb97ef]::fixture::{closure#0}>
[INFO] [stdout]                                at /rustc/e3feeb59cd1bdd011a2bfcc0747b55125d9b8527/library/core/src/result.rs:1619:23
[INFO] [stdout]   21:     0x610ee030ee90 - typesupport_roundtrip[8bd8a69c43bb97ef]::fixture
[INFO] [stdout]                                at /opt/rustwide/workdir/tests/typesupport_roundtrip.rs:169:33
[INFO] [stdout]   22:     0x610ee030f1bf - typesupport_roundtrip[8bd8a69c43bb97ef]::roundtrip_fixture_06_typedefs_incl_matrix_array_alias
[INFO] [stdout]                                at /opt/rustwide/workdir/tests/typesupport_roundtrip.rs:443:10
[INFO] [stdout]   23:     0x610ee030d0f7 - typesupport_roundtrip[8bd8a69c43bb97ef]::roundtrip_fixture_06_typedefs_incl_matrix_array_alias::{closure#0}
[INFO] [stdout]                                at /opt/rustwide/workdir/tests/typesupport_roundtrip.rs:439:59
[INFO] [stdout]   24:     0x610ee0312906 - <typesupport_roundtrip[8bd8a69c43bb97ef]::roundtrip_fixture_06_typedefs_incl_matrix_array_alias::{closure#0} as core[a373ad73a504971]::ops::function::FnOnce<()>>::call_once
[INFO] [stdout]                                at /rustc/e3feeb59cd1bdd011a2bfcc0747b55125d9b8527/library/core/src/ops/function.rs:250:5
[INFO] [stdout]   25:     0x610ee031ca7b - <fn() -> core[a373ad73a504971]::result::Result<(), alloc[2e1b2a31b91974c5]::string::String> as core[a373ad73a504971]::ops::function::FnOnce<()>>::call_once
[INFO] [stdout]                                at /rustc/e3feeb59cd1bdd011a2bfcc0747b55125d9b8527/library/core/src/ops/function.rs:250:5
[INFO] [stdout]   26:     0x610ee031ca7b - test[aada8e7e76ba119b]::__rust_begin_short_backtrace::<core[a373ad73a504971]::result::Result<(), alloc[2e1b2a31b91974c5]::string::String>, fn() -> core[a373ad73a504971]::result::Result<(), alloc[2e1b2a31b91974c5]::string::String>>
[INFO] [stdout]                                at /rustc/e3feeb59cd1bdd011a2bfcc0747b55125d9b8527/library/test/src/lib.rs:701:18
[INFO] [stdout]   27:     0x610ee0329c55 - test[aada8e7e76ba119b]::run_test_in_process::{closure#0}
[INFO] [stdout]                                at /rustc/e3feeb59cd1bdd011a2bfcc0747b55125d9b8527/library/test/src/lib.rs:724:74
[INFO] [stdout]   28:     0x610ee0329c55 - <core[a373ad73a504971]::panic::unwind_safe::AssertUnwindSafe<test[aada8e7e76ba119b]::run_test_in_process::{closure#0}> as core[a373ad73a504971]::ops::function::FnOnce<()>>::call_once
[INFO] [stdout]                                at /rustc/e3feeb59cd1bdd011a2bfcc0747b55125d9b8527/library/core/src/panic/unwind_safe.rs:275:9
[INFO] [stdout]   29:     0x610ee0329c55 - std[617be2ca0a6fd877]::panicking::catch_unwind::do_call::<core[a373ad73a504971]::panic::unwind_safe::AssertUnwindSafe<test[aada8e7e76ba119b]::run_test_in_process::{closure#0}>, core[a373ad73a504971]::result::Result<(), alloc[2e1b2a31b91974c5]::string::String>>
[INFO] [stdout]                                at /rustc/e3feeb59cd1bdd011a2bfcc0747b55125d9b8527/library/std/src/panicking.rs:573:43
[INFO] [stdout]   30:     0x610ee0329c55 - std[617be2ca0a6fd877]::panicking::catch_unwind::<core[a373ad73a504971]::result::Result<(), alloc[2e1b2a31b91974c5]::string::String>, core[a373ad73a504971]::panic::unwind_safe::AssertUnwindSafe<test[aada8e7e76ba119b]::run_test_in_process::{closure#0}>>
[INFO] [stdout]                                at /rustc/e3feeb59cd1bdd011a2bfcc0747b55125d9b8527/library/std/src/panicking.rs:541:19
[INFO] [stdout]   31:     0x610ee0329c55 - std[617be2ca0a6fd877]::panic::catch_unwind::<core[a373ad73a504971]::panic::unwind_safe::AssertUnwindSafe<test[aada8e7e76ba119b]::run_test_in_process::{closure#0}>, core[a373ad73a504971]::result::Result<(), alloc[2e1b2a31b91974c5]::string::String>>
[INFO] [stdout]                                at /rustc/e3feeb59cd1bdd011a2bfcc0747b55125d9b8527/library/std/src/panic.rs:359:14
[INFO] [stdout]   32:     0x610ee0329c55 - test[aada8e7e76ba119b]::run_test_in_process
[INFO] [stdout]                                at /rustc/e3feeb59cd1bdd011a2bfcc0747b55125d9b8527/library/test/src/lib.rs:724:27
[INFO] [stdout]   33:     0x610ee0329c55 - test[aada8e7e76ba119b]::run_test::{closure#0}
[INFO] [stdout]                                at /rustc/e3feeb59cd1bdd011a2bfcc0747b55125d9b8527/library/test/src/lib.rs:645:43
[INFO] [stdout]   34:     0x610ee0323544 - test[aada8e7e76ba119b]::run_test::{closure#1}
[INFO] [stdout]                                at /rustc/e3feeb59cd1bdd011a2bfcc0747b55125d9b8527/library/test/src/lib.rs:675:41
[INFO] [stdout]   35:     0x610ee0323544 - std[617be2ca0a6fd877]::sys::backtrace::__rust_begin_short_backtrace::<test[aada8e7e76ba119b]::run_test::{closure#1}, ()>
[INFO] [stdout]                                at /rustc/e3feeb59cd1bdd011a2bfcc0747b55125d9b8527/library/std/src/sys/backtrace.rs:166:18
[INFO] [stdout]   36:     0x610ee032cce2 - std[617be2ca0a6fd877]::thread::lifecycle::spawn_unchecked::<test[aada8e7e76ba119b]::run_test::{closure#1}, ()>::{closure#1}::{closure#0}
[INFO] [stdout]                                at /rustc/e3feeb59cd1bdd011a2bfcc0747b55125d9b8527/library/std/src/thread/lifecycle.rs:70:13
[INFO] [stdout]   37:     0x610ee032cce2 - <core[a373ad73a504971]::panic::unwind_safe::AssertUnwindSafe<std[617be2ca0a6fd877]::thread::lifecycle::spawn_unchecked<test[aada8e7e76ba119b]::run_test::{closure#1}, ()>::{closure#1}::{closure#0}> as core[a373ad73a504971]::ops::function::FnOnce<()>>::call_once
[INFO] [stdout]                                at /rustc/e3feeb59cd1bdd011a2bfcc0747b55125d9b8527/library/core/src/panic/unwind_safe.rs:275:9
[INFO] [stdout]   38:     0x610ee032cce2 - std[617be2ca0a6fd877]::panicking::catch_unwind::do_call::<core[a373ad73a504971]::panic::unwind_safe::AssertUnwindSafe<std[617be2ca0a6fd877]::thread::lifecycle::spawn_unchecked<test[aada8e7e76ba119b]::run_test::{closure#1}, ()>::{closure#1}::{closure#0}>, ()>
[INFO] [stdout]                                at /rustc/e3feeb59cd1bdd011a2bfcc0747b55125d9b8527/library/std/src/panicking.rs:573:43
[INFO] [stdout]   39:     0x610ee032cce2 - std[617be2ca0a6fd877]::panicking::catch_unwind::<(), core[a373ad73a504971]::panic::unwind_safe::AssertUnwindSafe<std[617be2ca0a6fd877]::thread::lifecycle::spawn_unchecked<test[aada8e7e76ba119b]::run_test::{closure#1}, ()>::{closure#1}::{closure#0}>>
[INFO] [stdout]                                at /rustc/e3feeb59cd1bdd011a2bfcc0747b55125d9b8527/library/std/src/panicking.rs:541:19
[INFO] [stdout]   40:     0x610ee032cce2 - std[617be2ca0a6fd877]::panic::catch_unwind::<core[a373ad73a504971]::panic::unwind_safe::AssertUnwindSafe<std[617be2ca0a6fd877]::thread::lifecycle::spawn_unchecked<test[aada8e7e76ba119b]::run_test::{closure#1}, ()>::{closure#1}::{closure#0}>, ()>
[INFO] [stdout]                                at /rustc/e3feeb59cd1bdd011a2bfcc0747b55125d9b8527/library/std/src/panic.rs:359:14
[INFO] [stdout]   41:     0x610ee032cce2 - std[617be2ca0a6fd877]::thread::lifecycle::spawn_unchecked::<test[aada8e7e76ba119b]::run_test::{closure#1}, ()>::{closure#1}
[INFO] [stdout]                                at /rustc/e3feeb59cd1bdd011a2bfcc0747b55125d9b8527/library/std/src/thread/lifecycle.rs:68:26
[INFO] [stdout]   42:     0x610ee032cce2 - <std[617be2ca0a6fd877]::thread::lifecycle::spawn_unchecked<test[aada8e7e76ba119b]::run_test::{closure#1}, ()>::{closure#1} as core[a373ad73a504971]::ops::function::FnOnce<()>>::call_once::{shim:vtable#0}
[INFO] [stdout]                                at /rustc/e3feeb59cd1bdd011a2bfcc0747b55125d9b8527/library/core/src/ops/function.rs:250:5
[INFO] [stdout]   43:     0x610ee050f0df - <alloc[2e1b2a31b91974c5]::boxed::Box<dyn core[a373ad73a504971]::ops::function::FnOnce<(), Output = ()> + core[a373ad73a504971]::marker::Send> as core[a373ad73a504971]::ops::function::FnOnce<()>>::call_once
[INFO] [stdout]                                at /rustc/e3feeb59cd1bdd011a2bfcc0747b55125d9b8527/library/alloc/src/boxed.rs:2314:9
[INFO] [stdout]   44:     0x610ee050f0df - <std[617be2ca0a6fd877]::sys::thread::unix::Thread>::new::thread_start
[INFO] [stdout]                                at /rustc/e3feeb59cd1bdd011a2bfcc0747b55125d9b8527/library/std/src/sys/thread/unix.rs:127:17
[INFO] [stdout]   45:     0x76c9756ebdfa - <unknown>
[INFO] [stdout]   46:     0x76c97577f3d4 - clone
[INFO] [stdout]   47:                0x0 - <unknown>
[INFO] [stdout] 
[INFO] [stdout] ---- roundtrip_fixture_20_mixed_combo stdout ----
[INFO] [stdout] 
[INFO] [stdout] thread 'roundtrip_fixture_20_mixed_combo' (1010) panicked at tests/typesupport_roundtrip.rs:169:52:
[INFO] [stdout] read fixture /opt/rustwide/workdir/../../tools/idlc/tests/conformance/fixtures/20_mixed_combo.idl: No such file or directory (os error 2)
[INFO] [stdout] stack backtrace:
[INFO] [stdout]    0:     0x610ee050fdc1 - std[617be2ca0a6fd877]::backtrace_rs::backtrace::libunwind::trace
[INFO] [stdout]                                at /rustc/e3feeb59cd1bdd011a2bfcc0747b55125d9b8527/library/std/src/../../backtrace/src/backtrace/libunwind.rs:117:9
[INFO] [stdout]    1:     0x610ee050fdc1 - std[617be2ca0a6fd877]::backtrace_rs::backtrace::trace_unsynchronized::<std[617be2ca0a6fd877]::sys::backtrace::_print_fmt::{closure#1}>
[INFO] [stdout]                                at /rustc/e3feeb59cd1bdd011a2bfcc0747b55125d9b8527/library/std/src/../../backtrace/src/backtrace/mod.rs:66:14
[INFO] [stdout]    2:     0x610ee050fdc1 - std[617be2ca0a6fd877]::sys::backtrace::_print_fmt
[INFO] [stdout]                                at /rustc/e3feeb59cd1bdd011a2bfcc0747b55125d9b8527/library/std/src/sys/backtrace.rs:74:9
[INFO] [stdout]    3:     0x610ee050fdc1 - <<std[617be2ca0a6fd877]::sys::backtrace::BacktraceLock>::print::DisplayBacktrace as core[a373ad73a504971]::fmt::Display>::fmt
[INFO] [stdout]                                at /rustc/e3feeb59cd1bdd011a2bfcc0747b55125d9b8527/library/std/src/sys/backtrace.rs:44:26
[INFO] [stdout]    4:     0x610ee052504a - <core[a373ad73a504971]::fmt::rt::Argument>::fmt
[INFO] [stdout]                                at /rustc/e3feeb59cd1bdd011a2bfcc0747b55125d9b8527/library/core/src/fmt/rt.rs:152:76
[INFO] [stdout]    5:     0x610ee052504a - core[a373ad73a504971]::fmt::write
[INFO] [stdout]    6:     0x610ee05142cc - core[a373ad73a504971]::io::write::default_write_fmt::<alloc[2e1b2a31b91974c5]::vec::Vec<u8>>
[INFO] [stdout]                                at /rustc/e3feeb59cd1bdd011a2bfcc0747b55125d9b8527/library/core/src/io/write.rs:402:11
[INFO] [stdout]    7:     0x610ee05142cc - <alloc[2e1b2a31b91974c5]::vec::Vec<u8> as core[a373ad73a504971]::io::write::Write>::write_fmt
[INFO] [stdout]                                at /rustc/e3feeb59cd1bdd011a2bfcc0747b55125d9b8527/library/core/src/io/write.rs:335:13
[INFO] [stdout]    8:     0x610ee04ea446 - <std[617be2ca0a6fd877]::sys::backtrace::BacktraceLock>::print
[INFO] [stdout]                                at /rustc/e3feeb59cd1bdd011a2bfcc0747b55125d9b8527/library/std/src/sys/backtrace.rs:47:9
[INFO] [stdout]    9:     0x610ee04ea446 - std[617be2ca0a6fd877]::panicking::default_hook::{closure#0}
[INFO] [stdout]                                at /rustc/e3feeb59cd1bdd011a2bfcc0747b55125d9b8527/library/std/src/panicking.rs:289:27
[INFO] [stdout]   10:     0x610ee05075e9 - std[617be2ca0a6fd877]::panicking::default_hook
[INFO] [stdout]                                at /rustc/e3feeb59cd1bdd011a2bfcc0747b55125d9b8527/library/std/src/panicking.rs:313:9
[INFO] [stdout]   11:     0x610ee0329630 - <alloc[2e1b2a31b91974c5]::boxed::Box<dyn for<'a, 'b> core[a373ad73a504971]::ops::function::Fn<(&'a std[617be2ca0a6fd877]::panic::PanicHookInfo<'b>,), Output = ()> + core[a373ad73a504971]::marker::Sync + core[a373ad73a504971]::marker::Send> as core[a373ad73a504971]::ops::function::Fn<(&std[617be2ca0a6fd877]::panic::PanicHookInfo,)>>::call
[INFO] [stdout]                                at /rustc/e3feeb59cd1bdd011a2bfcc0747b55125d9b8527/library/alloc/src/boxed.rs:2328:9
[INFO] [stdout]   12:     0x610ee0329630 - test[aada8e7e76ba119b]::test_main_inner::{closure#0}
[INFO] [stdout]                                at /rustc/e3feeb59cd1bdd011a2bfcc0747b55125d9b8527/library/test/src/lib.rs:137:21
[INFO] [stdout]   13:     0x610ee05077a2 - <alloc[2e1b2a31b91974c5]::boxed::Box<dyn for<'a, 'b> core[a373ad73a504971]::ops::function::Fn<(&'a std[617be2ca0a6fd877]::panic::PanicHookInfo<'b>,), Output = ()> + core[a373ad73a504971]::marker::Sync + core[a373ad73a504971]::marker::Send> as core[a373ad73a504971]::ops::function::Fn<(&std[617be2ca0a6fd877]::panic::PanicHookInfo,)>>::call
[INFO] [stdout]                                at /rustc/e3feeb59cd1bdd011a2bfcc0747b55125d9b8527/library/alloc/src/boxed.rs:2328:9
[INFO] [stdout]   14:     0x610ee05077a2 - std[617be2ca0a6fd877]::panicking::panic_with_hook
[INFO] [stdout]                                at /rustc/e3feeb59cd1bdd011a2bfcc0747b55125d9b8527/library/std/src/panicking.rs:819:13
[INFO] [stdout]   15:     0x610ee04ea4f2 - std[617be2ca0a6fd877]::panicking::panic_handler::{closure#0}
[INFO] [stdout]                                at /rustc/e3feeb59cd1bdd011a2bfcc0747b55125d9b8527/library/std/src/panicking.rs:685:13
[INFO] [stdout]   16:     0x610ee04e2eb9 - std[617be2ca0a6fd877]::sys::backtrace::__rust_end_short_backtrace::<std[617be2ca0a6fd877]::panicking::panic_handler::{closure#0}, !>
[INFO] [stdout]                                at /rustc/e3feeb59cd1bdd011a2bfcc0747b55125d9b8527/library/std/src/sys/backtrace.rs:182:18
[INFO] [stdout]   17:     0x610ee04eb0fd - __rustc[ea4f61d10b84890b]::rust_begin_unwind
[INFO] [stdout]                                at /rustc/e3feeb59cd1bdd011a2bfcc0747b55125d9b8527/library/std/src/panicking.rs:676:5
[INFO] [stdout]   18:     0x610ee052583c - core[a373ad73a504971]::panicking::panic_fmt
[INFO] [stdout]                                at /rustc/e3feeb59cd1bdd011a2bfcc0747b55125d9b8527/library/core/src/panicking.rs:80:14
[INFO] [stdout]   19:     0x610ee030d228 - typesupport_roundtrip[8bd8a69c43bb97ef]::fixture::{closure#0}
[INFO] [stdout]                                at /opt/rustwide/workdir/tests/typesupport_roundtrip.rs:169:52
[INFO] [stdout]   20:     0x610ee030a901 - <core[a373ad73a504971]::result::Result<alloc[2e1b2a31b91974c5]::string::String, core[a373ad73a504971]::io::error::Error>>::unwrap_or_else::<typesupport_roundtrip[8bd8a69c43bb97ef]::fixture::{closure#0}>
[INFO] [stdout]                                at /rustc/e3feeb59cd1bdd011a2bfcc0747b55125d9b8527/library/core/src/result.rs:1619:23
[INFO] [stdout]   21:     0x610ee030ee90 - typesupport_roundtrip[8bd8a69c43bb97ef]::fixture
[INFO] [stdout]                                at /opt/rustwide/workdir/tests/typesupport_roundtrip.rs:169:33
[INFO] [stdout]   22:     0x610ee030ef9f - typesupport_roundtrip[8bd8a69c43bb97ef]::roundtrip_fixture_20_mixed_combo
[INFO] [stdout]                                at /opt/rustwide/workdir/tests/typesupport_roundtrip.rs:472:10
[INFO] [stdout]   23:     0x610ee030ceb7 - typesupport_roundtrip[8bd8a69c43bb97ef]::roundtrip_fixture_20_mixed_combo::{closure#0}
[INFO] [stdout]                                at /opt/rustwide/workdir/tests/typesupport_roundtrip.rs:468:38
[INFO] [stdout]   24:     0x610ee0312786 - <typesupport_roundtrip[8bd8a69c43bb97ef]::roundtrip_fixture_20_mixed_combo::{closure#0} as core[a373ad73a504971]::ops::function::FnOnce<()>>::call_once
[INFO] [stdout]                                at /rustc/e3feeb59cd1bdd011a2bfcc0747b55125d9b8527/library/core/src/ops/function.rs:250:5
[INFO] [stdout]   25:     0x610ee031ca7b - <fn() -> core[a373ad73a504971]::result::Result<(), alloc[2e1b2a31b91974c5]::string::String> as core[a373ad73a504971]::ops::function::FnOnce<()>>::call_once
[INFO] [stdout]                                at /rustc/e3feeb59cd1bdd011a2bfcc0747b55125d9b8527/library/core/src/ops/function.rs:250:5
[INFO] [stdout]   26:     0x610ee031ca7b - test[aada8e7e76ba119b]::__rust_begin_short_backtrace::<core[a373ad73a504971]::result::Result<(), alloc[2e1b2a31b91974c5]::string::String>, fn() -> core[a373ad73a504971]::result::Result<(), alloc[2e1b2a31b91974c5]::string::String>>
[INFO] [stdout]                                at /rustc/e3feeb59cd1bdd011a2bfcc0747b55125d9b8527/library/test/src/lib.rs:701:18
[INFO] [stdout]   27:     0x610ee0329c55 - test[aada8e7e76ba119b]::run_test_in_process::{closure#0}
[INFO] [stdout]                                at /rustc/e3feeb59cd1bdd011a2bfcc0747b55125d9b8527/library/test/src/lib.rs:724:74
[INFO] [stdout]   28:     0x610ee0329c55 - <core[a373ad73a504971]::panic::unwind_safe::AssertUnwindSafe<test[aada8e7e76ba119b]::run_test_in_process::{closure#0}> as core[a373ad73a504971]::ops::function::FnOnce<()>>::call_once
[INFO] [stdout]                                at /rustc/e3feeb59cd1bdd011a2bfcc0747b55125d9b8527/library/core/src/panic/unwind_safe.rs:275:9
[INFO] [stdout]   29:     0x610ee0329c55 - std[617be2ca0a6fd877]::panicking::catch_unwind::do_call::<core[a373ad73a504971]::panic::unwind_safe::AssertUnwindSafe<test[aada8e7e76ba119b]::run_test_in_process::{closure#0}>, core[a373ad73a504971]::result::Result<(), alloc[2e1b2a31b91974c5]::string::String>>
[INFO] [stdout]                                at /rustc/e3feeb59cd1bdd011a2bfcc0747b55125d9b8527/library/std/src/panicking.rs:573:43
[INFO] [stdout]   30:     0x610ee0329c55 - std[617be2ca0a6fd877]::panicking::catch_unwind::<core[a373ad73a504971]::result::Result<(), alloc[2e1b2a31b91974c5]::string::String>, core[a373ad73a504971]::panic::unwind_safe::AssertUnwindSafe<test[aada8e7e76ba119b]::run_test_in_process::{closure#0}>>
[INFO] [stdout]                                at /rustc/e3feeb59cd1bdd011a2bfcc0747b55125d9b8527/library/std/src/panicking.rs:541:19
[INFO] [stdout]   31:     0x610ee0329c55 - std[617be2ca0a6fd877]::panic::catch_unwind::<core[a373ad73a504971]::panic::unwind_safe::AssertUnwindSafe<test[aada8e7e76ba119b]::run_test_in_process::{closure#0}>, core[a373ad73a504971]::result::Result<(), alloc[2e1b2a31b91974c5]::string::String>>
[INFO] [stdout]                                at /rustc/e3feeb59cd1bdd011a2bfcc0747b55125d9b8527/library/std/src/panic.rs:359:14
[INFO] [stdout]   32:     0x610ee0329c55 - test[aada8e7e76ba119b]::run_test_in_process
[INFO] [stdout]                                at /rustc/e3feeb59cd1bdd011a2bfcc0747b55125d9b8527/library/test/src/lib.rs:724:27
[INFO] [stdout]   33:     0x610ee0329c55 - test[aada8e7e76ba119b]::run_test::{closure#0}
[INFO] [stdout]                                at /rustc/e3feeb59cd1bdd011a2bfcc0747b55125d9b8527/library/test/src/lib.rs:645:43
[INFO] [stdout]   34:     0x610ee0323544 - test[aada8e7e76ba119b]::run_test::{closure#1}
[INFO] [stdout]                                at /rustc/e3feeb59cd1bdd011a2bfcc0747b55125d9b8527/library/test/src/lib.rs:675:41
[INFO] [stdout]   35:     0x610ee0323544 - std[617be2ca0a6fd877]::sys::backtrace::__rust_begin_short_backtrace::<test[aada8e7e76ba119b]::run_test::{closure#1}, ()>
[INFO] [stdout]                                at /rustc/e3feeb59cd1bdd011a2bfcc0747b55125d9b8527/library/std/src/sys/backtrace.rs:166:18
[INFO] [stdout]   36:     0x610ee032cce2 - std[617be2ca0a6fd877]::thread::lifecycle::spawn_unchecked::<test[aada8e7e76ba119b]::run_test::{closure#1}, ()>::{closure#1}::{closure#0}
[INFO] [stdout]                                at /rustc/e3feeb59cd1bdd011a2bfcc0747b55125d9b8527/library/std/src/thread/lifecycle.rs:70:13
[INFO] [stdout]   37:     0x610ee032cce2 - <core[a373ad73a504971]::panic::unwind_safe::AssertUnwindSafe<std[617be2ca0a6fd877]::thread::lifecycle::spawn_unchecked<test[aada8e7e76ba119b]::run_test::{closure#1}, ()>::{closure#1}::{closure#0}> as core[a373ad73a504971]::ops::function::FnOnce<()>>::call_once
[INFO] [stdout]                                at /rustc/e3feeb59cd1bdd011a2bfcc0747b55125d9b8527/library/core/src/panic/unwind_safe.rs:275:9
[INFO] [stdout]   38:     0x610ee032cce2 - std[617be2ca0a6fd877]::panicking::catch_unwind::do_call::<core[a373ad73a504971]::panic::unwind_safe::AssertUnwindSafe<std[617be2ca0a6fd877]::thread::lifecycle::spawn_unchecked<test[aada8e7e76ba119b]::run_test::{closure#1}, ()>::{closure#1}::{closure#0}>, ()>
[INFO] [stdout]                                at /rustc/e3feeb59cd1bdd011a2bfcc0747b55125d9b8527/library/std/src/panicking.rs:573:43
[INFO] [stdout]   39:     0x610ee032cce2 - std[617be2ca0a6fd877]::panicking::catch_unwind::<(), core[a373ad73a504971]::panic::unwind_safe::AssertUnwindSafe<std[617be2ca0a6fd877]::thread::lifecycle::spawn_unchecked<test[aada8e7e76ba119b]::run_test::{closure#1}, ()>::{closure#1}::{closure#0}>>
[INFO] [stdout]                                at /rustc/e3feeb59cd1bdd011a2bfcc0747b55125d9b8527/library/std/src/panicking.rs:541:19
[INFO] [stdout]   40:     0x610ee032cce2 - std[617be2ca0a6fd877]::panic::catch_unwind::<core[a373ad73a504971]::panic::unwind_safe::AssertUnwindSafe<std[617be2ca0a6fd877]::thread::lifecycle::spawn_unchecked<test[aada8e7e76ba119b]::run_test::{closure#1}, ()>::{closure#1}::{closure#0}>, ()>
[INFO] [stdout]                                at /rustc/e3feeb59cd1bdd011a2bfcc0747b55125d9b8527/library/std/src/panic.rs:359:14
[INFO] [stdout]   41:     0x610ee032cce2 - std[617be2ca0a6fd877]::thread::lifecycle::spawn_unchecked::<test[aada8e7e76ba119b]::run_test::{closure#1}, ()>::{closure#1}
[INFO] [stdout]                                at /rustc/e3feeb59cd1bdd011a2bfcc0747b55125d9b8527/library/std/src/thread/lifecycle.rs:68:26
[INFO] [stdout]   42:     0x610ee032cce2 - <std[617be2ca0a6fd877]::thread::lifecycle::spawn_unchecked<test[aada8e7e76ba119b]::run_test::{closure#1}, ()>::{closure#1} as core[a373ad73a504971]::ops::function::FnOnce<()>>::call_once::{shim:vtable#0}
[INFO] [stdout]                                at /rustc/e3feeb59cd1bdd011a2bfcc0747b55125d9b8527/library/core/src/ops/function.rs:250:5
[INFO] [stdout]   43:     0x610ee050f0df - <alloc[2e1b2a31b91974c5]::boxed::Box<dyn core[a373ad73a504971]::ops::function::FnOnce<(), Output = ()> + core[a373ad73a504971]::marker::Send> as core[a373ad73a504971]::ops::function::FnOnce<()>>::call_once
[INFO] [stdout]                                at /rustc/e3feeb59cd1bdd011a2bfcc0747b55125d9b8527/library/alloc/src/boxed.rs:2314:9
[INFO] [stdout]   44:     0x610ee050f0df - <std[617be2ca0a6fd877]::sys::thread::unix::Thread>::new::thread_start
[INFO] [stdout]                                at /rustc/e3feeb59cd1bdd011a2bfcc0747b55125d9b8527/library/std/src/sys/thread/unix.rs:127:17
[INFO] [stdout]   45:     0x76c9756ebdfa - <unknown>
[INFO] [stdout]   46:     0x76c97577f3d4 - clone
[INFO] [stdout]   47:                0x0 - <unknown>
[INFO] [stdout] 
[INFO] [stdout] 
[INFO] [stdout] failures:
[INFO] [stdout]     roundtrip_fixture_06_typedefs_incl_matrix_array_alias
[INFO] [stdout]     roundtrip_fixture_20_mixed_combo
[INFO] [stdout] 
[INFO] [stdout] test result: FAILED. 16 passed; 2 failed; 0 ignored; 0 measured; 0 filtered out; finished in 0.07s
[INFO] [stdout] 
[INFO] [stderr] error: test failed, to rerun pass `--test typesupport_roundtrip`
[INFO] running `Command { std: "docker" "inspect" "aa91ec7b5819f5bc4a7733e0d3f64e736aa7ac5b59fc31511cd927cc1f85a9b6", kill_on_drop: false }`
[INFO] running `Command { std: "docker" "rm" "-f" "aa91ec7b5819f5bc4a7733e0d3f64e736aa7ac5b59fc31511cd927cc1f85a9b6", kill_on_drop: false }`
[INFO] [stdout] aa91ec7b5819f5bc4a7733e0d3f64e736aa7ac5b59fc31511cd927cc1f85a9b6
