[INFO] fetching crate zerodds-idl-csharp 1.0.0-rc.6...
[INFO] testing zerodds-idl-csharp-1.0.0-rc.6 against 1.99.0-beta.8 for beta-1.100-2
[INFO] extracting crate zerodds-idl-csharp 1.0.0-rc.6 into /workspace/builds/worker-0-tc1/source
[INFO] started tweaking crates.io crate zerodds-idl-csharp 1.0.0-rc.6
[INFO] removed 0 missing tests
[INFO] finished tweaking crates.io crate zerodds-idl-csharp 1.0.0-rc.6
[INFO] tweaked toml for crates.io crate zerodds-idl-csharp 1.0.0-rc.6 written to /workspace/builds/worker-0-tc1/source/Cargo.toml
[INFO] validating manifest of crates.io crate zerodds-idl-csharp 1.0.0-rc.6 on toolchain 1.99.0-beta.8
[INFO] running `Command { std: CARGO_HOME="/workspace/cargo-home" RUSTUP_HOME="/workspace/rustup-home" "/workspace/cargo-home/bin/cargo" "+1.99.0-beta.8" "metadata" "--manifest-path" "Cargo.toml" "--no-deps", kill_on_drop: false }`
[INFO] crate crates.io crate zerodds-idl-csharp 1.0.0-rc.6 already has a lockfile, it will not be regenerated
[INFO] running `Command { std: CARGO_HOME="/workspace/cargo-home" RUSTUP_HOME="/workspace/rustup-home" "/workspace/cargo-home/bin/cargo" "+1.99.0-beta.8" "fetch" "--manifest-path" "Cargo.toml", kill_on_drop: false }`
[INFO] [stderr]     Updating crates.io index
[INFO] [stderr]  Downloading crates ...
[INFO] [stderr]   Downloaded anyhow v1.0.103
[INFO] [stderr]   Downloaded zerodds-cdr v1.0.0-rc.6
[INFO] [stderr]   Downloaded zerodds-foundation v1.0.0-rc.6
[INFO] [stderr]   Downloaded zerodds-types v1.0.0-rc.6
[INFO] [stderr]   Downloaded zerodds-idl v1.0.0-rc.6
[INFO] running `Command { std: "docker" "create" "-v" "/var/lib/crater-agent-workspace/builds/worker-0-tc1/source:/opt/rustwide/workdir:ro,Z" "-v" "/var/lib/crater-agent-workspace/builds/worker-0-tc1/target:/opt/rustwide/target:rw,Z" "-v" "/var/lib/crater-agent-workspace/cargo-home:/opt/rustwide/cargo-home:ro,Z" "-v" "/var/lib/crater-agent-workspace/rustup-home:/opt/rustwide/rustup-home:ro,Z" "-m" "1610612736" "--network" "none" "ghcr.io/rust-lang/crates-build-env/linux@sha256:3111399a4047eeb3a02b7a90e478d715f38a8c6669b5c4b49d30a17385265909" "sleep" "infinity", kill_on_drop: false }`
[INFO] [stdout] 873338767e8bd0a6d40adb7e2c3b80352d4dc5d191acd0b23c4e21b6490fa80b
[INFO] running `Command { std: "docker" "start" "873338767e8bd0a6d40adb7e2c3b80352d4dc5d191acd0b23c4e21b6490fa80b", kill_on_drop: false }`
[INFO] running `Command { std: "docker" "inspect" "873338767e8bd0a6d40adb7e2c3b80352d4dc5d191acd0b23c4e21b6490fa80b", kill_on_drop: false }`
[INFO] running `Command { std: "docker" "exec" "-e" "SOURCE_DIR=/opt/rustwide/workdir" "-e" "CARGO_HOME=/opt/rustwide/cargo-home" "-e" "RUSTUP_HOME=/opt/rustwide/rustup-home" "-e" "CARGO_TARGET_DIR=/opt/rustwide/target" "-w" "/opt/rustwide/workdir" "--user" "0:0" "873338767e8bd0a6d40adb7e2c3b80352d4dc5d191acd0b23c4e21b6490fa80b" "/opt/rustwide/cargo-home/bin/cargo" "+1.99.0-beta.8" "metadata" "--no-deps" "--format-version=1", kill_on_drop: false }`
[INFO] running `Command { std: "docker" "inspect" "873338767e8bd0a6d40adb7e2c3b80352d4dc5d191acd0b23c4e21b6490fa80b", kill_on_drop: false }`
[INFO] running `Command { std: "docker" "exec" "-e" "SOURCE_DIR=/opt/rustwide/workdir" "-e" "CARGO_HOME=/opt/rustwide/cargo-home" "-e" "RUSTUP_HOME=/opt/rustwide/rustup-home" "-e" "CARGO_TARGET_DIR=/opt/rustwide/target" "-e" "CARGO_INCREMENTAL=0" "-e" "RUST_BACKTRACE=full" "-e" "RUSTFLAGS=--cap-lints=warn" "-e" "RUSTDOCFLAGS=--cap-lints=warn" "-w" "/opt/rustwide/workdir" "--user" "0:0" "873338767e8bd0a6d40adb7e2c3b80352d4dc5d191acd0b23c4e21b6490fa80b" "/opt/rustwide/cargo-home/bin/cargo" "+1.99.0-beta.8" "build" "--frozen" "--message-format=json", kill_on_drop: false }`
[INFO] [stderr]    Compiling zerodds-foundation v1.0.0-rc.6
[INFO] [stderr]    Compiling num-integer v0.1.46
[INFO] [stderr]    Compiling zerodds-cdr v1.0.0-rc.6
[INFO] [stderr]    Compiling num-bigint v0.4.6
[INFO] [stderr]    Compiling zerodds-types v1.0.0-rc.6
[INFO] [stderr]    Compiling zerodds-idl v1.0.0-rc.6
[INFO] [stderr]    Compiling zerodds-idl-csharp v1.0.0-rc.6 (/opt/rustwide/workdir)
[INFO] [stderr]     Finished `dev` profile [unoptimized + debuginfo] target(s) in 10.07s
[INFO] running `Command { std: "docker" "inspect" "873338767e8bd0a6d40adb7e2c3b80352d4dc5d191acd0b23c4e21b6490fa80b", kill_on_drop: false }`
[INFO] running `Command { std: "docker" "exec" "-e" "SOURCE_DIR=/opt/rustwide/workdir" "-e" "CARGO_HOME=/opt/rustwide/cargo-home" "-e" "RUSTUP_HOME=/opt/rustwide/rustup-home" "-e" "CARGO_TARGET_DIR=/opt/rustwide/target" "-e" "CARGO_INCREMENTAL=0" "-e" "RUST_BACKTRACE=full" "-e" "RUSTFLAGS=--cap-lints=warn" "-e" "RUSTDOCFLAGS=--cap-lints=warn" "-w" "/opt/rustwide/workdir" "--user" "0:0" "873338767e8bd0a6d40adb7e2c3b80352d4dc5d191acd0b23c4e21b6490fa80b" "/opt/rustwide/cargo-home/bin/cargo" "+1.99.0-beta.8" "test" "--frozen" "--no-run" "--message-format=json", kill_on_drop: false }`
[INFO] [stderr]    Compiling libc v0.2.186
[INFO] [stderr]    Compiling rustix v1.1.4
[INFO] [stderr]    Compiling linux-raw-sys v0.12.1
[INFO] [stderr]    Compiling bitflags v2.11.1
[INFO] [stderr]    Compiling similar v2.7.0
[INFO] [stderr]    Compiling getrandom v0.4.2
[INFO] [stderr]    Compiling tempfile v3.27.0
[INFO] [stderr]    Compiling insta v1.47.2
[INFO] [stderr]    Compiling zerodds-idl-csharp v1.0.0-rc.6 (/opt/rustwide/workdir)
[INFO] [stderr]     Finished `test` profile [unoptimized + debuginfo] target(s) in 11.46s
[INFO] running `Command { std: "docker" "inspect" "873338767e8bd0a6d40adb7e2c3b80352d4dc5d191acd0b23c4e21b6490fa80b", kill_on_drop: false }`
[INFO] running `Command { std: "docker" "exec" "-e" "SOURCE_DIR=/opt/rustwide/workdir" "-e" "CARGO_HOME=/opt/rustwide/cargo-home" "-e" "RUSTUP_HOME=/opt/rustwide/rustup-home" "-e" "CARGO_TARGET_DIR=/opt/rustwide/target" "-e" "CARGO_INCREMENTAL=0" "-e" "RUST_BACKTRACE=full" "-e" "RUSTFLAGS=--cap-lints=warn" "-e" "RUSTDOCFLAGS=--cap-lints=warn" "-w" "/opt/rustwide/workdir" "--user" "0:0" "873338767e8bd0a6d40adb7e2c3b80352d4dc5d191acd0b23c4e21b6490fa80b" "/opt/rustwide/cargo-home/bin/cargo" "+1.99.0-beta.8" "test" "--frozen", kill_on_drop: false }`
[INFO] [stderr]     Finished `test` profile [unoptimized + debuginfo] target(s) in 0.12s
[INFO] [stderr]      Running unittests src/lib.rs (/opt/rustwide/target/debug/deps/zerodds_idl_csharp-ed0239d0402da792)
[INFO] [stdout] 
[INFO] [stdout] running 85 tests
[INFO] [stdout] test annotations::tests::final_shorthand_maps_to_extensibility_final ... ok
[INFO] [stdout] test annotations::tests::is_nested_true_for_nested_struct ... ok
[INFO] [stdout] test annotations::tests::mutable_shorthand_maps ... ok
[INFO] [stdout] test annotations::tests::nested_maps_to_nested_attribute ... ok
[INFO] [stdout] test annotations::tests::key_and_id_combine_in_order ... ok
[INFO] [stdout] test annotations::tests::key_maps_to_key_attribute ... ok
[INFO] [stdout] test annotations::tests::appendable_shorthand_maps ... ok
[INFO] [stdout] test corba_traits::tests::struct_emits_traits_constants ... ok
[INFO] [stdout] test corba_traits::tests::enum_marked_fixed_size ... ok
[INFO] [stdout] test emitter::tests::pascal_case_already_pascal ... ok
[INFO] [stdout] test emitter::tests::pascal_case_empty ... ok
[INFO] [stdout] test emitter::tests::pascal_case_multi_underscore ... ok
[INFO] [stdout] test emitter::tests::pascal_case_simple ... ok
[INFO] [stdout] test emitter::tests::pascal_case_snake ... ok
[INFO] [stdout] test emitter::tests::short_name_strips_namespace ... ok
[INFO] [stdout] test error::tests::errors_are_clonable_and_eq ... ok
[INFO] [stdout] test error::tests::inheritance_cycle_display ... ok
[INFO] [stdout] test error::tests::internal_display ... ok
[INFO] [stdout] test error::tests::invalid_name_display ... ok
[INFO] [stdout] test error::tests::unsupported_display_has_context ... ok
[INFO] [stdout] test error::tests::unsupported_display_without_context ... ok
[INFO] [stdout] test keywords::tests::all_strict_keywords_escape_to_at_prefix ... ok
[INFO] [stdout] test keywords::tests::async_is_contextual_only ... ok
[INFO] [stdout] test keywords::tests::class_is_strict_reserved ... ok
[INFO] [stdout] test keywords::tests::contextual_keywords_also_escape ... ok
[INFO] [stdout] test keywords::tests::escape_already_at_prefixed_rejected ... ok
[INFO] [stdout] test keywords::tests::escape_class_yields_at_class ... ok
[INFO] [stdout] test keywords::tests::escape_empty_rejected ... ok
[INFO] [stdout] test keywords::tests::escape_non_keyword_unchanged ... ok
[INFO] [stdout] test annotations::tests::must_understand_maps ... ok
[INFO] [stdout] test keywords::tests::non_keyword_is_not_reserved ... ok
[INFO] [stdout] test annotations::tests::member_attributes_empty_when_no_annotations ... ok
[INFO] [stdout] test keywords::tests::record_is_contextual ... ok
[INFO] [stdout] test annotations::tests::id_maps_to_id_attribute_with_value ... ok
[INFO] [stdout] test annotations::tests::extensibility_full_form_maps ... ok
[INFO] [stdout] test annotations::tests::external_maps ... ok
[INFO] [stdout] test corba_traits::tests::empty_source_emits_no_traits_block ... ok
[INFO] [stdout] test annotations::tests::unrelated_annotation_is_ignored ... ok
[INFO] [stdout] test corba_traits::tests::sequence_member_marks_struct_variable ... ok
[INFO] [stdout] test annotations::tests::optional_sets_optional_flag ... ok
[INFO] [stdout] test corba_traits::tests::union_with_string_branch_is_variable ... ok
[INFO] [stdout] test corba_traits::tests::nested_module_qualifies ... ok
[INFO] [stdout] test corba_traits::tests::no_local_default_set_to_false ... ok
[INFO] [stdout] test annotations::tests::is_nested_false_for_plain_struct ... ok
[INFO] [stdout] test tests::options_clone_works ... ok
[INFO] [stdout] test tests::options_have_sensible_defaults ... ok
[INFO] [stdout] test tests::optional_member_uses_nullable ... ok
[INFO] [stdout] test corba_traits::tests::variable_size_struct_marked_correctly ... ok
[INFO] [stdout] test corba_traits::tests::value_type_attribute_emitted ... ok
[INFO] [stdout] test tests::array_member_uses_jagged_array ... ok
[INFO] [stdout] test tests::const_decl_emits_const ... ok
[INFO] [stdout] test tests::root_namespace_option_wraps_output ... ok
[INFO] [stdout] test tests::empty_module_emits_namespace ... ok
[INFO] [stdout] test tests::empty_source_emits_only_preamble ... ok
[INFO] [stdout] test type_map::tests::all_14_primitives_have_distinct_or_intentional_mapping ... ok
[INFO] [stdout] test type_map::tests::floating_float_double ... ok
[INFO] [stdout] test type_map::tests::floating_long_double_to_decimal ... ok
[INFO] [stdout] test type_map::tests::integer_explicit_widths ... ok
[INFO] [stdout] test type_map::tests::integer_long_long_signed_unsigned ... ok
[INFO] [stdout] test type_map::tests::integer_long_signed_unsigned ... ok
[INFO] [stdout] test type_map::tests::integer_short_signed_unsigned ... ok
[INFO] [stdout] test type_map::tests::primitive_boolean ... ok
[INFO] [stdout] test type_map::tests::primitive_char ... ok
[INFO] [stdout] test type_map::tests::primitive_dispatches_through_floating ... ok
[INFO] [stdout] test type_map::tests::primitive_dispatches_through_integer ... ok
[INFO] [stdout] test type_map::tests::primitive_octet ... ok
[INFO] [stdout] test tests::primitive_struct_member_uses_correct_cs_types ... ok
[INFO] [stdout] test typesupport::tests::type_name_nested_modules ... ok
[INFO] [stdout] test type_map::tests::primitive_wchar_collapses_to_char ... ok
[INFO] [stdout] test typesupport::tests::type_name_one_module ... ok
[INFO] [stdout] test typesupport::tests::type_name_root_struct ... ok
[INFO] [stdout] test tests::header_starts_with_generated_marker ... ok
[INFO] [stdout] test tests::inheritance_emits_record_inheritance ... ok
[INFO] [stdout] test tests::keyed_struct_marker_appears ... ok
[INFO] [stdout] test tests::bounded_sequence_member_uses_ibounded_sequence ... ok
[INFO] [stdout] test tests::enum_emits_int_backed_enum ... ok
[INFO] [stdout] test tests::exception_inherits_exception ... ok
[INFO] [stdout] test tests::sequence_member_uses_isequence ... ok
[INFO] [stdout] test tests::record_class_is_init_only ... ok
[INFO] [stdout] test tests::non_service_interface_emits_csharp_interface ... ok
[INFO] [stdout] test tests::typedef_emits_alias_record ... ok
[INFO] [stdout] test tests::three_level_modules_nest ... ok
[INFO] [stdout] test tests::nullable_enable_appears_exactly_once ... ok
[INFO] [stdout] test tests::string_member_uses_string ... ok
[INFO] [stdout] test tests::union_uses_discriminator_record ... ok
[INFO] [stdout] 
[INFO] [stdout] test result: ok. 85 passed; 0 failed; 0 ignored; 0 measured; 0 filtered out; finished in 0.67s
[INFO] [stdout] 
[INFO] [stderr]      Running tests/bounded_collections.rs (/opt/rustwide/target/debug/deps/bounded_collections-6debf1f28902ab73)
[INFO] [stdout] 
[INFO] [stdout] running 3 tests
[INFO] [stdout] test bounded_string_byte_length_check ... ok
[INFO] [stdout] test bounded_sequence_throws_on_over_bound ... ok
[INFO] [stdout] test unbounded_sequence_has_no_check ... ok
[INFO] [stdout] 
[INFO] [stdout] test result: ok. 3 passed; 0 failed; 0 ignored; 0 measured; 0 filtered out; finished in 0.09s
[INFO] [stdout] 
[INFO] [stderr]      Running tests/c5_3b_features.rs (/opt/rustwide/target/debug/deps/c5_3b_features-687f8a83800db80d)
[INFO] [stdout] 
[INFO] [stdout] running 37 tests
[INFO] [stdout] test at_extensibility_final_emits_attribute ... ok
[INFO] [stdout] test bounded_sequence_emits_ibounded_sequence ... ok
[INFO] [stdout] test annotation_attribute_appears_on_correct_member_only ... ok
[INFO] [stdout] test at_optional_emits_optional_attribute_and_nullable_type ... ok
[INFO] [stdout] test all_member_annotations_stack_on_one_member ... ok
[INFO] [stdout] test at_nested_emits_nested_attribute_on_struct ... ok
[INFO] [stdout] test bounded_sequence_inside_unbounded_inner_unbound ... ok
[INFO] [stdout] test at_must_understand_emits_must_understand_attribute ... ok
[INFO] [stdout] test at_key_emits_key_attribute_no_comment_suffix ... ok
[INFO] [stdout] test at_extensibility_mutable_emits_attribute ... ok
[INFO] [stdout] test at_extensibility_appendable_emits_attribute ... ok
[INFO] [stdout] test member_annotations_trigger_omg_types_import ... ok
[INFO] [stdout] test at_id_emits_id_attribute_with_value ... ok
[INFO] [stdout] test multiple_members_get_independent_attribute_blocks ... ok
[INFO] [stdout] test nested_attribute_combined_with_extensibility ... ok
[INFO] [stdout] test nested_struct_in_module_still_no_topic_marker ... ok
[INFO] [stdout] test at_external_emits_external_attribute ... ok
[INFO] [stdout] test full_annotation_stack_on_struct_and_member ... ok
[INFO] [stdout] test sequence_imports_omg_types_and_collections ... ok
[INFO] [stdout] test at_nested_struct_does_not_get_topic_marker ... ok
[INFO] [stdout] test bounded_sequence_of_struct_typed_element ... ok
[INFO] [stdout] test plain_module_struct_has_topic_marker ... ok
[INFO] [stdout] test shorthand_at_appendable_emits_extensibility_appendable ... ok
[INFO] [stdout] test nested_struct_does_not_implement_topic_marker ... ok
[INFO] [stdout] test unbounded_sequence_emits_isequence ... ok
[INFO] [stdout] test nested_union_does_not_implement_topic_type ... ok
[INFO] [stdout] test no_annotations_means_no_omg_types_import ... ok
[INFO] [stdout] test shorthand_at_mutable_emits_extensibility_mutable ... ok
[INFO] [stdout] test only_nested_struct_does_not_pull_omg_types_via_topic_marker ... ok
[INFO] [stdout] test shorthand_at_final_emits_extensibility_final ... ok
[INFO] [stdout] test typedef_with_bounded_sequence_keeps_bound_marker ... ok
[INFO] [stdout] test struct_with_inheritance_keeps_base_and_adds_topic_marker ... ok
[INFO] [stdout] test top_level_struct_implements_topic_type_marker ... ok
[INFO] [stdout] test type_attribute_is_emitted_before_record_keyword ... ok
[INFO] [stdout] test topic_marker_imports_omg_types ... ok
[INFO] [stdout] test unbounded_sequence_of_string_emits_isequence_string ... ok
[INFO] [stdout] test union_top_level_implements_topic_type ... ok
[INFO] [stdout] 
[INFO] [stdout] test result: ok. 37 passed; 0 failed; 0 ignored; 0 measured; 0 filtered out; finished in 0.59s
[INFO] [stdout] 
[INFO] [stderr]      Running tests/compile_check.rs (/opt/rustwide/target/debug/deps/compile_check-c26101dd760d6f94)
[INFO] [stdout] 
[INFO] [stdout] running 13 tests
[INFO] [stdout] test compiles_inheritance ... ok
[INFO] [stdout] test compiles_simple_struct ... ok
[INFO] [stdout] test compiles_enum ... ok
[INFO] [stdout] test compiles_interface_with_embedded_types ... ok
[INFO] [stdout] test compiles_typedef ... ok
[INFO] [stdout] test compiles_struct_with_fixed_member ... ok
[INFO] [stdout] test compiles_union ... ok
[INFO] [stdout] test compiles_struct_with_any_member_gated ... ok
[INFO] [stdout] test compiles_struct_with_map_member_gated ... ok
[INFO] [stdout] test compiles_nested_struct_codec ... ok
[INFO] [stdout] test compiles_struct_with_string_sequence ... ok
[INFO] [stdout] test compiles_module_nesting ... ok
[INFO] [stdout] test compiles_conformance_fixtures ... FAILED
[INFO] [stdout] 
[INFO] [stdout] failures:
[INFO] [stdout] 
[INFO] [stdout] ---- compiles_conformance_fixtures stdout ----
[INFO] [stdout] 
[INFO] [stdout] thread 'compiles_conformance_fixtures' (759) panicked at tests/compile_check.rs:314:63:
[INFO] [stdout] read fixture 05_nested_structs: No such file or directory (os error 2)
[INFO] [stdout] stack backtrace:
[INFO] [stdout]    0:     0x58ccc27d8841 - std[70759c8f55707aa4]::backtrace_rs::backtrace::libunwind::trace
[INFO] [stdout]                                at /rustc/dfb0accb7f508ae8be965d8629557221c889dd98/library/std/src/../../backtrace/src/backtrace/libunwind.rs:117:9
[INFO] [stdout]    1:     0x58ccc27d8841 - std[70759c8f55707aa4]::backtrace_rs::backtrace::trace_unsynchronized::<std[70759c8f55707aa4]::sys::backtrace::_print_fmt::{closure#1}>
[INFO] [stdout]                                at /rustc/dfb0accb7f508ae8be965d8629557221c889dd98/library/std/src/../../backtrace/src/backtrace/mod.rs:66:14
[INFO] [stdout]    2:     0x58ccc27d8841 - std[70759c8f55707aa4]::sys::backtrace::_print_fmt
[INFO] [stdout]                                at /rustc/dfb0accb7f508ae8be965d8629557221c889dd98/library/std/src/sys/backtrace.rs:74:9
[INFO] [stdout]    3:     0x58ccc27d8841 - <<std[70759c8f55707aa4]::sys::backtrace::BacktraceLock>::print::DisplayBacktrace as core[df12db4294e9bfd3]::fmt::Display>::fmt
[INFO] [stdout]                                at /rustc/dfb0accb7f508ae8be965d8629557221c889dd98/library/std/src/sys/backtrace.rs:44:26
[INFO] [stdout]    4:     0x58ccc27ed02a - <core[df12db4294e9bfd3]::fmt::rt::Argument>::fmt
[INFO] [stdout]                                at /rustc/dfb0accb7f508ae8be965d8629557221c889dd98/library/core/src/fmt/rt.rs:152:76
[INFO] [stdout]    5:     0x58ccc27ed02a - core[df12db4294e9bfd3]::fmt::write
[INFO] [stdout]    6:     0x58ccc27dcf3c - core[df12db4294e9bfd3]::io::write::default_write_fmt::<alloc[2182bb758b4b3781]::vec::Vec<u8>>
[INFO] [stdout]                                at /rustc/dfb0accb7f508ae8be965d8629557221c889dd98/library/core/src/io/write.rs:402:11
[INFO] [stdout]    7:     0x58ccc27dcf3c - <alloc[2182bb758b4b3781]::vec::Vec<u8> as core[df12db4294e9bfd3]::io::write::Write>::write_fmt
[INFO] [stdout]                                at /rustc/dfb0accb7f508ae8be965d8629557221c889dd98/library/core/src/io/write.rs:335:13
[INFO] [stdout]    8:     0x58ccc27b3256 - <std[70759c8f55707aa4]::sys::backtrace::BacktraceLock>::print
[INFO] [stdout]                                at /rustc/dfb0accb7f508ae8be965d8629557221c889dd98/library/std/src/sys/backtrace.rs:47:9
[INFO] [stdout]    9:     0x58ccc27b3256 - std[70759c8f55707aa4]::panicking::default_hook::{closure#0}
[INFO] [stdout]                                at /rustc/dfb0accb7f508ae8be965d8629557221c889dd98/library/std/src/panicking.rs:292:27
[INFO] [stdout]   10:     0x58ccc27d0339 - std[70759c8f55707aa4]::panicking::default_hook
[INFO] [stdout]                                at /rustc/dfb0accb7f508ae8be965d8629557221c889dd98/library/std/src/panicking.rs:316:9
[INFO] [stdout]   11:     0x58ccc2621f90 - <alloc[2182bb758b4b3781]::boxed::Box<dyn for<'a, 'b> core[df12db4294e9bfd3]::ops::function::Fn<(&'a std[70759c8f55707aa4]::panic::PanicHookInfo<'b>,), Output = ()> + core[df12db4294e9bfd3]::marker::Send + core[df12db4294e9bfd3]::marker::Sync> as core[df12db4294e9bfd3]::ops::function::Fn<(&std[70759c8f55707aa4]::panic::PanicHookInfo,)>>::call
[INFO] [stdout]                                at /rustc/dfb0accb7f508ae8be965d8629557221c889dd98/library/alloc/src/boxed.rs:2334:9
[INFO] [stdout]   12:     0x58ccc2621f90 - test[9d35eded1c95d3be]::test_main_inner::<test[9d35eded1c95d3be]::test_main_static::{closure#0}>::{closure#0}
[INFO] [stdout]                                at /rustc/dfb0accb7f508ae8be965d8629557221c889dd98/library/test/src/lib.rs:155:21
[INFO] [stdout]   13:     0x58ccc27d04f2 - <alloc[2182bb758b4b3781]::boxed::Box<dyn for<'a, 'b> core[df12db4294e9bfd3]::ops::function::Fn<(&'a std[70759c8f55707aa4]::panic::PanicHookInfo<'b>,), Output = ()> + core[df12db4294e9bfd3]::marker::Send + core[df12db4294e9bfd3]::marker::Sync> as core[df12db4294e9bfd3]::ops::function::Fn<(&std[70759c8f55707aa4]::panic::PanicHookInfo,)>>::call
[INFO] [stdout]                                at /rustc/dfb0accb7f508ae8be965d8629557221c889dd98/library/alloc/src/boxed.rs:2334:9
[INFO] [stdout]   14:     0x58ccc27d04f2 - std[70759c8f55707aa4]::panicking::panic_with_hook
[INFO] [stdout]                                at /rustc/dfb0accb7f508ae8be965d8629557221c889dd98/library/std/src/panicking.rs:823:13
[INFO] [stdout]   15:     0x58ccc27b3302 - std[70759c8f55707aa4]::panicking::panic_handler::{closure#0}
[INFO] [stdout]                                at /rustc/dfb0accb7f508ae8be965d8629557221c889dd98/library/std/src/panicking.rs:688:13
[INFO] [stdout]   16:     0x58ccc27abdd9 - std[70759c8f55707aa4]::sys::backtrace::__rust_end_short_backtrace::<std[70759c8f55707aa4]::panicking::panic_handler::{closure#0}, !>
[INFO] [stdout]                                at /rustc/dfb0accb7f508ae8be965d8629557221c889dd98/library/std/src/sys/backtrace.rs:182:18
[INFO] [stdout]   17:     0x58ccc27b3efd - __rustc[8fa7c3cbc660c2b3]::rust_begin_unwind
[INFO] [stdout]                                at /rustc/dfb0accb7f508ae8be965d8629557221c889dd98/library/std/src/panicking.rs:679:5
[INFO] [stdout]   18:     0x58ccc27ed84c - core[df12db4294e9bfd3]::panicking::panic_fmt
[INFO] [stdout]                                at /rustc/dfb0accb7f508ae8be965d8629557221c889dd98/library/core/src/panicking.rs:80:14
[INFO] [stdout]   19:     0x58ccc26049ca - compile_check[b4562692c8ab749b]::compiles_conformance_fixtures::{closure#0}
[INFO] [stdout]                                at /opt/rustwide/workdir/tests/compile_check.rs:314:63
[INFO] [stdout]   20:     0x58ccc2602521 - <core[df12db4294e9bfd3]::result::Result<alloc[2182bb758b4b3781]::string::String, core[df12db4294e9bfd3]::io::error::Error>>::unwrap_or_else::<compile_check[b4562692c8ab749b]::compiles_conformance_fixtures::{closure#0}>
[INFO] [stdout]                                at /rustc/dfb0accb7f508ae8be965d8629557221c889dd98/library/core/src/result.rs:1621:23
[INFO] [stdout]   21:     0x58ccc2605fa1 - compile_check[b4562692c8ab749b]::compiles_conformance_fixtures
[INFO] [stdout]                                at /opt/rustwide/workdir/tests/compile_check.rs:314:44
[INFO] [stdout]   22:     0x58ccc2604807 - compile_check[b4562692c8ab749b]::compiles_conformance_fixtures::{closure#0}
[INFO] [stdout]                                at /opt/rustwide/workdir/tests/compile_check.rs:292:35
[INFO] [stdout]   23:     0x58ccc2609816 - <compile_check[b4562692c8ab749b]::compiles_conformance_fixtures::{closure#0} as core[df12db4294e9bfd3]::ops::function::FnOnce<()>>::call_once
[INFO] [stdout]                                at /rustc/dfb0accb7f508ae8be965d8629557221c889dd98/library/core/src/ops/function.rs:250:5
[INFO] [stdout]   24:     0x58ccc261527b - <fn() -> core[df12db4294e9bfd3]::result::Result<(), alloc[2182bb758b4b3781]::string::String> as core[df12db4294e9bfd3]::ops::function::FnOnce<()>>::call_once
[INFO] [stdout]                                at /rustc/dfb0accb7f508ae8be965d8629557221c889dd98/library/core/src/ops/function.rs:250:5
[INFO] [stdout]   25:     0x58ccc261527b - test[9d35eded1c95d3be]::__rust_begin_short_backtrace::<core[df12db4294e9bfd3]::result::Result<(), alloc[2182bb758b4b3781]::string::String>, fn() -> core[df12db4294e9bfd3]::result::Result<(), alloc[2182bb758b4b3781]::string::String>>
[INFO] [stdout]                                at /rustc/dfb0accb7f508ae8be965d8629557221c889dd98/library/test/src/lib.rs:733:18
[INFO] [stdout]   26:     0x58ccc26228e5 - test[9d35eded1c95d3be]::run_test_in_process::{closure#0}
[INFO] [stdout]                                at /rustc/dfb0accb7f508ae8be965d8629557221c889dd98/library/test/src/lib.rs:756:74
[INFO] [stdout]   27:     0x58ccc26228e5 - <core[df12db4294e9bfd3]::panic::unwind_safe::AssertUnwindSafe<test[9d35eded1c95d3be]::run_test_in_process::{closure#0}> as core[df12db4294e9bfd3]::ops::function::FnOnce<()>>::call_once
[INFO] [stdout]                                at /rustc/dfb0accb7f508ae8be965d8629557221c889dd98/library/core/src/panic/unwind_safe.rs:275:9
[INFO] [stdout]   28:     0x58ccc26228e5 - std[70759c8f55707aa4]::panicking::catch_unwind::do_call::<core[df12db4294e9bfd3]::panic::unwind_safe::AssertUnwindSafe<test[9d35eded1c95d3be]::run_test_in_process::{closure#0}>, core[df12db4294e9bfd3]::result::Result<(), alloc[2182bb758b4b3781]::string::String>>
[INFO] [stdout]                                at /rustc/dfb0accb7f508ae8be965d8629557221c889dd98/library/std/src/panicking.rs:576:43
[INFO] [stdout]   29:     0x58ccc26228e5 - std[70759c8f55707aa4]::panicking::catch_unwind::<core[df12db4294e9bfd3]::result::Result<(), alloc[2182bb758b4b3781]::string::String>, core[df12db4294e9bfd3]::panic::unwind_safe::AssertUnwindSafe<test[9d35eded1c95d3be]::run_test_in_process::{closure#0}>>
[INFO] [stdout]                                at /rustc/dfb0accb7f508ae8be965d8629557221c889dd98/library/std/src/panicking.rs:544:19
[INFO] [stdout]   30:     0x58ccc26228e5 - std[70759c8f55707aa4]::panic::catch_unwind::<core[df12db4294e9bfd3]::panic::unwind_safe::AssertUnwindSafe<test[9d35eded1c95d3be]::run_test_in_process::{closure#0}>, core[df12db4294e9bfd3]::result::Result<(), alloc[2182bb758b4b3781]::string::String>>
[INFO] [stdout]                                at /rustc/dfb0accb7f508ae8be965d8629557221c889dd98/library/std/src/panic.rs:359:14
[INFO] [stdout]   31:     0x58ccc26228e5 - test[9d35eded1c95d3be]::run_test_in_process
[INFO] [stdout]                                at /rustc/dfb0accb7f508ae8be965d8629557221c889dd98/library/test/src/lib.rs:756:27
[INFO] [stdout]   32:     0x58ccc26228e5 - test[9d35eded1c95d3be]::run_test::{closure#0}
[INFO] [stdout]                                at /rustc/dfb0accb7f508ae8be965d8629557221c889dd98/library/test/src/lib.rs:677:43
[INFO] [stdout]   33:     0x58ccc261c1a4 - test[9d35eded1c95d3be]::run_test::{closure#1}
[INFO] [stdout]                                at /rustc/dfb0accb7f508ae8be965d8629557221c889dd98/library/test/src/lib.rs:707:41
[INFO] [stdout]   34:     0x58ccc261c1a4 - std[70759c8f55707aa4]::sys::backtrace::__rust_begin_short_backtrace::<test[9d35eded1c95d3be]::run_test::{closure#1}, ()>
[INFO] [stdout]                                at /rustc/dfb0accb7f508ae8be965d8629557221c889dd98/library/std/src/sys/backtrace.rs:166:18
[INFO] [stdout]   35:     0x58ccc2625a42 - std[70759c8f55707aa4]::thread::lifecycle::spawn_unchecked::<test[9d35eded1c95d3be]::run_test::{closure#1}, ()>::{closure#1}::{closure#0}
[INFO] [stdout]                                at /rustc/dfb0accb7f508ae8be965d8629557221c889dd98/library/std/src/thread/lifecycle.rs:70:13
[INFO] [stdout]   36:     0x58ccc2625a42 - <core[df12db4294e9bfd3]::panic::unwind_safe::AssertUnwindSafe<std[70759c8f55707aa4]::thread::lifecycle::spawn_unchecked<test[9d35eded1c95d3be]::run_test::{closure#1}, ()>::{closure#1}::{closure#0}> as core[df12db4294e9bfd3]::ops::function::FnOnce<()>>::call_once
[INFO] [stdout]                                at /rustc/dfb0accb7f508ae8be965d8629557221c889dd98/library/core/src/panic/unwind_safe.rs:275:9
[INFO] [stdout]   37:     0x58ccc2625a42 - std[70759c8f55707aa4]::panicking::catch_unwind::do_call::<core[df12db4294e9bfd3]::panic::unwind_safe::AssertUnwindSafe<std[70759c8f55707aa4]::thread::lifecycle::spawn_unchecked<test[9d35eded1c95d3be]::run_test::{closure#1}, ()>::{closure#1}::{closure#0}>, ()>
[INFO] [stdout]                                at /rustc/dfb0accb7f508ae8be965d8629557221c889dd98/library/std/src/panicking.rs:576:43
[INFO] [stdout]   38:     0x58ccc2625a42 - std[70759c8f55707aa4]::panicking::catch_unwind::<(), core[df12db4294e9bfd3]::panic::unwind_safe::AssertUnwindSafe<std[70759c8f55707aa4]::thread::lifecycle::spawn_unchecked<test[9d35eded1c95d3be]::run_test::{closure#1}, ()>::{closure#1}::{closure#0}>>
[INFO] [stdout]                                at /rustc/dfb0accb7f508ae8be965d8629557221c889dd98/library/std/src/panicking.rs:544:19
[INFO] [stdout]   39:     0x58ccc2625a42 - std[70759c8f55707aa4]::panic::catch_unwind::<core[df12db4294e9bfd3]::panic::unwind_safe::AssertUnwindSafe<std[70759c8f55707aa4]::thread::lifecycle::spawn_unchecked<test[9d35eded1c95d3be]::run_test::{closure#1}, ()>::{closure#1}::{closure#0}>, ()>
[INFO] [stdout]                                at /rustc/dfb0accb7f508ae8be965d8629557221c889dd98/library/std/src/panic.rs:359:14
[INFO] [stdout]   40:     0x58ccc2625a42 - std[70759c8f55707aa4]::thread::lifecycle::spawn_unchecked::<test[9d35eded1c95d3be]::run_test::{closure#1}, ()>::{closure#1}
[INFO] [stdout]                                at /rustc/dfb0accb7f508ae8be965d8629557221c889dd98/library/std/src/thread/lifecycle.rs:68:26
[INFO] [stdout]   41:     0x58ccc2625a42 - <std[70759c8f55707aa4]::thread::lifecycle::spawn_unchecked<test[9d35eded1c95d3be]::run_test::{closure#1}, ()>::{closure#1} as core[df12db4294e9bfd3]::ops::function::FnOnce<()>>::call_once::{shim:vtable#0}
[INFO] [stdout]                                at /rustc/dfb0accb7f508ae8be965d8629557221c889dd98/library/core/src/ops/function.rs:250:5
[INFO] [stdout]   42:     0x58ccc27d7bb9 - <alloc[2182bb758b4b3781]::boxed::Box<dyn core[df12db4294e9bfd3]::ops::function::FnOnce<(), Output = ()> + core[df12db4294e9bfd3]::marker::Send> as core[df12db4294e9bfd3]::ops::function::FnOnce<()>>::call_once
[INFO] [stdout]                                at /rustc/dfb0accb7f508ae8be965d8629557221c889dd98/library/alloc/src/boxed.rs:2320:9
[INFO] [stdout]   43:     0x58ccc27d7bb9 - <std[70759c8f55707aa4]::sys::thread::unix::Thread>::new::thread_start
[INFO] [stdout]                                at /rustc/dfb0accb7f508ae8be965d8629557221c889dd98/library/std/src/sys/thread/unix.rs:123:17
[INFO] [stdout]   44:     0x759630d2cdfa - <unknown>
[INFO] [stdout]   45:     0x759630dc03d4 - clone
[INFO] [stdout]   46:                0x0 - <unknown>
[INFO] [stdout] 
[INFO] [stdout] 
[INFO] [stdout] failures:
[INFO] [stdout]     compiles_conformance_fixtures
[INFO] [stdout] 
[INFO] [stdout] test result: FAILED. 12 passed; 1 failed; 0 ignored; 0 measured; 0 filtered out; finished in 0.08s
[INFO] [stdout] 
[INFO] [stderr] error: test failed, to rerun pass `--test compile_check`
[INFO] running `Command { std: "docker" "inspect" "873338767e8bd0a6d40adb7e2c3b80352d4dc5d191acd0b23c4e21b6490fa80b", kill_on_drop: false }`
[INFO] running `Command { std: "docker" "rm" "-f" "873338767e8bd0a6d40adb7e2c3b80352d4dc5d191acd0b23c4e21b6490fa80b", kill_on_drop: false }`
[INFO] [stdout] 873338767e8bd0a6d40adb7e2c3b80352d4dc5d191acd0b23c4e21b6490fa80b
