[INFO] fetching crate zero-mysql 0.6.0...
[INFO] testing zero-mysql-0.6.0 against 1.99.0-beta.8 for beta-1.100-2
[INFO] extracting crate zero-mysql 0.6.0 into /workspace/builds/worker-7-tc1/source
[INFO] started tweaking crates.io crate zero-mysql 0.6.0
[INFO] removed 0 missing examples
[INFO] removed 0 missing tests
[INFO] finished tweaking crates.io crate zero-mysql 0.6.0
[INFO] tweaked toml for crates.io crate zero-mysql 0.6.0 written to /workspace/builds/worker-7-tc1/source/Cargo.toml
[INFO] validating manifest of crates.io crate zero-mysql 0.6.0 on toolchain 1.99.0-beta.8
[INFO] running `Command { std: CARGO_HOME="/workspace/cargo-home" RUSTUP_HOME="/workspace/rustup-home" "/workspace/cargo-home/bin/cargo" "+1.99.0-beta.8" "metadata" "--manifest-path" "Cargo.toml" "--no-deps", kill_on_drop: false }`
[INFO] crate crates.io crate zero-mysql 0.6.0 already has a lockfile, it will not be regenerated
[INFO] running `Command { std: CARGO_HOME="/workspace/cargo-home" RUSTUP_HOME="/workspace/rustup-home" "/workspace/cargo-home/bin/cargo" "+1.99.0-beta.8" "fetch" "--manifest-path" "Cargo.toml", kill_on_drop: false }`
[INFO] [stderr]     Updating crates.io index
[INFO] [stderr]  Downloading crates ...
[INFO] [stderr]   Downloaded wasm-bindgen-macro v0.2.118
[INFO] [stderr]   Downloaded zero-mysql-derive v0.2.0
[INFO] [stderr]   Downloaded wasm-bindgen v0.2.118
[INFO] [stderr]   Downloaded wasm-bindgen-macro-support v0.2.118
[INFO] [stderr]   Downloaded smart-default v0.7.1
[INFO] [stderr]   Downloaded wasm-bindgen-shared v0.2.118
[INFO] [stderr]   Downloaded std-semaphore v0.1.0
[INFO] [stderr]   Downloaded saturating v0.1.0
[INFO] [stderr]   Downloaded mysql-common-derive v0.32.1
[INFO] [stderr]   Downloaded keyed_priority_queue v0.4.2
[INFO] [stderr]   Downloaded digest v0.11.2
[INFO] [stderr]   Downloaded btoi v0.4.3
[INFO] [stderr]   Downloaded btoi v0.5.0
[INFO] [stderr]   Downloaded io-enum v1.2.1
[INFO] [stderr]   Downloaded dsl_auto_type v0.2.0
[INFO] [stderr]   Downloaded lru v0.16.3
[INFO] [stderr]   Downloaded named_pipe v0.4.1
[INFO] [stderr]   Downloaded downcast-rs v2.0.2
[INFO] [stderr]   Downloaded hybrid-array v0.4.10
[INFO] [stderr]   Downloaded bufstream v0.1.4
[INFO] [stderr]   Downloaded diesel_table_macro_syntax v0.3.0
[INFO] [stderr]   Downloaded derive_utils v0.15.1
[INFO] [stderr]   Downloaded twox-hash v2.1.2
[INFO] [stderr]   Downloaded cc v1.2.60
[INFO] [stderr]   Downloaded compio-macros v0.1.2
[INFO] [stderr]   Downloaded clap v4.6.0
[INFO] [stderr]   Downloaded js-sys v0.3.95
[INFO] [stderr]   Downloaded openssl-sys v0.9.112
[INFO] [stderr]   Downloaded compio v0.18.0
[INFO] [stderr]   Downloaded synchrony v0.1.7
[INFO] [stderr]   Downloaded mysql_async v0.36.2
[INFO] [stderr]   Downloaded rand v0.9.3
[INFO] [stderr]   Downloaded compio-ws v0.3.1
[INFO] [stderr]   Downloaded mysql v28.0.0
[INFO] [stderr]   Downloaded diesel_derives v2.3.7
[INFO] [stderr]   Downloaded compio-log v0.1.0
[INFO] [stderr]   Downloaded thin-cell v0.1.2
[INFO] [stderr]   Downloaded rust_decimal v1.41.0
[INFO] [stderr]   Downloaded winnow v1.0.1
[INFO] [stderr]   Downloaded compio-buf v0.8.1
[INFO] [stderr]   Downloaded core_affinity v0.8.3
[INFO] [stderr]   Downloaded io_uring_buf_ring v0.2.3
[INFO] [stderr]   Downloaded color-spantrace v0.3.0
[INFO] [stderr]   Downloaded data-encoding v2.10.0
[INFO] [stderr]   Downloaded compio-tls v0.9.1
[INFO] [stderr]   Downloaded compio-io v0.9.1
[INFO] [stderr]   Downloaded compio-runtime v0.11.0
[INFO] [stderr]   Downloaded openssl v0.10.76
[INFO] [stderr]   Downloaded mysql_common v0.35.5
[INFO] [stderr]   Downloaded clap_builder v4.6.0
[INFO] [stderr]   Downloaded flume v0.12.0
[INFO] [stderr]   Downloaded auto_impl v1.3.0
[INFO] [stderr]   Downloaded generator v0.8.8
[INFO] [stderr]   Downloaded mysql_common v0.37.1
[INFO] [stderr]   Downloaded tungstenite v0.28.0
[INFO] [stderr]   Downloaded io-uring v0.7.11
[INFO] [stderr]   Downloaded aws-lc-rs v1.16.2
[INFO] [stderr]   Downloaded diesel v2.3.7
[INFO] [stderr]   Downloaded web-sys v0.3.95
[INFO] [stderr]   Downloaded tokio v1.51.1
[INFO] [stderr]   Downloaded compio-net v0.11.1
[INFO] [stderr]   Downloaded compio-driver v0.11.4
[INFO] [stderr]   Downloaded aws-lc-sys v0.39.1
[INFO] running `Command { std: "docker" "create" "-v" "/var/lib/crater-agent-workspace/builds/worker-7-tc1/source:/opt/rustwide/workdir:ro,Z" "-v" "/var/lib/crater-agent-workspace/builds/worker-7-tc1/target:/opt/rustwide/target:rw,Z" "-v" "/var/lib/crater-agent-workspace/cargo-home:/opt/rustwide/cargo-home:ro,Z" "-v" "/var/lib/crater-agent-workspace/rustup-home:/opt/rustwide/rustup-home:ro,Z" "-m" "1610612736" "--network" "none" "ghcr.io/rust-lang/crates-build-env/linux@sha256:3111399a4047eeb3a02b7a90e478d715f38a8c6669b5c4b49d30a17385265909" "sleep" "infinity", kill_on_drop: false }`
[INFO] [stdout] 7840ed9944c6f5174f4b004e12975e048f49d1df5c3ab9379c8077d4e96d4091
[INFO] running `Command { std: "docker" "start" "7840ed9944c6f5174f4b004e12975e048f49d1df5c3ab9379c8077d4e96d4091", kill_on_drop: false }`
[INFO] running `Command { std: "docker" "inspect" "7840ed9944c6f5174f4b004e12975e048f49d1df5c3ab9379c8077d4e96d4091", kill_on_drop: false }`
[INFO] running `Command { std: "docker" "exec" "-e" "SOURCE_DIR=/opt/rustwide/workdir" "-e" "CARGO_HOME=/opt/rustwide/cargo-home" "-e" "RUSTUP_HOME=/opt/rustwide/rustup-home" "-e" "CARGO_TARGET_DIR=/opt/rustwide/target" "-w" "/opt/rustwide/workdir" "--user" "0:0" "7840ed9944c6f5174f4b004e12975e048f49d1df5c3ab9379c8077d4e96d4091" "/opt/rustwide/cargo-home/bin/cargo" "+1.99.0-beta.8" "metadata" "--no-deps" "--format-version=1", kill_on_drop: false }`
[INFO] running `Command { std: "docker" "inspect" "7840ed9944c6f5174f4b004e12975e048f49d1df5c3ab9379c8077d4e96d4091", kill_on_drop: false }`
[INFO] running `Command { std: "docker" "exec" "-e" "SOURCE_DIR=/opt/rustwide/workdir" "-e" "CARGO_HOME=/opt/rustwide/cargo-home" "-e" "RUSTUP_HOME=/opt/rustwide/rustup-home" "-e" "CARGO_TARGET_DIR=/opt/rustwide/target" "-e" "CARGO_INCREMENTAL=0" "-e" "RUST_BACKTRACE=full" "-e" "RUSTFLAGS=--cap-lints=warn" "-e" "RUSTDOCFLAGS=--cap-lints=warn" "-w" "/opt/rustwide/workdir" "--user" "0:0" "7840ed9944c6f5174f4b004e12975e048f49d1df5c3ab9379c8077d4e96d4091" "/opt/rustwide/cargo-home/bin/cargo" "+1.99.0-beta.8" "build" "--frozen" "--message-format=json", kill_on_drop: false }`
[INFO] [stderr]    Compiling libc v0.2.184
[INFO] [stderr]    Compiling typenum v1.19.0
[INFO] [stderr]    Compiling tracing-core v0.1.36
[INFO] [stderr]    Compiling pin-project-lite v0.2.17
[INFO] [stderr]    Compiling thread_local v1.1.9
[INFO] [stderr]    Compiling object v0.37.3
[INFO] [stderr]    Compiling owo-colors v4.3.0
[INFO] [stderr]    Compiling eyre v0.6.12
[INFO] [stderr]    Compiling gimli v0.32.3
[INFO] [stderr]    Compiling crossbeam-utils v0.8.21
[INFO] [stderr]    Compiling const-oid v0.10.2
[INFO] [stderr]    Compiling adler2 v2.0.1
[INFO] [stderr]    Compiling syn v2.0.117
[INFO] [stderr]    Compiling memchr v2.8.0
[INFO] [stderr]    Compiling color-spantrace v0.3.0
[INFO] [stderr]    Compiling rustc-demangle v0.1.27
[INFO] [stderr]    Compiling aws-lc-rs v1.16.2
[INFO] [stderr]    Compiling miniz_oxide v0.8.9
[INFO] [stderr]    Compiling indenter v0.3.4
[INFO] [stderr]    Compiling percent-encoding v2.3.2
[INFO] [stderr]    Compiling zerocopy v0.8.48
[INFO] [stderr]    Compiling bytes v1.11.1
[INFO] [stderr]    Compiling zeroize v1.8.2
[INFO] [stderr]    Compiling form_urlencoded v1.2.2
[INFO] [stderr]    Compiling tracing-subscriber v0.3.23
[INFO] [stderr]    Compiling base64 v0.22.1
[INFO] [stderr]    Compiling untrusted v0.7.1
[INFO] [stderr]    Compiling std-semaphore v0.1.0
[INFO] [stderr]    Compiling bitflags v2.11.0
[INFO] [stderr]    Compiling simdutf8 v0.1.5
[INFO] [stderr]    Compiling pem v3.0.6
[INFO] [stderr]    Compiling crossbeam-queue v0.3.12
[INFO] [stderr]    Compiling hybrid-array v0.4.10
[INFO] [stderr]    Compiling jobserver v0.1.34
[INFO] [stderr]    Compiling socket2 v0.6.3
[INFO] [stderr]    Compiling mio v1.2.0
[INFO] [stderr]    Compiling cc v1.2.60
[INFO] [stderr]    Compiling block-buffer v0.12.0
[INFO] [stderr]    Compiling crypto-common v0.2.1
[INFO] [stderr]    Compiling tokio v1.51.1
[INFO] [stderr]    Compiling addr2line v0.25.1
[INFO] [stderr]    Compiling digest v0.11.2
[INFO] [stderr]    Compiling sha2 v0.11.0
[INFO] [stderr]    Compiling sha1 v0.11.0
[INFO] [stderr]    Compiling cmake v0.1.58
[INFO] [stderr]    Compiling aws-lc-sys v0.39.1
[INFO] [stderr]    Compiling synstructure v0.13.2
[INFO] [stderr]    Compiling backtrace v0.3.76
[INFO] [stderr]    Compiling zerofrom-derive v0.1.7
[INFO] [stderr]    Compiling yoke-derive v0.8.2
[INFO] [stderr]    Compiling zerovec-derive v0.11.3
[INFO] [stderr]    Compiling displaydoc v0.2.5
[INFO] [stderr]    Compiling tracing-attributes v0.1.31
[INFO] [stderr]    Compiling zerocopy-derive v0.8.48
[INFO] [stderr]    Compiling thiserror-impl v2.0.18
[INFO] [stderr]    Compiling smart-default v0.7.1
[INFO] [stderr]    Compiling auto_impl v1.3.0
[INFO] [stderr]    Compiling zero-mysql-derive v0.2.0
[INFO] [stderr]    Compiling zerofrom v0.1.7
[INFO] [stderr]    Compiling yoke v0.8.2
[INFO] [stderr]    Compiling thiserror v2.0.18
[INFO] [stderr]    Compiling zerotrie v0.2.4
[INFO] [stderr]    Compiling tracing v0.1.44
[INFO] [stderr]    Compiling tracing-error v0.2.1
[INFO] [stderr]    Compiling zerovec v0.11.6
[INFO] [stderr]    Compiling color-eyre v0.6.5
[INFO] [stderr]    Compiling tinystr v0.8.3
[INFO] [stderr]    Compiling potential_utf v0.1.5
[INFO] [stderr]    Compiling icu_collections v2.2.0
[INFO] [stderr]    Compiling icu_locale_core v2.2.0
[INFO] [stderr]    Compiling icu_provider v2.2.0
[INFO] [stderr]    Compiling icu_normalizer v2.2.0
[INFO] [stderr]    Compiling icu_properties v2.2.0
[INFO] [stderr]    Compiling idna_adapter v1.2.1
[INFO] [stderr]    Compiling idna v1.1.0
[INFO] [stderr]    Compiling url v2.5.8
[INFO] [stderr]    Compiling zero-mysql v0.6.0 (/opt/rustwide/workdir)
[INFO] [stderr]     Finished `dev` profile [unoptimized + debuginfo] target(s) in 29.38s
[INFO] running `Command { std: "docker" "inspect" "7840ed9944c6f5174f4b004e12975e048f49d1df5c3ab9379c8077d4e96d4091", kill_on_drop: false }`
[INFO] running `Command { std: "docker" "exec" "-e" "SOURCE_DIR=/opt/rustwide/workdir" "-e" "CARGO_HOME=/opt/rustwide/cargo-home" "-e" "RUSTUP_HOME=/opt/rustwide/rustup-home" "-e" "CARGO_TARGET_DIR=/opt/rustwide/target" "-e" "CARGO_INCREMENTAL=0" "-e" "RUST_BACKTRACE=full" "-e" "RUSTFLAGS=--cap-lints=warn" "-e" "RUSTDOCFLAGS=--cap-lints=warn" "-w" "/opt/rustwide/workdir" "--user" "0:0" "7840ed9944c6f5174f4b004e12975e048f49d1df5c3ab9379c8077d4e96d4091" "/opt/rustwide/cargo-home/bin/cargo" "+1.99.0-beta.8" "test" "--frozen" "--no-run" "--message-format=json", kill_on_drop: false }`
[INFO] [stderr]    Compiling memchr v2.8.0
[INFO] [stderr]    Compiling zerocopy v0.8.48
[INFO] [stderr]    Compiling getrandom v0.3.4
[INFO] [stderr]    Compiling generic-array v0.14.7
[INFO] [stderr]    Compiling num-traits v0.2.19
[INFO] [stderr]    Compiling winnow v1.0.1
[INFO] [stderr]    Compiling serde_derive v1.0.228
[INFO] [stderr]    Compiling pkg-config v0.3.32
[INFO] [stderr]    Compiling vcpkg v0.2.15
[INFO] [stderr]    Compiling darling_core v0.20.11
[INFO] [stderr]    Compiling toml_datetime v1.1.1+spec-1.1.0
[INFO] [stderr]    Compiling proc-macro-error-attr2 v2.0.0
[INFO] [stderr]    Compiling log v0.4.29
[INFO] [stderr]    Compiling termcolor v1.4.1
[INFO] [stderr]    Compiling nu-ansi-term v0.50.3
[INFO] [stderr]    Compiling tokio-macros v2.7.0
[INFO] [stderr]    Compiling tracing-log v0.2.0
[INFO] [stderr]    Compiling uuid v1.23.0
[INFO] [stderr]    Compiling tracing-subscriber v0.3.23
[INFO] [stderr]    Compiling saturating v0.1.0
[INFO] [stderr]    Compiling foldhash v0.2.0
[INFO] [stderr]    Compiling hashbrown v0.16.1
[INFO] [stderr]    Compiling rand_core v0.9.5
[INFO] [stderr]    Compiling url v2.5.8
[INFO] [stderr]    Compiling pem v3.0.6
[INFO] [stderr]    Compiling libz-sys v1.1.28
[INFO] [stderr]    Compiling alloca v0.4.0
[INFO] [stderr]    Compiling proc-macro-error2 v2.0.1
[INFO] [stderr]    Compiling aho-corasick v1.1.4
[INFO] [stderr]    Compiling block-buffer v0.10.4
[INFO] [stderr]    Compiling crypto-common v0.1.7
[INFO] [stderr]    Compiling serde_json v1.0.149
[INFO] [stderr]    Compiling tokio v1.51.1
[INFO] [stderr]    Compiling digest v0.10.7
[INFO] [stderr]    Compiling num-integer v0.1.46
[INFO] [stderr]    Compiling object v0.37.3
[INFO] [stderr]    Compiling crossbeam-queue v0.3.12
[INFO] [stderr]    Compiling sha1 v0.10.6
[INFO] [stderr]    Compiling sha2 v0.10.9
[INFO] [stderr]    Compiling toml_parser v1.1.2+spec-1.1.0
[INFO] [stderr]    Compiling flate2 v1.1.9
[INFO] [stderr]    Compiling num-bigint v0.4.6
[INFO] [stderr]    Compiling clap_lex v1.1.0
[INFO] [stderr]    Compiling mysql_common v0.37.1
[INFO] [stderr]    Compiling mysql_common v0.35.5
[INFO] [stderr]    Compiling anstyle v1.0.14
[INFO] [stderr]    Compiling lru v0.16.3
[INFO] [stderr]    Compiling itertools v0.13.0
[INFO] [stderr]    Compiling clap_builder v4.6.0
[INFO] [stderr]    Compiling toml_edit v0.25.11+spec-1.1.0
[INFO] [stderr]    Compiling futures-macro v0.3.32
[INFO] [stderr]    Compiling derive_utils v0.15.1
[INFO] [stderr]    Compiling regex-automata v0.4.14
[INFO] [stderr]    Compiling tracing-error v0.2.1
[INFO] [stderr]    Compiling color-spantrace v0.3.0
[INFO] [stderr]    Compiling proc-macro-crate v3.5.0
[INFO] [stderr]    Compiling btoi v0.4.3
[INFO] [stderr]    Compiling btoi v0.5.0
[INFO] [stderr]    Compiling slab v0.4.12
[INFO] [stderr]    Compiling futures-sink v0.3.32
[INFO] [stderr]    Compiling twox-hash v2.1.2
[INFO] [stderr]    Compiling mysql v28.0.0
[INFO] [stderr]    Compiling futures-util v0.3.32
[INFO] [stderr]    Compiling io-enum v1.2.1
[INFO] [stderr]    Compiling keyed_priority_queue v0.4.2
[INFO] [stderr]    Compiling socket2 v0.5.10
[INFO] [stderr]    Compiling page_size v0.6.0
[INFO] [stderr]    Compiling bufstream v0.1.4
[INFO] [stderr]    Compiling criterion-plot v0.8.2
[INFO] [stderr]    Compiling darling_macro v0.20.11
[INFO] [stderr]    Compiling darling v0.20.11
[INFO] [stderr]    Compiling serde v1.0.228
[INFO] [stderr]    Compiling mysql-common-derive v0.32.1
[INFO] [stderr]    Compiling clap v4.6.0
[INFO] [stderr]    Compiling tinytemplate v1.2.1
[INFO] [stderr]    Compiling regex v1.12.3
[INFO] [stderr]    Compiling backtrace v0.3.76
[INFO] [stderr]    Compiling half v2.7.1
[INFO] [stderr]    Compiling ppv-lite86 v0.2.21
[INFO] [stderr]    Compiling tokio-util v0.7.18
[INFO] [stderr]    Compiling rand_chacha v0.9.0
[INFO] [stderr]    Compiling ciborium-ll v0.2.2
[INFO] [stderr]    Compiling color-eyre v0.6.5
[INFO] [stderr]    Compiling rand v0.9.3
[INFO] [stderr]    Compiling ciborium v0.2.2
[INFO] [stderr]    Compiling criterion v0.8.2
[INFO] [stderr]    Compiling zero-mysql v0.6.0 (/opt/rustwide/workdir)
[INFO] [stderr]    Compiling mysql_async v0.36.2
[INFO] [stderr]     Finished `test` profile [unoptimized + debuginfo] target(s) in 30.52s
[INFO] [stderr] warning: the following packages contain code that will be rejected by a future version of Rust: proc-macro-error2 v2.0.1
[INFO] [stderr] note: to see what the problems were, use the option `--future-incompat-report`, or run `cargo report future-incompatibilities --id 3`
[INFO] running `Command { std: "docker" "inspect" "7840ed9944c6f5174f4b004e12975e048f49d1df5c3ab9379c8077d4e96d4091", kill_on_drop: false }`
[INFO] running `Command { std: "docker" "exec" "-e" "SOURCE_DIR=/opt/rustwide/workdir" "-e" "CARGO_HOME=/opt/rustwide/cargo-home" "-e" "RUSTUP_HOME=/opt/rustwide/rustup-home" "-e" "CARGO_TARGET_DIR=/opt/rustwide/target" "-e" "CARGO_INCREMENTAL=0" "-e" "RUST_BACKTRACE=full" "-e" "RUSTFLAGS=--cap-lints=warn" "-e" "RUSTDOCFLAGS=--cap-lints=warn" "-w" "/opt/rustwide/workdir" "--user" "0:0" "7840ed9944c6f5174f4b004e12975e048f49d1df5c3ab9379c8077d4e96d4091" "/opt/rustwide/cargo-home/bin/cargo" "+1.99.0-beta.8" "test" "--frozen", kill_on_drop: false }`
[INFO] [stderr]     Finished `test` profile [unoptimized + debuginfo] target(s) in 0.30s
[INFO] [stderr] warning: the following packages contain code that will be rejected by a future version of Rust: proc-macro-error2 v2.0.1
[INFO] [stderr] note: to see what the problems were, use the option `--future-incompat-report`, or run `cargo report future-incompatibilities --id 3`
[INFO] [stderr]      Running unittests src/lib.rs (/opt/rustwide/target/debug/deps/zero_mysql-2c8db35c46d726f8)
[INFO] [stdout] 
[INFO] [stdout] running 86 tests
[INFO] [stdout] test buffer_test::buffer_set_default ... ok
[INFO] [stdout] test buffer_test::buffer_reuse ... ok
[INFO] [stdout] test buffer_test::new_write_buffer ... ok
[INFO] [stdout] test buffer_test::buffer_set_new ... ok
[INFO] [stdout] test buffer_test::buffer_set_with_initial_handshake ... ok
[INFO] [stdout] test buffer_test::write_buffer ... ok
[INFO] [stdout] test buffer_test::write_buffer_mut ... ok
[INFO] [stdout] test constant_test::capability_flags_classification ... ok
[INFO] [stdout] test opts_test::default_opts ... ok
[INFO] [stdout] test opts_test::error_invalid_bool_value ... ok
[INFO] [stdout] test opts_test::error_invalid_scheme ... ok
[INFO] [stdout] test opts_test::error_invalid_url ... ok
[INFO] [stdout] test opts_test::error_invalid_usize_value ... ok
[INFO] [stdout] test opts_test::error_negative_usize_value ... ok
[INFO] [stdout] test opts_test::error_unknown_param ... ok
[INFO] [stdout] test opts_test::parse_basic_url ... ok
[INFO] [stdout] test opts_test::parse_compress_param ... ok
[INFO] [stdout] test opts_test::parse_empty_password ... ok
[INFO] [stdout] test opts_test::parse_full_url ... ok
[INFO] [stdout] test opts_test::parse_init_command_param ... ok
[INFO] [stdout] test opts_test::parse_ip_address ... ok
[INFO] [stdout] test opts_test::parse_ipv6_address ... ok
[INFO] [stdout] test opts_test::parse_multiple_params ... ok
[INFO] [stdout] test opts_test::parse_no_password ... ok
[INFO] [stdout] test opts_test::parse_pool_max_concurrency_param ... ok
[INFO] [stdout] test opts_test::parse_pool_max_idle_conn_param ... ok
[INFO] [stdout] test opts_test::parse_pool_reset_conn_param ... ok
[INFO] [stdout] test opts_test::parse_socket_param ... ok
[INFO] [stdout] test opts_test::parse_ssl_param ... ok
[INFO] [stdout] test opts_test::parse_tcp_nodelay_param ... ok
[INFO] [stdout] test opts_test::parse_tls_param ... ok
[INFO] [stdout] test opts_test::parse_upgrade_to_unix_socket_param ... ok
[INFO] [stdout] test opts_test::parse_url_encoded_password ... ok
[INFO] [stdout] test opts_test::parse_url_with_credentials ... ok
[INFO] [stdout] test opts_test::parse_url_with_database ... ok
[INFO] [stdout] test opts_test::parse_url_with_empty_database ... ok
[INFO] [stdout] test opts_test::parse_url_with_port ... ok
[INFO] [stdout] test protocol::command::column_definition_test::column_definition_bytes ... ok
[INFO] [stdout] test protocol::command::column_definition_test::column_definition_bytes_too_short ... ok
[INFO] [stdout] test protocol::command::column_definition_test::column_definition_tail_has_alignment_of_1 ... ok
[INFO] [stdout] test protocol::command::column_definition_test::column_definition_tail_invalid_column_type ... ok
[INFO] [stdout] test protocol::command::column_definition_test::column_definition_tail_parsing ... ok
[INFO] [stdout] test protocol::command::column_definition_test::column_definition_tail_size ... ok
[INFO] [stdout] test protocol::command::column_definition_test::column_definition_tail_with_flags ... ok
[INFO] [stdout] test protocol::command::column_definition_test::column_definition_tail_with_part_key_flag ... ok
[INFO] [stdout] test protocol::command::column_definition_test::column_definition_try_from ... ok
[INFO] [stdout] test protocol::command::prepared::tests::prepare_ok_has_alignment_of_1 ... ok
[INFO] [stdout] test protocol::connection::handshake::tests::fast_auth_result_parsing ... ok
[INFO] [stdout] test protocol::connection::handshake::tests::handshake_fixed_fields_has_alignment_of_1 ... ok
[INFO] [stdout] test protocol::r#trait::param_test::param_bytes ... ok
[INFO] [stdout] test protocol::r#trait::param_test::param_i32 ... ok
[INFO] [stdout] test protocol::r#trait::param_test::param_option_none ... ok
[INFO] [stdout] test protocol::r#trait::param_test::param_option_some ... ok
[INFO] [stdout] test protocol::r#trait::param_test::param_option_string ... ok
[INFO] [stdout] test protocol::r#trait::param_test::param_str ... ok
[INFO] [stdout] test protocol::r#trait::param_test::param_u64 ... ok
[INFO] [stdout] test protocol::packet::tests::packet_header_has_alignment_of_1 ... ok
[INFO] [stdout] test protocol::r#trait::param_test::params_byte_variants ... ok
[INFO] [stdout] test protocol::r#trait::param_test::param_string ... ok
[INFO] [stdout] test protocol::r#trait::param_test::param_vec_u8 ... ok
[INFO] [stdout] test protocol::r#trait::param_test::param_f64 ... ok
[INFO] [stdout] test protocol::r#trait::param_test::params_empty_slice ... ok
[INFO] [stdout] test protocol::r#trait::param_test::params_mixed_types ... ok
[INFO] [stdout] test protocol::r#trait::param_test::params_slice ... ok
[INFO] [stdout] test protocol::r#trait::param_test::params_slice_strings ... ok
[INFO] [stdout] test protocol::r#trait::param_test::params_slice_with_options ... ok
[INFO] [stdout] test protocol::r#trait::param_test::params_string_variants ... ok
[INFO] [stdout] test protocol::r#trait::param_test::params_tuple ... ok
[INFO] [stdout] test protocol::r#trait::param_test::params_tuple_with_option ... ok
[INFO] [stdout] test protocol::r#trait::param_test::params_vec ... ok
[INFO] [stdout] test protocol::r#trait::param_test::params_vec_ref ... ok
[INFO] [stdout] test protocol::response::tests::eof_packet_has_alignment_of_1 ... ok
[INFO] [stdout] test value_test::null_bitmap_result_set ... ok
[INFO] [stdout] test value_test::value_parse_blob ... ok
[INFO] [stdout] test value_test::null_bitmap_parameters ... ok
[INFO] [stdout] test value_test::value_parse_float_double ... ok
[INFO] [stdout] test value_test::value_parse_null ... ok
[INFO] [stdout] test value_test::value_parse_signed_integers ... ok
[INFO] [stdout] test value_test::value_parse_string ... ok
[INFO] [stdout] test value_test::value_parse_time ... ok
[INFO] [stdout] test value_test::value_parse_with_remaining_data ... ok
[INFO] [stdout] test value_test::value_parse_unsigned_integers ... ok
[INFO] [stdout] test value_test::value_parse_date ... ok
[INFO] [stdout] test value_test::value_parse_datetime ... ok
[INFO] [stdout] test value_test::zerocopy_types_have_alignment_of_1 ... ok
[INFO] [stdout] test protocol::connection::handshake::tests::rsa_encrypt_password_xors_and_encrypts ... ok
[INFO] [stdout] 
[INFO] [stdout] test result: ok. 86 passed; 0 failed; 0 ignored; 0 measured; 0 filtered out; finished in 0.21s
[INFO] [stdout] 
[INFO] [stderr]      Running tests/derive.rs (/opt/rustwide/target/debug/deps/derive-08cb0fd74e463d7d)
[INFO] [stdout] 
[INFO] [stdout] running 10 tests
[INFO] [stdout] test exec_first ... FAILED
[INFO] [stdout] test strict_mode_unknown_column ... FAILED
[INFO] [stdout] test column_order_independence ... FAILED
[INFO] [stdout] test float_types ... FAILED
[INFO] [stdout] test optional_field ... FAILED
[INFO] [stdout] test exec_collect_basic ... FAILED
[INFO] [stdout] test exec_foreach ... FAILED
[INFO] [stdout] test skip_unknown_columns ... FAILED
[INFO] [stdout] test int_types ... FAILED
[INFO] [stdout] test missing_column ... FAILED
[INFO] [stdout] 
[INFO] [stdout] failures:
[INFO] [stdout] 
[INFO] [stdout] ---- exec_first stdout ----
[INFO] [stdout] Error: IoError(Os { code: 111, kind: ConnectionRefused, message: "Connection refused" })
[INFO] [stdout] 
[INFO] [stdout] ---- strict_mode_unknown_column stdout ----
[INFO] [stdout] Error: IoError(Os { code: 111, kind: ConnectionRefused, message: "Connection refused" })
[INFO] [stdout] 
[INFO] [stdout] ---- column_order_independence stdout ----
[INFO] [stdout] Error: IoError(Os { code: 111, kind: ConnectionRefused, message: "Connection refused" })
[INFO] [stdout] 
[INFO] [stdout] ---- float_types stdout ----
[INFO] [stdout] Error: IoError(Os { code: 111, kind: ConnectionRefused, message: "Connection refused" })
[INFO] [stdout] 
[INFO] [stdout] ---- optional_field stdout ----
[INFO] [stdout] Error: IoError(Os { code: 111, kind: ConnectionRefused, message: "Connection refused" })
[INFO] [stdout] 
[INFO] [stdout] ---- exec_collect_basic stdout ----
[INFO] [stdout] Error: IoError(Os { code: 111, kind: ConnectionRefused, message: "Connection refused" })
[INFO] [stdout] 
[INFO] [stdout] ---- exec_foreach stdout ----
[INFO] [stdout] Error: IoError(Os { code: 111, kind: ConnectionRefused, message: "Connection refused" })
[INFO] [stdout] 
[INFO] [stdout] ---- skip_unknown_columns stdout ----
[INFO] [stdout] Error: IoError(Os { code: 111, kind: ConnectionRefused, message: "Connection refused" })
[INFO] [stdout] 
[INFO] [stdout] ---- int_types stdout ----
[INFO] [stdout] Error: IoError(Os { code: 111, kind: ConnectionRefused, message: "Connection refused" })
[INFO] [stdout] 
[INFO] [stdout] ---- missing_column stdout ----
[INFO] [stdout] Error: IoError(Os { code: 111, kind: ConnectionRefused, message: "Connection refused" })
[INFO] [stdout] 
[INFO] [stdout] 
[INFO] [stdout] failures:
[INFO] [stdout]     column_order_independence
[INFO] [stdout]     exec_collect_basic
[INFO] [stdout]     exec_first
[INFO] [stdout]     exec_foreach
[INFO] [stdout]     float_types
[INFO] [stdout]     int_types
[INFO] [stdout]     missing_column
[INFO] [stdout]     optional_field
[INFO] [stdout]     skip_unknown_columns
[INFO] [stdout]     strict_mode_unknown_column
[INFO] [stdout] 
[INFO] [stdout] test result: FAILED. 0 passed; 10 failed; 0 ignored; 0 measured; 0 filtered out; finished in 0.03s
[INFO] [stdout] 
[INFO] [stderr] error: test failed, to rerun pass `--test derive`
[INFO] running `Command { std: "docker" "inspect" "7840ed9944c6f5174f4b004e12975e048f49d1df5c3ab9379c8077d4e96d4091", kill_on_drop: false }`
[INFO] running `Command { std: "docker" "rm" "-f" "7840ed9944c6f5174f4b004e12975e048f49d1df5c3ab9379c8077d4e96d4091", kill_on_drop: false }`
[INFO] [stdout] 7840ed9944c6f5174f4b004e12975e048f49d1df5c3ab9379c8077d4e96d4091
