[INFO] fetching crate zenkey 0.11.0...
[INFO] testing zenkey-0.11.0 against 1.99.0-beta.8 for beta-1.100-2
[INFO] extracting crate zenkey 0.11.0 into /workspace/builds/worker-3-tc1/source
[INFO] started tweaking crates.io crate zenkey 0.11.0
[INFO] removed 0 missing tests
[INFO] finished tweaking crates.io crate zenkey 0.11.0
[INFO] tweaked toml for crates.io crate zenkey 0.11.0 written to /workspace/builds/worker-3-tc1/source/Cargo.toml
[INFO] validating manifest of crates.io crate zenkey 0.11.0 on toolchain 1.99.0-beta.8
[INFO] running `Command { std: CARGO_HOME="/workspace/cargo-home" RUSTUP_HOME="/workspace/rustup-home" "/workspace/cargo-home/bin/cargo" "+1.99.0-beta.8" "metadata" "--manifest-path" "Cargo.toml" "--no-deps", kill_on_drop: false }`
[INFO] crate crates.io crate zenkey 0.11.0 already has a lockfile, it will not be regenerated
[INFO] running `Command { std: CARGO_HOME="/workspace/cargo-home" RUSTUP_HOME="/workspace/rustup-home" "/workspace/cargo-home/bin/cargo" "+1.99.0-beta.8" "fetch" "--manifest-path" "Cargo.toml", kill_on_drop: false }`
[INFO] [stderr]     Updating crates.io index
[INFO] [stderr]  Downloading crates ...
[INFO] [stderr]   Downloaded zenoh-keyexpr v1.10.0
[INFO] [stderr]   Downloaded token-cell v2.1.1
[INFO] [stderr]   Downloaded keyed-set v1.1.0
[INFO] [stderr]   Downloaded zenoh-result v1.10.0
[INFO] [stderr]   Downloaded zenoh-buffers v1.10.0
[INFO] [stderr]   Downloaded tracing-serde v0.2.0
[INFO] [stderr]   Downloaded zenoh-collections v1.10.0
[INFO] [stderr]   Downloaded pnet_sys v0.35.0
[INFO] [stderr]   Downloaded validated_struct v2.2.0
[INFO] [stderr]   Downloaded unzip-n v0.1.4
[INFO] [stderr]   Downloaded zenoh-core v1.10.0
[INFO] [stderr]   Downloaded validated_struct_macros v2.2.0
[INFO] [stderr]   Downloaded jiff-tzdb-platform v0.1.3
[INFO] [stderr]   Downloaded zenoh-macros v1.10.0
[INFO] [stderr]   Downloaded libredox v0.1.20
[INFO] [stderr]   Downloaded zenoh-task v1.10.0
[INFO] [stderr]   Downloaded zenoh-runtime v1.10.0
[INFO] [stderr]   Downloaded pnet_base v0.35.0
[INFO] [stderr]   Downloaded uhlc v0.8.2
[INFO] [stderr]   Downloaded pest_derive v2.9.0
[INFO] [stderr]   Downloaded jiff-static v0.2.35
[INFO] [stderr]   Downloaded pest_generator v2.9.0
[INFO] [stderr]   Downloaded zenoh-util v1.10.0
[INFO] [stderr]   Downloaded shellexpand v3.1.2
[INFO] [stderr]   Downloaded pnet_datalink v0.35.0
[INFO] [stderr]   Downloaded ipnetwork v0.20.0
[INFO] [stderr]   Downloaded zenoh-sync v1.10.0
[INFO] [stderr]   Downloaded secrecy v0.8.0
[INFO] [stderr]   Downloaded spin v0.10.1
[INFO] [stderr]   Downloaded zenoh-link-commons v1.10.0
[INFO] [stderr]   Downloaded pest_meta v2.9.0
[INFO] [stderr]   Downloaded serde_with_macros v3.22.0
[INFO] [stderr]   Downloaded humantime v2.4.0
[INFO] [stderr]   Downloaded flume v0.11.1
[INFO] [stderr]   Downloaded arc-swap v1.9.2
[INFO] [stderr]   Downloaded zenoh-protocol v1.10.0
[INFO] [stderr]   Downloaded zenoh-config v1.10.0
[INFO] [stderr]   Downloaded jiff-tzdb v0.1.8
[INFO] [stderr]   Downloaded nonempty-collections v0.3.1
[INFO] [stderr]   Downloaded zenoh-codec v1.10.0
[INFO] [stderr]   Downloaded rustls-platform-verifier-android v0.1.1
[INFO] [stderr]   Downloaded zenoh v1.10.0
[INFO] [stderr]   Downloaded ron v0.12.2
[INFO] [stderr]   Downloaded zenoh-transport v1.10.0
[INFO] [stderr]   Downloaded pest v2.9.0
[INFO] [stderr]   Downloaded jiff-core v0.1.0
[INFO] [stderr]   Downloaded rustls-platform-verifier v0.7.0
[INFO] [stderr]   Downloaded webpki-root-certs v1.0.9
[INFO] [stderr]   Downloaded combine v4.6.7
[INFO] [stderr]   Downloaded fastbloom v0.17.0
[INFO] [stderr]   Downloaded zenoh-link v1.10.0
[INFO] [stderr]   Downloaded zenoh-link-ws v1.10.0
[INFO] [stderr]   Downloaded serde_with v3.22.0
[INFO] [stderr]   Downloaded jiff v0.2.35
[INFO] [stderr]   Downloaded zerovec v0.11.7
[INFO] [stderr]   Downloaded zerovec-derive v0.11.4
[INFO] [stderr]   Downloaded tokio-tungstenite v0.24.0
[INFO] [stderr]   Downloaded tungstenite v0.24.0
[INFO] [stderr]   Downloaded zenoh-link-unixsock_stream v1.10.0
[INFO] [stderr]   Downloaded uuid v1.24.1
[INFO] [stderr]   Downloaded zenoh-link-tls v1.10.0
[INFO] [stderr]   Downloaded tls-listener v0.11.2
[INFO] [stderr]   Downloaded keccak v0.1.6
[INFO] [stderr]   Downloaded ringbuffer-spsc v0.1.15
[INFO] [stderr]   Downloaded zenoh-link-udp v1.10.0
[INFO] [stderr]   Downloaded zenoh-link-quic_datagram v1.10.0
[INFO] [stderr]   Downloaded zenoh-link-tcp v1.10.0
[INFO] [stderr]   Downloaded zenoh-link-quic v1.10.0
[INFO] [stderr]   Downloaded zenoh-crypto v1.10.0
[INFO] [stderr]   Downloaded rsa v0.9.10
[INFO] [stderr]   Downloaded pkcs1 v0.7.5
[INFO] [stderr]   Downloaded num-bigint-dig v0.8.6
[INFO] [stderr]   Downloaded git-version v0.3.9
[INFO] [stderr]   Downloaded num-iter v0.1.46
[INFO] [stderr]   Downloaded crossbeam-channel v0.5.16
[INFO] [stderr]   Downloaded sha3 v0.10.9
[INFO] [stderr]   Downloaded lz4_flex v0.10.0
[INFO] [stderr]   Downloaded twox-hash v1.6.3
[INFO] [stderr]   Downloaded stabby-macros v72.1.16
[INFO] [stderr]   Downloaded zenoh-plugin-trait v1.10.0
[INFO] [stderr]   Downloaded phf_macros v0.13.1
[INFO] [stderr]   Downloaded git-version-macro v0.3.9
[INFO] [stderr]   Downloaded stabby v72.1.16
[INFO] [stderr]   Downloaded stabby-abi v72.1.16
[INFO] [stderr]   Downloaded toml v1.1.4+spec-1.1.0
[INFO] [stderr]   Downloaded prost-reflect v0.16.5
[INFO] [stderr]   Downloaded uuid-simd v0.8.0
[INFO] [stderr]   Downloaded micromap v0.3.0
[INFO] [stderr]   Downloaded unicode-general-category v1.1.0
[INFO] [stderr]   Downloaded miette v7.6.0
[INFO] [stderr]   Downloaded referencing v0.55.0
[INFO] [stderr]   Downloaded num-cmp v0.1.0
[INFO] [stderr]   Downloaded prost-types v0.14.4
[INFO] [stderr]   Downloaded jsonschema-value v0.55.0
[INFO] [stderr]   Downloaded fraction v0.17.0
[INFO] [stderr]   Downloaded dirs v7.0.0
[INFO] [stderr]   Downloaded bytecount v0.6.9
[INFO] [stderr]   Downloaded jsonschema-regex v0.55.0
[INFO] [stderr]   Downloaded kdl v6.7.1
[INFO] [stderr]   Downloaded fancy-regex v0.19.0
[INFO] [stderr]   Downloaded jsonschema v0.55.0
[INFO] [stderr]   Downloaded sha2-const-stable v0.1.0
[INFO] running `Command { std: "docker" "create" "-v" "/var/lib/crater-agent-workspace/builds/worker-3-tc1/source:/opt/rustwide/workdir:ro,Z" "-v" "/var/lib/crater-agent-workspace/builds/worker-3-tc1/target:/opt/rustwide/target:rw,Z" "-v" "/var/lib/crater-agent-workspace/cargo-home:/opt/rustwide/cargo-home:ro,Z" "-v" "/var/lib/crater-agent-workspace/rustup-home:/opt/rustwide/rustup-home:ro,Z" "-m" "1610612736" "--network" "none" "ghcr.io/rust-lang/crates-build-env/linux@sha256:3111399a4047eeb3a02b7a90e478d715f38a8c6669b5c4b49d30a17385265909" "sleep" "infinity", kill_on_drop: false }`
[INFO] [stdout] e4088a0235808b49068ac19264f99c23220d8011bc455d15e60dfc8027f6641c
[INFO] running `Command { std: "docker" "start" "e4088a0235808b49068ac19264f99c23220d8011bc455d15e60dfc8027f6641c", kill_on_drop: false }`
[INFO] running `Command { std: "docker" "inspect" "e4088a0235808b49068ac19264f99c23220d8011bc455d15e60dfc8027f6641c", kill_on_drop: false }`
[INFO] running `Command { std: "docker" "exec" "-e" "SOURCE_DIR=/opt/rustwide/workdir" "-e" "CARGO_HOME=/opt/rustwide/cargo-home" "-e" "RUSTUP_HOME=/opt/rustwide/rustup-home" "-e" "CARGO_TARGET_DIR=/opt/rustwide/target" "-w" "/opt/rustwide/workdir" "--user" "0:0" "e4088a0235808b49068ac19264f99c23220d8011bc455d15e60dfc8027f6641c" "/opt/rustwide/cargo-home/bin/cargo" "+1.99.0-beta.8" "metadata" "--no-deps" "--format-version=1", kill_on_drop: false }`
[INFO] running `Command { std: "docker" "inspect" "e4088a0235808b49068ac19264f99c23220d8011bc455d15e60dfc8027f6641c", kill_on_drop: false }`
[INFO] running `Command { std: "docker" "exec" "-e" "SOURCE_DIR=/opt/rustwide/workdir" "-e" "CARGO_HOME=/opt/rustwide/cargo-home" "-e" "RUSTUP_HOME=/opt/rustwide/rustup-home" "-e" "CARGO_TARGET_DIR=/opt/rustwide/target" "-e" "CARGO_INCREMENTAL=0" "-e" "RUST_BACKTRACE=full" "-e" "RUSTFLAGS=--cap-lints=warn" "-e" "RUSTDOCFLAGS=--cap-lints=warn" "-w" "/opt/rustwide/workdir" "--user" "0:0" "e4088a0235808b49068ac19264f99c23220d8011bc455d15e60dfc8027f6641c" "/opt/rustwide/cargo-home/bin/cargo" "+1.99.0-beta.8" "build" "--frozen" "--message-format=json", kill_on_drop: false }`
[INFO] [stderr]    Compiling proc-macro2 v1.0.107
[INFO] [stderr]    Compiling unicode-ident v1.0.24
[INFO] [stderr]    Compiling quote v1.0.47
[INFO] [stderr]    Compiling libc v0.2.189
[INFO] [stderr]    Compiling serde_core v1.0.229
[INFO] [stderr]    Compiling zerocopy v0.8.56
[INFO] [stderr]    Compiling serde v1.0.229
[INFO] [stderr]    Compiling zeroize v1.9.0
[INFO] [stderr]    Compiling zmij v1.0.23
[INFO] [stderr]    Compiling portable-atomic v1.15.0
[INFO] [stderr]    Compiling rustversion v1.0.23
[INFO] [stderr]    Compiling anyhow v1.0.104
[INFO] [stderr]    Compiling ref-cast v1.0.26
[INFO] [stderr]    Compiling lazy_static v1.5.0
[INFO] [stderr]    Compiling subtle v2.6.1
[INFO] [stderr]    Compiling ahash v0.8.12
[INFO] [stderr]    Compiling syn v3.0.3
[INFO] [stderr]    Compiling syn v2.0.119
[INFO] [stderr]    Compiling serde_json v1.0.151
[INFO] [stderr]    Compiling once_cell v1.21.4
[INFO] [stderr]    Compiling futures-core v0.3.34
[INFO] [stderr]    Compiling typenum v1.20.1
[INFO] [stderr]    Compiling getrandom v0.2.17
[INFO] [stderr]    Compiling rand_core v0.6.4
[INFO] [stderr]    Compiling socket2 v0.6.5
[INFO] [stderr]    Compiling mio v1.2.2
[INFO] [stderr]    Compiling getrandom v0.3.4
[INFO] [stderr]    Compiling find-msvc-tools v0.1.11
[INFO] [stderr]    Compiling futures-sink v0.3.34
[INFO] [stderr]    Compiling num-traits v0.2.19
[INFO] [stderr]    Compiling cc v1.4.3
[INFO] [stderr]    Compiling token-cell v2.1.1
[INFO] [stderr]    Compiling hashbrown v0.16.1
[INFO] [stderr]    Compiling either v1.17.0
[INFO] [stderr]    Compiling rand v0.8.7
[INFO] [stderr]    Compiling zenoh-result v1.10.0
[INFO] [stderr]    Compiling rustls-pki-types v1.15.1
[INFO] [stderr]    Compiling ppv-lite86 v0.2.21
[INFO] [stderr]    Compiling zenoh-macros v1.10.0
[INFO] [stderr]    Compiling hashbrown v0.14.5
[INFO] [stderr]    Compiling rand_chacha v0.3.1
[INFO] [stderr]    Compiling ring v0.17.14
[INFO] [stderr]    Compiling typeid v1.0.3
[INFO] [stderr]    Compiling indexmap v2.14.0
[INFO] [stderr]    Compiling keyed-set v1.1.0
[INFO] [stderr]    Compiling serde_derive_internals v0.30.0
[INFO] [stderr]    Compiling bitflags v2.13.1
[INFO] [stderr]    Compiling untrusted v0.9.0
[INFO] [stderr]    Compiling thiserror v2.0.20
[INFO] [stderr]    Compiling cfg_aliases v0.2.2
[INFO] [stderr]    Compiling futures-channel v0.3.34
[INFO] [stderr]    Compiling siphasher v1.0.3
[INFO] [stderr]    Compiling time-core v0.1.9
[INFO] [stderr]    Compiling futures-io v0.3.34
[INFO] [stderr]    Compiling synstructure v0.13.2
[INFO] [stderr]    Compiling num-conv v0.2.2
[INFO] [stderr]    Compiling futures-task v0.3.34
[INFO] [stderr]    Compiling pest v2.9.0
[INFO] [stderr]    Compiling generic-array v0.14.7
[INFO] [stderr]    Compiling time-macros v0.2.32
[INFO] [stderr]    Compiling option-ext v0.2.0
[INFO] [stderr]    Compiling konst_macro_rules v0.2.19
[INFO] [stderr]    Compiling deranged v0.5.8
[INFO] [stderr]    Compiling rustls v0.23.45
[INFO] [stderr]    Compiling strsim v0.11.1
[INFO] [stderr]    Compiling const_format_proc_macros v0.2.34
[INFO] [stderr]    Compiling darling_core v0.23.0
[INFO] [stderr]    Compiling serde_derive v1.0.229
[INFO] [stderr]    Compiling ref-cast-impl v1.0.26
[INFO] [stderr]    Compiling displaydoc v0.2.7
[INFO] [stderr]    Compiling schemars_derive v1.2.2
[INFO] [stderr]    Compiling tracing-attributes v0.1.31
[INFO] [stderr]    Compiling tokio-macros v2.7.2
[INFO] [stderr]    Compiling thiserror-impl v2.0.20
[INFO] [stderr]    Compiling futures-macro v0.3.34
[INFO] [stderr]    Compiling tokio v1.53.1
[INFO] [stderr]    Compiling futures-util v0.3.34
[INFO] [stderr]    Compiling tracing v0.1.44
[INFO] [stderr]    Compiling zerofrom-derive v0.1.7
[INFO] [stderr]    Compiling yoke-derive v0.8.2
[INFO] [stderr]    Compiling time v0.3.55
[INFO] [stderr]    Compiling rustls-webpki v0.103.14
[INFO] [stderr]    Compiling pest_meta v2.9.0
[INFO] [stderr]    Compiling zerofrom v0.1.8
[INFO] [stderr]    Compiling konst v0.2.20
[INFO] [stderr]    Compiling dirs-sys v0.5.0
[INFO] [stderr]    Compiling num-integer v0.1.47
[INFO] [stderr]    Compiling zenoh-collections v1.10.0
[INFO] [stderr]    Compiling ron v0.12.2
[INFO] [stderr]    Compiling schemars v1.2.2
[INFO] [stderr]    Compiling humantime v2.4.0
[INFO] [stderr]    Compiling const-oid v0.9.6
[INFO] [stderr]    Compiling minimal-lexical v0.2.1
[INFO] [stderr]    Compiling regex-syntax v0.8.11
[INFO] [stderr]    Compiling getrandom v0.4.3
[INFO] [stderr]    Compiling nom v7.1.3
[INFO] [stderr]    Compiling yoke v0.8.3
[INFO] [stderr]    Compiling zenoh-buffers v1.10.0
[INFO] [stderr]    Compiling zenoh-keyexpr v1.10.0
[INFO] [stderr]    Compiling pest_generator v2.9.0
[INFO] [stderr]    Compiling regex-automata v0.4.18
[INFO] [stderr]    Compiling const_format v0.2.36
[INFO] [stderr]    Compiling darling_macro v0.23.0
[INFO] [stderr]    Compiling cpufeatures v0.3.0
[INFO] [stderr]    Compiling winnow v1.0.4
[INFO] [stderr]    Compiling no-std-net v0.6.0
[INFO] [stderr]    Compiling spin v0.10.1
[INFO] [stderr]    Compiling pnet_base v0.35.0
[INFO] [stderr]    Compiling uhlc v0.8.2
[INFO] [stderr]    Compiling rusticata-macros v4.1.0
[INFO] [stderr]    Compiling toml_parser v1.1.3+spec-1.1.0
[INFO] [stderr]    Compiling darling v0.23.0
[INFO] [stderr]    Compiling pest_derive v2.9.0
[INFO] [stderr]    Compiling zenoh-runtime v1.10.0
[INFO] [stderr]    Compiling zenoh-core v1.10.0
[INFO] [stderr]    Compiling ipnetwork v0.20.0
[INFO] [stderr]    Compiling tracing-serde v0.2.0
[INFO] [stderr]    Compiling dirs v6.0.0
[INFO] [stderr]    Compiling asn1-rs-impl v0.2.0
[INFO] [stderr]    Compiling asn1-rs-derive v0.6.0
[INFO] [stderr]    Compiling unzip-n v0.1.4
[INFO] [stderr]    Compiling zerovec-derive v0.11.4
[INFO] [stderr]    Compiling crypto-common v0.1.7
[INFO] [stderr]    Compiling serde_spanned v1.1.1
[INFO] [stderr]    Compiling nanorand v0.7.0
[INFO] [stderr]    Compiling pnet_sys v0.35.0
[INFO] [stderr]    Compiling sharded-slab v0.1.7
[INFO] [stderr]    Compiling tracing-log v0.2.0
[INFO] [stderr]    Compiling thread_local v1.1.10
[INFO] [stderr]    Compiling nu-ansi-term v0.50.3
[INFO] [stderr]    Compiling matchers v0.2.0
[INFO] [stderr]    Compiling winnow v0.7.15
[INFO] [stderr]    Compiling toml_writer v1.1.2+spec-1.1.0
[INFO] [stderr]    Compiling openssl-probe v0.2.1
[INFO] [stderr]    Compiling asn1-rs v0.7.2
[INFO] [stderr]    Compiling tracing-subscriber v0.3.23
[INFO] [stderr]    Compiling rustls-native-certs v0.8.4
[INFO] [stderr]    Compiling zerovec v0.11.7
[INFO] [stderr]    Compiling zenoh-protocol v1.10.0
[INFO] [stderr]    Compiling flume v0.11.1
[INFO] [stderr]    Compiling pnet_datalink v0.35.0
[INFO] [stderr]    Compiling validated_struct_macros v2.2.0
[INFO] [stderr]    Compiling shellexpand v3.1.2
[INFO] [stderr]    Compiling json5 v0.4.1
[INFO] [stderr]    Compiling serde_with_macros v3.22.0
[INFO] [stderr]    Compiling chacha20 v0.10.2
[INFO] [stderr]    Compiling futures-executor v0.3.34
[INFO] [stderr]    Compiling async-trait v0.1.92
[INFO] [stderr]    Compiling quinn-udp v0.5.15
[INFO] [stderr]    Compiling toml_datetime v0.7.5+spec-1.1.0
[INFO] [stderr]    Compiling libloading v0.8.9
[INFO] [stderr]    Compiling ryu v1.0.23
[INFO] [stderr]    Compiling home v0.5.12
[INFO] [stderr]    Compiling data-encoding v2.11.1
[INFO] [stderr]    Compiling unsafe-libyaml v0.2.11
[INFO] [stderr]    Compiling oid-registry v0.8.1
[INFO] [stderr]    Compiling serde_with v3.22.0
[INFO] [stderr]    Compiling tinyvec v1.12.0
[INFO] [stderr]    Compiling toml v0.9.12+spec-1.1.0
[INFO] [stderr]    Compiling zenoh-util v1.10.0
[INFO] [stderr]    Compiling validated_struct v2.2.0
[INFO] [stderr]    Compiling rand v0.10.2
[INFO] [stderr]    Compiling serde_yaml v0.9.34+deprecated
[INFO] [stderr]    Compiling futures v0.3.34
[INFO] [stderr]    Compiling rustls-platform-verifier v0.7.0
[INFO] [stderr]    Compiling nonempty-collections v0.3.1
[INFO] [stderr]    Compiling secrecy v0.8.0
[INFO] [stderr]    Compiling num-bigint v0.4.8
[INFO] [stderr]    Compiling block-buffer v0.10.4
[INFO] [stderr]    Compiling rand_pcg v0.10.2
[INFO] [stderr]    Compiling fastbloom v0.17.0
[INFO] [stderr]    Compiling quinn v0.11.11
[INFO] [stderr]    Compiling num_cpus v1.17.0
[INFO] [stderr]    Compiling lru-slab v0.1.2
[INFO] [stderr]    Compiling quinn-proto v0.11.16
[INFO] [stderr]    Compiling pem v3.0.6
[INFO] [stderr]    Compiling digest v0.10.7
[INFO] [stderr]    Compiling zenoh-config v1.10.0
[INFO] [stderr]    Compiling tokio-util v0.7.19
[INFO] [stderr]    Compiling yasna v0.6.0
[INFO] [stderr]    Compiling der-parser v10.0.0
[INFO] [stderr]    Compiling zenoh-codec v1.10.0
[INFO] [stderr]    Compiling tinystr v0.8.4
[INFO] [stderr]    Compiling webpki-roots v1.0.9
[INFO] [stderr]    Compiling x509-parser v0.18.1
[INFO] [stderr]    Compiling rustls-pemfile v2.2.0
[INFO] [stderr]    Compiling rcgen v0.14.9
[INFO] [stderr]    Compiling socket2 v0.5.10
[INFO] [stderr]    Compiling writeable v0.6.4
[INFO] [stderr]    Compiling litemap v0.8.3
[INFO] [stderr]    Compiling potential_utf v0.1.6
[INFO] [stderr]    Compiling zerotrie v0.2.5
[INFO] [stderr]    Compiling icu_properties_data v2.3.0
[INFO] [stderr]    Compiling icu_locale_core v2.3.0
[INFO] [stderr]    Compiling icu_normalizer_data v2.3.0
[INFO] [stderr]    Compiling icu_collections v2.3.0
[INFO] [stderr]    Compiling crossbeam-utils v0.8.22
[INFO] [stderr]    Compiling base64ct v1.8.3
[INFO] [stderr]    Compiling thiserror-impl v1.0.69
[INFO] [stderr]    Compiling pem-rfc7468 v0.7.0
[INFO] [stderr]    Compiling toml_datetime v1.1.1+spec-1.1.0
[INFO] [stderr]    Compiling crossbeam-epoch v0.9.20
[INFO] [stderr]    Compiling der v0.7.10
[INFO] [stderr]    Compiling sha1 v0.10.7
[INFO] [stderr]    Compiling icu_provider v2.3.0
[INFO] [stderr]    Compiling icu_properties v2.3.0
[INFO] [stderr]    Compiling icu_normalizer v2.3.0
[INFO] [stderr]    Compiling thiserror v1.0.69
[INFO] [stderr]    Compiling nix v0.29.0
[INFO] [stderr]    Compiling toml_edit v0.25.13+spec-1.1.0
[INFO] [stderr]    Compiling http v1.5.0
[INFO] [stderr]    Compiling crossbeam-deque v0.8.7
[INFO] [stderr]    Compiling byteorder v1.5.0
[INFO] [stderr]    Compiling idna_adapter v1.2.2
[INFO] [stderr]    Compiling parking v2.2.1
[INFO] [stderr]    Compiling stabby-macros v72.1.16
[INFO] [stderr]    Compiling utf-8 v0.7.6
[INFO] [stderr]    Compiling event-listener v5.4.2
[INFO] [stderr]    Compiling idna v1.1.0
[INFO] [stderr]    Compiling proc-macro-crate v3.5.0
[INFO] [stderr]    Compiling spki v0.7.3
[INFO] [stderr]    Compiling tungstenite v0.24.0
[INFO] [stderr]    Compiling stabby-abi v72.1.16
[INFO] [stderr]    Compiling tokio-rustls v0.26.4
[INFO] [stderr]    Compiling inout v0.1.4
[INFO] [stderr]    Compiling arc-swap v1.9.2
[INFO] [stderr]    Compiling num-bigint-dig v0.8.6
[INFO] [stderr]    Compiling tls-listener v0.11.2
[INFO] [stderr]    Compiling cipher v0.4.4
[INFO] [stderr]    Compiling tokio-tungstenite v0.24.0
[INFO] [stderr]    Compiling zenoh-sync v1.10.0
[INFO] [stderr]    Compiling pkcs8 v0.10.2
[INFO] [stderr]    Compiling url v2.5.8
[INFO] [stderr]    Compiling zenoh-link-commons v1.10.0
[INFO] [stderr]    Compiling crossbeam-channel v0.5.16
[INFO] [stderr]    Compiling crossbeam-queue v0.3.13
[INFO] [stderr]    Compiling uuid v1.24.1
[INFO] [stderr]    Compiling num-iter v0.1.46
[INFO] [stderr]    Compiling phf_shared v0.13.1
[INFO] [stderr]    Compiling hybrid-array v0.4.14
[INFO] [stderr]    Compiling stabby v72.1.16
[INFO] [stderr]    Compiling keccak v0.1.6
[INFO] [stderr]    Compiling fastrand v2.5.0
[INFO] [stderr]    Compiling sha2-const-stable v0.1.0
[INFO] [stderr]    Compiling static_assertions v1.1.0
[INFO] [stderr]    Compiling sha3 v0.10.9
[INFO] [stderr]    Compiling twox-hash v1.6.3
[INFO] [stderr]    Compiling phf_generator v0.13.1
[INFO] [stderr]    Compiling crossbeam v0.8.4
[INFO] [stderr]    Compiling pkcs1 v0.7.5
[INFO] [stderr]    Compiling aes v0.8.4
[INFO] [stderr]    Compiling hmac v0.12.1
[INFO] [stderr]    Compiling signature v2.2.0
[INFO] [stderr]    Compiling git-version-macro v0.3.9
[INFO] [stderr]    Compiling zenoh-link-quic_datagram v1.10.0
[INFO] [stderr]    Compiling zenoh-link-unixsock_stream v1.10.0
[INFO] [stderr]    Compiling zenoh-link-ws v1.10.0
[INFO] [stderr]    Compiling zenoh-link-tcp v1.10.0
[INFO] [stderr]    Compiling zenoh-link-quic v1.10.0
[INFO] [stderr]    Compiling zenoh-link-udp v1.10.0
[INFO] [stderr]    Compiling zenoh-link-tls v1.10.0
[INFO] [stderr]    Compiling simd-adler32 v0.3.10
[INFO] [stderr]    Compiling foldhash v0.1.5
[INFO] [stderr]    Compiling array-init v2.1.0
[INFO] [stderr]    Compiling ringbuffer-spsc v0.1.15
[INFO] [stderr]    Compiling hashbrown v0.15.5
[INFO] [stderr]    Compiling miniz_oxide v0.8.9
[INFO] [stderr]    Compiling zenoh-link v1.10.0
[INFO] [stderr]    Compiling rsa v0.9.10
[INFO] [stderr]    Compiling git-version v0.3.9
[INFO] [stderr]    Compiling zenoh-crypto v1.10.0
[INFO] [stderr]    Compiling lz4_flex v0.10.0
[INFO] [stderr]    Compiling phf_macros v0.13.1
[INFO] [stderr]    Compiling crypto-common v0.2.2
[INFO] [stderr]    Compiling block-buffer v0.12.1
[INFO] [stderr]    Compiling zenoh v1.10.0
[INFO] [stderr]    Compiling zenoh-task v1.10.0
[INFO] [stderr]    Compiling unicode-width v0.1.14
[INFO] [stderr]    Compiling const-oid v0.10.2
[INFO] [stderr]    Compiling fixedbitset v0.5.7
[INFO] [stderr]    Compiling miette v7.6.0
[INFO] [stderr]    Compiling petgraph v0.8.3
[INFO] [stderr]    Compiling digest v0.11.3
[INFO] [stderr]    Compiling phf v0.13.1
[INFO] [stderr]    Compiling zenoh-transport v1.10.0
[INFO] [stderr]    Compiling flate2 v1.1.9
[INFO] [stderr]    Compiling itertools v0.14.0
[INFO] [stderr]    Compiling vec_map v0.8.2
[INFO] [stderr]    Compiling toml v1.1.4+spec-1.1.0
[INFO] [stderr]    Compiling kdl v6.7.1
[INFO] [stderr]    Compiling sha2 v0.11.0
[INFO] [stderr]    Compiling dirs v7.0.0
[INFO] [stderr]    Compiling zenoh-plugin-trait v1.10.0
[INFO] [stderr]    Compiling zenkey v0.11.0 (/opt/rustwide/workdir)
[INFO] [stderr]     Finished `dev` profile [unoptimized + debuginfo] target(s) in 5m 02s
[INFO] running `Command { std: "docker" "inspect" "e4088a0235808b49068ac19264f99c23220d8011bc455d15e60dfc8027f6641c", kill_on_drop: false }`
[INFO] running `Command { std: "docker" "exec" "-e" "SOURCE_DIR=/opt/rustwide/workdir" "-e" "CARGO_HOME=/opt/rustwide/cargo-home" "-e" "RUSTUP_HOME=/opt/rustwide/rustup-home" "-e" "CARGO_TARGET_DIR=/opt/rustwide/target" "-e" "CARGO_INCREMENTAL=0" "-e" "RUST_BACKTRACE=full" "-e" "RUSTFLAGS=--cap-lints=warn" "-e" "RUSTDOCFLAGS=--cap-lints=warn" "-w" "/opt/rustwide/workdir" "--user" "0:0" "e4088a0235808b49068ac19264f99c23220d8011bc455d15e60dfc8027f6641c" "/opt/rustwide/cargo-home/bin/cargo" "+1.99.0-beta.8" "test" "--frozen" "--no-run" "--message-format=json", kill_on_drop: false }`
[INFO] [stderr]    Compiling zerocopy v0.8.56
[INFO] [stderr]    Compiling zerocopy-derive v0.8.56
[INFO] [stderr]    Compiling regex-automata v0.4.18
[INFO] [stderr]    Compiling alloca v0.4.0
[INFO] [stderr]    Compiling ciborium-io v0.2.2
[INFO] [stderr]    Compiling clap_lex v1.1.0
[INFO] [stderr]    Compiling anstyle v1.0.14
[INFO] [stderr]    Compiling itertools v0.13.0
[INFO] [stderr]    Compiling clap_builder v4.6.6
[INFO] [stderr]    Compiling tinytemplate v1.2.1
[INFO] [stderr]    Compiling page_size v0.6.0
[INFO] [stderr]    Compiling anes v0.1.6
[INFO] [stderr]    Compiling criterion-plot v0.8.2
[INFO] [stderr]    Compiling clap v4.6.6
[INFO] [stderr]    Compiling matchers v0.2.0
[INFO] [stderr]    Compiling regex v1.13.1
[INFO] [stderr]    Compiling tracing-subscriber v0.3.23
[INFO] [stderr]    Compiling ahash v0.8.12
[INFO] [stderr]    Compiling hashbrown v0.14.5
[INFO] [stderr]    Compiling keyed-set v1.1.0
[INFO] [stderr]    Compiling zenoh-keyexpr v1.10.0
[INFO] [stderr]    Compiling ppv-lite86 v0.2.21
[INFO] [stderr]    Compiling half v2.7.1
[INFO] [stderr]    Compiling zenoh-collections v1.10.0
[INFO] [stderr]    Compiling ciborium-ll v0.2.2
[INFO] [stderr]    Compiling rand_chacha v0.3.1
[INFO] [stderr]    Compiling ciborium v0.2.2
[INFO] [stderr]    Compiling zenoh-buffers v1.10.0
[INFO] [stderr]    Compiling rand v0.8.7
[INFO] [stderr]    Compiling zenoh-macros v1.10.0
[INFO] [stderr]    Compiling criterion v0.8.2
[INFO] [stderr]    Compiling uhlc v0.8.2
[INFO] [stderr]    Compiling tungstenite v0.24.0
[INFO] [stderr]    Compiling num-bigint-dig v0.8.6
[INFO] [stderr]    Compiling zenoh-crypto v1.10.0
[INFO] [stderr]    Compiling zenoh-runtime v1.10.0
[INFO] [stderr]    Compiling zenoh-core v1.10.0
[INFO] [stderr]    Compiling zenoh-util v1.10.0
[INFO] [stderr]    Compiling zenoh-sync v1.10.0
[INFO] [stderr]    Compiling zenoh-task v1.10.0
[INFO] [stderr]    Compiling tokio-tungstenite v0.24.0
[INFO] [stderr]    Compiling zenoh-protocol v1.10.0
[INFO] [stderr]    Compiling rsa v0.9.10
[INFO] [stderr]    Compiling zenoh-config v1.10.0
[INFO] [stderr]    Compiling zenoh-codec v1.10.0
[INFO] [stderr]    Compiling zenoh-link-commons v1.10.0
[INFO] [stderr]    Compiling zenoh-plugin-trait v1.10.0
[INFO] [stderr]    Compiling zenoh-link-quic_datagram v1.10.0
[INFO] [stderr]    Compiling zenoh-link-tls v1.10.0
[INFO] [stderr]    Compiling zenoh-link-unixsock_stream v1.10.0
[INFO] [stderr]    Compiling zenoh-link-tcp v1.10.0
[INFO] [stderr]    Compiling zenoh-link-udp v1.10.0
[INFO] [stderr]    Compiling zenoh-link-quic v1.10.0
[INFO] [stderr]    Compiling zenoh-link-ws v1.10.0
[INFO] [stderr]    Compiling zenoh-link v1.10.0
[INFO] [stderr]    Compiling zenoh-transport v1.10.0
[INFO] [stderr]    Compiling zenoh v1.10.0
[INFO] [stderr]    Compiling zenkey v0.11.0 (/opt/rustwide/workdir)
[INFO] [stderr]     Finished `test` profile [unoptimized + debuginfo] target(s) in 2m 17s
[INFO] running `Command { std: "docker" "inspect" "e4088a0235808b49068ac19264f99c23220d8011bc455d15e60dfc8027f6641c", kill_on_drop: false }`
[INFO] running `Command { std: "docker" "exec" "-e" "SOURCE_DIR=/opt/rustwide/workdir" "-e" "CARGO_HOME=/opt/rustwide/cargo-home" "-e" "RUSTUP_HOME=/opt/rustwide/rustup-home" "-e" "CARGO_TARGET_DIR=/opt/rustwide/target" "-e" "CARGO_INCREMENTAL=0" "-e" "RUST_BACKTRACE=full" "-e" "RUSTFLAGS=--cap-lints=warn" "-e" "RUSTDOCFLAGS=--cap-lints=warn" "-w" "/opt/rustwide/workdir" "--user" "0:0" "e4088a0235808b49068ac19264f99c23220d8011bc455d15e60dfc8027f6641c" "/opt/rustwide/cargo-home/bin/cargo" "+1.99.0-beta.8" "test" "--frozen", kill_on_drop: false }`
[INFO] [stderr]     Finished `test` profile [unoptimized + debuginfo] target(s) in 0.61s
[INFO] [stderr]      Running unittests src/lib.rs (/opt/rustwide/target/debug/deps/zenkey-4c70eb793bc86a9a)
[INFO] [stdout] 
[INFO] [stdout] running 121 tests
[INFO] [stdout] test alert::tests::the_alert_ref_vector_round_trips ... ok
[INFO] [stdout] test alert::tests::the_rfc_test_vector ... ok
[INFO] [stdout] test config::tests::a_hot_change_of_the_right_kind_in_range_validates ... ok
[INFO] [stdout] test config::tests::a_sensitive_value_never_prints ... ok
[INFO] [stdout] test alert::tests::key_is_a_legal_chunk ... ok
[INFO] [stdout] test alert::tests::a_ref_that_would_need_escaping_is_refused ... ok
[INFO] [stdout] test alert::tests::injectivity_conditions_refuse ... ok
[INFO] [stdout] test common_state::tests::family_table_is_grammar_legal_and_distinct ... ok
[INFO] [stdout] test config::tests::a_view_of_a_schema_carries_no_values_and_a_sensitive_parameter_never_will ... ok
[INFO] [stdout] test context::tests::blob_probe_prefix_spells_the_wildcard_origin_form ... ok
[INFO] [stdout] test alert::tests::ordering_and_host_exclusion_are_canonical ... ok
[INFO] [stdout] test common_state::tests::evidence_relation_is_a_population_keyed_family ... ok
[INFO] [stdout] test config::tests::a_reach_change_needs_a_confirm_window_unless_it_is_a_dry_run ... ok
[INFO] [stdout] test context::tests::blob_probe_prefix_spells_the_tier2_have_forms ... ok
[INFO] [stdout] test context::tests::the_base_composes_back_on_for_the_wire_view ... ok
[INFO] [stdout] test context::tests::a_bad_producer_name_errs_instead_of_renaming ... ok
[INFO] [stdout] test context::tests::for_producer_uses_profile_origin ... ok
[INFO] [stdout] test context::tests::instance_numbers_start_at_one ... ok
[INFO] [stdout] test grammar::content_addressing::a_named_tree_key_is_unspellable ... ok
[INFO] [stdout] test grammar::content_addressing::store_keys_are_algo_then_hash ... ok
[INFO] [stdout] test context::tests::the_reserved_token_fails_the_same_way_everywhere ... ok
[INFO] [stdout] test grammar::content_addressing::artifact_keys_keep_their_id_and_endpoint_tail ... ok
[INFO] [stdout] test context::tests::key_shapes ... ok
[INFO] [stdout] test grammar::content_addressing::content_hash_rejects_names_accepts_digests ... ok
[INFO] [stdout] test context::tests::keys_are_base_relative ... ok
[INFO] [stdout] test config::tests::a_value_is_read_against_the_declared_kind_and_a_view_gives_its_schema_back ... ok
[INFO] [stdout] test grammar::tests::alive_is_liveliness_only ... ok
[INFO] [stdout] test grammar::tests::parse_rejects_foreign_keys ... ok
[INFO] [stdout] test grammar::tests::position_five_is_exactly_one_of_three_things ... ok
[INFO] [stdout] test grammar::tests::plain_chunk_rules ... ok
[INFO] [stdout] test grammar::tests::producer_instance_split_is_unambiguous ... ok
[INFO] [stdout] test grammar::tests::service_origin_omits_producer ... ok
[INFO] [stdout] test grammar::tests::verbatim_chunk_rules ... ok
[INFO] [stdout] test key::tests::a_host_id_converts_to_a_chunk_verbatim ... ok
[INFO] [stdout] test grammar::tests::no_origin_can_mint_an_illegal_position_2 ... ok
[INFO] [stdout] test key::tests::chunk_unslug_inverts_slug ... ok
[INFO] [stdout] test key::tests::chunk_slug_and_parse ... ok
[INFO] [stdout] test config::tests::the_refusals_name_what_the_caller_must_do ... ok
[INFO] [stdout] test key::tests::a_write_answers_only_its_own_concrete_key ... ok
[INFO] [stdout] test grammar::tests::normative_examples_build_and_roundtrip ... ok
[INFO] [stdout] test key::tests::the_same_wildcard_is_a_selector ... ok
[INFO] [stdout] test grammar::tests::blob_tiers_are_not_producers ... ok
[INFO] [stdout] test key::tests::grammar_output_is_already_canonical ... ok
[INFO] [stdout] test key::tests::selector_intersects_via_deref ... ok
[INFO] [stdout] test grammar::tests::empty_base_is_the_identity_for_observers ... ok
[INFO] [stdout] test key::tests::key_moves_into_owned_keyexpr ... ok
[INFO] [stdout] test origin::tests::remote_origin_rejects_wildcards_services_and_junk ... ok
[INFO] [stdout] test origin::tests::concrete_origin_chunks_and_bridges ... ok
[INFO] [stdout] test origin::tests::machine_id_trim_and_case_are_normalized ... ok
[INFO] [stdout] test origin::tests::parse_enforces_shape ... ok
[INFO] [stdout] test origin::tests::rfc_test_vector ... ok
[INFO] [stdout] test pattern::tests::matching_binds_named_vars ... ok
[INFO] [stdout] test origin::tests::service_origin_validates_verbatim ... ok
[INFO] [stdout] test pattern::tests::ke_format_bridge_parity_on_expressible_patterns ... ok
[INFO] [stdout] test origin::tests::persisted_fallback_is_stable_and_atomic ... ok
[INFO] [stdout] test pattern::tests::precedence_cmp_agrees_with_the_key_it_replaced ... ok
[INFO] [stdout] test pattern::tests::selector_tails ... ok
[INFO] [stdout] test profile::tests::host_id_is_minted_once ... ok
[INFO] [stdout] test profile::tests::the_profile_constants_are_checked_at_compile_time ... ok
[INFO] [stdout] test qos::tests::all_is_complete_and_unique ... ok
[INFO] [stdout] test qos::tests::names_round_trip ... ok
[INFO] [stdout] test qos::tests::express_is_the_rare_and_must_arrive_profile_alone ... ok
[INFO] [stdout] test qos::tests::profile_table ... ok
[INFO] [stdout] test pattern::tests::precedence_literal_beats_var_beats_rest ... ok
[INFO] [stdout] test registry_doc::tests::media_types_and_extensions_round_trip ... ok
[INFO] [stdout] test profile::tests::fallback_path_is_app_derived ... ok
[INFO] [stdout] test registry_doc::tests::the_sniff_skips_blank_lines_and_hash_comments_only ... ok
[INFO] [stdout] test registry_doc::tests::the_toml_front_end_keeps_document_order ... ok
[INFO] [stdout] test registry_doc::tests::floats_integers_and_the_non_finite_round_trip ... ok
[INFO] [stdout] test registry_doc::tests::strings_quote_what_kdl_cannot_hold_literally ... ok
[INFO] [stdout] test rpc_error::tests::a_producer_error_is_namespaced_like_a_key ... ok
[INFO] [stdout] test rpc_error::tests::error_names_are_plain_chunks ... ok
[INFO] [stdout] test rpc_error::tests::the_reserved_list_is_the_rfcs ... ok
[INFO] [stdout] test selector::tests::common_family_never_sees_a_service ... ok
[INFO] [stdout] test selector::tests::fleet_liveliness_excludes_services ... ok
[INFO] [stdout] test registry_doc::tests::negotiation_follows_the_section_6_table ... ok
[INFO] [stdout] test selector::tests::common_family_shapes ... ok
[INFO] [stdout] test selector::tests::framework_selector_shapes ... ok
[INFO] [stdout] test pattern::tests::parse_rules ... ok
[INFO] [stdout] test slice::tests::a_budget_is_carried_and_its_absence_stays_unwritten ... ok
[INFO] [stdout] test slice::tests::a_deprecation_without_a_kind_is_a_subject_and_stays_unwritten ... ok
[INFO] [stdout] test slice::tests::a_malformed_slice_keeps_the_toml_error_as_its_source ... ok
[INFO] [stdout] test slice::tests::a_service_slice_carries_its_origin ... ok
[INFO] [stdout] test slice::tests::a_slice_identical_to_ours_is_no_finding ... ok
[INFO] [stdout] test slice::tests::a_deprecation_with_an_unknown_kind_is_refused ... ok
[INFO] [stdout] test slice::tests::a_budget_table_without_a_name_is_refused ... ok
[INFO] [stdout] test slice::tests::a_declared_column_keeps_what_it_does_not_recognise ... ok
[INFO] [stdout] test selector::tests::rpc_shapes ... ok
[INFO] [stdout] test slice::tests::bind_joins_a_rest_variable ... ok
[INFO] [stdout] test slice::tests::bind_prefers_the_most_literal_declaration ... ok
[INFO] [stdout] test slice::tests::blob_entries_parse_lax_with_only_tier_required ... ok
[INFO] [stdout] test slice::tests::bind_skips_an_unparsable_declaration ... ok
[INFO] [stdout] test slice::tests::buckets_well_formedness_is_strictly_ascending_finite_and_non_empty ... ok
[INFO] [stdout] test slice::tests::bind_is_none_for_an_undeclared_tail_or_another_class ... ok
[INFO] [stdout] test slice::tests::error_entries_round_trip ... ok
[INFO] [stdout] test slice::tests::blob_tier_drift_is_a_finding ... ok
[INFO] [stdout] test slice::tests::exposure_and_sensitive_round_trip ... ok
[INFO] [stdout] test slice::tests::histogram_buckets_and_semantic_round_trip ... ok
[INFO] [stdout] test slice::tests::toml_export_escapes_free_text ... ok
[INFO] [stdout] test slice::tests::media_stream_drift_is_a_finding ... ok
[INFO] [stdout] test slice::tests::a_slice_without_a_version_cannot_be_diffed_and_is_rejected ... ok
[INFO] [stdout] test slice::tests::bind_finds_the_declaration_and_its_vars ... ok
[INFO] [stdout] test slice::tests::unknown_fields_do_not_break_the_parse ... ok
[INFO] [stdout] test slice::tests::a_rate_class_keeps_its_burst_budget ... ok
[INFO] [stdout] test slice::tests::skew_and_drift_are_findings ... ok
[INFO] [stdout] test slug::tests::escape_is_injective ... ok
[INFO] [stdout] test slice::tests::toml_export_keeps_a_service_origin ... ok
[INFO] [stdout] test slice::tests::toml_export_round_trips_every_carried_field ... ok
[INFO] [stdout] test slice::tests::when_predicates_round_trip_and_bind_their_error ... ok
[INFO] [stdout] test slug::tests::legal_values_stay_literal ... ok
[INFO] [stdout] test slug::tests::ulid_shapes_lowercase_and_others_refuse ... ok
[INFO] [stdout] test slug::tests::event_ids_are_ulid_slugs ... ok
[INFO] [stdout] test slug::tests::the_reserved_prefix_is_escaped_not_passed_through ... ok
[INFO] [stdout] test slug::tests::unslug_refuses_malformed_and_non_canonical ... ok
[INFO] [stdout] test slug::tests::unslug_round_trips_the_corpus ... ok
[INFO] [stdout] test slug::tests::v131_erratum_examples_are_the_rfcs ... ok
[INFO] [stdout] test slug::tests::ipv4_always_slugged ... ok
[INFO] [stdout] test slug::tests::ipv6_rfc5952_canonical_before_slugging ... ok
[INFO] [stdout] test slug::tests::slug_outputs_are_pinned ... ok
[INFO] [stdout] test key::tests::a_wildcard_is_not_a_key - should panic ... ok
[INFO] [stdout] test key::tests::every_wildcard_shape_is_refused ... ok
[INFO] [stdout] 
[INFO] [stdout] test result: ok. 121 passed; 0 failed; 0 ignored; 0 measured; 0 filtered out; finished in 0.38s
[INFO] [stdout] 
[INFO] [stderr]      Running tests/adv_token.rs (/opt/rustwide/target/debug/deps/adv_token-100272ec8083e4ad)
[INFO] [stdout] 
[INFO] [stdout] running 3 tests
[INFO] [stdout] test adv_token_parses_on_a_data_key ... ok
[INFO] [stdout] test the_version_chunk_is_wildcard_reachable ... ok
[INFO] [stdout] test a_verbatim_version_chunk_would_break_it_again ... ok
[INFO] [stdout] 
[INFO] [stdout] test result: ok. 3 passed; 0 failed; 0 ignored; 0 measured; 0 filtered out; finished in 0.00s
[INFO] [stdout] 
[INFO] [stderr]      Running tests/guard.rs (/opt/rustwide/target/debug/deps/guard-4b86f9e02981eecd)
[INFO] [stdout] 
[INFO] [stdout] running 9 tests
[INFO] [stdout] test d2_firehose_is_data_only ... ok
[INFO] [stdout] test d6_acl_inclusion_per_plane ... ok
[INFO] [stdout] test example_set_is_legal_and_canon ... ok
[INFO] [stdout] test d4_service_exclusion ... ok
[INFO] [stdout] test d3_class_disjointness ... ok
[INFO] [stdout] test selector_precision ... ok
[INFO] [stdout] test builders_match_examples ... ok
[INFO] [stderr]      Running tests/kdl_spelling.rs (/opt/rustwide/target/debug/deps/kdl_spelling-a33d4b8b4ac769ae)
[INFO] [stdout] test d1_version_isolation ... ok
[INFO] [stdout] test d5_targeted_and_fleet_rpc ... ok
[INFO] [stdout] 
[INFO] [stdout] test result: ok. 9 passed; 0 failed; 0 ignored; 0 measured; 0 filtered out; finished in 0.00s
[INFO] [stdout] 
[INFO] [stdout] 
[INFO] [stdout] running 14 tests
[INFO] [stdout] test a_repeated_property_is_refused_not_rightmost_wins ... ok
[INFO] [stdout] test a_types_file_is_one_type_node_per_name ... ok
[INFO] [stdout] test every_string_spelling_is_one_value ... ok
[INFO] [stdout] test a_kdl_1_document_is_refused_never_converted ... ok
[INFO] [stdout] test null_is_absent_and_slashdash_is_deletion ... ok
[INFO] [stdout] test type_annotations_are_refused ... ok
[INFO] [stdout] test unknown_nodes_properties_and_children_are_carried_like_unknown_toml ... ok
[INFO] [stdout] test list_columns_are_child_nodes_and_nothing_else ... ok
[INFO] [stdout] test the_one_argument_rule ... ok
[INFO] [stdout] test a_string_column_must_be_a_kdl_string ... ok
[INFO] [stdout] test to_kdl_round_trips_every_carried_column ... ok
[INFO] [stdout] test write_kdl_of_the_raw_tree_is_its_inverse ... ok
[INFO] [stdout] test a_declared_spelling_is_never_second_guessed ... ok
[INFO] [stdout] test the_rfc_worked_example_means_its_toml_twin ... FAILED
[INFO] [stdout] 
[INFO] [stdout] failures:
[INFO] [stdout] 
[INFO] [stdout] ---- the_rfc_worked_example_means_its_toml_twin stdout ----
[INFO] [stdout] 
[INFO] [stdout] thread 'the_rfc_worked_example_means_its_toml_twin' (5335) panicked at tests/kdl_spelling.rs:17:46:
[INFO] [stdout] RFC 08 beside the crate: Os { code: 2, kind: NotFound, message: "No such file or directory" }
[INFO] [stdout] stack backtrace:
[INFO] [stdout]    0:     0x57a2c95a3d51 - std[70759c8f55707aa4]::backtrace_rs::backtrace::libunwind::trace
[INFO] [stdout]                                at /rustc/dfb0accb7f508ae8be965d8629557221c889dd98/library/std/src/../../backtrace/src/backtrace/libunwind.rs:117:9
[INFO] [stdout]    1:     0x57a2c95a3d51 - std[70759c8f55707aa4]::backtrace_rs::backtrace::trace_unsynchronized::<std[70759c8f55707aa4]::sys::backtrace::_print_fmt::{closure#1}>
[INFO] [stdout]                                at /rustc/dfb0accb7f508ae8be965d8629557221c889dd98/library/std/src/../../backtrace/src/backtrace/mod.rs:66:14
[INFO] [stdout]    2:     0x57a2c95a3d51 - std[70759c8f55707aa4]::sys::backtrace::_print_fmt
[INFO] [stdout]                                at /rustc/dfb0accb7f508ae8be965d8629557221c889dd98/library/std/src/sys/backtrace.rs:74:9
[INFO] [stdout]    3:     0x57a2c95a3d51 - <<std[70759c8f55707aa4]::sys::backtrace::BacktraceLock>::print::DisplayBacktrace as core[df12db4294e9bfd3]::fmt::Display>::fmt
[INFO] [stdout]                                at /rustc/dfb0accb7f508ae8be965d8629557221c889dd98/library/std/src/sys/backtrace.rs:44:26
[INFO] [stdout]    4:     0x57a2c95b981a - <core[df12db4294e9bfd3]::fmt::rt::Argument>::fmt
[INFO] [stdout]                                at /rustc/dfb0accb7f508ae8be965d8629557221c889dd98/library/core/src/fmt/rt.rs:152:76
[INFO] [stdout]    5:     0x57a2c95b981a - core[df12db4294e9bfd3]::fmt::write
[INFO] [stdout]    6:     0x57a2c95a81ec - core[df12db4294e9bfd3]::io::write::default_write_fmt::<alloc[2182bb758b4b3781]::vec::Vec<u8>>
[INFO] [stdout]                                at /rustc/dfb0accb7f508ae8be965d8629557221c889dd98/library/core/src/io/write.rs:402:11
[INFO] [stdout]    7:     0x57a2c95a81ec - <alloc[2182bb758b4b3781]::vec::Vec<u8> as core[df12db4294e9bfd3]::io::write::Write>::write_fmt
[INFO] [stdout]                                at /rustc/dfb0accb7f508ae8be965d8629557221c889dd98/library/core/src/io/write.rs:335:13
[INFO] [stdout]    8:     0x57a2c957ffd6 - <std[70759c8f55707aa4]::sys::backtrace::BacktraceLock>::print
[INFO] [stdout]                                at /rustc/dfb0accb7f508ae8be965d8629557221c889dd98/library/std/src/sys/backtrace.rs:47:9
[INFO] [stdout]    9:     0x57a2c957ffd6 - std[70759c8f55707aa4]::panicking::default_hook::{closure#0}
[INFO] [stdout]                                at /rustc/dfb0accb7f508ae8be965d8629557221c889dd98/library/std/src/panicking.rs:292:27
[INFO] [stdout]   10:     0x57a2c959c149 - std[70759c8f55707aa4]::panicking::default_hook
[INFO] [stdout]                                at /rustc/dfb0accb7f508ae8be965d8629557221c889dd98/library/std/src/panicking.rs:316:9
[INFO] [stdout]   11:     0x57a2c939cdd0 - <alloc[2182bb758b4b3781]::boxed::Box<dyn for<'a, 'b> core[df12db4294e9bfd3]::ops::function::Fn<(&'a std[70759c8f55707aa4]::panic::PanicHookInfo<'b>,), Output = ()> + core[df12db4294e9bfd3]::marker::Send + core[df12db4294e9bfd3]::marker::Sync> as core[df12db4294e9bfd3]::ops::function::Fn<(&std[70759c8f55707aa4]::panic::PanicHookInfo,)>>::call
[INFO] [stdout]                                at /rustc/dfb0accb7f508ae8be965d8629557221c889dd98/library/alloc/src/boxed.rs:2334:9
[INFO] [stdout]   12:     0x57a2c939cdd0 - test[9d35eded1c95d3be]::test_main_inner::<test[9d35eded1c95d3be]::test_main_static::{closure#0}>::{closure#0}
[INFO] [stdout]                                at /rustc/dfb0accb7f508ae8be965d8629557221c889dd98/library/test/src/lib.rs:155:21
[INFO] [stdout]   13:     0x57a2c959c302 - <alloc[2182bb758b4b3781]::boxed::Box<dyn for<'a, 'b> core[df12db4294e9bfd3]::ops::function::Fn<(&'a std[70759c8f55707aa4]::panic::PanicHookInfo<'b>,), Output = ()> + core[df12db4294e9bfd3]::marker::Send + core[df12db4294e9bfd3]::marker::Sync> as core[df12db4294e9bfd3]::ops::function::Fn<(&std[70759c8f55707aa4]::panic::PanicHookInfo,)>>::call
[INFO] [stdout]                                at /rustc/dfb0accb7f508ae8be965d8629557221c889dd98/library/alloc/src/boxed.rs:2334:9
[INFO] [stdout]   14:     0x57a2c959c302 - std[70759c8f55707aa4]::panicking::panic_with_hook
[INFO] [stdout]                                at /rustc/dfb0accb7f508ae8be965d8629557221c889dd98/library/std/src/panicking.rs:823:13
[INFO] [stdout]   15:     0x57a2c9580082 - std[70759c8f55707aa4]::panicking::panic_handler::{closure#0}
[INFO] [stdout]                                at /rustc/dfb0accb7f508ae8be965d8629557221c889dd98/library/std/src/panicking.rs:688:13
[INFO] [stdout]   16:     0x57a2c9578c79 - std[70759c8f55707aa4]::sys::backtrace::__rust_end_short_backtrace::<std[70759c8f55707aa4]::panicking::panic_handler::{closure#0}, !>
[INFO] [stdout]                                at /rustc/dfb0accb7f508ae8be965d8629557221c889dd98/library/std/src/sys/backtrace.rs:182:18
[INFO] [stdout]   17:     0x57a2c9580c7d - __rustc[8fa7c3cbc660c2b3]::rust_begin_unwind
[INFO] [stdout]                                at /rustc/dfb0accb7f508ae8be965d8629557221c889dd98/library/std/src/panicking.rs:679:5
[INFO] [stdout]   18:     0x57a2c95b9fec - core[df12db4294e9bfd3]::panicking::panic_fmt
[INFO] [stdout]                                at /rustc/dfb0accb7f508ae8be965d8629557221c889dd98/library/core/src/panicking.rs:80:14
[INFO] [stdout]   19:     0x57a2c95b9d62 - core[df12db4294e9bfd3]::result::unwrap_failed
[INFO] [stdout]                                at /rustc/dfb0accb7f508ae8be965d8629557221c889dd98/library/core/src/result.rs:1871:5
[INFO] [stdout]   20:     0x57a2c9380883 - <core[df12db4294e9bfd3]::result::Result<alloc[2182bb758b4b3781]::string::String, core[df12db4294e9bfd3]::io::error::Error>>::expect
[INFO] [stdout]                                at /rustc/dfb0accb7f508ae8be965d8629557221c889dd98/library/core/src/result.rs:1184:23
[INFO] [stdout]   21:     0x57a2c9388fd1 - kdl_spelling[4b1b0c70b78276f7]::rfc_kdl_blocks
[INFO] [stdout]                                at /opt/rustwide/workdir/tests/kdl_spelling.rs:17:46
[INFO] [stdout]   22:     0x57a2c938bceb - kdl_spelling[4b1b0c70b78276f7]::the_rfc_worked_example_means_its_toml_twin
[INFO] [stdout]                                at /opt/rustwide/workdir/tests/kdl_spelling.rs:157:18
[INFO] [stdout]   23:     0x57a2c9388e37 - kdl_spelling[4b1b0c70b78276f7]::the_rfc_worked_example_means_its_toml_twin::{closure#0}
[INFO] [stdout]                                at /opt/rustwide/workdir/tests/kdl_spelling.rs:156:48
[INFO] [stdout]   24:     0x57a2c938ffc6 - <kdl_spelling[4b1b0c70b78276f7]::the_rfc_worked_example_means_its_toml_twin::{closure#0} as core[df12db4294e9bfd3]::ops::function::FnOnce<()>>::call_once
[INFO] [stdout]                                at /rustc/dfb0accb7f508ae8be965d8629557221c889dd98/library/core/src/ops/function.rs:250:5
[INFO] [stdout]   25:     0x57a2c93900bb - <fn() -> core[df12db4294e9bfd3]::result::Result<(), alloc[2182bb758b4b3781]::string::String> as core[df12db4294e9bfd3]::ops::function::FnOnce<()>>::call_once
[INFO] [stdout]                                at /rustc/dfb0accb7f508ae8be965d8629557221c889dd98/library/core/src/ops/function.rs:250:5
[INFO] [stdout]   26:     0x57a2c93900bb - test[9d35eded1c95d3be]::__rust_begin_short_backtrace::<core[df12db4294e9bfd3]::result::Result<(), alloc[2182bb758b4b3781]::string::String>, fn() -> core[df12db4294e9bfd3]::result::Result<(), alloc[2182bb758b4b3781]::string::String>>
[INFO] [stdout]                                at /rustc/dfb0accb7f508ae8be965d8629557221c889dd98/library/test/src/lib.rs:733:18
[INFO] [stdout]   27:     0x57a2c939d725 - test[9d35eded1c95d3be]::run_test_in_process::{closure#0}
[INFO] [stdout]                                at /rustc/dfb0accb7f508ae8be965d8629557221c889dd98/library/test/src/lib.rs:756:74
[INFO] [stdout]   28:     0x57a2c939d725 - <core[df12db4294e9bfd3]::panic::unwind_safe::AssertUnwindSafe<test[9d35eded1c95d3be]::run_test_in_process::{closure#0}> as core[df12db4294e9bfd3]::ops::function::FnOnce<()>>::call_once
[INFO] [stdout]                                at /rustc/dfb0accb7f508ae8be965d8629557221c889dd98/library/core/src/panic/unwind_safe.rs:275:9
[INFO] [stdout]   29:     0x57a2c939d725 - std[70759c8f55707aa4]::panicking::catch_unwind::do_call::<core[df12db4294e9bfd3]::panic::unwind_safe::AssertUnwindSafe<test[9d35eded1c95d3be]::run_test_in_process::{closure#0}>, core[df12db4294e9bfd3]::result::Result<(), alloc[2182bb758b4b3781]::string::String>>
[INFO] [stdout]                                at /rustc/dfb0accb7f508ae8be965d8629557221c889dd98/library/std/src/panicking.rs:576:43
[INFO] [stdout]   30:     0x57a2c939d725 - std[70759c8f55707aa4]::panicking::catch_unwind::<core[df12db4294e9bfd3]::result::Result<(), alloc[2182bb758b4b3781]::string::String>, core[df12db4294e9bfd3]::panic::unwind_safe::AssertUnwindSafe<test[9d35eded1c95d3be]::run_test_in_process::{closure#0}>>
[INFO] [stdout]                                at /rustc/dfb0accb7f508ae8be965d8629557221c889dd98/library/std/src/panicking.rs:544:19
[INFO] [stdout]   31:     0x57a2c939d725 - std[70759c8f55707aa4]::panic::catch_unwind::<core[df12db4294e9bfd3]::panic::unwind_safe::AssertUnwindSafe<test[9d35eded1c95d3be]::run_test_in_process::{closure#0}>, core[df12db4294e9bfd3]::result::Result<(), alloc[2182bb758b4b3781]::string::String>>
[INFO] [stdout]                                at /rustc/dfb0accb7f508ae8be965d8629557221c889dd98/library/std/src/panic.rs:359:14
[INFO] [stdout]   32:     0x57a2c939d725 - test[9d35eded1c95d3be]::run_test_in_process
[INFO] [stdout]                                at /rustc/dfb0accb7f508ae8be965d8629557221c889dd98/library/test/src/lib.rs:756:27
[INFO] [stdout]   33:     0x57a2c939d725 - test[9d35eded1c95d3be]::run_test::{closure#0}
[INFO] [stdout]                                at /rustc/dfb0accb7f508ae8be965d8629557221c889dd98/library/test/src/lib.rs:677:43
[INFO] [stdout]   34:     0x57a2c9396fe4 - test[9d35eded1c95d3be]::run_test::{closure#1}
[INFO] [stdout]                                at /rustc/dfb0accb7f508ae8be965d8629557221c889dd98/library/test/src/lib.rs:707:41
[INFO] [stdout]   35:     0x57a2c9396fe4 - std[70759c8f55707aa4]::sys::backtrace::__rust_begin_short_backtrace::<test[9d35eded1c95d3be]::run_test::{closure#1}, ()>
[INFO] [stdout]                                at /rustc/dfb0accb7f508ae8be965d8629557221c889dd98/library/std/src/sys/backtrace.rs:166:18
[INFO] [stdout]   36:     0x57a2c93a0882 - std[70759c8f55707aa4]::thread::lifecycle::spawn_unchecked::<test[9d35eded1c95d3be]::run_test::{closure#1}, ()>::{closure#1}::{closure#0}
[INFO] [stdout]                                at /rustc/dfb0accb7f508ae8be965d8629557221c889dd98/library/std/src/thread/lifecycle.rs:70:13
[INFO] [stdout]   37:     0x57a2c93a0882 - <core[df12db4294e9bfd3]::panic::unwind_safe::AssertUnwindSafe<std[70759c8f55707aa4]::thread::lifecycle::spawn_unchecked<test[9d35eded1c95d3be]::run_test::{closure#1}, ()>::{closure#1}::{closure#0}> as core[df12db4294e9bfd3]::ops::function::FnOnce<()>>::call_once
[INFO] [stdout]                                at /rustc/dfb0accb7f508ae8be965d8629557221c889dd98/library/core/src/panic/unwind_safe.rs:275:9
[INFO] [stdout]   38:     0x57a2c93a0882 - std[70759c8f55707aa4]::panicking::catch_unwind::do_call::<core[df12db4294e9bfd3]::panic::unwind_safe::AssertUnwindSafe<std[70759c8f55707aa4]::thread::lifecycle::spawn_unchecked<test[9d35eded1c95d3be]::run_test::{closure#1}, ()>::{closure#1}::{closure#0}>, ()>
[INFO] [stdout]                                at /rustc/dfb0accb7f508ae8be965d8629557221c889dd98/library/std/src/panicking.rs:576:43
[INFO] [stdout]   39:     0x57a2c93a0882 - std[70759c8f55707aa4]::panicking::catch_unwind::<(), core[df12db4294e9bfd3]::panic::unwind_safe::AssertUnwindSafe<std[70759c8f55707aa4]::thread::lifecycle::spawn_unchecked<test[9d35eded1c95d3be]::run_test::{closure#1}, ()>::{closure#1}::{closure#0}>>
[INFO] [stdout]                                at /rustc/dfb0accb7f508ae8be965d8629557221c889dd98/library/std/src/panicking.rs:544:19
[INFO] [stdout]   40:     0x57a2c93a0882 - std[70759c8f55707aa4]::panic::catch_unwind::<core[df12db4294e9bfd3]::panic::unwind_safe::AssertUnwindSafe<std[70759c8f55707aa4]::thread::lifecycle::spawn_unchecked<test[9d35eded1c95d3be]::run_test::{closure#1}, ()>::{closure#1}::{closure#0}>, ()>
[INFO] [stdout]                                at /rustc/dfb0accb7f508ae8be965d8629557221c889dd98/library/std/src/panic.rs:359:14
[INFO] [stdout]   41:     0x57a2c93a0882 - std[70759c8f55707aa4]::thread::lifecycle::spawn_unchecked::<test[9d35eded1c95d3be]::run_test::{closure#1}, ()>::{closure#1}
[INFO] [stdout]                                at /rustc/dfb0accb7f508ae8be965d8629557221c889dd98/library/std/src/thread/lifecycle.rs:68:26
[INFO] [stdout]   42:     0x57a2c93a0882 - <std[70759c8f55707aa4]::thread::lifecycle::spawn_unchecked<test[9d35eded1c95d3be]::run_test::{closure#1}, ()>::{closure#1} as core[df12db4294e9bfd3]::ops::function::FnOnce<()>>::call_once::{shim:vtable#0}
[INFO] [stdout]                                at /rustc/dfb0accb7f508ae8be965d8629557221c889dd98/library/core/src/ops/function.rs:250:5
[INFO] [stdout]   43:     0x57a2c95a32b9 - <alloc[2182bb758b4b3781]::boxed::Box<dyn core[df12db4294e9bfd3]::ops::function::FnOnce<(), Output = ()> + core[df12db4294e9bfd3]::marker::Send> as core[df12db4294e9bfd3]::ops::function::FnOnce<()>>::call_once
[INFO] [stdout]                                at /rustc/dfb0accb7f508ae8be965d8629557221c889dd98/library/alloc/src/boxed.rs:2320:9
[INFO] [stdout]   44:     0x57a2c95a32b9 - <std[70759c8f55707aa4]::sys::thread::unix::Thread>::new::thread_start
[INFO] [stdout]                                at /rustc/dfb0accb7f508ae8be965d8629557221c889dd98/library/std/src/sys/thread/unix.rs:123:17
[INFO] [stdout]   45:     0x790d1d571dfa - <unknown>
[INFO] [stdout]   46:     0x790d1d6053d4 - clone
[INFO] [stdout]   47:                0x0 - <unknown>
[INFO] [stdout] 
[INFO] [stdout] 
[INFO] [stdout] failures:
[INFO] [stdout]     the_rfc_worked_example_means_its_toml_twin
[INFO] [stdout] 
[INFO] [stdout] test result: FAILED. 13 passed; 1 failed; 0 ignored; 0 measured; 0 filtered out; finished in 0.82s
[INFO] [stdout] 
[INFO] [stderr] error: test failed, to rerun pass `--test kdl_spelling`
[INFO] running `Command { std: "docker" "inspect" "e4088a0235808b49068ac19264f99c23220d8011bc455d15e60dfc8027f6641c", kill_on_drop: false }`
[INFO] running `Command { std: "docker" "rm" "-f" "e4088a0235808b49068ac19264f99c23220d8011bc455d15e60dfc8027f6641c", kill_on_drop: false }`
[INFO] [stdout] e4088a0235808b49068ac19264f99c23220d8011bc455d15e60dfc8027f6641c
