[INFO] fetching crate zenith-float-num 1.0.8...
[INFO] testing zenith-float-num-1.0.8 against 1.99.0-beta.8 for beta-1.100-2
[INFO] extracting crate zenith-float-num 1.0.8 into /workspace/builds/worker-1-tc1/source
[INFO] started tweaking crates.io crate zenith-float-num 1.0.8
[INFO] removed 0 missing tests
[INFO] finished tweaking crates.io crate zenith-float-num 1.0.8
[INFO] tweaked toml for crates.io crate zenith-float-num 1.0.8 written to /workspace/builds/worker-1-tc1/source/Cargo.toml
[INFO] validating manifest of crates.io crate zenith-float-num 1.0.8 on toolchain 1.99.0-beta.8
[INFO] running `Command { std: CARGO_HOME="/workspace/cargo-home" RUSTUP_HOME="/workspace/rustup-home" "/workspace/cargo-home/bin/cargo" "+1.99.0-beta.8" "metadata" "--manifest-path" "Cargo.toml" "--no-deps", kill_on_drop: false }`
[INFO] crate crates.io crate zenith-float-num 1.0.8 already has a lockfile, it will not be regenerated
[INFO] running `Command { std: CARGO_HOME="/workspace/cargo-home" RUSTUP_HOME="/workspace/rustup-home" "/workspace/cargo-home/bin/cargo" "+1.99.0-beta.8" "fetch" "--manifest-path" "Cargo.toml", kill_on_drop: false }`
[INFO] [stderr]     Updating crates.io index
[INFO] [stderr]  Downloading crates ...
[INFO] [stderr]   Downloaded criterion-plot v0.5.0
[INFO] [stderr]   Downloaded criterion v0.5.1
[INFO] [stderr]   Downloaded syn v3.0.4
[INFO] [stderr]   Downloaded rug v1.20.1
[INFO] [stderr]   Downloaded gmp-mpfr-sys v1.6.8
[INFO] running `Command { std: "docker" "create" "-v" "/var/lib/crater-agent-workspace/builds/worker-1-tc1/source:/opt/rustwide/workdir:ro,Z" "-v" "/var/lib/crater-agent-workspace/builds/worker-1-tc1/target:/opt/rustwide/target:rw,Z" "-v" "/var/lib/crater-agent-workspace/cargo-home:/opt/rustwide/cargo-home:ro,Z" "-v" "/var/lib/crater-agent-workspace/rustup-home:/opt/rustwide/rustup-home:ro,Z" "-m" "1610612736" "--network" "none" "ghcr.io/rust-lang/crates-build-env/linux@sha256:3111399a4047eeb3a02b7a90e478d715f38a8c6669b5c4b49d30a17385265909" "sleep" "infinity", kill_on_drop: false }`
[INFO] [stdout] b7bcf35d22a88fe1183f1db78d898879287ed46a9b72b9693b34aaf3a93a0a33
[INFO] running `Command { std: "docker" "start" "b7bcf35d22a88fe1183f1db78d898879287ed46a9b72b9693b34aaf3a93a0a33", kill_on_drop: false }`
[INFO] running `Command { std: "docker" "inspect" "b7bcf35d22a88fe1183f1db78d898879287ed46a9b72b9693b34aaf3a93a0a33", kill_on_drop: false }`
[INFO] running `Command { std: "docker" "exec" "-e" "SOURCE_DIR=/opt/rustwide/workdir" "-e" "CARGO_HOME=/opt/rustwide/cargo-home" "-e" "RUSTUP_HOME=/opt/rustwide/rustup-home" "-e" "CARGO_TARGET_DIR=/opt/rustwide/target" "-w" "/opt/rustwide/workdir" "--user" "0:0" "b7bcf35d22a88fe1183f1db78d898879287ed46a9b72b9693b34aaf3a93a0a33" "/opt/rustwide/cargo-home/bin/cargo" "+1.99.0-beta.8" "metadata" "--no-deps" "--format-version=1", kill_on_drop: false }`
[INFO] running `Command { std: "docker" "inspect" "b7bcf35d22a88fe1183f1db78d898879287ed46a9b72b9693b34aaf3a93a0a33", kill_on_drop: false }`
[INFO] running `Command { std: "docker" "exec" "-e" "SOURCE_DIR=/opt/rustwide/workdir" "-e" "CARGO_HOME=/opt/rustwide/cargo-home" "-e" "RUSTUP_HOME=/opt/rustwide/rustup-home" "-e" "CARGO_TARGET_DIR=/opt/rustwide/target" "-e" "CARGO_INCREMENTAL=0" "-e" "RUST_BACKTRACE=full" "-e" "RUSTFLAGS=--cap-lints=warn" "-e" "RUSTDOCFLAGS=--cap-lints=warn" "-w" "/opt/rustwide/workdir" "--user" "0:0" "b7bcf35d22a88fe1183f1db78d898879287ed46a9b72b9693b34aaf3a93a0a33" "/opt/rustwide/cargo-home/bin/cargo" "+1.99.0-beta.8" "build" "--frozen" "--message-format=json", kill_on_drop: false }`
[INFO] [stderr]    Compiling spin v0.9.9
[INFO] [stderr]    Compiling either v1.18.0
[INFO] [stderr]    Compiling lazy_static v1.5.0
[INFO] [stderr]    Compiling itertools v0.10.5
[INFO] [stderr]    Compiling zenith-float-num v1.0.8 (/opt/rustwide/workdir)
[INFO] [stderr]     Finished `dev` profile [unoptimized + debuginfo] target(s) in 5.67s
[INFO] running `Command { std: "docker" "inspect" "b7bcf35d22a88fe1183f1db78d898879287ed46a9b72b9693b34aaf3a93a0a33", kill_on_drop: false }`
[INFO] running `Command { std: "docker" "exec" "-e" "SOURCE_DIR=/opt/rustwide/workdir" "-e" "CARGO_HOME=/opt/rustwide/cargo-home" "-e" "RUSTUP_HOME=/opt/rustwide/rustup-home" "-e" "CARGO_TARGET_DIR=/opt/rustwide/target" "-e" "CARGO_INCREMENTAL=0" "-e" "RUST_BACKTRACE=full" "-e" "RUSTFLAGS=--cap-lints=warn" "-e" "RUSTDOCFLAGS=--cap-lints=warn" "-w" "/opt/rustwide/workdir" "--user" "0:0" "b7bcf35d22a88fe1183f1db78d898879287ed46a9b72b9693b34aaf3a93a0a33" "/opt/rustwide/cargo-home/bin/cargo" "+1.99.0-beta.8" "test" "--frozen" "--no-run" "--message-format=json", kill_on_drop: false }`
[INFO] [stderr]    Compiling zerocopy v0.8.56
[INFO] [stderr]    Compiling crossbeam-epoch v0.9.20
[INFO] [stderr]    Compiling rustix v1.1.4
[INFO] [stderr]    Compiling either v1.18.0
[INFO] [stderr]    Compiling num-traits v0.2.19
[INFO] [stderr]    Compiling crossbeam-deque v0.8.7
[INFO] [stderr]    Compiling bitflags v2.13.1
[INFO] [stderr]    Compiling getrandom v0.3.4
[INFO] [stderr]    Compiling gmp-mpfr-sys v1.6.8
[INFO] [stderr]    Compiling getrandom v0.4.3
[INFO] [stderr]    Compiling syn v2.0.119
[INFO] [stderr]    Compiling syn v3.0.4
[INFO] [stderr]    Compiling clap_lex v1.1.0
[INFO] [stderr]    Compiling anstyle v1.0.14
[INFO] [stderr]    Compiling plotters-backend v0.3.7
[INFO] [stderr]    Compiling ciborium-io v0.2.2
[INFO] [stderr]    Compiling regex-automata v0.4.18
[INFO] [stderr]    Compiling rand_core v0.9.5
[INFO] [stderr]    Compiling clap_builder v4.6.6
[INFO] [stderr]    Compiling itertools v0.10.5
[INFO] [stderr]    Compiling wait-timeout v0.2.1
[INFO] [stderr]    Compiling quick-error v1.2.3
[INFO] [stderr]    Compiling plotters-svg v0.3.7
[INFO] [stderr]    Compiling rug v1.20.1
[INFO] [stderr]    Compiling bit-vec v0.8.0
[INFO] [stderr]    Compiling cast v0.3.0
[INFO] [stderr]    Compiling is-terminal v0.4.17
[INFO] [stderr]    Compiling rand v0.9.5
[INFO] [stderr]    Compiling rand_xorshift v0.4.0
[INFO] [stderr]    Compiling az v1.3.0
[INFO] [stderr]    Compiling oorandom v11.1.5
[INFO] [stderr]    Compiling unarray v0.1.4
[INFO] [stderr]    Compiling anes v0.1.6
[INFO] [stderr]    Compiling bit-set v0.8.0
[INFO] [stderr]    Compiling rayon-core v1.13.0
[INFO] [stderr]    Compiling plotters v0.3.7
[INFO] [stderr]    Compiling rayon v1.12.0
[INFO] [stderr]    Compiling regex v1.13.1
[INFO] [stderr]    Compiling criterion-plot v0.5.0
[INFO] [stderr]    Compiling zenith-float-num v1.0.8 (/opt/rustwide/workdir)
[INFO] [stderr]    Compiling serde_derive v1.0.229
[INFO] [stderr]    Compiling tempfile v3.27.0
[INFO] [stderr]    Compiling clap v4.6.6
[INFO] [stderr]    Compiling rusty-fork v0.3.1
[INFO] [stderr]    Compiling zerocopy-derive v0.8.56
[INFO] [stderr]    Compiling serde v1.0.229
[INFO] [stderr]    Compiling tinytemplate v1.2.1
[INFO] [stderr]    Compiling ppv-lite86 v0.2.21
[INFO] [stderr]    Compiling half v2.7.1
[INFO] [stderr]    Compiling ciborium-ll v0.2.2
[INFO] [stderr]    Compiling rand_chacha v0.9.0
[INFO] [stderr]    Compiling rand_chacha v0.3.1
[INFO] [stderr]    Compiling ciborium v0.2.2
[INFO] [stderr]    Compiling rand v0.8.8
[INFO] [stderr]    Compiling proptest v1.11.0
[INFO] [stderr]    Compiling criterion v0.5.1
[INFO] [stderr]     Finished `test` profile [unoptimized + debuginfo] target(s) in 3m 41s
[INFO] running `Command { std: "docker" "inspect" "b7bcf35d22a88fe1183f1db78d898879287ed46a9b72b9693b34aaf3a93a0a33", kill_on_drop: false }`
[INFO] running `Command { std: "docker" "exec" "-e" "SOURCE_DIR=/opt/rustwide/workdir" "-e" "CARGO_HOME=/opt/rustwide/cargo-home" "-e" "RUSTUP_HOME=/opt/rustwide/rustup-home" "-e" "CARGO_TARGET_DIR=/opt/rustwide/target" "-e" "CARGO_INCREMENTAL=0" "-e" "RUST_BACKTRACE=full" "-e" "RUSTFLAGS=--cap-lints=warn" "-e" "RUSTDOCFLAGS=--cap-lints=warn" "-w" "/opt/rustwide/workdir" "--user" "0:0" "b7bcf35d22a88fe1183f1db78d898879287ed46a9b72b9693b34aaf3a93a0a33" "/opt/rustwide/cargo-home/bin/cargo" "+1.99.0-beta.8" "test" "--frozen", kill_on_drop: false }`
[INFO] [stderr]     Finished `test` profile [unoptimized + debuginfo] target(s) in 0.17s
[INFO] [stderr]      Running unittests src/lib.rs (/opt/rustwide/target/debug/deps/zenith_float_num-4681f7c0acee139b)
[INFO] [stdout] 
[INFO] [stdout] running 168 tests
[INFO] [stdout] test ball::tests::ball_add_contains_true_sum ... ok
[INFO] [stdout] test ball::tests::ziv_round_sqrt_matches_direct ... ok
[INFO] [stdout] test binfmt::tests::binary_inline_roundtrip_finite ... ok
[INFO] [stdout] test binfmt::tests::binary_array_roundtrip_and_shape_err ... ok
[INFO] [stdout] test binfmt::tests::binary_invalid_bytes_are_err ... ok
[INFO] [stdout] test common::buf::tests::test_inline_small_and_promote ... ok
[INFO] [stdout] test binfmt::tests::binary_heap_roundtrip_p256 ... ok
[INFO] [stdout] test common::buf::tests::huge_reserve_returns_memory_error ... ok
[INFO] [stdout] test binfmt::tests::binary_write_bytes_zero_alloc_inline ... ok
[INFO] [stdout] test common::test_rng::test_rng_draws ... ok
[INFO] [stdout] test ball::tests::ball_sin_contains_zero_at_origin_and_pi ... ok
[INFO] [stdout] test binfmt::tests::binary_nan_flag_is_recognizable ... ok
[INFO] [stdout] test complex::tests::test_complex_nan ... ok
[INFO] [stdout] test binfmt::tests::binary_inf_roundtrip ... ok
[INFO] [stdout] test binfmt::tests::u32_word_boundary_add_is_2_pow_32 ... ok
[INFO] [stdout] test ball::tests::ball_exp_contains_one_and_two ... ok
[INFO] [stdout] test ball::tests::ziv_round_vec_hypot_atan2 ... ok
[INFO] [stdout] test ball::tests::complex_ball_exp_and_pythagoras ... ok
[INFO] [stdout] test complex::tests::test_complex_arith ... ok
[INFO] [stdout] test conv::tests::test_round_dec ... ok
[INFO] [stdout] test complex::tests::test_complex_branch_cuts ... ok
[INFO] [stdout] test csvfmt::tests::csv_ieee64_100x3_roundtrip ... ok
[INFO] [stdout] test csvfmt::tests::csv_missing_cell_is_nan ... ok
[INFO] [stdout] test ball::tests::ball_exp_sin_contain_scalar_at_a_point ... ok
[INFO] [stdout] test ctx::tests::with_rounding_mode_restores ... ok
[INFO] [stdout] test csvfmt::tests::csv_exact_num_roundtrip_and_too_many_cols ... ok
[INFO] [stdout] test dsp::tests::dsp_windows ... ok
[INFO] [stdout] test csvfmt::tests::csv_path_roundtrip ... ok
[INFO] [stdout] test ball::tests::ball_plan_transcendental_golds ... ok
[INFO] [stdout] test ext::tests::test_oom_and_large_precision ... ok
[INFO] [stdout] test ext::tests::test_ops ... ok
[INFO] [stdout] test dist::tests::dist_plan_golds ... ok
[INFO] [stdout] test ext::tests::test_two_sum_fused_polyval ... ok
[INFO] [stdout] test hash::tests::hash_sha256_hmac_ct ... ok
[INFO] [stdout] test ext::tests::test_ops_std ... ok
[INFO] [stdout] test ieee_soft::array::tests::array_ufunc_identities ... ok
[INFO] [stdout] test ext::tests::test_jacobi_sn_public ... ok
[INFO] [stdout] test ieee_soft::array::tests::bin32_array_sqrt ... ok
[INFO] [stdout] test ieee_soft::array::tests::bin32_simd_add_mul_golds ... ok
[INFO] [stdout] test ieee_soft::array::tests::bin64_array_add_dot ... ok
[INFO] [stdout] test ieee_soft::array::tests::bin64_array_exp_sin ... ok
[INFO] [stdout] test ieee_soft::array::tests::bin64_matmul_2x2 ... ok
[INFO] [stdout] test ieee_soft::array::tests::bin64_matmul_shape_mismatch ... ok
[INFO] [stdout] test ieee_soft::array::tests::bin64_matmul_identity ... ok
[INFO] [stdout] test ieee_soft::array::tests::exact_array_add ... ok
[INFO] [stdout] test conv::tests::test_conv_num ... ok
[INFO] [stdout] test ieee_soft::array::tests::exact_array_sin_2x3_matches_scalar ... ok
[INFO] [stdout] test dsp::tests::dsp_dct_dst_fft_real ... ok
[INFO] [stdout] test ieee_soft::array::tests::exact_eigen_sym_2x2 ... ok
[INFO] [stdout] test ieee_soft::array::tests::exact_lu_2x2_and_singular ... ok
[INFO] [stdout] test ieee_soft::array::tests::exact_matmul_2x2 ... ok
[INFO] [stdout] test ieee_soft::array::tests::exact_qr_recon_orthog_rankdef ... ok
[INFO] [stdout] test ieee_soft::array::tests::exact_svd_diag_3_2 ... ok
[INFO] [stdout] test ieee_soft::array::tests::exact_svd_recon_orthog ... ok
[INFO] [stdout] test ieee_soft::array::tests::exact_array_jacobi_sn_matches_scalar ... ok
[INFO] [stdout] test ieee_soft::simd::tests::bin32_x4_add_matches_scalar ... ok
[INFO] [stdout] test ieee_soft::simd::tests::bin32_x4_mul_half ... ok
[INFO] [stdout] test ieee_soft::simd::tests::bin32_x4_specials_match_scalar ... ok
[INFO] [stdout] test ieee_soft::simd::tests::simd_add_mul_bit_identical_to_scalar ... ok
[INFO] [stdout] test ieee_soft::simd::tests::simd_div_sqrt_fma_match_scalar_samples ... ok
[INFO] [stdout] test ieee_soft::tests::bin32_add_mul_div_bits ... ok
[INFO] [stdout] test ieee_soft::tests::bin64_add_mul_div_bits ... ok
[INFO] [stdout] test ieee_soft::tests::widen_roundtrip_one ... ok
[INFO] [stdout] test integer::tests::exact_int_fact20_gcd_pow2_divrem ... ok
[INFO] [stdout] test macro_util::tests::test_complex_cancel_independent_parts ... ok
[INFO] [stdout] test ext::tests::test_ext ... ok
[INFO] [stdout] test macro_util::tests::test_compute_err_near_one ... ok
[INFO] [stdout] test ieee_soft::array::tests::exact_fft_impulse_cosine_parseval ... ok
[INFO] [stdout] test mantissa::conv::tests::test_compute_tenpowers ... ok
[INFO] [stdout] test heun_fox::tests::test_meijer_heun_identities ... ok
[INFO] [stdout] test ieee_soft::array::tests::ieee64_simd_1000_add_mul_div_sqrt ... ok
[INFO] [stdout] test complex_bessel::tests::test_complex_bessel_negative_real_axis ... ok
[INFO] [stdout] test mantissa::mul::tests::test_mul_unbalanced ... ok
[INFO] [stdout] test chebyshev::tests::chebyshev_exp_nodes_clenshaw ... ok
[INFO] [stdout] test complex_special::tests::test_complex_erf_golds ... ok
[INFO] [stdout] test ieee_soft::array::tests::exact_array_bessel_j_nu_matches_scalar ... ok
[INFO] [stdout] test complex_ei::tests::test_complex_ei_golds ... ok
[INFO] [stdout] test mantissa::sqrt::tests::test_sqrt_rem ... ok
[INFO] [stdout] test num::tests::test_inexact ... ok
[INFO] [stdout] test modular::tests::modular_pow_inv_miller_rho ... ok
[INFO] [stdout] test num::tests::test_rounding ... ok
[INFO] [stdout] test complex_bessel::tests::test_complex_bessel_golds ... ok
[INFO] [stdout] test ops::acos::tests::test_arccosine ... ok
[INFO] [stdout] test mantissa::sqrt::tests::test_sqrt_basic ... ok
[INFO] [stdout] test ops::acosh::tests::test_acosh ... ok
[INFO] [stdout] test ops::asin::tests::test_arcsine ... ok
[INFO] [stdout] test complex_hypergeom::tests::complex_hypergeom_2f1_golds ... ok
[INFO] [stdout] test ops::asinh::tests::test_asinh ... ok
[INFO] [stdout] test ops::atan::tests::test_arctan ... ok
[INFO] [stdout] test ops::atanh::tests::test_atanh ... ok
[INFO] [stdout] test ops::atan2::tests::test_atan2 ... ok
[INFO] [stdout] test ops::consts::e::tests::test_e_const ... ok
[INFO] [stdout] test ops::consts::ln10::tests::test_ln10_const ... ok
[INFO] [stdout] test ops::consts::ln2::tests::test_ln2_const ... ok
[INFO] [stdout] test ops::consts::pi::tests::test_pi_const ... ok
[INFO] [stdout] test ops::consts::pi::tests::test_pi_precision_overflow ... ok
[INFO] [stdout] test ops::consts::tests::euler_gamma_matches_known_digits ... ok
[INFO] [stdout] test complex_airy::tests::test_complex_airy_golds ... ok
[INFO] [stdout] test ops::consts::tests::shared_consts_parallel_pi ... ok
[INFO] [stdout] test ops::cos::tests::test_cosine ... ok
[INFO] [stdout] test ops::cosh::tests::test_cosh ... ok
[INFO] [stdout] test mantissa::conv::tests::test_conv_dec ... ok
[INFO] [stdout] test ops::fma::tests::test_fma_disjoint_exponents_skips_full_product ... ok
[INFO] [stdout] test ops::fma::tests::test_fma_zero_factor ... ok
[INFO] [stdout] test ops::consts::tests::progressive_constant_cache_extends ... ok
[INFO] [stdout] test ops::ieee::tests::frexp_ldexp_roundtrip ... ok
[INFO] [stdout] test ode::tests::ode_rk4_rk45_euler ... ok
[INFO] [stdout] test ops::expm1::tests::test_expm1 ... ok
[INFO] [stdout] test ops::hypot::tests::test_hypot ... ok
[INFO] [stdout] test ops::nroot::tests::test_nth_root ... ok
[INFO] [stdout] test ops::log1p::tests::test_log1p ... ok
[INFO] [stdout] test ops::pow::test::test_power ... ok
[INFO] [stdout] test ops::recip::tests::test_reciprocal_newton_matches_div ... ok
[INFO] [stdout] test ops::sign::tests::test_copysign ... ok
[INFO] [stdout] test ops::sign::tests::test_next_after ... ok
[INFO] [stdout] test ops::sin::tests::test_sine ... ok
[INFO] [stdout] test ops::sin_cos::tests::test_sin_cos ... ok
[INFO] [stdout] test ops::pow::test::test_exp2_exp10 ... ok
[INFO] [stdout] test ops::sinh_cosh::tests::test_sinh_cosh ... ok
[INFO] [stdout] test mantissa::div::tests::test_div_unbalanced ... ok
[INFO] [stdout] test complex_special::tests::test_complex_gamma_golds ... ok
[INFO] [stdout] test ops::jacobi::tests::test_jacobi_identities ... ok
[INFO] [stdout] test ops::special::tests::test_ei_si_li_fresnel ... ok
[INFO] [stdout] test ops::special::tests::test_digamma_gammainc ... ok
[INFO] [stdout] test ops::special::tests::test_erf_gamma_bessel ... ok
[INFO] [stdout] test ops::cbrt::tests::test_cbrt ... ok
[INFO] [stdout] test mantissa::cbrt::tests::test_cbrt_rem ... ok
[INFO] [stdout] test ops::special::tests::test_bessel_family ... ok
[INFO] [stdout] test ops::special::tests::test_legendre_hypergeom_betainc ... ok
[INFO] [stdout] test ops::tan::tests::test_tangent ... ok
[INFO] [stdout] test ops::tanh::tests::test_tanh ... ok
[INFO] [stdout] test mantissa::toom2::tests::test_toom2 ... ok
[INFO] [stdout] test ops::special::tests::test_elliptic_integrals ... ok
[INFO] [stdout] test mantissa::toom3::tests::test_toom3 ... ok
[INFO] [stdout] test ops::sqrt::tests::test_sqrt ... ok
[INFO] [stdout] test ops::special::tests::test_betainc_mpmath ... ok
[INFO] [stdout] test ops::sinh::tests::test_sinh ... ok
[INFO] [stdout] test ops::airy::tests::test_airy_golds ... ok
[INFO] [stdout] test ops::special::tests::test_gamma_digamma_high_precision ... ok
[INFO] [stdout] test num::tests::test_number ... ok
[INFO] [stdout] test catalog::tests::test_catalog_identities ... ok
[INFO] [stdout] test orthopoly::tests::jacobi_p_legendre_and_identities ... ok
[INFO] [stdout] test orthopoly::tests::orthopoly_he4_laguerre_t5_gegenbauer_recurrence ... ok
[INFO] [stdout] test parser::tests::test_parser ... ok
[INFO] [stdout] test poly::tests::exact_num_poly_div_rem_gcd_compose_deriv_roots ... ok
[INFO] [stdout] test ops::log::tests::test_logarithm ... ok
[INFO] [stdout] test radix_float::tests::test_radix_float_roundtrip ... ok
[INFO] [stdout] test quadrature::tests::quadrature_gl_tanh_laguerre_hermite ... ok
[INFO] [stdout] test rational::tests::parse_exact_tenth_half_eighth_sci ... ok
[INFO] [stdout] test rational::tests::rational_reduce_add_sign_to_float ... ok
[INFO] [stdout] test roots::tests::roots_bisect_newton_brent_illinois ... ok
[INFO] [stdout] test mantissa::fft::tests::test_fft_mul ... ok
[INFO] [stdout] test tests::test_bigfloat ... ok
[INFO] [stdout] test strop::tests::test_strop ... ok
[INFO] [stdout] test ops::special::tests::test_hypergeom_2f1_mpmath ... ok
[INFO] [stdout] test complex_elliptic::tests::complex_elliptic_golds ... ok
[INFO] [stdout] test ops::tests::test_cos_acos ... ok
[INFO] [stdout] test ops::tests::test_tanh_atanh ... ok
[INFO] [stdout] test ops::tests::test_powi ... ok
[INFO] [stdout] test ops::tests::test_tan_atan ... ok
[INFO] [stdout] test random_dist::tests::random_dist_plan_golds ... ok
[INFO] [stdout] test macro_util::tests::test_compute_added_err has been running for over 60 seconds
[INFO] [stdout] test ops::tests::test_cosh_acosh has been running for over 60 seconds
[INFO] [stdout] test ops::tests::test_ln_exp has been running for over 60 seconds
[INFO] [stdout] test ops::tests::test_log2_log10_pow has been running for over 60 seconds
[INFO] [stdout] test ops::tests::test_log_pow has been running for over 60 seconds
[INFO] [stdout] test ops::tests::test_sin_asin ... ok
[INFO] [stdout] test ops::tests::test_sinh_asinh has been running for over 60 seconds
[INFO] [stdout] test ops::tests::test_sinh_asinh ... ok
[INFO] [stdout] test ops::tests::test_ln_exp ... ok
[INFO] [stdout] test ops::tests::test_cosh_acosh ... ok
[INFO] [stdout] test ops::tests::test_log_pow ... ok
[INFO] [stdout] test macro_util::tests::test_compute_added_err ... FAILED
[INFO] [stdout] test ops::tests::test_log2_log10_pow ... ok
[INFO] [stdout] 
[INFO] [stdout] failures:
[INFO] [stdout] 
[INFO] [stdout] ---- macro_util::tests::test_compute_added_err stdout ----
[INFO] [stdout] zenith-float test RNG seed: 11 (replay: ZENITH_TEST_SEED=11)
[INFO] [stdout] 
[INFO] [stdout] thread 'macro_util::tests::test_compute_added_err' (101566) panicked at src/macro_util.rs:629:49:
[INFO] [stdout] assertion failed: err <= err_estimate
[INFO] [stdout] stack backtrace:
[INFO] [stdout]    0:     0x5e43b7f69671 - std[70759c8f55707aa4]::backtrace_rs::backtrace::libunwind::trace
[INFO] [stdout]                                at /rustc/dfb0accb7f508ae8be965d8629557221c889dd98/library/std/src/../../backtrace/src/backtrace/libunwind.rs:117:9
[INFO] [stdout]    1:     0x5e43b7f69671 - std[70759c8f55707aa4]::backtrace_rs::backtrace::trace_unsynchronized::<std[70759c8f55707aa4]::sys::backtrace::_print_fmt::{closure#1}>
[INFO] [stdout]                                at /rustc/dfb0accb7f508ae8be965d8629557221c889dd98/library/std/src/../../backtrace/src/backtrace/mod.rs:66:14
[INFO] [stdout]    2:     0x5e43b7f69671 - std[70759c8f55707aa4]::sys::backtrace::_print_fmt
[INFO] [stdout]                                at /rustc/dfb0accb7f508ae8be965d8629557221c889dd98/library/std/src/sys/backtrace.rs:74:9
[INFO] [stdout]    3:     0x5e43b7f69671 - <<std[70759c8f55707aa4]::sys::backtrace::BacktraceLock>::print::DisplayBacktrace as core[df12db4294e9bfd3]::fmt::Display>::fmt
[INFO] [stdout]                                at /rustc/dfb0accb7f508ae8be965d8629557221c889dd98/library/std/src/sys/backtrace.rs:44:26
[INFO] [stdout]    4:     0x5e43b7f7eaea - <core[df12db4294e9bfd3]::fmt::rt::Argument>::fmt
[INFO] [stdout]                                at /rustc/dfb0accb7f508ae8be965d8629557221c889dd98/library/core/src/fmt/rt.rs:152:76
[INFO] [stdout]    5:     0x5e43b7f7eaea - core[df12db4294e9bfd3]::fmt::write
[INFO] [stdout]    6:     0x5e43b7f6db0c - core[df12db4294e9bfd3]::io::write::default_write_fmt::<alloc[2182bb758b4b3781]::vec::Vec<u8>>
[INFO] [stdout]                                at /rustc/dfb0accb7f508ae8be965d8629557221c889dd98/library/core/src/io/write.rs:402:11
[INFO] [stdout]    7:     0x5e43b7f6db0c - <alloc[2182bb758b4b3781]::vec::Vec<u8> as core[df12db4294e9bfd3]::io::write::Write>::write_fmt
[INFO] [stdout]                                at /rustc/dfb0accb7f508ae8be965d8629557221c889dd98/library/core/src/io/write.rs:335:13
[INFO] [stdout]    8:     0x5e43b7f45386 - <std[70759c8f55707aa4]::sys::backtrace::BacktraceLock>::print
[INFO] [stdout]                                at /rustc/dfb0accb7f508ae8be965d8629557221c889dd98/library/std/src/sys/backtrace.rs:47:9
[INFO] [stdout]    9:     0x5e43b7f45386 - std[70759c8f55707aa4]::panicking::default_hook::{closure#0}
[INFO] [stdout]                                at /rustc/dfb0accb7f508ae8be965d8629557221c889dd98/library/std/src/panicking.rs:292:27
[INFO] [stdout]   10:     0x5e43b7f61799 - std[70759c8f55707aa4]::panicking::default_hook
[INFO] [stdout]                                at /rustc/dfb0accb7f508ae8be965d8629557221c889dd98/library/std/src/panicking.rs:316:9
[INFO] [stdout]   11:     0x5e43b7ecbe50 - <alloc[2182bb758b4b3781]::boxed::Box<dyn for<'a, 'b> core[df12db4294e9bfd3]::ops::function::Fn<(&'a std[70759c8f55707aa4]::panic::PanicHookInfo<'b>,), Output = ()> + core[df12db4294e9bfd3]::marker::Send + core[df12db4294e9bfd3]::marker::Sync> as core[df12db4294e9bfd3]::ops::function::Fn<(&std[70759c8f55707aa4]::panic::PanicHookInfo,)>>::call
[INFO] [stdout]                                at /rustc/dfb0accb7f508ae8be965d8629557221c889dd98/library/alloc/src/boxed.rs:2334:9
[INFO] [stdout]   12:     0x5e43b7ecbe50 - test[9d35eded1c95d3be]::test_main_inner::<test[9d35eded1c95d3be]::test_main_static::{closure#0}>::{closure#0}
[INFO] [stdout]                                at /rustc/dfb0accb7f508ae8be965d8629557221c889dd98/library/test/src/lib.rs:155:21
[INFO] [stdout]   13:     0x5e43b7ea6893 - <alloc[2182bb758b4b3781]::boxed::Box<dyn for<'a, 'b> core[df12db4294e9bfd3]::ops::function::Fn<(&'a std[70759c8f55707aa4]::panic::PanicHookInfo<'b>,), Output = ()> + core[df12db4294e9bfd3]::marker::Send + core[df12db4294e9bfd3]::marker::Sync> as core[df12db4294e9bfd3]::ops::function::Fn<(&std[70759c8f55707aa4]::panic::PanicHookInfo,)>>::call
[INFO] [stdout]                                at /rustc/dfb0accb7f508ae8be965d8629557221c889dd98/library/alloc/src/boxed.rs:2334:9
[INFO] [stdout]   14:     0x5e43b7c7e80b - zenith_float_num[55aabefef1844bf9]::common::test_rng::install_panic_hook::{closure#0}::{closure#0}
[INFO] [stdout]                                at /opt/rustwide/workdir/src/common/test_rng.rs:66:17
[INFO] [stdout]   15:     0x5e43b7f61952 - <alloc[2182bb758b4b3781]::boxed::Box<dyn for<'a, 'b> core[df12db4294e9bfd3]::ops::function::Fn<(&'a std[70759c8f55707aa4]::panic::PanicHookInfo<'b>,), Output = ()> + core[df12db4294e9bfd3]::marker::Send + core[df12db4294e9bfd3]::marker::Sync> as core[df12db4294e9bfd3]::ops::function::Fn<(&std[70759c8f55707aa4]::panic::PanicHookInfo,)>>::call
[INFO] [stdout]                                at /rustc/dfb0accb7f508ae8be965d8629557221c889dd98/library/alloc/src/boxed.rs:2334:9
[INFO] [stdout]   16:     0x5e43b7f61952 - std[70759c8f55707aa4]::panicking::panic_with_hook
[INFO] [stdout]                                at /rustc/dfb0accb7f508ae8be965d8629557221c889dd98/library/std/src/panicking.rs:823:13
[INFO] [stdout]   17:     0x5e43b7f45464 - std[70759c8f55707aa4]::panicking::panic_handler::{closure#0}
[INFO] [stdout]                                at /rustc/dfb0accb7f508ae8be965d8629557221c889dd98/library/std/src/panicking.rs:681:13
[INFO] [stdout]   18:     0x5e43b7f3df79 - std[70759c8f55707aa4]::sys::backtrace::__rust_end_short_backtrace::<std[70759c8f55707aa4]::panicking::panic_handler::{closure#0}, !>
[INFO] [stdout]                                at /rustc/dfb0accb7f508ae8be965d8629557221c889dd98/library/std/src/sys/backtrace.rs:182:18
[INFO] [stdout]   19:     0x5e43b7f4602d - __rustc[8fa7c3cbc660c2b3]::rust_begin_unwind
[INFO] [stdout]                                at /rustc/dfb0accb7f508ae8be965d8629557221c889dd98/library/std/src/panicking.rs:679:5
[INFO] [stdout]   20:     0x5e43b7f7f2dc - core[df12db4294e9bfd3]::panicking::panic_fmt
[INFO] [stdout]                                at /rustc/dfb0accb7f508ae8be965d8629557221c889dd98/library/core/src/panicking.rs:80:14
[INFO] [stdout]   21:     0x5e43b7f7f2a2 - core[df12db4294e9bfd3]::panicking::panic
[INFO] [stdout]                                at /rustc/dfb0accb7f508ae8be965d8629557221c889dd98/library/core/src/panicking.rs:150:5
[INFO] [stdout]   22:     0x5e43b7cb2add - zenith_float_num[55aabefef1844bf9]::macro_util::tests::test_compute_added_err
[INFO] [stdout]                                at /opt/rustwide/workdir/src/macro_util.rs:629:49
[INFO] [stdout]   23:     0x5e43b7caafc7 - zenith_float_num[55aabefef1844bf9]::macro_util::tests::test_compute_added_err::{closure#0}
[INFO] [stdout]                                at /opt/rustwide/workdir/src/macro_util.rs:475:32
[INFO] [stdout]   24:     0x5e43b7d67cb6 - <zenith_float_num[55aabefef1844bf9]::macro_util::tests::test_compute_added_err::{closure#0} as core[df12db4294e9bfd3]::ops::function::FnOnce<()>>::call_once
[INFO] [stdout]                                at /rustc/dfb0accb7f508ae8be965d8629557221c889dd98/library/core/src/ops/function.rs:250:5
[INFO] [stdout]   25:     0x5e43b7ebf13b - <fn() -> core[df12db4294e9bfd3]::result::Result<(), alloc[2182bb758b4b3781]::string::String> as core[df12db4294e9bfd3]::ops::function::FnOnce<()>>::call_once
[INFO] [stdout]                                at /rustc/dfb0accb7f508ae8be965d8629557221c889dd98/library/core/src/ops/function.rs:250:5
[INFO] [stdout]   26:     0x5e43b7ebf13b - test[9d35eded1c95d3be]::__rust_begin_short_backtrace::<core[df12db4294e9bfd3]::result::Result<(), alloc[2182bb758b4b3781]::string::String>, fn() -> core[df12db4294e9bfd3]::result::Result<(), alloc[2182bb758b4b3781]::string::String>>
[INFO] [stdout]                                at /rustc/dfb0accb7f508ae8be965d8629557221c889dd98/library/test/src/lib.rs:733:18
[INFO] [stdout]   27:     0x5e43b7ecc7a5 - test[9d35eded1c95d3be]::run_test_in_process::{closure#0}
[INFO] [stdout]                                at /rustc/dfb0accb7f508ae8be965d8629557221c889dd98/library/test/src/lib.rs:756:74
[INFO] [stdout]   28:     0x5e43b7ecc7a5 - <core[df12db4294e9bfd3]::panic::unwind_safe::AssertUnwindSafe<test[9d35eded1c95d3be]::run_test_in_process::{closure#0}> as core[df12db4294e9bfd3]::ops::function::FnOnce<()>>::call_once
[INFO] [stdout]                                at /rustc/dfb0accb7f508ae8be965d8629557221c889dd98/library/core/src/panic/unwind_safe.rs:275:9
[INFO] [stdout]   29:     0x5e43b7ecc7a5 - std[70759c8f55707aa4]::panicking::catch_unwind::do_call::<core[df12db4294e9bfd3]::panic::unwind_safe::AssertUnwindSafe<test[9d35eded1c95d3be]::run_test_in_process::{closure#0}>, core[df12db4294e9bfd3]::result::Result<(), alloc[2182bb758b4b3781]::string::String>>
[INFO] [stdout]                                at /rustc/dfb0accb7f508ae8be965d8629557221c889dd98/library/std/src/panicking.rs:576:43
[INFO] [stdout]   30:     0x5e43b7ecc7a5 - std[70759c8f55707aa4]::panicking::catch_unwind::<core[df12db4294e9bfd3]::result::Result<(), alloc[2182bb758b4b3781]::string::String>, core[df12db4294e9bfd3]::panic::unwind_safe::AssertUnwindSafe<test[9d35eded1c95d3be]::run_test_in_process::{closure#0}>>
[INFO] [stdout]                                at /rustc/dfb0accb7f508ae8be965d8629557221c889dd98/library/std/src/panicking.rs:544:19
[INFO] [stdout]   31:     0x5e43b7ecc7a5 - std[70759c8f55707aa4]::panic::catch_unwind::<core[df12db4294e9bfd3]::panic::unwind_safe::AssertUnwindSafe<test[9d35eded1c95d3be]::run_test_in_process::{closure#0}>, core[df12db4294e9bfd3]::result::Result<(), alloc[2182bb758b4b3781]::string::String>>
[INFO] [stdout]                                at /rustc/dfb0accb7f508ae8be965d8629557221c889dd98/library/std/src/panic.rs:359:14
[INFO] [stdout]   32:     0x5e43b7ecc7a5 - test[9d35eded1c95d3be]::run_test_in_process
[INFO] [stdout]                                at /rustc/dfb0accb7f508ae8be965d8629557221c889dd98/library/test/src/lib.rs:756:27
[INFO] [stdout]   33:     0x5e43b7ecc7a5 - test[9d35eded1c95d3be]::run_test::{closure#0}
[INFO] [stdout]                                at /rustc/dfb0accb7f508ae8be965d8629557221c889dd98/library/test/src/lib.rs:677:43
[INFO] [stdout]   34:     0x5e43b7ec6064 - test[9d35eded1c95d3be]::run_test::{closure#1}
[INFO] [stdout]                                at /rustc/dfb0accb7f508ae8be965d8629557221c889dd98/library/test/src/lib.rs:707:41
[INFO] [stdout]   35:     0x5e43b7ec6064 - std[70759c8f55707aa4]::sys::backtrace::__rust_begin_short_backtrace::<test[9d35eded1c95d3be]::run_test::{closure#1}, ()>
[INFO] [stdout]                                at /rustc/dfb0accb7f508ae8be965d8629557221c889dd98/library/std/src/sys/backtrace.rs:166:18
[INFO] [stdout]   36:     0x5e43b7ecf902 - std[70759c8f55707aa4]::thread::lifecycle::spawn_unchecked::<test[9d35eded1c95d3be]::run_test::{closure#1}, ()>::{closure#1}::{closure#0}
[INFO] [stdout]                                at /rustc/dfb0accb7f508ae8be965d8629557221c889dd98/library/std/src/thread/lifecycle.rs:70:13
[INFO] [stdout]   37:     0x5e43b7ecf902 - <core[df12db4294e9bfd3]::panic::unwind_safe::AssertUnwindSafe<std[70759c8f55707aa4]::thread::lifecycle::spawn_unchecked<test[9d35eded1c95d3be]::run_test::{closure#1}, ()>::{closure#1}::{closure#0}> as core[df12db4294e9bfd3]::ops::function::FnOnce<()>>::call_once
[INFO] [stdout]                                at /rustc/dfb0accb7f508ae8be965d8629557221c889dd98/library/core/src/panic/unwind_safe.rs:275:9
[INFO] [stdout]   38:     0x5e43b7ecf902 - std[70759c8f55707aa4]::panicking::catch_unwind::do_call::<core[df12db4294e9bfd3]::panic::unwind_safe::AssertUnwindSafe<std[70759c8f55707aa4]::thread::lifecycle::spawn_unchecked<test[9d35eded1c95d3be]::run_test::{closure#1}, ()>::{closure#1}::{closure#0}>, ()>
[INFO] [stdout]                                at /rustc/dfb0accb7f508ae8be965d8629557221c889dd98/library/std/src/panicking.rs:576:43
[INFO] [stdout]   39:     0x5e43b7ecf902 - std[70759c8f55707aa4]::panicking::catch_unwind::<(), core[df12db4294e9bfd3]::panic::unwind_safe::AssertUnwindSafe<std[70759c8f55707aa4]::thread::lifecycle::spawn_unchecked<test[9d35eded1c95d3be]::run_test::{closure#1}, ()>::{closure#1}::{closure#0}>>
[INFO] [stdout]                                at /rustc/dfb0accb7f508ae8be965d8629557221c889dd98/library/std/src/panicking.rs:544:19
[INFO] [stdout]   40:     0x5e43b7ecf902 - std[70759c8f55707aa4]::panic::catch_unwind::<core[df12db4294e9bfd3]::panic::unwind_safe::AssertUnwindSafe<std[70759c8f55707aa4]::thread::lifecycle::spawn_unchecked<test[9d35eded1c95d3be]::run_test::{closure#1}, ()>::{closure#1}::{closure#0}>, ()>
[INFO] [stdout]                                at /rustc/dfb0accb7f508ae8be965d8629557221c889dd98/library/std/src/panic.rs:359:14
[INFO] [stdout]   41:     0x5e43b7ecf902 - std[70759c8f55707aa4]::thread::lifecycle::spawn_unchecked::<test[9d35eded1c95d3be]::run_test::{closure#1}, ()>::{closure#1}
[INFO] [stdout]                                at /rustc/dfb0accb7f508ae8be965d8629557221c889dd98/library/std/src/thread/lifecycle.rs:68:26
[INFO] [stdout]   42:     0x5e43b7ecf902 - <std[70759c8f55707aa4]::thread::lifecycle::spawn_unchecked<test[9d35eded1c95d3be]::run_test::{closure#1}, ()>::{closure#1} as core[df12db4294e9bfd3]::ops::function::FnOnce<()>>::call_once::{shim:vtable#0}
[INFO] [stdout]                                at /rustc/dfb0accb7f508ae8be965d8629557221c889dd98/library/core/src/ops/function.rs:250:5
[INFO] [stdout]   43:     0x5e43b7f689e9 - <alloc[2182bb758b4b3781]::boxed::Box<dyn core[df12db4294e9bfd3]::ops::function::FnOnce<(), Output = ()> + core[df12db4294e9bfd3]::marker::Send> as core[df12db4294e9bfd3]::ops::function::FnOnce<()>>::call_once
[INFO] [stdout]                                at /rustc/dfb0accb7f508ae8be965d8629557221c889dd98/library/alloc/src/boxed.rs:2320:9
[INFO] [stdout]   44:     0x5e43b7f689e9 - <std[70759c8f55707aa4]::sys::thread::unix::Thread>::new::thread_start
[INFO] [stdout]                                at /rustc/dfb0accb7f508ae8be965d8629557221c889dd98/library/std/src/sys/thread/unix.rs:123:17
[INFO] [stdout]   45:     0x77b433bb7dfa - <unknown>
[INFO] [stdout]   46:     0x77b433c4b3d4 - clone
[INFO] [stdout]   47:                0x0 - <unknown>
[INFO] [stdout] 
[INFO] [stdout] 
[INFO] [stdout] failures:
[INFO] [stdout]     macro_util::tests::test_compute_added_err
[INFO] [stdout] 
[INFO] [stdout] test result: FAILED. 167 passed; 1 failed; 0 ignored; 0 measured; 0 filtered out; finished in 167.39s
[INFO] [stdout] 
[INFO] [stderr] error: test failed, to rerun pass `--lib`
[INFO] running `Command { std: "docker" "inspect" "b7bcf35d22a88fe1183f1db78d898879287ed46a9b72b9693b34aaf3a93a0a33", kill_on_drop: false }`
[INFO] running `Command { std: "docker" "rm" "-f" "b7bcf35d22a88fe1183f1db78d898879287ed46a9b72b9693b34aaf3a93a0a33", kill_on_drop: false }`
[INFO] [stdout] b7bcf35d22a88fe1183f1db78d898879287ed46a9b72b9693b34aaf3a93a0a33
