[INFO] fetching crate zenbench 0.1.9...
[INFO] testing zenbench-0.1.9 against 1.99.0-beta.8 for beta-1.100-2
[INFO] extracting crate zenbench 0.1.9 into /workspace/builds/worker-6-tc1/source
[INFO] started tweaking crates.io crate zenbench 0.1.9
[INFO] removed 0 missing examples
[INFO] finished tweaking crates.io crate zenbench 0.1.9
[INFO] tweaked toml for crates.io crate zenbench 0.1.9 written to /workspace/builds/worker-6-tc1/source/Cargo.toml
[INFO] validating manifest of crates.io crate zenbench 0.1.9 on toolchain 1.99.0-beta.8
[INFO] running `Command { std: CARGO_HOME="/workspace/cargo-home" RUSTUP_HOME="/workspace/rustup-home" "/workspace/cargo-home/bin/cargo" "+1.99.0-beta.8" "metadata" "--manifest-path" "Cargo.toml" "--no-deps", kill_on_drop: false }`
[INFO] crate crates.io crate zenbench 0.1.9 already has a lockfile, it will not be regenerated
[INFO] running `Command { std: CARGO_HOME="/workspace/cargo-home" RUSTUP_HOME="/workspace/rustup-home" "/workspace/cargo-home/bin/cargo" "+1.99.0-beta.8" "fetch" "--manifest-path" "Cargo.toml", kill_on_drop: false }`
[INFO] [stderr]     Updating crates.io index
[INFO] [stderr]  Downloading crates ...
[INFO] [stderr]   Downloaded witx v0.9.1
[INFO] [stderr]   Downloaded wiggle v43.0.2
[INFO] [stderr]   Downloaded wiggle-macro v43.0.2
[INFO] [stderr]   Downloaded wiggle-generate v43.0.2
[INFO] [stderr]   Downloaded wat v1.252.0
[INFO] [stderr]   Downloaded wasmtime-internal-component-util v43.0.2
[INFO] [stderr]   Downloaded wasmtime-internal-versioned-export-macros v43.0.2
[INFO] [stderr]   Downloaded wasm-bindgen-shared v0.2.123
[INFO] [stderr]   Downloaded wasm-bindgen-macro v0.2.123
[INFO] [stderr]   Downloaded cranelift-codegen-shared v0.130.2
[INFO] [stderr]   Downloaded cranelift-bitset v0.130.2
[INFO] [stderr]   Downloaded wasmtime-internal-winch v43.0.2
[INFO] [stderr]   Downloaded cranelift-native v0.130.2
[INFO] [stderr]   Downloaded cranelift-srcgen v0.130.2
[INFO] [stderr]   Downloaded leb128 v0.2.6
[INFO] [stderr]   Downloaded snafu-derive v0.8.9
[INFO] [stderr]   Downloaded cranelift-control v0.130.2
[INFO] [stderr]   Downloaded wasmtime-internal-jit-icache-coherence v43.0.2
[INFO] [stderr]   Downloaded memfd v0.6.5
[INFO] [stderr]   Downloaded pulley-macros v43.0.2
[INFO] [stderr]   Downloaded cap-rand v3.4.5
[INFO] [stderr]   Downloaded bitmaps v2.1.0
[INFO] [stderr]   Downloaded rand_xoshiro v0.6.0
[INFO] [stderr]   Downloaded ittapi v0.4.0
[INFO] [stderr]   Downloaded winx v0.36.4
[INFO] [stderr]   Downloaded fd-lock v4.0.4
[INFO] [stderr]   Downloaded cap-net-ext v3.4.5
[INFO] [stderr]   Downloaded windows-numerics v0.2.0
[INFO] [stderr]   Downloaded windows-link v0.1.3
[INFO] [stderr]   Downloaded fs-set-times v0.20.3
[INFO] [stderr]   Downloaded cap-time-ext v3.4.5
[INFO] [stderr]   Downloaded substring v1.4.5
[INFO] [stderr]   Downloaded arc-swap v1.9.1
[INFO] [stderr]   Downloaded maybe-owned v0.3.4
[INFO] [stderr]   Downloaded windows-result v0.3.4
[INFO] [stderr]   Downloaded divan-macros v0.1.21
[INFO] [stderr]   Downloaded wasmtime-wasi-io v43.0.2
[INFO] [stderr]   Downloaded windows-threading v0.1.0
[INFO] [stderr]   Downloaded windows-collections v0.2.0
[INFO] [stderr]   Downloaded utf8-width v0.1.8
[INFO] [stderr]   Downloaded charts-rs-derive v0.2.6
[INFO] [stderr]   Downloaded cranelift-entity v0.130.2
[INFO] [stderr]   Downloaded wasmtime-internal-unwinder v43.0.2
[INFO] [stderr]   Downloaded cranelift-assembler-x64 v0.130.2
[INFO] [stderr]   Downloaded wasmtime-internal-jit-debug v43.0.2
[INFO] [stderr]   Downloaded ambient-authority v0.0.2
[INFO] [stderr]   Downloaded wasmtime-internal-fiber v43.0.2
[INFO] [stderr]   Downloaded wasmtime-internal-cache v43.0.2
[INFO] [stderr]   Downloaded fxprof-processed-profile v0.8.1
[INFO] [stderr]   Downloaded system-interface v0.27.3
[INFO] [stderr]   Downloaded io-lifetimes v2.0.4
[INFO] [stderr]   Downloaded cap-std v3.4.5
[INFO] [stderr]   Downloaded rustix-linux-procfs v0.1.1
[INFO] [stderr]   Downloaded cap-fs-ext v3.4.5
[INFO] [stderr]   Downloaded windows-strings v0.4.2
[INFO] [stderr]   Downloaded windows-future v0.2.1
[INFO] [stderr]   Downloaded condtype v1.3.0
[INFO] [stderr]   Downloaded criterion-plot v0.6.0
[INFO] [stderr]   Downloaded html-escape v0.2.13
[INFO] [stderr]   Downloaded wasmprinter v0.245.1
[INFO] [stderr]   Downloaded cranelift-bforest v0.130.2
[INFO] [stderr]   Downloaded cranelift-assembler-x64-meta v0.130.2
[INFO] [stderr]   Downloaded cranelift-frontend v0.130.2
[INFO] [stderr]   Downloaded wasmtime-internal-wit-bindgen v43.0.2
[INFO] [stderr]   Downloaded sized-chunks v0.6.5
[INFO] [stderr]   Downloaded uuid v1.23.3
[INFO] [stderr]   Downloaded wasm-bindgen v0.2.123
[INFO] [stderr]   Downloaded addr2line v0.26.1
[INFO] [stderr]   Downloaded io-extras v0.18.4
[INFO] [stderr]   Downloaded windows-core v0.61.2
[INFO] [stderr]   Downloaded fs4 v1.1.0
[INFO] [stderr]   Downloaded log v0.4.32
[INFO] [stderr]   Downloaded wasmtime-internal-core v43.0.2
[INFO] [stderr]   Downloaded pulley-interpreter v43.0.2
[INFO] [stderr]   Downloaded wasm-compose v0.245.1
[INFO] [stderr]   Downloaded snafu v0.8.9
[INFO] [stderr]   Downloaded wast v35.0.2
[INFO] [stderr]   Downloaded wasm-encoder v0.245.1
[INFO] [stderr]   Downloaded wasm-encoder v0.252.0
[INFO] [stderr]   Downloaded cranelift-isle v0.130.2
[INFO] [stderr]   Downloaded cranelift-codegen-meta v0.130.2
[INFO] [stderr]   Downloaded wasm-bindgen-macro-support v0.2.123
[INFO] [stderr]   Downloaded cap-primitives v3.4.5
[INFO] [stderr]   Downloaded wasmtime-wasi v43.0.2
[INFO] [stderr]   Downloaded js-sys v0.3.100
[INFO] [stderr]   Downloaded divan v0.1.21
[INFO] [stderr]   Downloaded criterion v0.7.0
[INFO] [stderr]   Downloaded regalloc2 v0.15.1
[INFO] [stderr]   Downloaded wit-parser v0.245.1
[INFO] [stderr]   Downloaded ittapi-sys v0.4.0
[INFO] [stderr]   Downloaded wast v252.0.0
[INFO] [stderr]   Downloaded winch-codegen v43.0.2
[INFO] [stderr]   Downloaded im-rc v15.1.0
[INFO] [stderr]   Downloaded charts-rs v0.3.28
[INFO] [stderr]   Downloaded sysinfo v0.36.1
[INFO] [stderr]   Downloaded wasmtime-internal-cranelift v43.0.2
[INFO] [stderr]   Downloaded wasmparser v0.252.0
[INFO] [stderr]   Downloaded wasmtime-internal-component-macro v43.0.2
[INFO] [stderr]   Downloaded wasmtime-environ v43.0.2
[INFO] [stderr]   Downloaded wasmparser v0.245.1
[INFO] [stderr]   Downloaded gimli v0.33.0
[INFO] [stderr]   Downloaded object v0.38.1
[INFO] [stderr]   Downloaded web-sys v0.3.100
[INFO] [stderr]   Downloaded wasmtime v43.0.2
[INFO] [stderr]   Downloaded cranelift-codegen v0.130.2
[INFO] [stderr]   Downloaded windows v0.61.3
[INFO] running `Command { std: "docker" "create" "-v" "/var/lib/crater-agent-workspace/builds/worker-6-tc1/source:/opt/rustwide/workdir:ro,Z" "-v" "/var/lib/crater-agent-workspace/builds/worker-6-tc1/target:/opt/rustwide/target:rw,Z" "-v" "/var/lib/crater-agent-workspace/cargo-home:/opt/rustwide/cargo-home:ro,Z" "-v" "/var/lib/crater-agent-workspace/rustup-home:/opt/rustwide/rustup-home:ro,Z" "-m" "1610612736" "--network" "none" "ghcr.io/rust-lang/crates-build-env/linux@sha256:3111399a4047eeb3a02b7a90e478d715f38a8c6669b5c4b49d30a17385265909" "sleep" "infinity", kill_on_drop: false }`
[INFO] [stdout] 06680b19142e1cc52ad4f98131e3104421f97963c2fc106264200f5648f1ecf2
[INFO] running `Command { std: "docker" "start" "06680b19142e1cc52ad4f98131e3104421f97963c2fc106264200f5648f1ecf2", kill_on_drop: false }`
[INFO] running `Command { std: "docker" "inspect" "06680b19142e1cc52ad4f98131e3104421f97963c2fc106264200f5648f1ecf2", kill_on_drop: false }`
[INFO] running `Command { std: "docker" "exec" "-e" "SOURCE_DIR=/opt/rustwide/workdir" "-e" "CARGO_HOME=/opt/rustwide/cargo-home" "-e" "RUSTUP_HOME=/opt/rustwide/rustup-home" "-e" "CARGO_TARGET_DIR=/opt/rustwide/target" "-w" "/opt/rustwide/workdir" "--user" "0:0" "06680b19142e1cc52ad4f98131e3104421f97963c2fc106264200f5648f1ecf2" "/opt/rustwide/cargo-home/bin/cargo" "+1.99.0-beta.8" "metadata" "--no-deps" "--format-version=1", kill_on_drop: false }`
[INFO] running `Command { std: "docker" "inspect" "06680b19142e1cc52ad4f98131e3104421f97963c2fc106264200f5648f1ecf2", kill_on_drop: false }`
[INFO] running `Command { std: "docker" "exec" "-e" "SOURCE_DIR=/opt/rustwide/workdir" "-e" "CARGO_HOME=/opt/rustwide/cargo-home" "-e" "RUSTUP_HOME=/opt/rustwide/rustup-home" "-e" "CARGO_TARGET_DIR=/opt/rustwide/target" "-e" "CARGO_INCREMENTAL=0" "-e" "RUST_BACKTRACE=full" "-e" "RUSTFLAGS=--cap-lints=warn" "-e" "RUSTDOCFLAGS=--cap-lints=warn" "-w" "/opt/rustwide/workdir" "--user" "0:0" "06680b19142e1cc52ad4f98131e3104421f97963c2fc106264200f5648f1ecf2" "/opt/rustwide/cargo-home/bin/cargo" "+1.99.0-beta.8" "build" "--frozen" "--message-format=json", kill_on_drop: false }`
[INFO] [stderr]    Compiling quote v1.0.45
[INFO] [stderr]    Compiling rustix v1.1.4
[INFO] [stderr]    Compiling serde_core v1.0.228
[INFO] [stderr]    Compiling zmij v1.0.21
[INFO] [stderr]    Compiling linux-raw-sys v0.12.1
[INFO] [stderr]    Compiling memchr v2.8.2
[INFO] [stderr]    Compiling clap_builder v4.6.0
[INFO] [stderr]    Compiling syn v2.0.117
[INFO] [stderr]    Compiling sysinfo v0.36.1
[INFO] [stderr]    Compiling terminal_size v0.4.4
[INFO] [stderr]    Compiling fs4 v1.1.0
[INFO] [stderr]    Compiling serde_json v1.0.150
[INFO] [stderr]    Compiling serde_derive v1.0.228
[INFO] [stderr]    Compiling clap_derive v4.6.1
[INFO] [stderr]    Compiling clap v4.6.1
[INFO] [stderr]    Compiling serde v1.0.228
[INFO] [stderr]    Compiling zenbench v0.1.9 (/opt/rustwide/workdir)
[INFO] [stderr]     Finished `dev` profile [unoptimized + debuginfo] target(s) in 27.40s
[INFO] running `Command { std: "docker" "inspect" "06680b19142e1cc52ad4f98131e3104421f97963c2fc106264200f5648f1ecf2", kill_on_drop: false }`
[INFO] running `Command { std: "docker" "exec" "-e" "SOURCE_DIR=/opt/rustwide/workdir" "-e" "CARGO_HOME=/opt/rustwide/cargo-home" "-e" "RUSTUP_HOME=/opt/rustwide/rustup-home" "-e" "CARGO_TARGET_DIR=/opt/rustwide/target" "-e" "CARGO_INCREMENTAL=0" "-e" "RUST_BACKTRACE=full" "-e" "RUSTFLAGS=--cap-lints=warn" "-e" "RUSTDOCFLAGS=--cap-lints=warn" "-w" "/opt/rustwide/workdir" "--user" "0:0" "06680b19142e1cc52ad4f98131e3104421f97963c2fc106264200f5648f1ecf2" "/opt/rustwide/cargo-home/bin/cargo" "+1.99.0-beta.8" "test" "--frozen" "--no-run" "--message-format=json", kill_on_drop: false }`
[INFO] [stderr]    Compiling crossbeam-utils v0.8.21
[INFO] [stderr]    Compiling zerocopy-derive v0.8.52
[INFO] [stderr]    Compiling clap_builder v4.6.0
[INFO] [stderr]    Compiling num-traits v0.2.19
[INFO] [stderr]    Compiling serde v1.0.228
[INFO] [stderr]    Compiling serde_json v1.0.150
[INFO] [stderr]    Compiling plotters-backend v0.3.7
[INFO] [stderr]    Compiling ciborium-io v0.2.2
[INFO] [stderr]    Compiling regex-automata v0.4.14
[INFO] [stderr]    Compiling plotters-svg v0.3.7
[INFO] [stderr]    Compiling itertools v0.13.0
[INFO] [stderr]    Compiling crossbeam-epoch v0.9.18
[INFO] [stderr]    Compiling cast v0.3.0
[INFO] [stderr]    Compiling crossbeam-deque v0.8.6
[INFO] [stderr]    Compiling same-file v1.0.6
[INFO] [stderr]    Compiling tinytemplate v1.2.1
[INFO] [stderr]    Compiling rayon-core v1.13.0
[INFO] [stderr]    Compiling walkdir v2.5.0
[INFO] [stderr]    Compiling plotters v0.3.7
[INFO] [stderr]    Compiling regex v1.12.4
[INFO] [stderr]    Compiling tokio-macros v2.7.0
[INFO] [stderr]    Compiling zerocopy v0.8.52
[INFO] [stderr]    Compiling criterion-plot v0.6.0
[INFO] [stderr]    Compiling rayon v1.12.0
[INFO] [stderr]    Compiling divan-macros v0.1.21
[INFO] [stderr]    Compiling oorandom v11.1.5
[INFO] [stderr]    Compiling condtype v1.3.0
[INFO] [stderr]    Compiling anes v0.1.6
[INFO] [stderr]    Compiling regex-lite v0.1.9
[INFO] [stderr]    Compiling tokio v1.52.3
[INFO] [stderr]    Compiling clap v4.6.1
[INFO] [stderr]    Compiling zenbench v0.1.9 (/opt/rustwide/workdir)
[INFO] [stderr]    Compiling divan v0.1.21
[INFO] [stderr]    Compiling half v2.7.1
[INFO] [stderr]    Compiling ciborium-ll v0.2.2
[INFO] [stderr]    Compiling ciborium v0.2.2
[INFO] [stderr]    Compiling criterion v0.7.0
[INFO] [stderr]     Finished `test` profile [unoptimized + debuginfo] target(s) in 46.28s
[INFO] running `Command { std: "docker" "inspect" "06680b19142e1cc52ad4f98131e3104421f97963c2fc106264200f5648f1ecf2", kill_on_drop: false }`
[INFO] running `Command { std: "docker" "exec" "-e" "SOURCE_DIR=/opt/rustwide/workdir" "-e" "CARGO_HOME=/opt/rustwide/cargo-home" "-e" "RUSTUP_HOME=/opt/rustwide/rustup-home" "-e" "CARGO_TARGET_DIR=/opt/rustwide/target" "-e" "CARGO_INCREMENTAL=0" "-e" "RUST_BACKTRACE=full" "-e" "RUSTFLAGS=--cap-lints=warn" "-e" "RUSTDOCFLAGS=--cap-lints=warn" "-w" "/opt/rustwide/workdir" "--user" "0:0" "06680b19142e1cc52ad4f98131e3104421f97963c2fc106264200f5648f1ecf2" "/opt/rustwide/cargo-home/bin/cargo" "+1.99.0-beta.8" "test" "--frozen", kill_on_drop: false }`
[INFO] [stderr]     Finished `test` profile [unoptimized + debuginfo] target(s) in 0.19s
[INFO] [stderr]      Running unittests src/lib.rs (/opt/rustwide/target/debug/deps/zenbench-00e8bda320107a62)
[INFO] [stdout] 
[INFO] [stdout] running 142 tests
[INFO] [stdout] test alloc::tests::alloc_stats_from_totals ... ok
[INFO] [stdout] test baseline::tests::detect_new_and_missing ... ok
[INFO] [stdout] test alloc::tests::snapshot_delta ... ok
[INFO] [stdout] test baseline::tests::detect_improvement ... ok
[INFO] [stdout] test alloc::tests::snapshot_now_returns_something ... ok
[INFO] [stdout] test baseline::tests::detect_regression ... ok
[INFO] [stdout] test baseline::tests::format_bench_key_empty_names ... ok
[INFO] [stdout] test baseline::tests::format_bench_key_collapses_matching_names ... ok
[INFO] [stdout] test baseline::tests::list_baselines_works ... ok
[INFO] [stdout] test baseline::tests::new_single_bench_baselines_roundtrip ... ok
[INFO] [stdout] test baseline::tests::format_bench_key_shows_both_when_different ... ok
[INFO] [stdout] test baseline::tests::missing_single_bench_shows_clean_name ... ok
[INFO] [stdout] test exclusive::tests::eta_round_trip ... ok
[INFO] [stdout] test baseline::tests::missing_multi_bench_shows_group_and_name ... ok
[INFO] [stdout] test exclusive::tests::iso_round_trip ... ok
[INFO] [stdout] test exclusive::tests::waiting_message_includes_project_and_eta ... ok
[INFO] [stdout] test format::tests::csv_escape_empty ... ok
[INFO] [stdout] test exclusive::tests::try_acquire_returns_holder_info_when_held ... ok
[INFO] [stdout] test exclusive::tests::update_benchmark_reflected_in_peek ... ok
[INFO] [stdout] test format::tests::csv_escape_plain ... ok
[INFO] [stdout] test exclusive::tests::acquire_release_roundtrip ... ok
[INFO] [stdout] test format::tests::csv_escape_with_comma ... ok
[INFO] [stdout] test format::tests::csv_escape_with_double_quote ... ok
[INFO] [stdout] test format::tests::csv_escape_with_newline ... ok
[INFO] [stdout] test format::tests::format_ns_millisecond_band ... ok
[INFO] [stdout] test format::tests::format_ns_negative ... ok
[INFO] [stdout] test format::tests::format_ns_ns_band ... ok
[INFO] [stdout] test format::tests::format_ns_microsecond_band ... ok
[INFO] [stdout] test format::tests::format_ns_range_sub_ns_alignment ... ok
[INFO] [stdout] test format::tests::format_ns_sub_ns_band ... ok
[INFO] [stdout] test format::tests::format_ns_second_band ... ok
[INFO] [stdout] test format::tests::format_ns_range_bracket_alignment ... ok
[INFO] [stdout] test format::tests::format_ns_range_shared_unit ... ok
[INFO] [stdout] test format::tests::ns_unit_microseconds ... ok
[INFO] [stdout] test format::tests::ns_unit_milliseconds ... ok
[INFO] [stdout] test format::tests::ns_unit_seconds ... ok
[INFO] [stdout] test format::tests::ns_unit_single_digit_ns ... ok
[INFO] [stdout] test format::tests::ns_unit_sub_ns ... ok
[INFO] [stdout] test format::tests::ns_unit_triple_digit_ns ... ok
[INFO] [stdout] test gate::tests::basename_lower_strips_path_and_lowercases ... ok
[INFO] [stdout] test gate::tests::bench_name_patterns_match_harness_argv0_not_backup_args ... ok
[INFO] [stdout] test gate::tests::gate_config_ci_is_more_permissive ... ok
[INFO] [stdout] test gate::tests::gate_config_defaults_are_sane ... ok
[INFO] [stdout] test gate::tests::parse_launcher_pids_chained ... ok
[INFO] [stdout] test gate::tests::collect_ancestors_none_start_is_empty ... ok
[INFO] [stdout] test gate::tests::collect_ancestors_includes_our_parent ... ok
[INFO] [stdout] test gate::tests::parse_launcher_pids_empty ... ok
[INFO] [stdout] test gate::tests::parse_launcher_pids_ignores_invalid ... ok
[INFO] [stdout] test gate::tests::gate_disabled_skips_benchmark_check ... ok
[INFO] [stdout] test gate::tests::parse_launcher_pids_multiple ... ok
[INFO] [stdout] test gate::tests::parse_launcher_pids_single ... ok
[INFO] [stdout] test html::tests::detect_matrix_single_variant ... ok
[INFO] [stdout] test html::tests::detect_matrix_valid ... ok
[INFO] [stdout] test html::tests::flat_chart_for_non_matrix ... ok
[INFO] [stdout] test html::tests::render_matrix_produces_svg ... ok
[INFO] [stdout] test gate::tests::parse_launcher_pids_with_whitespace ... ok
[INFO] [stdout] test html::tests::detect_matrix_flat_names ... ok
[INFO] [stdout] test html::tests::detect_matrix_single_param ... ok
[INFO] [stdout] test quickchart::tests::fastest_gets_green_color ... ok
[INFO] [stdout] test quickchart::tests::escape_json_handles_special_chars ... ok
[INFO] [stdout] test quickchart::tests::custom_colors_applied ... ok
[INFO] [stdout] test quickchart::tests::empty_benchmarks_returns_none ... ok
[INFO] [stdout] test quickchart::tests::flat_names_produce_single_dataset ... ok
[INFO] [stdout] test quickchart::tests::grouped_chart_detected_for_matrix_names ... ok
[INFO] [stdout] test quickchart::tests::grouped_chart_uses_palette_colors ... ok
[INFO] [stdout] test quickchart::tests::print_demo_urls ... ignored
[INFO] [stdout] test quickchart::tests::markdown_output ... ok
[INFO] [stdout] test quickchart::tests::time_mode_uses_lower_is_better ... ok
[INFO] [stdout] test quickchart::tests::url_encode_roundtrip ... ok
[INFO] [stdout] test quickchart::tests::grouped_chart_has_param_labels ... ok
[INFO] [stdout] test quickchart::tests::height_scales_with_bar_count ... ok
[INFO] [stdout] test quickchart::tests::throughput_mode_uses_higher_is_better ... ok
[INFO] [stdout] test quickchart::tests::url_starts_with_quickchart ... ok
[INFO] [stdout] test results::tests::benchmark_result_tags ... ok
[INFO] [stdout] test results::tests::csv_header_contains_cold_start_ns_column ... ok
[INFO] [stdout] test results::tests::csv_escape_special_chars ... ok
[INFO] [stdout] test results::tests::csv_header_contains_significant_column ... ok
[INFO] [stdout] test results::tests::csv_output_has_header_and_rows ... ok
[INFO] [stdout] test results::tests::csv_single_bench_has_group_column ... ok
[INFO] [stdout] test results::tests::csv_header_contains_vs_base_pct_column ... ok
[INFO] [stdout] test results::tests::group_by_tag ... ok
[INFO] [stdout] test results::tests::html_single_bench_produces_output ... ok
[INFO] [stdout] test results::tests::json_standalones_field_serializes_empty ... ok
[INFO] [stdout] test results::tests::format_ns_ranges ... ok
[INFO] [stdout] test baseline::tests::save_and_load_roundtrip ... FAILED
[INFO] [stdout] test results::tests::csv_candidate_row_has_vs_base_pct_value ... ok
[INFO] [stdout] test results::tests::llm_multi_bench_group_has_group_field ... ok
[INFO] [stdout] test results::tests::csv_baseline_row_has_empty_vs_base_pct ... ok
[INFO] [stdout] test results::tests::llm_output_has_benchmark_field ... ok
[INFO] [stdout] test results::tests::llm_output_baseline_has_vs_base_eq_baseline ... ok
[INFO] [stdout] test results::tests::llm_output_candidate_has_vs_base_pct ... ok
[INFO] [stdout] test results::tests::llm_single_bench_omits_group_field ... ok
[INFO] [stdout] test results::tests::llm_output_cold_start_field_present_when_nonzero ... ok
[INFO] [stdout] test results::tests::markdown_output_contains_bar_chart ... ok
[INFO] [stdout] test results::tests::llm_output_has_group_field ... ok
[INFO] [stdout] test results::tests::markdown_output_has_min_and_mean_headers ... ok
[INFO] [stdout] test results::tests::llm_output_has_section_separators ... ok
[INFO] [stdout] test results::tests::markdown_output_contains_table ... ok
[INFO] [stdout] test results::tests::markdown_single_bench_is_one_liner ... ok
[INFO] [stdout] test results::tests::throughput_bytes_gibs ... ok
[INFO] [stdout] test results::tests::throughput_bytes_mibs ... ok
[INFO] [stdout] test results::tests::throughput_elements ... ok
[INFO] [stdout] test results::tests::throughput_format ... ok
[INFO] [stdout] test results::tests::llm_output_throughput_absent_when_not_set ... ok
[INFO] [stdout] test stats::tests::bootstrap_ci_basic ... ok
[INFO] [stdout] test exclusive::tests::heartbeat_advances ... ok
[INFO] [stdout] test results::tests::markdown_output_methodology_line_has_rounds_cross ... ok
[INFO] [stdout] test results::tests::markdown_multi_bench_uses_table ... ok
[INFO] [stdout] test stats::tests::bootstrap_ci_single_value ... ok
[INFO] [stdout] test stats::tests::iqr_filters_outliers ... ok
[INFO] [stdout] test stats::tests::bootstrap_ci_excludes_zero_for_all_positive ... ok
[INFO] [stdout] test stats::tests::bootstrap_ci_ordering ... ok
[INFO] [stdout] test results::tests::markdown_output_has_vs_base_column_when_comparisons_exist ... ok
[INFO] [stdout] test stats::tests::paired_analysis_identical ... ok
[INFO] [stdout] test stats::tests::slope_estimate_linear_relationship ... ok
[INFO] [stdout] test stats::tests::paired_analysis_faster_zero_variance ... ok
[INFO] [stdout] test stats::tests::slope_estimate_with_noise ... ok
[INFO] [stdout] test stats::tests::slope_estimate_too_few_points ... ok
[INFO] [stdout] test stats::tests::spearman_no_correlation ... ok
[INFO] [stdout] test stats::tests::spearman_inverse_correlation ... ok
[INFO] [stdout] test stats::tests::spearman_perfect_correlation ... ok
[INFO] [stdout] test stats::tests::summary_basic ... ok
[INFO] [stdout] test stats::tests::summary_empty ... ok
[INFO] [stdout] test stats::tests::summary_median_even_count ... ok
[INFO] [stdout] test stats::tests::summary_single ... ok
[INFO] [stdout] test stats::tests::bootstrap_ci_median_near_mean_for_symmetric_data ... ok
[INFO] [stdout] test stats::tests::wilcoxon_clear_difference ... ok
[INFO] [stdout] test stats::tests::wilcoxon_no_difference ... ok
[INFO] [stdout] test stats::tests::wilcoxon_small_n_returns_one ... ok
[INFO] [stdout] test stats::tests::slope_ci_brackets_true_slope ... ok
[INFO] [stdout] test timing::tests::asm_fence_does_not_panic ... ok
[INFO] [stdout] test timing::tests::stack_jitter_call_works ... ok
[INFO] [stdout] test timing::tests::stack_jitter_different_depths_produce_results ... ok
[INFO] [stdout] test timing::tests::ticks_to_ns_basic ... ok
[INFO] [stdout] test timing::tests::tsc_is_invariant_check ... ok
[INFO] [stdout] test timing::tests::tsc_reads_increase ... ok
[INFO] [stdout] test timing::tests::tsc_calibration_is_sane ... ok
[INFO] [stdout] test stats::tests::xoshiro_deterministic ... ok
[INFO] [stdout] test stats::tests::paired_analysis_slower ... ok
[INFO] [stdout] test stats::tests::paired_analysis_faster_with_noise ... ok
[INFO] [stdout] test calibration::tests::calibration_is_fast ... ok
[INFO] [stderr] error: test failed, to rerun pass `--lib`
[INFO] [stdout] test calibration::tests::calibration_values_are_sane ... ok
[INFO] [stdout] 
[INFO] [stdout] failures:
[INFO] [stdout] 
[INFO] [stdout] ---- baseline::tests::save_and_load_roundtrip stdout ----
[INFO] [stdout] 
[INFO] [stdout] thread 'baseline::tests::save_and_load_roundtrip' (1082) panicked at src/baseline.rs:422:61:
[INFO] [stdout] called `Result::unwrap()` on an `Err` value: Os { code: 30, kind: ReadOnlyFilesystem, message: "Read-only file system" }
[INFO] [stdout] stack backtrace:
[INFO] [stdout]    0:     0x606874ea6501 - std[70759c8f55707aa4]::backtrace_rs::backtrace::libunwind::trace
[INFO] [stdout]                                at /rustc/dfb0accb7f508ae8be965d8629557221c889dd98/library/std/src/../../backtrace/src/backtrace/libunwind.rs:117:9
[INFO] [stdout]    1:     0x606874ea6501 - std[70759c8f55707aa4]::backtrace_rs::backtrace::trace_unsynchronized::<std[70759c8f55707aa4]::sys::backtrace::_print_fmt::{closure#1}>
[INFO] [stdout]                                at /rustc/dfb0accb7f508ae8be965d8629557221c889dd98/library/std/src/../../backtrace/src/backtrace/mod.rs:66:14
[INFO] [stdout]    2:     0x606874ea6501 - std[70759c8f55707aa4]::sys::backtrace::_print_fmt
[INFO] [stdout]                                at /rustc/dfb0accb7f508ae8be965d8629557221c889dd98/library/std/src/sys/backtrace.rs:74:9
[INFO] [stdout]    3:     0x606874ea6501 - <<std[70759c8f55707aa4]::sys::backtrace::BacktraceLock>::print::DisplayBacktrace as core[df12db4294e9bfd3]::fmt::Display>::fmt
[INFO] [stdout]                                at /rustc/dfb0accb7f508ae8be965d8629557221c889dd98/library/std/src/sys/backtrace.rs:44:26
[INFO] [stdout]    4:     0x606874ebcf7a - <core[df12db4294e9bfd3]::fmt::rt::Argument>::fmt
[INFO] [stdout]                                at /rustc/dfb0accb7f508ae8be965d8629557221c889dd98/library/core/src/fmt/rt.rs:152:76
[INFO] [stdout]    5:     0x606874ebcf7a - core[df12db4294e9bfd3]::fmt::write
[INFO] [stdout]    6:     0x606874eaae7c - core[df12db4294e9bfd3]::io::write::default_write_fmt::<alloc[2182bb758b4b3781]::vec::Vec<u8>>
[INFO] [stdout]                                at /rustc/dfb0accb7f508ae8be965d8629557221c889dd98/library/core/src/io/write.rs:402:11
[INFO] [stdout]    7:     0x606874eaae7c - <alloc[2182bb758b4b3781]::vec::Vec<u8> as core[df12db4294e9bfd3]::io::write::Write>::write_fmt
[INFO] [stdout]                                at /rustc/dfb0accb7f508ae8be965d8629557221c889dd98/library/core/src/io/write.rs:335:13
[INFO] [stdout]    8:     0x606874e80d46 - <std[70759c8f55707aa4]::sys::backtrace::BacktraceLock>::print
[INFO] [stdout]                                at /rustc/dfb0accb7f508ae8be965d8629557221c889dd98/library/std/src/sys/backtrace.rs:47:9
[INFO] [stdout]    9:     0x606874e80d46 - std[70759c8f55707aa4]::panicking::default_hook::{closure#0}
[INFO] [stdout]                                at /rustc/dfb0accb7f508ae8be965d8629557221c889dd98/library/std/src/panicking.rs:292:27
[INFO] [stdout]   10:     0x606874e9e0b9 - std[70759c8f55707aa4]::panicking::default_hook
[INFO] [stdout]                                at /rustc/dfb0accb7f508ae8be965d8629557221c889dd98/library/std/src/panicking.rs:316:9
[INFO] [stdout]   11:     0x606874dd3d90 - <alloc[2182bb758b4b3781]::boxed::Box<dyn for<'a, 'b> core[df12db4294e9bfd3]::ops::function::Fn<(&'a std[70759c8f55707aa4]::panic::PanicHookInfo<'b>,), Output = ()> + core[df12db4294e9bfd3]::marker::Send + core[df12db4294e9bfd3]::marker::Sync> as core[df12db4294e9bfd3]::ops::function::Fn<(&std[70759c8f55707aa4]::panic::PanicHookInfo,)>>::call
[INFO] [stdout]                                at /rustc/dfb0accb7f508ae8be965d8629557221c889dd98/library/alloc/src/boxed.rs:2334:9
[INFO] [stdout]   12:     0x606874dd3d90 - test[9d35eded1c95d3be]::test_main_inner::<test[9d35eded1c95d3be]::test_main_static::{closure#0}>::{closure#0}
[INFO] [stdout]                                at /rustc/dfb0accb7f508ae8be965d8629557221c889dd98/library/test/src/lib.rs:155:21
[INFO] [stdout]   13:     0x606874e9e272 - <alloc[2182bb758b4b3781]::boxed::Box<dyn for<'a, 'b> core[df12db4294e9bfd3]::ops::function::Fn<(&'a std[70759c8f55707aa4]::panic::PanicHookInfo<'b>,), Output = ()> + core[df12db4294e9bfd3]::marker::Send + core[df12db4294e9bfd3]::marker::Sync> as core[df12db4294e9bfd3]::ops::function::Fn<(&std[70759c8f55707aa4]::panic::PanicHookInfo,)>>::call
[INFO] [stdout]                                at /rustc/dfb0accb7f508ae8be965d8629557221c889dd98/library/alloc/src/boxed.rs:2334:9
[INFO] [stdout]   14:     0x606874e9e272 - std[70759c8f55707aa4]::panicking::panic_with_hook
[INFO] [stdout]                                at /rustc/dfb0accb7f508ae8be965d8629557221c889dd98/library/std/src/panicking.rs:823:13
[INFO] [stdout]   15:     0x606874e80df2 - std[70759c8f55707aa4]::panicking::panic_handler::{closure#0}
[INFO] [stdout]                                at /rustc/dfb0accb7f508ae8be965d8629557221c889dd98/library/std/src/panicking.rs:688:13
[INFO] [stdout]   16:     0x606874e797c9 - std[70759c8f55707aa4]::sys::backtrace::__rust_end_short_backtrace::<std[70759c8f55707aa4]::panicking::panic_handler::{closure#0}, !>
[INFO] [stdout]                                at /rustc/dfb0accb7f508ae8be965d8629557221c889dd98/library/std/src/sys/backtrace.rs:182:18
[INFO] [stdout]   17:     0x606874e81add - __rustc[8fa7c3cbc660c2b3]::rust_begin_unwind
[INFO] [stdout]                                at /rustc/dfb0accb7f508ae8be965d8629557221c889dd98/library/std/src/panicking.rs:679:5
[INFO] [stdout]   18:     0x606874ebd76c - core[df12db4294e9bfd3]::panicking::panic_fmt
[INFO] [stdout]                                at /rustc/dfb0accb7f508ae8be965d8629557221c889dd98/library/core/src/panicking.rs:80:14
[INFO] [stdout]   19:     0x606874ebd4c2 - core[df12db4294e9bfd3]::result::unwrap_failed
[INFO] [stdout]                                at /rustc/dfb0accb7f508ae8be965d8629557221c889dd98/library/core/src/result.rs:1871:5
[INFO] [stdout]   20:     0x606874d9296c - <core[df12db4294e9bfd3]::result::Result<std[70759c8f55707aa4]::path::PathBuf, core[df12db4294e9bfd3]::io::error::Error>>::unwrap
[INFO] [stdout]                                at /rustc/dfb0accb7f508ae8be965d8629557221c889dd98/library/core/src/result.rs:1232:23
[INFO] [stdout]   21:     0x606874d9296c - zenbench[d3c01d8c5059437]::baseline::tests::save_and_load_roundtrip
[INFO] [stdout]                                at /opt/rustwide/workdir/src/baseline.rs:422:61
[INFO] [stdout]   22:     0x606874d8eda7 - zenbench[d3c01d8c5059437]::baseline::tests::save_and_load_roundtrip::{closure#0}
[INFO] [stdout]                                at /opt/rustwide/workdir/src/baseline.rs:419:33
[INFO] [stdout]   23:     0x606874d85306 - <zenbench[d3c01d8c5059437]::baseline::tests::save_and_load_roundtrip::{closure#0} as core[df12db4294e9bfd3]::ops::function::FnOnce<()>>::call_once
[INFO] [stdout]                                at /rustc/dfb0accb7f508ae8be965d8629557221c889dd98/library/core/src/ops/function.rs:250:5
[INFO] [stdout]   24:     0x606874dc707b - <fn() -> core[df12db4294e9bfd3]::result::Result<(), alloc[2182bb758b4b3781]::string::String> as core[df12db4294e9bfd3]::ops::function::FnOnce<()>>::call_once
[INFO] [stdout]                                at /rustc/dfb0accb7f508ae8be965d8629557221c889dd98/library/core/src/ops/function.rs:250:5
[INFO] [stdout]   25:     0x606874dc707b - test[9d35eded1c95d3be]::__rust_begin_short_backtrace::<core[df12db4294e9bfd3]::result::Result<(), alloc[2182bb758b4b3781]::string::String>, fn() -> core[df12db4294e9bfd3]::result::Result<(), alloc[2182bb758b4b3781]::string::String>>
[INFO] [stdout]                                at /rustc/dfb0accb7f508ae8be965d8629557221c889dd98/library/test/src/lib.rs:733:18
[INFO] [stdout]   26:     0x606874dd46e5 - test[9d35eded1c95d3be]::run_test_in_process::{closure#0}
[INFO] [stdout]                                at /rustc/dfb0accb7f508ae8be965d8629557221c889dd98/library/test/src/lib.rs:756:74
[INFO] [stdout]   27:     0x606874dd46e5 - <core[df12db4294e9bfd3]::panic::unwind_safe::AssertUnwindSafe<test[9d35eded1c95d3be]::run_test_in_process::{closure#0}> as core[df12db4294e9bfd3]::ops::function::FnOnce<()>>::call_once
[INFO] [stdout]                                at /rustc/dfb0accb7f508ae8be965d8629557221c889dd98/library/core/src/panic/unwind_safe.rs:275:9
[INFO] [stdout]   28:     0x606874dd46e5 - std[70759c8f55707aa4]::panicking::catch_unwind::do_call::<core[df12db4294e9bfd3]::panic::unwind_safe::AssertUnwindSafe<test[9d35eded1c95d3be]::run_test_in_process::{closure#0}>, core[df12db4294e9bfd3]::result::Result<(), alloc[2182bb758b4b3781]::string::String>>
[INFO] [stdout]                                at /rustc/dfb0accb7f508ae8be965d8629557221c889dd98/library/std/src/panicking.rs:576:43
[INFO] [stdout]   29:     0x606874dd46e5 - std[70759c8f55707aa4]::panicking::catch_unwind::<core[df12db4294e9bfd3]::result::Result<(), alloc[2182bb758b4b3781]::string::String>, core[df12db4294e9bfd3]::panic::unwind_safe::AssertUnwindSafe<test[9d35eded1c95d3be]::run_test_in_process::{closure#0}>>
[INFO] [stdout]                                at /rustc/dfb0accb7f508ae8be965d8629557221c889dd98/library/std/src/panicking.rs:544:19
[INFO] [stdout]   30:     0x606874dd46e5 - std[70759c8f55707aa4]::panic::catch_unwind::<core[df12db4294e9bfd3]::panic::unwind_safe::AssertUnwindSafe<test[9d35eded1c95d3be]::run_test_in_process::{closure#0}>, core[df12db4294e9bfd3]::result::Result<(), alloc[2182bb758b4b3781]::string::String>>
[INFO] [stdout]                                at /rustc/dfb0accb7f508ae8be965d8629557221c889dd98/library/std/src/panic.rs:359:14
[INFO] [stdout]   31:     0x606874dd46e5 - test[9d35eded1c95d3be]::run_test_in_process
[INFO] [stdout]                                at /rustc/dfb0accb7f508ae8be965d8629557221c889dd98/library/test/src/lib.rs:756:27
[INFO] [stdout]   32:     0x606874dd46e5 - test[9d35eded1c95d3be]::run_test::{closure#0}
[INFO] [stdout]                                at /rustc/dfb0accb7f508ae8be965d8629557221c889dd98/library/test/src/lib.rs:677:43
[INFO] [stdout]   33:     0x606874dcdfa4 - test[9d35eded1c95d3be]::run_test::{closure#1}
[INFO] [stdout]                                at /rustc/dfb0accb7f508ae8be965d8629557221c889dd98/library/test/src/lib.rs:707:41
[INFO] [stdout]   34:     0x606874dcdfa4 - std[70759c8f55707aa4]::sys::backtrace::__rust_begin_short_backtrace::<test[9d35eded1c95d3be]::run_test::{closure#1}, ()>
[INFO] [stdout]                                at /rustc/dfb0accb7f508ae8be965d8629557221c889dd98/library/std/src/sys/backtrace.rs:166:18
[INFO] [stdout]   35:     0x606874dd7842 - std[70759c8f55707aa4]::thread::lifecycle::spawn_unchecked::<test[9d35eded1c95d3be]::run_test::{closure#1}, ()>::{closure#1}::{closure#0}
[INFO] [stdout]                                at /rustc/dfb0accb7f508ae8be965d8629557221c889dd98/library/std/src/thread/lifecycle.rs:70:13
[INFO] [stdout]   36:     0x606874dd7842 - <core[df12db4294e9bfd3]::panic::unwind_safe::AssertUnwindSafe<std[70759c8f55707aa4]::thread::lifecycle::spawn_unchecked<test[9d35eded1c95d3be]::run_test::{closure#1}, ()>::{closure#1}::{closure#0}> as core[df12db4294e9bfd3]::ops::function::FnOnce<()>>::call_once
[INFO] [stdout]                                at /rustc/dfb0accb7f508ae8be965d8629557221c889dd98/library/core/src/panic/unwind_safe.rs:275:9
[INFO] [stdout]   37:     0x606874dd7842 - std[70759c8f55707aa4]::panicking::catch_unwind::do_call::<core[df12db4294e9bfd3]::panic::unwind_safe::AssertUnwindSafe<std[70759c8f55707aa4]::thread::lifecycle::spawn_unchecked<test[9d35eded1c95d3be]::run_test::{closure#1}, ()>::{closure#1}::{closure#0}>, ()>
[INFO] [stdout]                                at /rustc/dfb0accb7f508ae8be965d8629557221c889dd98/library/std/src/panicking.rs:576:43
[INFO] [stdout]   38:     0x606874dd7842 - std[70759c8f55707aa4]::panicking::catch_unwind::<(), core[df12db4294e9bfd3]::panic::unwind_safe::AssertUnwindSafe<std[70759c8f55707aa4]::thread::lifecycle::spawn_unchecked<test[9d35eded1c95d3be]::run_test::{closure#1}, ()>::{closure#1}::{closure#0}>>
[INFO] [stdout]                                at /rustc/dfb0accb7f508ae8be965d8629557221c889dd98/library/std/src/panicking.rs:544:19
[INFO] [stdout]   39:     0x606874dd7842 - std[70759c8f55707aa4]::panic::catch_unwind::<core[df12db4294e9bfd3]::panic::unwind_safe::AssertUnwindSafe<std[70759c8f55707aa4]::thread::lifecycle::spawn_unchecked<test[9d35eded1c95d3be]::run_test::{closure#1}, ()>::{closure#1}::{closure#0}>, ()>
[INFO] [stdout]                                at /rustc/dfb0accb7f508ae8be965d8629557221c889dd98/library/std/src/panic.rs:359:14
[INFO] [stdout]   40:     0x606874dd7842 - std[70759c8f55707aa4]::thread::lifecycle::spawn_unchecked::<test[9d35eded1c95d3be]::run_test::{closure#1}, ()>::{closure#1}
[INFO] [stdout]                                at /rustc/dfb0accb7f508ae8be965d8629557221c889dd98/library/std/src/thread/lifecycle.rs:68:26
[INFO] [stdout]   41:     0x606874dd7842 - <std[70759c8f55707aa4]::thread::lifecycle::spawn_unchecked<test[9d35eded1c95d3be]::run_test::{closure#1}, ()>::{closure#1} as core[df12db4294e9bfd3]::ops::function::FnOnce<()>>::call_once::{shim:vtable#0}
[INFO] [stdout]                                at /rustc/dfb0accb7f508ae8be965d8629557221c889dd98/library/core/src/ops/function.rs:250:5
[INFO] [stdout]   42:     0x606874ea5879 - <alloc[2182bb758b4b3781]::boxed::Box<dyn core[df12db4294e9bfd3]::ops::function::FnOnce<(), Output = ()> + core[df12db4294e9bfd3]::marker::Send> as core[df12db4294e9bfd3]::ops::function::FnOnce<()>>::call_once
[INFO] [stdout]                                at /rustc/dfb0accb7f508ae8be965d8629557221c889dd98/library/alloc/src/boxed.rs:2320:9
[INFO] [stdout]   43:     0x606874ea5879 - <std[70759c8f55707aa4]::sys::thread::unix::Thread>::new::thread_start
[INFO] [stdout]                                at /rustc/dfb0accb7f508ae8be965d8629557221c889dd98/library/std/src/sys/thread/unix.rs:123:17
[INFO] [stdout]   44:     0x79de8e936dfa - <unknown>
[INFO] [stdout]   45:     0x79de8e9ca3d4 - clone
[INFO] [stdout]   46:                0x0 - <unknown>
[INFO] [stdout] 
[INFO] [stdout] 
[INFO] [stdout] failures:
[INFO] [stdout]     baseline::tests::save_and_load_roundtrip
[INFO] [stdout] 
[INFO] [stdout] test result: FAILED. 140 passed; 1 failed; 1 ignored; 0 measured; 0 filtered out; finished in 0.98s
[INFO] [stdout] 
[INFO] running `Command { std: "docker" "inspect" "06680b19142e1cc52ad4f98131e3104421f97963c2fc106264200f5648f1ecf2", kill_on_drop: false }`
[INFO] running `Command { std: "docker" "rm" "-f" "06680b19142e1cc52ad4f98131e3104421f97963c2fc106264200f5648f1ecf2", kill_on_drop: false }`
[INFO] [stdout] 06680b19142e1cc52ad4f98131e3104421f97963c2fc106264200f5648f1ecf2
