[INFO] fetching crate zcomplete 0.1.2...
[INFO] testing zcomplete-0.1.2 against 1.99.0-beta.8 for beta-1.100-2
[INFO] extracting crate zcomplete 0.1.2 into /workspace/builds/worker-5-tc1/source
[INFO] started tweaking crates.io crate zcomplete 0.1.2
[INFO] finished tweaking crates.io crate zcomplete 0.1.2
[INFO] tweaked toml for crates.io crate zcomplete 0.1.2 written to /workspace/builds/worker-5-tc1/source/Cargo.toml
[INFO] validating manifest of crates.io crate zcomplete 0.1.2 on toolchain 1.99.0-beta.8
[INFO] running `Command { std: CARGO_HOME="/workspace/cargo-home" RUSTUP_HOME="/workspace/rustup-home" "/workspace/cargo-home/bin/cargo" "+1.99.0-beta.8" "metadata" "--manifest-path" "Cargo.toml" "--no-deps", kill_on_drop: false }`
[INFO] crate crates.io crate zcomplete 0.1.2 already has a lockfile, it will not be regenerated
[INFO] running `Command { std: CARGO_HOME="/workspace/cargo-home" RUSTUP_HOME="/workspace/rustup-home" "/workspace/cargo-home/bin/cargo" "+1.99.0-beta.8" "fetch" "--manifest-path" "Cargo.toml", kill_on_drop: false }`
[INFO] running `Command { std: "docker" "create" "-v" "/var/lib/crater-agent-workspace/builds/worker-5-tc1/source:/opt/rustwide/workdir:ro,Z" "-v" "/var/lib/crater-agent-workspace/builds/worker-5-tc1/target:/opt/rustwide/target:rw,Z" "-v" "/var/lib/crater-agent-workspace/cargo-home:/opt/rustwide/cargo-home:ro,Z" "-v" "/var/lib/crater-agent-workspace/rustup-home:/opt/rustwide/rustup-home:ro,Z" "-m" "1610612736" "--network" "none" "ghcr.io/rust-lang/crates-build-env/linux@sha256:3111399a4047eeb3a02b7a90e478d715f38a8c6669b5c4b49d30a17385265909" "sleep" "infinity", kill_on_drop: false }`
[INFO] [stdout] 98460e89f1f4fd2a2457d1b765b087067f4dbfaf001b3629e0645afbacd92564
[INFO] running `Command { std: "docker" "start" "98460e89f1f4fd2a2457d1b765b087067f4dbfaf001b3629e0645afbacd92564", kill_on_drop: false }`
[INFO] running `Command { std: "docker" "inspect" "98460e89f1f4fd2a2457d1b765b087067f4dbfaf001b3629e0645afbacd92564", kill_on_drop: false }`
[INFO] running `Command { std: "docker" "exec" "-e" "SOURCE_DIR=/opt/rustwide/workdir" "-e" "CARGO_HOME=/opt/rustwide/cargo-home" "-e" "RUSTUP_HOME=/opt/rustwide/rustup-home" "-e" "CARGO_TARGET_DIR=/opt/rustwide/target" "-w" "/opt/rustwide/workdir" "--user" "0:0" "98460e89f1f4fd2a2457d1b765b087067f4dbfaf001b3629e0645afbacd92564" "/opt/rustwide/cargo-home/bin/cargo" "+1.99.0-beta.8" "metadata" "--no-deps" "--format-version=1", kill_on_drop: false }`
[INFO] running `Command { std: "docker" "inspect" "98460e89f1f4fd2a2457d1b765b087067f4dbfaf001b3629e0645afbacd92564", kill_on_drop: false }`
[INFO] running `Command { std: "docker" "exec" "-e" "SOURCE_DIR=/opt/rustwide/workdir" "-e" "CARGO_HOME=/opt/rustwide/cargo-home" "-e" "RUSTUP_HOME=/opt/rustwide/rustup-home" "-e" "CARGO_TARGET_DIR=/opt/rustwide/target" "-e" "CARGO_INCREMENTAL=0" "-e" "RUST_BACKTRACE=full" "-e" "RUSTFLAGS=--cap-lints=warn" "-e" "RUSTDOCFLAGS=--cap-lints=warn" "-w" "/opt/rustwide/workdir" "--user" "0:0" "98460e89f1f4fd2a2457d1b765b087067f4dbfaf001b3629e0645afbacd92564" "/opt/rustwide/cargo-home/bin/cargo" "+1.99.0-beta.8" "build" "--frozen" "--message-format=json", kill_on_drop: false }`
[INFO] [stderr]    Compiling zcomplete v0.1.2 (/opt/rustwide/workdir)
[INFO] [stderr]     Finished `dev` profile [unoptimized + debuginfo] target(s) in 2.09s
[INFO] running `Command { std: "docker" "inspect" "98460e89f1f4fd2a2457d1b765b087067f4dbfaf001b3629e0645afbacd92564", kill_on_drop: false }`
[INFO] running `Command { std: "docker" "exec" "-e" "SOURCE_DIR=/opt/rustwide/workdir" "-e" "CARGO_HOME=/opt/rustwide/cargo-home" "-e" "RUSTUP_HOME=/opt/rustwide/rustup-home" "-e" "CARGO_TARGET_DIR=/opt/rustwide/target" "-e" "CARGO_INCREMENTAL=0" "-e" "RUST_BACKTRACE=full" "-e" "RUSTFLAGS=--cap-lints=warn" "-e" "RUSTDOCFLAGS=--cap-lints=warn" "-w" "/opt/rustwide/workdir" "--user" "0:0" "98460e89f1f4fd2a2457d1b765b087067f4dbfaf001b3629e0645afbacd92564" "/opt/rustwide/cargo-home/bin/cargo" "+1.99.0-beta.8" "test" "--frozen" "--no-run" "--message-format=json", kill_on_drop: false }`
[INFO] [stderr]    Compiling zcomplete v0.1.2 (/opt/rustwide/workdir)
[INFO] [stderr]     Finished `test` profile [unoptimized + debuginfo] target(s) in 2.13s
[INFO] running `Command { std: "docker" "inspect" "98460e89f1f4fd2a2457d1b765b087067f4dbfaf001b3629e0645afbacd92564", kill_on_drop: false }`
[INFO] running `Command { std: "docker" "exec" "-e" "SOURCE_DIR=/opt/rustwide/workdir" "-e" "CARGO_HOME=/opt/rustwide/cargo-home" "-e" "RUSTUP_HOME=/opt/rustwide/rustup-home" "-e" "CARGO_TARGET_DIR=/opt/rustwide/target" "-e" "CARGO_INCREMENTAL=0" "-e" "RUST_BACKTRACE=full" "-e" "RUSTFLAGS=--cap-lints=warn" "-e" "RUSTDOCFLAGS=--cap-lints=warn" "-w" "/opt/rustwide/workdir" "--user" "0:0" "98460e89f1f4fd2a2457d1b765b087067f4dbfaf001b3629e0645afbacd92564" "/opt/rustwide/cargo-home/bin/cargo" "+1.99.0-beta.8" "test" "--frozen", kill_on_drop: false }`
[INFO] [stderr]     Finished `test` profile [unoptimized + debuginfo] target(s) in 0.01s
[INFO] [stderr]      Running unittests src/main.rs (/opt/rustwide/target/debug/deps/zcomplete-42633feab0ece6ce)
[INFO] [stdout] 
[INFO] [stdout] running 68 tests
[INFO] [stdout] test correct::tests::every_command_in_a_line_is_found ... ok
[INFO] [stdout] test admin::tests::relative_times_read_like_english ... ok
[INFO] [stdout] test correct::tests::a_file_sitting_right_there_is_not_a_subcommand ... ok
[INFO] [stdout] test matcher::tests::a_bash_function_is_not_offered_inside_fish ... ok
[INFO] [stdout] test correct::tests::only_a_plain_word_can_ever_be_spliced_into_a_line ... ok
[INFO] [stdout] test correct::tests::a_command_earns_its_subcommands_by_repeating_them ... ok
[INFO] [stdout] test correct::tests::the_verb_is_found_past_the_options_and_the_wrappers ... ok
[INFO] [stdout] test correct::tests::a_line_that_would_be_replayed_is_left_alone ... ok
[INFO] [stdout] test correct::tests::the_path_prefilter_keeps_everything_the_ranking_could_want ... ok
[INFO] [stdout] test correct::tests::a_filename_the_shell_would_read_as_punctuation_is_never_offered ... ok
[INFO] [stdout] test matcher::tests::how_long_one_failed_word_takes ... ignored, a measurement, not a check: cargo test --release -- --ignored --nocapture
[INFO] [stdout] test matcher::tests::a_single_edit_is_read_before_a_scattered_abbreviation ... ok
[INFO] [stdout] test matcher::tests::a_word_with_two_honest_readings_offers_both ... ok
[INFO] [stdout] test matcher::tests::which_slips_it_reads_wrong ... ignored, a listing, not a check: cargo test --release -- --ignored --nocapture
[INFO] [stdout] test matcher::tests::distance_bails_out_instead_of_scanning_everything ... ok
[INFO] [stdout] test matcher::tests::the_resolution_table ... ok
[INFO] [stdout] test safety::tests::a_destructive_flag_is_caught_on_a_command_we_have_no_rule_for ... ok
[INFO] [stdout] test matcher::tests::how_you_match_matters_more_than_how_often_you_run_it ... ok
[INFO] [stdout] test matcher::tests::ignored_commands_are_never_offered ... ok
[INFO] [stdout] test safety::tests::a_dry_run_is_not_a_destructive_run ... ok
[INFO] [stdout] test safety::tests::a_flag_that_takes_a_value_does_not_hide_the_verb ... ok
[INFO] [stdout] test safety::tests::a_subcommand_is_the_verb_and_not_any_word_that_looks_like_one ... ok
[INFO] [stdout] test safety::tests::checkout_of_an_actual_path_is_destructive ... ok
[INFO] [stdout] test correct::tests::a_command_that_is_no_longer_installed_is_not_offered ... ok
[INFO] [stdout] test safety::tests::deletion_spelled_as_a_subcommand_is_still_deletion ... ok
[INFO] [stdout] test safety::tests::clustered_and_long_flags_read_the_same ... ok
[INFO] [stdout] test matcher::tests::a_word_that_is_not_a_command_cannot_win ... ok
[INFO] [stdout] test safety::tests::discarding_local_work_asks_even_without_a_scary_flag ... ok
[INFO] [stdout] test correct::tests::pathlike_words_are_left_alone ... ok
[INFO] [stdout] test safety::tests::a_long_option_is_not_a_cluster_of_short_ones ... ok
[INFO] [stdout] test safety::tests::harmless_neighbours_do_not_ask ... ok
[INFO] [stdout] test safety::tests::removal_always_asks_however_it_is_spelled ... ok
[INFO] [stdout] test correct::tests::a_command_that_costs_something_is_never_run_to_read_its_help ... ok
[INFO] [stdout] test safety::tests::sigkill_is_recognised_by_every_name_it_has ... ok
[INFO] [stdout] test shell::tests::finds_the_command_behind_the_wrappers ... ok
[INFO] [stdout] test shell::tests::help_output_yields_verbs_and_not_prose ... ok
[INFO] [stdout] test correct::tests::the_prompt_previews_the_word_it_is_actually_replacing ... ok
[INFO] [stdout] test matcher::tests::buried_corrections_stop_being_offered ... ok
[INFO] [stdout] test matcher::tests::context_lifts_a_command_used_in_this_directory ... ok
[INFO] [stdout] test store::tests::a_database_from_before_the_settings_trailer_still_reads ... ok
[INFO] [stdout] test shell::tests::reads_every_history_format ... ok
[INFO] [stdout] test matcher::tests::a_word_two_edits_away_never_wins_over_one_a_single_edit_away ... ok
[INFO] [stdout] test shell::tests::old_path_listings_are_reaped ... ok
[INFO] [stdout] test store::tests::a_forget_that_found_nothing_writes_nothing ... ok
[INFO] [stdout] test store::tests::a_database_from_the_future_is_left_alone ... ok
[INFO] [stdout] test matcher::tests::frecency_breaks_ties_inside_a_tier ... ok
[INFO] [stdout] test store::tests::a_directory_and_a_command_of_the_same_name_are_different_scopes ... ok
[INFO] [stdout] test shell::tests::path_lookup_agrees_with_the_system ... ok
[INFO] [stdout] test store::tests::a_second_corruption_does_not_destroy_the_first_ones_copy ... ok
[INFO] [stdout] test store::tests::an_absurdly_long_name_does_not_destroy_the_database ... ok
[INFO] [stdout] test store::tests::a_pin_outlives_the_churn_that_fills_the_table ... ok
[INFO] [stdout] test store::tests::forgetting_a_command_takes_its_subcommands_and_bindings_with_it ... ok
[INFO] [stdout] test store::tests::emptying_the_database_leaves_nothing_that_still_answers ... ok
[INFO] [stdout] test store::tests::forgetting_reaches_scopes_that_were_never_read ... ok
[INFO] [stdout] test store::tests::a_scope_nobody_read_survives_a_write_that_touched_another ... ok
[INFO] [stdout] test store::tests::garbage_length_prefix_does_not_allocate_wildly ... ok
[INFO] [stdout] test store::tests::ranks_are_scaled_down_once_they_pile_up ... ok
[INFO] [stdout] test shell::tests::a_real_command_advertises_its_real_verbs ... ok
[INFO] [stdout] test store::tests::round_trips_every_table ... ok
[INFO] [stdout] test store::tests::recent_use_outranks_a_stale_habit ... ok
[INFO] [stdout] test store::tests::the_database_is_not_world_readable ... ok
[INFO] [stdout] test tests::flags_stop_at_the_terminator ... ok
[INFO] [stdout] test tests::errors_name_the_file_and_drop_the_errno ... ok
[INFO] [stdout] test store::tests::quarantined_copies_do_not_pile_up_forever ... ok
[INFO] [stdout] test matcher::tests::a_suggestion_is_always_something_the_store_knows ... ok
[INFO] [stdout] test store::tests::truncated_file_is_quarantined_not_fatal ... ok
[INFO] [stdout] test store::tests::a_database_that_cannot_be_read_is_never_written_over ... FAILED
[INFO] [stdout] test matcher::tests::a_slip_of_the_hand_lands_on_the_command_that_was_meant ... ok
[INFO] [stdout] 
[INFO] [stdout] failures:
[INFO] [stdout] 
[INFO] [stdout] ---- store::tests::a_database_that_cannot_be_read_is_never_written_over stdout ----
[INFO] [stdout] 
[INFO] [stdout] thread 'store::tests::a_database_that_cannot_be_read_is_never_written_over' (240) panicked at src/store.rs:1123:9:
[INFO] [stdout] assertion `left == right` failed: the database was rewritten
[INFO] [stdout]   left: [90, 67, 68, 66, 2, 0, 0, 0, 3, 0, 0, 0, 3, 0, 103, 105, 116, 0, 0, 0, 128, 63, 24, 99, 197, 106, 0, 0, 0, 0, 5, 0, 99, 97, 114, 103, 111, 0, 0, 0, 128, 63, 24, 99, 197, 106, 0, 0, 0, 0, 2, 0, 108, 115, 0, 0, 0, 128, 63, 24, 99, 197, 106, 0, 0, 0, 0, 0, 0, 0, 0, 1, 0, 0, 0, 2, 0, 103, 115, 3, 0, 103, 105, 116, 0, 0, 16, 0, 24, 99, 197, 106, 0, 0, 0, 0, 0, 0, 0, 0, 0, 1]
[INFO] [stdout]  right: [90, 67, 68, 66, 2, 0, 0, 0, 2, 0, 0, 0, 3, 0, 103, 105, 116, 0, 0, 0, 128, 63, 24, 99, 197, 106, 0, 0, 0, 0, 5, 0, 99, 97, 114, 103, 111, 0, 0, 0, 128, 63, 24, 99, 197, 106, 0, 0, 0, 0, 0, 0, 0, 0, 1, 0, 0, 0, 2, 0, 103, 115, 3, 0, 103, 105, 116, 0, 0, 16, 0, 24, 99, 197, 106, 0, 0, 0, 0, 0, 0, 0, 0, 0, 1]
[INFO] [stdout] stack backtrace:
[INFO] [stdout]    0:     0x5fcd5f0ffa51 - std[70759c8f55707aa4]::backtrace_rs::backtrace::libunwind::trace
[INFO] [stdout]                                at /rustc/dfb0accb7f508ae8be965d8629557221c889dd98/library/std/src/../../backtrace/src/backtrace/libunwind.rs:117:9
[INFO] [stdout]    1:     0x5fcd5f0ffa51 - std[70759c8f55707aa4]::backtrace_rs::backtrace::trace_unsynchronized::<std[70759c8f55707aa4]::sys::backtrace::_print_fmt::{closure#1}>
[INFO] [stdout]                                at /rustc/dfb0accb7f508ae8be965d8629557221c889dd98/library/std/src/../../backtrace/src/backtrace/mod.rs:66:14
[INFO] [stdout]    2:     0x5fcd5f0ffa51 - std[70759c8f55707aa4]::sys::backtrace::_print_fmt
[INFO] [stdout]                                at /rustc/dfb0accb7f508ae8be965d8629557221c889dd98/library/std/src/sys/backtrace.rs:74:9
[INFO] [stdout]    3:     0x5fcd5f0ffa51 - <<std[70759c8f55707aa4]::sys::backtrace::BacktraceLock>::print::DisplayBacktrace as core[df12db4294e9bfd3]::fmt::Display>::fmt
[INFO] [stdout]                                at /rustc/dfb0accb7f508ae8be965d8629557221c889dd98/library/std/src/sys/backtrace.rs:44:26
[INFO] [stdout]    4:     0x5fcd5f11579a - <core[df12db4294e9bfd3]::fmt::rt::Argument>::fmt
[INFO] [stdout]                                at /rustc/dfb0accb7f508ae8be965d8629557221c889dd98/library/core/src/fmt/rt.rs:152:76
[INFO] [stdout]    5:     0x5fcd5f11579a - core[df12db4294e9bfd3]::fmt::write
[INFO] [stdout]    6:     0x5fcd5f1041dc - core[df12db4294e9bfd3]::io::write::default_write_fmt::<alloc[2182bb758b4b3781]::vec::Vec<u8>>
[INFO] [stdout]                                at /rustc/dfb0accb7f508ae8be965d8629557221c889dd98/library/core/src/io/write.rs:402:11
[INFO] [stdout]    7:     0x5fcd5f1041dc - <alloc[2182bb758b4b3781]::vec::Vec<u8> as core[df12db4294e9bfd3]::io::write::Write>::write_fmt
[INFO] [stdout]                                at /rustc/dfb0accb7f508ae8be965d8629557221c889dd98/library/core/src/io/write.rs:335:13
[INFO] [stdout]    8:     0x5fcd5f0d8d66 - <std[70759c8f55707aa4]::sys::backtrace::BacktraceLock>::print
[INFO] [stdout]                                at /rustc/dfb0accb7f508ae8be965d8629557221c889dd98/library/std/src/sys/backtrace.rs:47:9
[INFO] [stdout]    9:     0x5fcd5f0d8d66 - std[70759c8f55707aa4]::panicking::default_hook::{closure#0}
[INFO] [stdout]                                at /rustc/dfb0accb7f508ae8be965d8629557221c889dd98/library/std/src/panicking.rs:292:27
[INFO] [stdout]   10:     0x5fcd5f0f6e29 - std[70759c8f55707aa4]::panicking::default_hook
[INFO] [stdout]                                at /rustc/dfb0accb7f508ae8be965d8629557221c889dd98/library/std/src/panicking.rs:316:9
[INFO] [stdout]   11:     0x5fcd5f090ab0 - <alloc[2182bb758b4b3781]::boxed::Box<dyn for<'a, 'b> core[df12db4294e9bfd3]::ops::function::Fn<(&'a std[70759c8f55707aa4]::panic::PanicHookInfo<'b>,), Output = ()> + core[df12db4294e9bfd3]::marker::Send + core[df12db4294e9bfd3]::marker::Sync> as core[df12db4294e9bfd3]::ops::function::Fn<(&std[70759c8f55707aa4]::panic::PanicHookInfo,)>>::call
[INFO] [stdout]                                at /rustc/dfb0accb7f508ae8be965d8629557221c889dd98/library/alloc/src/boxed.rs:2334:9
[INFO] [stdout]   12:     0x5fcd5f090ab0 - test[9d35eded1c95d3be]::test_main_inner::<test[9d35eded1c95d3be]::test_main_static::{closure#0}>::{closure#0}
[INFO] [stdout]                                at /rustc/dfb0accb7f508ae8be965d8629557221c889dd98/library/test/src/lib.rs:155:21
[INFO] [stdout]   13:     0x5fcd5f0f6fe2 - <alloc[2182bb758b4b3781]::boxed::Box<dyn for<'a, 'b> core[df12db4294e9bfd3]::ops::function::Fn<(&'a std[70759c8f55707aa4]::panic::PanicHookInfo<'b>,), Output = ()> + core[df12db4294e9bfd3]::marker::Send + core[df12db4294e9bfd3]::marker::Sync> as core[df12db4294e9bfd3]::ops::function::Fn<(&std[70759c8f55707aa4]::panic::PanicHookInfo,)>>::call
[INFO] [stdout]                                at /rustc/dfb0accb7f508ae8be965d8629557221c889dd98/library/alloc/src/boxed.rs:2334:9
[INFO] [stdout]   14:     0x5fcd5f0f6fe2 - std[70759c8f55707aa4]::panicking::panic_with_hook
[INFO] [stdout]                                at /rustc/dfb0accb7f508ae8be965d8629557221c889dd98/library/std/src/panicking.rs:823:13
[INFO] [stdout]   15:     0x5fcd5f0d8e12 - std[70759c8f55707aa4]::panicking::panic_handler::{closure#0}
[INFO] [stdout]                                at /rustc/dfb0accb7f508ae8be965d8629557221c889dd98/library/std/src/panicking.rs:688:13
[INFO] [stdout]   16:     0x5fcd5f0d1779 - std[70759c8f55707aa4]::sys::backtrace::__rust_end_short_backtrace::<std[70759c8f55707aa4]::panicking::panic_handler::{closure#0}, !>
[INFO] [stdout]                                at /rustc/dfb0accb7f508ae8be965d8629557221c889dd98/library/std/src/sys/backtrace.rs:182:18
[INFO] [stdout]   17:     0x5fcd5f0d9cad - __rustc[8fa7c3cbc660c2b3]::rust_begin_unwind
[INFO] [stdout]                                at /rustc/dfb0accb7f508ae8be965d8629557221c889dd98/library/std/src/panicking.rs:679:5
[INFO] [stdout]   18:     0x5fcd5f115f6c - core[df12db4294e9bfd3]::panicking::panic_fmt
[INFO] [stdout]                                at /rustc/dfb0accb7f508ae8be965d8629557221c889dd98/library/core/src/panicking.rs:80:14
[INFO] [stdout]   19:     0x5fcd5f115e83 - core[df12db4294e9bfd3]::panicking::assert_failed_inner
[INFO] [stdout]                                at /rustc/dfb0accb7f508ae8be965d8629557221c889dd98/library/core/src/panicking.rs:447:23
[INFO] [stdout]   20:     0x5fcd5f029fae - core[df12db4294e9bfd3]::panicking::assert_failed::<alloc[2182bb758b4b3781]::vec::Vec<u8>, alloc[2182bb758b4b3781]::vec::Vec<u8>>
[INFO] [stdout]                                at /rustc/dfb0accb7f508ae8be965d8629557221c889dd98/library/core/src/panicking.rs:407:5
[INFO] [stdout]   21:     0x5fcd5f03a6a9 - zcomplete[4dff380c9337869]::store::tests::a_database_that_cannot_be_read_is_never_written_over
[INFO] [stdout]                                at /opt/rustwide/workdir/src/store.rs:1123:9
[INFO] [stdout]   22:     0x5fcd5f034467 - zcomplete[4dff380c9337869]::store::tests::a_database_that_cannot_be_read_is_never_written_over::{closure#0}
[INFO] [stdout]                                at /opt/rustwide/workdir/src/store.rs:1105:62
[INFO] [stdout]   23:     0x5fcd5f05c156 - <zcomplete[4dff380c9337869]::store::tests::a_database_that_cannot_be_read_is_never_written_over::{closure#0} as core[df12db4294e9bfd3]::ops::function::FnOnce<()>>::call_once
[INFO] [stdout]                                at /rustc/dfb0accb7f508ae8be965d8629557221c889dd98/library/core/src/ops/function.rs:250:5
[INFO] [stdout]   24:     0x5fcd5f083d9b - <fn() -> core[df12db4294e9bfd3]::result::Result<(), alloc[2182bb758b4b3781]::string::String> as core[df12db4294e9bfd3]::ops::function::FnOnce<()>>::call_once
[INFO] [stdout]                                at /rustc/dfb0accb7f508ae8be965d8629557221c889dd98/library/core/src/ops/function.rs:250:5
[INFO] [stdout]   25:     0x5fcd5f083d9b - test[9d35eded1c95d3be]::__rust_begin_short_backtrace::<core[df12db4294e9bfd3]::result::Result<(), alloc[2182bb758b4b3781]::string::String>, fn() -> core[df12db4294e9bfd3]::result::Result<(), alloc[2182bb758b4b3781]::string::String>>
[INFO] [stdout]                                at /rustc/dfb0accb7f508ae8be965d8629557221c889dd98/library/test/src/lib.rs:733:18
[INFO] [stdout]   26:     0x5fcd5f091405 - test[9d35eded1c95d3be]::run_test_in_process::{closure#0}
[INFO] [stdout]                                at /rustc/dfb0accb7f508ae8be965d8629557221c889dd98/library/test/src/lib.rs:756:74
[INFO] [stdout]   27:     0x5fcd5f091405 - <core[df12db4294e9bfd3]::panic::unwind_safe::AssertUnwindSafe<test[9d35eded1c95d3be]::run_test_in_process::{closure#0}> as core[df12db4294e9bfd3]::ops::function::FnOnce<()>>::call_once
[INFO] [stdout]                                at /rustc/dfb0accb7f508ae8be965d8629557221c889dd98/library/core/src/panic/unwind_safe.rs:275:9
[INFO] [stdout]   28:     0x5fcd5f091405 - std[70759c8f55707aa4]::panicking::catch_unwind::do_call::<core[df12db4294e9bfd3]::panic::unwind_safe::AssertUnwindSafe<test[9d35eded1c95d3be]::run_test_in_process::{closure#0}>, core[df12db4294e9bfd3]::result::Result<(), alloc[2182bb758b4b3781]::string::String>>
[INFO] [stdout]                                at /rustc/dfb0accb7f508ae8be965d8629557221c889dd98/library/std/src/panicking.rs:576:43
[INFO] [stdout]   29:     0x5fcd5f091405 - std[70759c8f55707aa4]::panicking::catch_unwind::<core[df12db4294e9bfd3]::result::Result<(), alloc[2182bb758b4b3781]::string::String>, core[df12db4294e9bfd3]::panic::unwind_safe::AssertUnwindSafe<test[9d35eded1c95d3be]::run_test_in_process::{closure#0}>>
[INFO] [stdout]                                at /rustc/dfb0accb7f508ae8be965d8629557221c889dd98/library/std/src/panicking.rs:544:19
[INFO] [stdout]   30:     0x5fcd5f091405 - std[70759c8f55707aa4]::panic::catch_unwind::<core[df12db4294e9bfd3]::panic::unwind_safe::AssertUnwindSafe<test[9d35eded1c95d3be]::run_test_in_process::{closure#0}>, core[df12db4294e9bfd3]::result::Result<(), alloc[2182bb758b4b3781]::string::String>>
[INFO] [stdout]                                at /rustc/dfb0accb7f508ae8be965d8629557221c889dd98/library/std/src/panic.rs:359:14
[INFO] [stdout]   31:     0x5fcd5f091405 - test[9d35eded1c95d3be]::run_test_in_process
[INFO] [stdout]                                at /rustc/dfb0accb7f508ae8be965d8629557221c889dd98/library/test/src/lib.rs:756:27
[INFO] [stdout]   32:     0x5fcd5f091405 - test[9d35eded1c95d3be]::run_test::{closure#0}
[INFO] [stdout]                                at /rustc/dfb0accb7f508ae8be965d8629557221c889dd98/library/test/src/lib.rs:677:43
[INFO] [stdout]   33:     0x5fcd5f08acc4 - test[9d35eded1c95d3be]::run_test::{closure#1}
[INFO] [stdout]                                at /rustc/dfb0accb7f508ae8be965d8629557221c889dd98/library/test/src/lib.rs:707:41
[INFO] [stdout]   34:     0x5fcd5f08acc4 - std[70759c8f55707aa4]::sys::backtrace::__rust_begin_short_backtrace::<test[9d35eded1c95d3be]::run_test::{closure#1}, ()>
[INFO] [stdout]                                at /rustc/dfb0accb7f508ae8be965d8629557221c889dd98/library/std/src/sys/backtrace.rs:166:18
[INFO] [stdout]   35:     0x5fcd5f094562 - std[70759c8f55707aa4]::thread::lifecycle::spawn_unchecked::<test[9d35eded1c95d3be]::run_test::{closure#1}, ()>::{closure#1}::{closure#0}
[INFO] [stdout]                                at /rustc/dfb0accb7f508ae8be965d8629557221c889dd98/library/std/src/thread/lifecycle.rs:70:13
[INFO] [stdout]   36:     0x5fcd5f094562 - <core[df12db4294e9bfd3]::panic::unwind_safe::AssertUnwindSafe<std[70759c8f55707aa4]::thread::lifecycle::spawn_unchecked<test[9d35eded1c95d3be]::run_test::{closure#1}, ()>::{closure#1}::{closure#0}> as core[df12db4294e9bfd3]::ops::function::FnOnce<()>>::call_once
[INFO] [stdout]                                at /rustc/dfb0accb7f508ae8be965d8629557221c889dd98/library/core/src/panic/unwind_safe.rs:275:9
[INFO] [stdout]   37:     0x5fcd5f094562 - std[70759c8f55707aa4]::panicking::catch_unwind::do_call::<core[df12db4294e9bfd3]::panic::unwind_safe::AssertUnwindSafe<std[70759c8f55707aa4]::thread::lifecycle::spawn_unchecked<test[9d35eded1c95d3be]::run_test::{closure#1}, ()>::{closure#1}::{closure#0}>, ()>
[INFO] [stdout]                                at /rustc/dfb0accb7f508ae8be965d8629557221c889dd98/library/std/src/panicking.rs:576:43
[INFO] [stdout]   38:     0x5fcd5f094562 - std[70759c8f55707aa4]::panicking::catch_unwind::<(), core[df12db4294e9bfd3]::panic::unwind_safe::AssertUnwindSafe<std[70759c8f55707aa4]::thread::lifecycle::spawn_unchecked<test[9d35eded1c95d3be]::run_test::{closure#1}, ()>::{closure#1}::{closure#0}>>
[INFO] [stdout]                                at /rustc/dfb0accb7f508ae8be965d8629557221c889dd98/library/std/src/panicking.rs:544:19
[INFO] [stdout]   39:     0x5fcd5f094562 - std[70759c8f55707aa4]::panic::catch_unwind::<core[df12db4294e9bfd3]::panic::unwind_safe::AssertUnwindSafe<std[70759c8f55707aa4]::thread::lifecycle::spawn_unchecked<test[9d35eded1c95d3be]::run_test::{closure#1}, ()>::{closure#1}::{closure#0}>, ()>
[INFO] [stdout]                                at /rustc/dfb0accb7f508ae8be965d8629557221c889dd98/library/std/src/panic.rs:359:14
[INFO] [stdout]   40:     0x5fcd5f094562 - std[70759c8f55707aa4]::thread::lifecycle::spawn_unchecked::<test[9d35eded1c95d3be]::run_test::{closure#1}, ()>::{closure#1}
[INFO] [stdout]                                at /rustc/dfb0accb7f508ae8be965d8629557221c889dd98/library/std/src/thread/lifecycle.rs:68:26
[INFO] [stdout]   41:     0x5fcd5f094562 - <std[70759c8f55707aa4]::thread::lifecycle::spawn_unchecked<test[9d35eded1c95d3be]::run_test::{closure#1}, ()>::{closure#1} as core[df12db4294e9bfd3]::ops::function::FnOnce<()>>::call_once::{shim:vtable#0}
[INFO] [stdout]                                at /rustc/dfb0accb7f508ae8be965d8629557221c889dd98/library/core/src/ops/function.rs:250:5
[INFO] [stdout]   42:     0x5fcd5f0fee19 - <alloc[2182bb758b4b3781]::boxed::Box<dyn core[df12db4294e9bfd3]::ops::function::FnOnce<(), Output = ()> + core[df12db4294e9bfd3]::marker::Send> as core[df12db4294e9bfd3]::ops::function::FnOnce<()>>::call_once
[INFO] [stdout]                                at /rustc/dfb0accb7f508ae8be965d8629557221c889dd98/library/alloc/src/boxed.rs:2320:9
[INFO] [stdout]   43:     0x5fcd5f0fee19 - <std[70759c8f55707aa4]::sys::thread::unix::Thread>::new::thread_start
[INFO] [stdout]                                at /rustc/dfb0accb7f508ae8be965d8629557221c889dd98/library/std/src/sys/thread/unix.rs:123:17
[INFO] [stdout]   44:     0x720cbc3aedfa - <unknown>
[INFO] [stdout]   45:     0x720cbc4423d4 - clone
[INFO] [stdout]   46:                0x0 - <unknown>
[INFO] [stdout] 
[INFO] [stdout] 
[INFO] [stdout] failures:
[INFO] [stdout]     store::tests::a_database_that_cannot_be_read_is_never_written_over
[INFO] [stdout] 
[INFO] [stdout] test result: FAILED. 65 passed; 1 failed; 2 ignored; 0 measured; 0 filtered out; finished in 0.08s
[INFO] [stdout] 
[INFO] [stderr] error: test failed, to rerun pass `--bin zcomplete`
[INFO] running `Command { std: "docker" "inspect" "98460e89f1f4fd2a2457d1b765b087067f4dbfaf001b3629e0645afbacd92564", kill_on_drop: false }`
[INFO] running `Command { std: "docker" "rm" "-f" "98460e89f1f4fd2a2457d1b765b087067f4dbfaf001b3629e0645afbacd92564", kill_on_drop: false }`
[INFO] [stdout] 98460e89f1f4fd2a2457d1b765b087067f4dbfaf001b3629e0645afbacd92564
