[INFO] fetching crate yodel 0.2.0...
[INFO] testing yodel-0.2.0 against 1.99.0-beta.8 for beta-1.100-2
[INFO] extracting crate yodel 0.2.0 into /workspace/builds/worker-5-tc1/source
[INFO] removed /workspace/builds/worker-5-tc1/source/rust-toolchain.toml
[INFO] started tweaking crates.io crate yodel 0.2.0
[INFO] removed 0 missing examples
[INFO] removed 0 missing tests
[INFO] finished tweaking crates.io crate yodel 0.2.0
[INFO] tweaked toml for crates.io crate yodel 0.2.0 written to /workspace/builds/worker-5-tc1/source/Cargo.toml
[INFO] validating manifest of crates.io crate yodel 0.2.0 on toolchain 1.99.0-beta.8
[INFO] running `Command { std: CARGO_HOME="/workspace/cargo-home" RUSTUP_HOME="/workspace/rustup-home" "/workspace/cargo-home/bin/cargo" "+1.99.0-beta.8" "metadata" "--manifest-path" "Cargo.toml" "--no-deps", kill_on_drop: false }`
[INFO] crate crates.io crate yodel 0.2.0 already has a lockfile, it will not be regenerated
[INFO] running `Command { std: CARGO_HOME="/workspace/cargo-home" RUSTUP_HOME="/workspace/rustup-home" "/workspace/cargo-home/bin/cargo" "+1.99.0-beta.8" "fetch" "--manifest-path" "Cargo.toml", kill_on_drop: false }`
[INFO] [stderr]     Updating crates.io index
[INFO] [stderr]  Downloading crates ...
[INFO] [stderr]   Downloaded embedded-hal-async v1.0.0
[INFO] [stderr]   Downloaded embassy-time v0.5.1
[INFO] [stderr]   Downloaded unescaper v0.1.10
[INFO] [stderr]   Downloaded serialport v4.10.0
[INFO] [stderr]   Downloaded nb v0.1.3
[INFO] [stderr]   Downloaded nb v1.1.0
[INFO] [stderr]   Downloaded embassy-executor-timer-queue v0.1.0
[INFO] [stderr]   Downloaded embassy-time-driver v0.2.2
[INFO] [stderr]   Downloaded embassy-futures v0.1.2
[INFO] [stderr]   Downloaded hound v3.5.1
[INFO] [stderr]   Downloaded embassy-time-queue-utils v0.3.2
[INFO] [stderr]   Downloaded embedded-hal v0.2.7
[INFO] [stderr]   Downloaded cpal v0.18.2
[INFO] running `Command { std: "docker" "create" "-v" "/var/lib/crater-agent-workspace/builds/worker-5-tc1/source:/opt/rustwide/workdir:ro,Z" "-v" "/var/lib/crater-agent-workspace/builds/worker-5-tc1/target:/opt/rustwide/target:rw,Z" "-v" "/var/lib/crater-agent-workspace/cargo-home:/opt/rustwide/cargo-home:ro,Z" "-v" "/var/lib/crater-agent-workspace/rustup-home:/opt/rustwide/rustup-home:ro,Z" "-m" "1610612736" "--network" "none" "ghcr.io/rust-lang/crates-build-env/linux@sha256:3111399a4047eeb3a02b7a90e478d715f38a8c6669b5c4b49d30a17385265909" "sleep" "infinity", kill_on_drop: false }`
[INFO] [stdout] dc418b00e31f85ba7033cf233ebe2a52c7c19b06716bba0d041684a81d509355
[INFO] running `Command { std: "docker" "start" "dc418b00e31f85ba7033cf233ebe2a52c7c19b06716bba0d041684a81d509355", kill_on_drop: false }`
[INFO] running `Command { std: "docker" "inspect" "dc418b00e31f85ba7033cf233ebe2a52c7c19b06716bba0d041684a81d509355", kill_on_drop: false }`
[INFO] running `Command { std: "docker" "exec" "-e" "SOURCE_DIR=/opt/rustwide/workdir" "-e" "CARGO_HOME=/opt/rustwide/cargo-home" "-e" "RUSTUP_HOME=/opt/rustwide/rustup-home" "-e" "CARGO_TARGET_DIR=/opt/rustwide/target" "-w" "/opt/rustwide/workdir" "--user" "0:0" "dc418b00e31f85ba7033cf233ebe2a52c7c19b06716bba0d041684a81d509355" "/opt/rustwide/cargo-home/bin/cargo" "+1.99.0-beta.8" "metadata" "--no-deps" "--format-version=1", kill_on_drop: false }`
[INFO] running `Command { std: "docker" "inspect" "dc418b00e31f85ba7033cf233ebe2a52c7c19b06716bba0d041684a81d509355", kill_on_drop: false }`
[INFO] running `Command { std: "docker" "exec" "-e" "SOURCE_DIR=/opt/rustwide/workdir" "-e" "CARGO_HOME=/opt/rustwide/cargo-home" "-e" "RUSTUP_HOME=/opt/rustwide/rustup-home" "-e" "CARGO_TARGET_DIR=/opt/rustwide/target" "-e" "CARGO_INCREMENTAL=0" "-e" "RUST_BACKTRACE=full" "-e" "RUSTFLAGS=--cap-lints=warn" "-e" "RUSTDOCFLAGS=--cap-lints=warn" "-w" "/opt/rustwide/workdir" "--user" "0:0" "dc418b00e31f85ba7033cf233ebe2a52c7c19b06716bba0d041684a81d509355" "/opt/rustwide/cargo-home/bin/cargo" "+1.99.0-beta.8" "build" "--frozen" "--message-format=json", kill_on_drop: false }`
[INFO] [stderr]    Compiling yodel v0.2.0 (/opt/rustwide/workdir)
[INFO] [stderr]     Finished `dev` profile [unoptimized + debuginfo] target(s) in 0.65s
[INFO] running `Command { std: "docker" "inspect" "dc418b00e31f85ba7033cf233ebe2a52c7c19b06716bba0d041684a81d509355", kill_on_drop: false }`
[INFO] running `Command { std: "docker" "exec" "-e" "SOURCE_DIR=/opt/rustwide/workdir" "-e" "CARGO_HOME=/opt/rustwide/cargo-home" "-e" "RUSTUP_HOME=/opt/rustwide/rustup-home" "-e" "CARGO_TARGET_DIR=/opt/rustwide/target" "-e" "CARGO_INCREMENTAL=0" "-e" "RUST_BACKTRACE=full" "-e" "RUSTFLAGS=--cap-lints=warn" "-e" "RUSTDOCFLAGS=--cap-lints=warn" "-w" "/opt/rustwide/workdir" "--user" "0:0" "dc418b00e31f85ba7033cf233ebe2a52c7c19b06716bba0d041684a81d509355" "/opt/rustwide/cargo-home/bin/cargo" "+1.99.0-beta.8" "test" "--frozen" "--no-run" "--message-format=json", kill_on_drop: false }`
[INFO] [stderr]    Compiling heapless v0.9.3
[INFO] [stderr]    Compiling byteorder v1.5.0
[INFO] [stderr]    Compiling syn v3.0.4
[INFO] [stderr]    Compiling embassy-time-queue-utils v0.3.2
[INFO] [stderr]    Compiling litrs v1.0.0
[INFO] [stderr]    Compiling embassy-time-driver v0.2.2
[INFO] [stderr]    Compiling embedded-hal-async v1.0.0
[INFO] [stderr]    Compiling nb v1.1.0
[INFO] [stderr]    Compiling syn v2.0.119
[INFO] [stderr]    Compiling embassy-executor-timer-queue v0.1.0
[INFO] [stderr]    Compiling embedded-hal v1.0.0
[INFO] [stderr]    Compiling void v1.0.2
[INFO] [stderr]    Compiling futures-core v0.3.34
[INFO] [stderr]    Compiling log v0.4.34
[INFO] [stderr]    Compiling critical-section v1.2.0
[INFO] [stderr]    Compiling smallvec v1.15.2
[INFO] [stderr]    Compiling nb v0.1.3
[INFO] [stderr]    Compiling embassy-futures v0.1.2
[INFO] [stderr]    Compiling hound v3.5.1
[INFO] [stderr]    Compiling embedded-hal v0.2.7
[INFO] [stderr]    Compiling hash32 v0.3.1
[INFO] [stderr]    Compiling tracing-log v0.2.0
[INFO] [stderr]    Compiling tracing-subscriber v0.3.23
[INFO] [stderr]    Compiling document-features v0.2.12
[INFO] [stderr]    Compiling embassy-time v0.5.1
[INFO] [stderr]    Compiling tokio-macros v2.7.2
[INFO] [stderr]    Compiling tokio v1.53.1
[INFO] [stderr]    Compiling tracing-attributes v0.1.31
[INFO] [stderr]    Compiling tracing v0.1.44
[INFO] [stderr]    Compiling tokio-stream v0.1.19
[INFO] [stderr]    Compiling yodel v0.2.0 (/opt/rustwide/workdir)
[INFO] [stdout] warning: function `hundredths` is never used
[INFO] [stdout]   --> tests/oracle.rs:35:4
[INFO] [stdout]    |
[INFO] [stdout] 35 | fn hundredths(units: i64) -> i64 {
[INFO] [stdout]    |    ^^^^^^^^^^
[INFO] [stdout]    |
[INFO] [stdout]    = note: `#[warn(dead_code)]` (part of `#[warn(unused)]`) on by default
[INFO] [stdout] 
[INFO] [stdout] 
[INFO] [stderr]     Finished `test` profile [unoptimized + debuginfo] target(s) in 16.19s
[INFO] running `Command { std: "docker" "inspect" "dc418b00e31f85ba7033cf233ebe2a52c7c19b06716bba0d041684a81d509355", kill_on_drop: false }`
[INFO] running `Command { std: "docker" "exec" "-e" "SOURCE_DIR=/opt/rustwide/workdir" "-e" "CARGO_HOME=/opt/rustwide/cargo-home" "-e" "RUSTUP_HOME=/opt/rustwide/rustup-home" "-e" "CARGO_TARGET_DIR=/opt/rustwide/target" "-e" "CARGO_INCREMENTAL=0" "-e" "RUST_BACKTRACE=full" "-e" "RUSTFLAGS=--cap-lints=warn" "-e" "RUSTDOCFLAGS=--cap-lints=warn" "-w" "/opt/rustwide/workdir" "--user" "0:0" "dc418b00e31f85ba7033cf233ebe2a52c7c19b06716bba0d041684a81d509355" "/opt/rustwide/cargo-home/bin/cargo" "+1.99.0-beta.8" "test" "--frozen", kill_on_drop: false }`
[INFO] [stderr] warning: function `hundredths` is never used
[INFO] [stderr]   --> tests/oracle.rs:35:4
[INFO] [stderr]    |
[INFO] [stderr] 35 | fn hundredths(units: i64) -> i64 {
[INFO] [stderr]    |    ^^^^^^^^^^
[INFO] [stderr]    |
[INFO] [stderr]    = note: `#[warn(dead_code)]` (part of `#[warn(unused)]`) on by default
[INFO] [stderr] 
[INFO] [stderr] warning: `yodel` (test "oracle") generated 1 warning
[INFO] [stderr]     Finished `test` profile [unoptimized + debuginfo] target(s) in 0.08s
[INFO] [stderr]      Running unittests src/lib.rs (/opt/rustwide/target/debug/deps/yodel-1a40910983e6b8fb)
[INFO] [stdout] 
[INFO] [stdout] running 98 tests
[INFO] [stdout] test discriminator::tests::separates_tones_f32_11025 ... ok
[INFO] [stdout] test discriminator::tests::metric_scales_with_amplitude ... ok
[INFO] [stdout] test discriminator::tests::metric_is_phase_independent ... ok
[INFO] [stdout] test discriminator::tests::separates_tones_f32_8000 ... ok
[INFO] [stdout] test discriminator::tests::separates_tones_i16_11025 ... ok
[INFO] [stdout] test discriminator::tests::separates_tones_i16_48000 ... ok
[INFO] [stdout] test discriminator::tests::separates_tones_i16_22050 ... ok
[INFO] [stdout] test discriminator::tests::separates_tones_i16_8000 ... ok
[INFO] [stdout] test discriminator::tests::silence_gives_zero_metric ... ok
[INFO] [stdout] test discriminator::tests::f32_path_clamps_hot_input ... ok
[INFO] [stdout] test discriminator::tests::narrow_shift_profiles_get_the_orthogonal_window ... ok
[INFO] [stdout] test discriminator::tests::rejects_one_sample_per_bit ... ok
[INFO] [stdout] test error::tests::display_baud_exceeds_sample_rate ... ok
[INFO] [stdout] test discriminator::tests::bell_202_keeps_the_one_bit_window ... ok
[INFO] [stdout] test discriminator::tests::unfittable_orthogonal_window_falls_back_to_one_bit ... ok
[INFO] [stdout] test discriminator::tests::window_matches_bit_period ... ok
[INFO] [stdout] test geo::tests::ambiguity_masks_to_the_chapter_6_levels ... ok
[INFO] [stdout] test discriminator::tests::window_covers_full_bit_at_300_baud ... ok
[INFO] [stdout] test error::tests::display_sample_rate_out_of_range ... ok
[INFO] [stdout] test geo::tests::coordinate_range_checks ... ok
[INFO] [stdout] test discriminator::tests::separates_tones_i16_44100 ... ok
[INFO] [stdout] test discriminator::tests::separates_tones_f32_44100 ... ok
[INFO] [stdout] test discriminator::tests::separates_tones_f32_22050 ... ok
[INFO] [stdout] test discriminator::tests::multiply_shift_stays_inside_its_exactness_bound ... ok
[INFO] [stdout] test geo::tests::ambiguity_masking_is_idempotent_and_ordered ... ok
[INFO] [stdout] test discriminator::tests::separates_tones_f32_48000 ... ok
[INFO] [stdout] test error::tests::display_tone_out_of_range ... ok
[INFO] [stdout] test error::tests::error_is_copy_and_eq ... ok
[INFO] [stdout] test modulator::tests::config_baud_exceeds_sample_rate_rejected ... ok
[INFO] [stdout] test geo::tests::ambiguity_range ... ok
[INFO] [stdout] test modulator::tests::f32_samples_within_unit_range ... ok
[INFO] [stdout] test modulator::tests::iterator_matches_manual_feed_drain ... ok
[INFO] [stdout] test modulator::tests::mark_tone_period_is_40_samples_at_48k ... ok
[INFO] [stdout] test modulator::tests::mark_tone_48k_first_16_samples_pinned ... ok
[INFO] [stdout] test modulator::tests::modulator_starts_at_zero_phase ... ok
[INFO] [stdout] test modulator::tests::iterator_empty_bits_yields_no_samples ... ok
[INFO] [stdout] test modulator::tests::next_returns_none_before_feed ... ok
[INFO] [stdout] test modulator::tests::phase_increment_rounding ... ok
[INFO] [stdout] test modulator::tests::phase_continuous_across_bit_transitions ... ok
[INFO] [stdout] test modulator::tests::i16_and_f32_paths_agree ... ok
[INFO] [stdout] test modulator::tests::config_accessors ... ok
[INFO] [stdout] test geo::tests::degree_conversions ... ok
[INFO] [stdout] test modulator::tests::space_tone_48k_first_16_samples_pinned ... ok
[INFO] [stdout] test modulator::tests::phase_continuous_at_44100_fractional_bits ... ok
[INFO] [stdout] test error::tests::error_trait_object ... ok
[INFO] [stdout] test error::tests::display_baud_rate_invalid ... ok
[INFO] [stdout] test modulator::tests::table_cardinal_points ... ok
[INFO] [stdout] test ring::tests::clear_empties_but_keeps_overruns ... ok
[INFO] [stdout] test ring::tests::overrun_drops_newest_and_counts ... ok
[INFO] [stdout] test ring::tests::partial_slice_push_stores_prefix ... ok
[INFO] [stdout] test modulator::tests::samples_per_bit_pattern_at_44100 ... ok
[INFO] [stdout] test ring::tests::const_constructible_in_static_position ... ok
[INFO] [stdout] test ring::tests::pop_slice_with_short_output_leaves_remainder ... ok
[INFO] [stdout] test modulator::tests::table_odd_symmetry ... ok
[INFO] [stdout] test ring::tests::new_ring_is_empty_with_full_capacity ... ok
[INFO] [stdout] test ring::tests::push_pop_fifo_order ... ok
[INFO] [stdout] test slicer::tests::acquires_lock_on_alternating_preamble ... ok
[INFO] [stdout] test slicer::tests::construction_rejects_low_sample_rate ... ok
[INFO] [stdout] test slicer::tests::no_phantom_crossing_on_first_sample ... ok
[INFO] [stdout] test slicer::tests::emits_one_bit_per_cell_when_locked ... ok
[INFO] [stdout] test slicer::tests::locks_onto_clean_alternating_pattern_all_rates ... ok
[INFO] [stdout] test slicer::tests::recovers_from_deliberate_phase_error ... ok
[INFO] [stdout] test slicer::tests::step_rounding_exact_for_even_ratio ... ok
[INFO] [stdout] test slicer::tests::unlocks_after_wild_transitions_and_relocks ... ok
[INFO] [stdout] test modulator::tests::feed_then_drain_then_none ... ok
[INFO] [stdout] test modulator::tests::bell_202_preset_at_all_tested_rates ... ok
[INFO] [stdout] test modulator::tests::table_within_i16_and_monotonic_first_quarter ... ok
[INFO] [stdout] test modulator::tests::samples_per_bit_integral_at_48k ... ok
[INFO] [stdout] test types::tests::baud_rate_bell_202_preset ... ok
[INFO] [stdout] test ring::tests::wraparound_preserves_order_across_many_cycles ... ok
[INFO] [stdout] test slicer::tests::holds_phase_through_transition_free_gap ... ok
[INFO] [stdout] test types::tests::sample_rate_rejects_zero ... ok
[INFO] [stdout] test modulator::tests::samples_per_bit_exact_at_11025 ... ok
[INFO] [stdout] test types::tests::bit_to_u8 ... ok
[INFO] [stdout] test types::tests::device_preset_taxonomy_matches_feasibility_table ... ok
[INFO] [stdout] test types::tests::tone_pair_bell_202_preset ... ok
[INFO] [stdout] test types::tests::device_presets_resolve_to_consistent_parts ... ok
[INFO] [stdout] test types::tests::tone_pair_rejects_zero_mark ... ok
[INFO] [stdout] test types::tests::baud_rate_accepts_boundaries ... ok
[INFO] [stdout] test types::tests::baud_rate_rejects_zero ... ok
[INFO] [stdout] test units::tests::compass_boundaries_land_where_the_sector_edges_are ... ok
[INFO] [stdout] test modulator::tests::table_matches_libm_sine ... ok
[INFO] [stdout] test units::tests::every_compass_point_round_trips_through_its_own_bearing ... ok
[INFO] [stdout] test types::tests::sample_rate_rejects_below_min ... ok
[INFO] [stdout] test types::tests::tone_pair_accepts_just_below_nyquist ... ok
[INFO] [stdout] test types::tests::tone_pair_rejects_space_at_nyquist ... ok
[INFO] [stdout] test units::tests::narrow_saturates_instead_of_wrapping ... ok
[INFO] [stdout] test units::tests::temperature_canonical_values_are_pinned ... ok
[INFO] [stdout] test types::tests::sample_rate_accepts_boundaries ... ok
[INFO] [stdout] test types::tests::sample_rate_rejects_above_max ... ok
[INFO] [stdout] test units::tests::div_round_goes_away_from_zero_on_a_tie ... ok
[INFO] [stdout] test units::tests::debug_output_names_both_unit_systems ... ok
[INFO] [stdout] test types::tests::tone_pair_accepts_below_nyquist ... ok
[INFO] [stdout] test types::tests::baud_rate_rejects_above_max ... ok
[INFO] [stdout] test types::tests::bit_from_bool_roundtrip ... ok
[INFO] [stdout] test types::tests::sample_rate_accepts_tested_set ... ok
[INFO] [stdout] test modulator::tests::samples_per_bit_exact_over_10000_bits_at_44100 ... ok
[INFO] [stdout] test discriminator::tests::push_matches_division_reference_on_random_streams ... ok
[INFO] [stdout] 
[INFO] [stdout] test result: ok. 98 passed; 0 failed; 0 ignored; 0 measured; 0 filtered out; finished in 0.04s
[INFO] [stdout] 
[INFO] [stderr]      Running tests/aprs.rs (/opt/rustwide/target/debug/deps/aprs-b94aaf4a82c19e27)
[INFO] [stdout] 
[INFO] [stdout] running 0 tests
[INFO] [stdout] 
[INFO] [stdout] test result: ok. 0 passed; 0 failed; 0 ignored; 0 measured; 0 filtered out; finished in 0.00s
[INFO] [stdout] 
[INFO] [stderr]      Running tests/aprs_differential.rs (/opt/rustwide/target/debug/deps/aprs_differential-ad4f9ec51240f03d)
[INFO] [stdout] 
[INFO] [stdout] running 0 tests
[INFO] [stdout] 
[INFO] [stdout] test result: ok. 0 passed; 0 failed; 0 ignored; 0 measured; 0 filtered out; finished in 0.00s
[INFO] [stdout] 
[INFO] [stderr]      Running tests/aprs_extras.rs (/opt/rustwide/target/debug/deps/aprs_extras-1d20b0b1f56ae48d)
[INFO] [stdout] 
[INFO] [stdout] running 0 tests
[INFO] [stdout] 
[INFO] [stdout] test result: ok. 0 passed; 0 failed; 0 ignored; 0 measured; 0 filtered out; finished in 0.00s
[INFO] [stdout] 
[INFO] [stderr]      Running tests/aprsis.rs (/opt/rustwide/target/debug/deps/aprsis-cdc86328a557b59c)
[INFO] [stdout] 
[INFO] [stdout] running 0 tests
[INFO] [stdout] 
[INFO] [stdout] test result: ok. 0 passed; 0 failed; 0 ignored; 0 measured; 0 filtered out; finished in 0.00s
[INFO] [stdout] 
[INFO] [stderr]      Running tests/asynk.rs (/opt/rustwide/target/debug/deps/asynk-e4f833fe7bf72b7d)
[INFO] [stdout] 
[INFO] [stdout] running 0 tests
[INFO] [stdout] 
[INFO] [stdout] test result: ok. 0 passed; 0 failed; 0 ignored; 0 measured; 0 filtered out; finished in 0.00s
[INFO] [stdout] 
[INFO] [stderr]      Running tests/ax25.rs (/opt/rustwide/target/debug/deps/ax25-f1c2a695083abb13)
[INFO] [stdout] 
[INFO] [stdout] running 0 tests
[INFO] [stdout] 
[INFO] [stdout] test result: ok. 0 passed; 0 failed; 0 ignored; 0 measured; 0 filtered out; finished in 0.00s
[INFO] [stdout] 
[INFO] [stderr]      Running tests/benchmark.rs (/opt/rustwide/target/debug/deps/benchmark-d7dce722c4c847e1)
[INFO] [stdout] 
[INFO] [stdout] running 0 tests
[INFO] [stdout] 
[INFO] [stdout] test result: ok. 0 passed; 0 failed; 0 ignored; 0 measured; 0 filtered out; finished in 0.00s
[INFO] [stdout] 
[INFO] [stderr]      Running tests/ber.rs (/opt/rustwide/target/debug/deps/ber-013abfdf86313e8a)
[INFO] [stdout] 
[INFO] [stdout] running 4 tests
[INFO] [stdout] test ber_curve_fine_sweep ... ignored, dense 0.5 dB-step BER sweep; slow. Run with -- --ignored --nocapture
[INFO] [stdout] test alignment_is_unambiguous_when_clean ... ok
[INFO] [stdout] test raw_ber_bell_202 ... ok
[INFO] [stdout] test raw_ber_hf_300 has been running for over 60 seconds
[INFO] [stdout] test raw_ber_hf_300 ... ok
[INFO] [stdout] 
[INFO] [stdout] test result: ok. 3 passed; 0 failed; 1 ignored; 0 measured; 0 filtered out; finished in 97.08s
[INFO] [stdout] 
[INFO] [stderr]      Running tests/bounded_latency.rs (/opt/rustwide/target/debug/deps/bounded_latency-a88cd30b14967c48)
[INFO] [stdout] 
[INFO] [stdout] running 0 tests
[INFO] [stdout] 
[INFO] [stdout] test result: ok. 0 passed; 0 failed; 0 ignored; 0 measured; 0 filtered out; finished in 0.00s
[INFO] [stdout] 
[INFO] [stderr]      Running tests/cli.rs (/opt/rustwide/target/debug/deps/cli-bdb89d2131380957)
[INFO] [stdout] 
[INFO] [stdout] running 0 tests
[INFO] [stdout] 
[INFO] [stdout] test result: ok. 0 passed; 0 failed; 0 ignored; 0 measured; 0 filtered out; finished in 0.00s
[INFO] [stdout] 
[INFO] [stderr]      Running tests/compressed.rs (/opt/rustwide/target/debug/deps/compressed-c334227171e79556)
[INFO] [stdout] 
[INFO] [stdout] running 0 tests
[INFO] [stdout] 
[INFO] [stdout] test result: ok. 0 passed; 0 failed; 0 ignored; 0 measured; 0 filtered out; finished in 0.00s
[INFO] [stdout] 
[INFO] [stderr]      Running tests/coordinate_paths.rs (/opt/rustwide/target/debug/deps/coordinate_paths-95a30a5fc9856706)
[INFO] [stdout] 
[INFO] [stdout] running 0 tests
[INFO] [stdout] 
[INFO] [stdout] test result: ok. 0 passed; 0 failed; 0 ignored; 0 measured; 0 filtered out; finished in 0.00s
[INFO] [stdout] 
[INFO] [stderr]      Running tests/corpus_aprs.rs (/opt/rustwide/target/debug/deps/corpus_aprs-6ad05a9c3dee68ca)
[INFO] [stdout] 
[INFO] [stdout] running 0 tests
[INFO] [stdout] 
[INFO] [stdout] test result: ok. 0 passed; 0 failed; 0 ignored; 0 measured; 0 filtered out; finished in 0.00s
[INFO] [stdout] 
[INFO] [stderr]      Running tests/decoded_laws.rs (/opt/rustwide/target/debug/deps/decoded_laws-9c3177af670d27ed)
[INFO] [stdout] 
[INFO] [stderr]      Running tests/differential.rs (/opt/rustwide/target/debug/deps/differential-f1ed4e3e2d904559)
[INFO] [stdout] running 0 tests
[INFO] [stdout] 
[INFO] [stdout] test result: ok. 0 passed; 0 failed; 0 ignored; 0 measured; 0 filtered out; finished in 0.00s
[INFO] [stdout] 
[INFO] [stdout] 
[INFO] [stdout] running 0 tests
[INFO] [stdout] 
[INFO] [stderr]      Running tests/digipeat_laws.rs (/opt/rustwide/target/debug/deps/digipeat_laws-fcd446623a6c7da7)
[INFO] [stdout] test result: ok. 0 passed; 0 failed; 0 ignored; 0 measured; 0 filtered out; finished in 0.00s
[INFO] [stdout] 
[INFO] [stderr]      Running tests/edge_cases.rs (/opt/rustwide/target/debug/deps/edge_cases-e776ceaeef48a93e)
[INFO] [stdout] 
[INFO] [stdout] running 0 tests
[INFO] [stdout] 
[INFO] [stdout] test result: ok. 0 passed; 0 failed; 0 ignored; 0 measured; 0 filtered out; finished in 0.00s
[INFO] [stdout] 
[INFO] [stdout] 
[INFO] [stdout] running 0 tests
[INFO] [stderr]      Running tests/embassy.rs (/opt/rustwide/target/debug/deps/embassy-d39a6d5c40d87897)
[INFO] [stdout] 
[INFO] [stdout] test result: ok. 0 passed; 0 failed; 0 ignored; 0 measured; 0 filtered out; finished in 0.00s
[INFO] [stdout] 
[INFO] [stdout] 
[INFO] [stderr]      Running tests/esp32_examples.rs (/opt/rustwide/target/debug/deps/esp32_examples-75f61de880b0a1d4)
[INFO] [stdout] running 0 tests
[INFO] [stdout] 
[INFO] [stdout] test result: ok. 0 passed; 0 failed; 0 ignored; 0 measured; 0 filtered out; finished in 0.00s
[INFO] [stdout] 
[INFO] [stdout] 
[INFO] [stdout] running 0 tests
[INFO] [stdout] 
[INFO] [stdout] test result: ok. 0 passed; 0 failed; 0 ignored; 0 measured; 0 filtered out; finished in 0.00s
[INFO] [stderr]      Running tests/false_positives.rs (/opt/rustwide/target/debug/deps/false_positives-61a62430accab911)
[INFO] [stdout] 
[INFO] [stderr]      Running tests/ft8.rs (/opt/rustwide/target/debug/deps/ft8-f67173116e948b37)
[INFO] [stdout] 
[INFO] [stdout] running 0 tests
[INFO] [stdout] 
[INFO] [stdout] test result: ok. 0 passed; 0 failed; 0 ignored; 0 measured; 0 filtered out; finished in 0.00s
[INFO] [stdout] 
[INFO] [stdout] 
[INFO] [stderr]      Running tests/ft8_differential.rs (/opt/rustwide/target/debug/deps/ft8_differential-2abb47d9da35a36e)
[INFO] [stdout] running 0 tests
[INFO] [stdout] 
[INFO] [stdout] test result: ok. 0 passed; 0 failed; 0 ignored; 0 measured; 0 filtered out; finished in 0.00s
[INFO] [stdout] 
[INFO] [stdout] 
[INFO] [stdout] running 0 tests
[INFO] [stdout] 
[INFO] [stdout] test result: ok. 0 passed; 0 failed; 0 ignored; 0 measured; 0 filtered out; finished in 0.00s
[INFO] [stdout] 
[INFO] [stderr]      Running tests/fuzz_decode.rs (/opt/rustwide/target/debug/deps/fuzz_decode-cc06cf274c372e8d)
[INFO] [stderr]      Running tests/fx25.rs (/opt/rustwide/target/debug/deps/fx25-6b0a9ba40a2c8f70)
[INFO] [stdout] 
[INFO] [stdout] running 0 tests
[INFO] [stdout] 
[INFO] [stdout] test result: ok. 0 passed; 0 failed; 0 ignored; 0 measured; 0 filtered out; finished in 0.00s
[INFO] [stdout] 
[INFO] [stdout] 
[INFO] [stderr]      Running tests/g3ruh.rs (/opt/rustwide/target/debug/deps/g3ruh-68f920415b049fbd)
[INFO] [stdout] running 0 tests
[INFO] [stdout] 
[INFO] [stdout] test result: ok. 0 passed; 0 failed; 0 ignored; 0 measured; 0 filtered out; finished in 0.00s
[INFO] [stdout] 
[INFO] [stdout] 
[INFO] [stdout] running 0 tests
[INFO] [stdout] 
[INFO] [stdout] test result: ok. 0 passed; 0 failed; 0 ignored; 0 measured; 0 filtered out; finished in 0.00s
[INFO] [stdout] 
[INFO] [stderr]      Running tests/geo.rs (/opt/rustwide/target/debug/deps/geo-b9ab8c7e23409ccd)
[INFO] [stdout] 
[INFO] [stdout] running 21 tests
[INFO] [stdout] test degrees_minutes_matches_what_a_radio_shows ... ok
[INFO] [stdout] test maidenhead_center_is_the_middle_not_the_corner ... ok
[INFO] [stdout] test distance_is_isotropic_at_the_equator ... ok
[INFO] [stdout] test distance_takes_the_short_way_across_the_antimeridian ... ok
[INFO] [stdout] test ambiguity_is_part_of_the_position_not_the_report_format ... ok
[INFO] [stdout] test bearing_differs_from_the_initial_great_circle_bearing_as_predicted ... ok
[INFO] [stdout] test bearing_sweeps_through_every_direction_monotonically ... ok
[INFO] [stdout] test maidenhead_parsing_is_case_insensitive_and_storage_is_canonical ... ok
[INFO] [stdout] test one_arc_minute_of_latitude_is_one_nautical_mile ... ok
[INFO] [stdout] test maidenhead_square_centers_round_trip ... ok
[INFO] [stdout] test maidenhead_rejects_what_is_not_a_locator ... ok
[INFO] [stdout] test the_two_axes_share_one_unit_at_every_latitude ... ok
[INFO] [stdout] test bearing_cardinal_directions_are_exact ... ok
[INFO] [stdout] test maidenhead_corners_are_the_extremes_of_the_grid ... ok
[INFO] [stdout] test maidenhead_known_grids ... ok
[INFO] [stdout] test distance_is_symmetric_and_zero_to_itself ... ok
[INFO] [stdout] test maidenhead_coarsening_is_exact_and_never_moves_the_place ... ok
[INFO] [stdout] test distance_matches_haversine_within_the_documented_bound ... ok
[INFO] [stdout] test every_position_on_earth_has_a_parseable_locator ... ok
[INFO] [stdout] test degrees_minutes_reconstructs_the_original_value ... ok
[INFO] [stdout] test distance_error_stays_inside_the_documented_latitude_bands ... ok
[INFO] [stderr]      Running tests/hdlc_edge.rs (/opt/rustwide/target/debug/deps/hdlc_edge-7959609af7385f89)
[INFO] [stdout] 
[INFO] [stderr]      Running tests/il2p.rs (/opt/rustwide/target/debug/deps/il2p-08ba6dbc1f523686)
[INFO] [stdout] test result: ok. 21 passed; 0 failed; 0 ignored; 0 measured; 0 filtered out; finished in 0.09s
[INFO] [stdout] 
[INFO] [stdout] 
[INFO] [stdout] running 0 tests
[INFO] [stdout] 
[INFO] [stdout] test result: ok. 0 passed; 0 failed; 0 ignored; 0 measured; 0 filtered out; finished in 0.00s
[INFO] [stdout] 
[INFO] [stdout] 
[INFO] [stderr]      Running tests/il2p_audio.rs (/opt/rustwide/target/debug/deps/il2p_audio-14e3fa3affaa4b29)
[INFO] [stdout] running 0 tests
[INFO] [stdout] 
[INFO] [stdout] test result: ok. 0 passed; 0 failed; 0 ignored; 0 measured; 0 filtered out; finished in 0.00s
[INFO] [stdout] 
[INFO] [stderr]      Running tests/il2p_differential.rs (/opt/rustwide/target/debug/deps/il2p_differential-3d7c874e4a669d8a)
[INFO] [stdout] 
[INFO] [stdout] running 0 tests
[INFO] [stdout] 
[INFO] [stdout] test result: ok. 0 passed; 0 failed; 0 ignored; 0 measured; 0 filtered out; finished in 0.00s
[INFO] [stdout] 
[INFO] [stdout] 
[INFO] [stderr]      Running tests/kiss.rs (/opt/rustwide/target/debug/deps/kiss-6da00a844ce13657)
[INFO] [stdout] running 0 tests
[INFO] [stderr]      Running tests/mic_e.rs (/opt/rustwide/target/debug/deps/mic_e-b90908ac7dd07989)
[INFO] [stdout] 
[INFO] [stdout] test result: ok. 0 passed; 0 failed; 0 ignored; 0 measured; 0 filtered out; finished in 0.00s
[INFO] [stdout] 
[INFO] [stdout] 
[INFO] [stdout] running 0 tests
[INFO] [stdout] 
[INFO] [stdout] test result: ok. 0 passed; 0 failed; 0 ignored; 0 measured; 0 filtered out; finished in 0.00s
[INFO] [stdout] 
[INFO] [stderr]      Running tests/no_alloc.rs (/opt/rustwide/target/debug/deps/no_alloc-f0279c25485ab1a9)
[INFO] [stdout] 
[INFO] [stdout] running 0 tests
[INFO] [stdout] 
[INFO] [stdout] test result: ok. 0 passed; 0 failed; 0 ignored; 0 measured; 0 filtered out; finished in 0.00s
[INFO] [stdout] 
[INFO] [stdout] 
[INFO] [stdout] running 0 tests
[INFO] [stdout] 
[INFO] [stdout] test result: ok. 0 passed; 0 failed; 0 ignored; 0 measured; 0 filtered out; finished in 0.00s
[INFO] [stdout] 
[INFO] [stderr]      Running tests/noise.rs (/opt/rustwide/target/debug/deps/noise-49106aa221bd6ff3)
[INFO] [stdout] 
[INFO] [stdout] running 20 tests
[INFO] [stdout] test noise_is_zero_mean ... ok
[INFO] [stdout] test cases_are_deterministic ... ok
[INFO] [stdout] test perfect_recovery_15db_8000 ... ok
[INFO] [stdout] test perfect_recovery_15db_11025 ... ok
[INFO] [stdout] test prng_reference_values ... ok
[INFO] [stdout] test perfect_recovery_10db_8000 ... ok
[INFO] [stdout] test perfect_recovery_10db_11025 ... ok
[INFO] [stdout] test perfect_recovery_20db_8000 ... ok
[INFO] [stdout] test perfect_recovery_15db_22050 ... ok
[INFO] [stdout] test perfect_recovery_15db_44100 ... ok
[INFO] [stdout] test perfect_recovery_10db_22050 ... ok
[INFO] [stdout] test perfect_recovery_15db_48000 ... ok
[INFO] [stdout] test perfect_recovery_20db_11025 ... ok
[INFO] [stdout] test perfect_recovery_10db_44100 ... ok
[INFO] [stdout] test perfect_recovery_10db_48000 ... ok
[INFO] [stdout] test long_payloads_20db_all_rates ... ok
[INFO] [stdout] test noise_floor_behavior_0db_48000 ... ok
[INFO] [stdout] test perfect_recovery_20db_22050 ... ok
[INFO] [stdout] test perfect_recovery_20db_44100 ... ok
[INFO] [stdout] test perfect_recovery_20db_48000 ... ok
[INFO] [stdout] 
[INFO] [stdout] test result: ok. 20 passed; 0 failed; 0 ignored; 0 measured; 0 filtered out; finished in 2.29s
[INFO] [stdout] 
[INFO] [stderr]      Running tests/nrzi.rs (/opt/rustwide/target/debug/deps/nrzi-3af82ff0c6c705f9)
[INFO] [stdout] 
[INFO] [stderr]      Running tests/oracle.rs (/opt/rustwide/target/debug/deps/oracle-a18cc4295812f772)
[INFO] [stdout] running 0 tests
[INFO] [stdout] 
[INFO] [stdout] test result: ok. 0 passed; 0 failed; 0 ignored; 0 measured; 0 filtered out; finished in 0.00s
[INFO] [stdout] 
[INFO] [stdout] 
[INFO] [stdout] running 17 tests
[INFO] [stdout] test oracle_to_us_11025 ... ignored, requires YODEL_REF_GEN / YODEL_REF_DECODE
[INFO] [stdout] test oracle_to_us_22050 ... ignored, requires YODEL_REF_GEN / YODEL_REF_DECODE
[INFO] [stdout] test oracle_to_us_44100 ... ignored, requires YODEL_REF_GEN / YODEL_REF_DECODE
[INFO] [stdout] test oracle_to_us_48000 ... ignored, requires YODEL_REF_GEN / YODEL_REF_DECODE
[INFO] [stdout] test oracle_to_us_8000 ... ignored, requires YODEL_REF_GEN / YODEL_REF_DECODE
[INFO] [stdout] test us_to_oracle_44100_f32 ... ignored, requires YODEL_REF_GEN / YODEL_REF_DECODE
[INFO] [stdout] test us_to_oracle_44100_i16 ... ignored, requires YODEL_REF_GEN / YODEL_REF_DECODE
[INFO] [stdout] test us_to_oracle_48000_f32 ... ignored, requires YODEL_REF_GEN / YODEL_REF_DECODE
[INFO] [stdout] test us_to_oracle_48000_i16 ... ignored, requires YODEL_REF_GEN / YODEL_REF_DECODE
[INFO] [stdout] test common::tests::ui_frame_round_trip ... ok
[INFO] [stdout] test common::asymmetry_tests::each_class_is_reachable_and_distinct ... ok
[INFO] [stdout] test common::asymmetry_tests::terminators_are_stripped_at_most_once_each ... ok
[INFO] [stdout] test common::tests::nrzi_round_trip ... ok
[INFO] [stdout] test common::tests::stuff_destuff_round_trip ... ok
[INFO] [stdout] test common::asymmetry_tests::only_the_correct_outcomes_are_acceptable ... ok
[INFO] [stdout] test common::tests::full_bitstream_round_trip ... ok
[INFO] [stderr]      Running tests/rebuild_fidelity.rs (/opt/rustwide/target/debug/deps/rebuild_fidelity-ec4e405136a7e739)
[INFO] [stdout] test common::tests::crc_known_vectors ... ok
[INFO] [stdout] 
[INFO] [stdout] test result: ok. 8 passed; 0 failed; 9 ignored; 0 measured; 0 filtered out; finished in 0.01s
[INFO] [stdout] 
[INFO] [stdout] 
[INFO] [stdout] running 0 tests
[INFO] [stdout] 
[INFO] [stderr]      Running tests/roundtrip.rs (/opt/rustwide/target/debug/deps/roundtrip-80177f732d6af931)
[INFO] [stdout] test result: ok. 0 passed; 0 failed; 0 ignored; 0 measured; 0 filtered out; finished in 0.00s
[INFO] [stdout] 
[INFO] [stdout] 
[INFO] [stdout] running 46 tests
[INFO] [stdout] test bit_conversions_exhaustive ... ok
[INFO] [stdout] test long_runs_f32_22050 ... ok
[INFO] [stdout] test a_config_rechecks_its_tones_against_its_own_sample_rate ... ok
[INFO] [stdout] test long_runs_f32_11025 ... ok
[INFO] [stdout] test long_runs_f32_44100 ... ok
[INFO] [stdout] test display_of_real_constructor_errors ... ok
[INFO] [stdout] test long_runs_f32_48000 ... ok
[INFO] [stdout] test long_runs_i16_11025 ... ok
[INFO] [stdout] test long_runs_i16_44100 ... ok
[INFO] [stdout] test long_runs_i16_22050 ... ok
[INFO] [stdout] test mixed_payload_f32_11025 ... ok
[INFO] [stdout] test long_runs_i16_8000 ... ok
[INFO] [stdout] test long_runs_i16_48000 ... ok
[INFO] [stdout] test all_ones_payload_all_rates_i16 ... ok
[INFO] [stdout] test all_zeros_payload_all_rates_i16 ... ok
[INFO] [stdout] test mixed_payload_i16_11025 ... ok
[INFO] [stdout] test demodulator_iterator_matches_push ... ok
[INFO] [stdout] test demodulator_dc_input_is_stable ... ok
[INFO] [stdout] test long_runs_f32_8000 ... ok
[INFO] [stdout] test baud_rate_boundary_matrix ... ok
[INFO] [stdout] test mixed_payload_f32_22050 ... ok
[INFO] [stdout] test mixed_payload_f32_48000 ... ok
[INFO] [stdout] test modulator_f32_iterator_matches_push_pull ... ok
[INFO] [stdout] test mixed_payload_i16_22050 ... ok
[INFO] [stdout] test modulator_first_sample_is_zero_everywhere ... ok
[INFO] [stdout] test modulator_pinned_samples_48000 ... ok
[INFO] [stdout] test mixed_payload_i16_8000 ... ok
[INFO] [stdout] test mixed_payload_f32_8000 ... ok
[INFO] [stdout] test mixed_payload_i16_44100 ... ok
[INFO] [stdout] test all_ones_payload_all_rates_f32 ... ok
[INFO] [stdout] test phase_continuity_all_transitions ... ok
[INFO] [stdout] test pinned_bits_for_known_transmission ... ok
[INFO] [stdout] test pinned_bits_for_pure_mark_tone ... ok
[INFO] [stdout] test mixed_payload_f32_44100 ... ok
[INFO] [stdout] test sample_rate_boundary_matrix ... ok
[INFO] [stdout] test modulator_pinned_bit_lengths_8000 ... ok
[INFO] [stdout] test byte_patterns_roundtrip_i16_48000 ... ok
[INFO] [stdout] test tone_pair_boundary_matrix ... ok
[INFO] [stdout] test all_zeros_payload_all_rates_f32 ... ok
[INFO] [stdout] test mixed_payload_i16_48000 ... ok
[INFO] [stdout] test single_bit_payload_recovered ... ok
[INFO] [stdout] test preamble_settles_within_32_bits ... ok
[INFO] [stdout] test modulator_i16_iterator_matches_push_pull ... ok
[INFO] [stdout] test i16_and_f32_paths_agree ... ok
[INFO] [stdout] test demodulator_silence_is_stable ... ok
[INFO] [stderr]      Running tests/roundtrip_laws.rs (/opt/rustwide/target/debug/deps/roundtrip_laws-3ce07ccd6833e0b4)
[INFO] [stdout] test demodulator_out_of_band_tone_is_stable ... ok
[INFO] [stdout] 
[INFO] [stdout] test result: ok. 46 passed; 0 failed; 0 ignored; 0 measured; 0 filtered out; finished in 0.13s
[INFO] [stdout] 
[INFO] [stdout] 
[INFO] [stdout] running 0 tests
[INFO] [stdout] 
[INFO] [stdout] test result: ok. 0 passed; 0 failed; 0 ignored; 0 measured; 0 filtered out; finished in 0.00s
[INFO] [stdout] 
[INFO] [stderr]      Running tests/rs.rs (/opt/rustwide/target/debug/deps/rs-ec651ab71a09a492)
[INFO] [stdout] 
[INFO] [stdout] running 0 tests
[INFO] [stdout] 
[INFO] [stdout] test result: ok. 0 passed; 0 failed; 0 ignored; 0 measured; 0 filtered out; finished in 0.00s
[INFO] [stdout] 
[INFO] [stderr]      Running tests/serve.rs (/opt/rustwide/target/debug/deps/serve-dda548173886fb7a)
[INFO] [stderr]      Running tests/snr.rs (/opt/rustwide/target/debug/deps/snr-316553eb9ede1cb4)
[INFO] [stdout] 
[INFO] [stdout] running 0 tests
[INFO] [stdout] 
[INFO] [stdout] test result: ok. 0 passed; 0 failed; 0 ignored; 0 measured; 0 filtered out; finished in 0.00s
[INFO] [stdout] 
[INFO] [stdout] 
[INFO] [stdout] running 0 tests
[INFO] [stdout] 
[INFO] [stdout] test result: ok. 0 passed; 0 failed; 0 ignored; 0 measured; 0 filtered out; finished in 0.00s
[INFO] [stdout] 
[INFO] [stderr]      Running tests/symbol_from_address.rs (/opt/rustwide/target/debug/deps/symbol_from_address-192cda3723885406)
[INFO] [stdout] 
[INFO] [stdout] running 0 tests
[INFO] [stdout] 
[INFO] [stdout] test result: ok. 0 passed; 0 failed; 0 ignored; 0 measured; 0 filtered out; finished in 0.00s
[INFO] [stdout] 
[INFO] [stderr]      Running tests/tnc.rs (/opt/rustwide/target/debug/deps/tnc-b79e09e6584a1e5a)
[INFO] [stdout] 
[INFO] [stdout] running 0 tests
[INFO] [stdout] 
[INFO] [stdout] test result: ok. 0 passed; 0 failed; 0 ignored; 0 measured; 0 filtered out; finished in 0.00s
[INFO] [stdout] 
[INFO] [stderr]      Running tests/type_sizes.rs (/opt/rustwide/target/debug/deps/type_sizes-56b436c9f776e184)
[INFO] [stdout] 
[INFO] [stdout] running 0 tests
[INFO] [stdout] 
[INFO] [stdout] test result: ok. 0 passed; 0 failed; 0 ignored; 0 measured; 0 filtered out; finished in 0.00s
[INFO] [stdout] 
[INFO] [stderr]      Running tests/units.rs (/opt/rustwide/target/debug/deps/units-9ded566c782e6711)
[INFO] [stdout] 
[INFO] [stdout] running 26 tests
[INFO] [stdout] test arithmetic_stays_within_the_type_and_saturates ... ok
[INFO] [stdout] test distance_rounds_half_away_from_zero_not_towards_it ... ok
[INFO] [stdout] test distance_known_answers ... ok
[INFO] [stdout] test bearing_validates_its_enumerable_range ... ok
[INFO] [stdout] test bearing_reciprocal_is_an_involution ... ok
[INFO] [stdout] test power_known_answers ... ok
[INFO] [stdout] test quantities_accept_values_no_aprs_field_could_hold ... ok
[INFO] [stdout] test distance_factors_match_the_published_definitions ... ok
[INFO] [stdout] test no_constructor_accessor_or_operator_can_panic ... ok
[INFO] [stdout] test pressure_standard_atmosphere_reads_29_92_inches_of_mercury ... ok
[INFO] [stdout] test ordering_follows_the_physical_value_not_the_unit ... ok
[INFO] [stdout] test power_dbm_anchors_every_ham_knows ... ok
[INFO] [stdout] test power_dbm_round_trips_and_is_honest_about_zero ... ok
[INFO] [stdout] test rainfall_known_answers ... ok
[INFO] [stdout] test pressure_known_answers ... ok
[INFO] [stdout] test speed_factors_match_the_published_definitions ... ok
[INFO] [stdout] test temperature_anchors_everybody_knows ... ok
[INFO] [stdout] test speed_from_the_units_a_sensor_reports_in ... ok
[INFO] [stdout] test temperature_cross_scale_rounding_is_documented_not_accidental ... ok
[INFO] [stdout] test temperature_known_answers ... ok
[INFO] [stdout] test compass_points_cover_every_degree_exactly_once_per_sector ... ok
[INFO] [stdout] test temperature_ties_round_away_from_zero_on_the_scale_asked_for ... ok
[INFO] [stdout] test temperature_round_trips_exactly_in_all_three_input_units ... ok
[INFO] [stdout] test speed_known_answers ... ok
[INFO] [stdout] test humidity_absorbs_the_wire_quirk_once ... ok
[INFO] [stdout] test same_unit_access_is_exact_across_a_wide_range ... ok
[INFO] [stdout] 
[INFO] [stderr]      Running tests/wspr.rs (/opt/rustwide/target/debug/deps/wspr-97ce4b387d3d4e4d)
[INFO] [stdout] test result: ok. 26 passed; 0 failed; 0 ignored; 0 measured; 0 filtered out; finished in 0.04s
[INFO] [stdout] 
[INFO] [stdout] 
[INFO] [stderr]      Running tests/wspr_differential.rs (/opt/rustwide/target/debug/deps/wspr_differential-9f40526c45476f22)
[INFO] [stdout] running 0 tests
[INFO] [stdout] 
[INFO] [stdout] test result: ok. 0 passed; 0 failed; 0 ignored; 0 measured; 0 filtered out; finished in 0.00s
[INFO] [stdout] 
[INFO] [stderr]    Doc-tests yodel
[INFO] [stdout] 
[INFO] [stdout] running 0 tests
[INFO] [stdout] 
[INFO] [stdout] test result: ok. 0 passed; 0 failed; 0 ignored; 0 measured; 0 filtered out; finished in 0.00s
[INFO] [stdout] 
[INFO] [stdout] 
[INFO] [stdout] running 57 tests
[INFO] [stdout] test src/lib.rs - EmbeddedDoctests (line 326) ... ignored
[INFO] [stdout] test src/lib.rs - EmbeddedDoctests (line 415) ... ignored
[INFO] [stdout] test src/lib.rs - EmbeddedDoctests (line 466) ... ignored
[INFO] [stdout] test src/lib.rs - ReadmeDoctests (line 1225) ... ignored
[INFO] [stdout] test src/lib.rs - ReadmeDoctests (line 1237) ... ignored
[INFO] [stdout] test src/lib.rs - ReadmeDoctests (line 1258) ... ignored
[INFO] [stdout] test src/lib.rs - ReadmeDoctests (line 1272) ... ignored
[INFO] [stdout] test src/geo.rs - geo::Longitude::degrees_minutes (line 979) ... ok
[INFO] [stdout] test src/geo.rs - geo::Longitude::from_degrees_minutes (line 892) ... ok
[INFO] [stdout] test src/lib.rs - EmbeddedDoctests (line 260) ... ok
[INFO] [stdout] test src/geo.rs - geo::MaidenheadGrid (line 1225) ... ok
[INFO] [stdout] test src/geo.rs - geo::Coordinates::distance_to (line 471) ... ok
[INFO] [stdout] test src/geo.rs - geo::MaidenheadGrid::to_precision (line 1363) ... ok
[INFO] [stdout] test src/lib.rs - ReadmeDoctests (line 1407) ... ok
[INFO] [stdout] test src/geo.rs - geo::Latitude::degrees_minutes (line 827) ... ok
[INFO] [stdout] test src/geo.rs - geo::Coordinates (line 253) ... ok
[INFO] [stdout] test src/lib.rs - ReadmeDoctests (line 1316) ... ok
[INFO] [stdout] test src/geo.rs - geo::Latitude::from_hundredths_minute (line 767) ... ok
[INFO] [stdout] test src/discriminator.rs - discriminator::QuadratureCorrelator (line 307) ... ok
[INFO] [stdout] test src/lib.rs - ReadmeDoctests (line 1674) ... ok
[INFO] [stdout] test src/geo.rs - geo::Latitude::from_degrees_minutes (line 715) ... ok
[INFO] [stdout] test src/geo.rs - geo::Longitude::from_hundredths_minute (line 928) ... ok
[INFO] [stdout] test src/error.rs - error::ConfigError (line 21) ... ok
[INFO] [stdout] test src/demodulator.rs - demodulator::Demodulator (line 129) ... ok
[INFO] [stdout] test src/lib.rs - ReadmeDoctests (line 450) ... ok
[INFO] [stdout] test src/lib.rs - ReadmeDoctests (line 1485) ... ok
[INFO] [stdout] test src/lib.rs - ReadmeDoctests (line 1602) ... ok
[INFO] [stdout] test src/lib.rs - ReadmeDoctests (line 568) ... ok
[INFO] [stdout] test src/lib.rs - ReadmeDoctests (line 944) ... FAILED
[INFO] [stdout] test src/lib.rs - ReadmeDoctests (line 400) ... ok
[INFO] [stdout] test src/lib.rs - ReadmeDoctests (line 471) ... ok
[INFO] [stdout] test src/lib.rs - ReadmeDoctests (line 625) ... ok
[INFO] [stdout] test src/lib.rs - ReadmeDoctests (line 1839) ... ok
[INFO] [stdout] test src/ring.rs - ring::SampleRing (line 61) ... ok
[INFO] [stdout] test src/slicer.rs - slicer::Slicer (line 67) ... ok
[INFO] [stdout] test src/lib.rs - ReadmeDoctests (line 514) ... ok
[INFO] [stdout] test src/modulator.rs - modulator (line 33) ... ok
[INFO] [stdout] test src/types.rs - types::ModemProfile::BELL_103_ORIGINATE (line 413) ... ok
[INFO] [stdout] test src/types.rs - types::ModemProfile::BELL_103_ANSWER (line 427) ... ok
[INFO] [stdout] test src/types.rs - types::DevicePreset (line 540) ... ok
[INFO] [stdout] test src/lib.rs - ReadmeDoctests (line 1853) ... ok
[INFO] [stdout] test src/types.rs - types::TonePair::BELL_103_ORIGINATE (line 272) ... ok
[INFO] [stdout] test src/types.rs - types::ModemProfile::BELL_202 (line 381) ... ok
[INFO] [stdout] test src/units.rs - units::Bearing (line 977) ... ok
[INFO] [stdout] test src/types.rs - types::ModemProfile::HF_APRS_300 (line 396) ... ok
[INFO] [stdout] test src/types.rs - types::TonePair::BELL_103_ANSWER (line 284) ... ok
[INFO] [stdout] test src/types.rs - types::ModulationScheme (line 341) ... ok
[INFO] [stdout] test src/units.rs - units::Pressure (line 744) ... ok
[INFO] [stdout] test src/units.rs - units::Distance (line 265) ... ok
[INFO] [stdout] test src/units.rs - units::Rainfall (line 525) ... ok
[INFO] [stdout] test src/units.rs - units::Temperature::from_tenths_fahrenheit (line 677) ... ok
[INFO] [stdout] test src/units.rs - units::Power (line 840) ... ok
[INFO] [stdout] test src/types.rs - types::TonePair::HF_APRS (line 260) ... ok
[INFO] [stdout] test src/units.rs - units::Humidity (line 1147) ... ok
[INFO] [stdout] test src/types.rs - types::ModemProfile::BELL_103 (line 441) ... ok
[INFO] [stdout] test src/units.rs - units::Speed (line 401) ... ok
[INFO] [stdout] test src/units.rs - units::Temperature (line 601) ... ok
[INFO] [stdout] 
[INFO] [stdout] failures:
[INFO] [stdout] 
[INFO] [stdout] ---- src/lib.rs - ReadmeDoctests (line 944) stdout ----
[INFO] [stdout] error[E0433]: cannot find `aprs` in `yodel`
[INFO] [stdout]    --> src/lib.rs:956:17
[INFO] [stdout]     |
[INFO] [stdout] 956 | Ok::<(), yodel::aprs::AprsError>(())
[INFO] [stdout]     |                 ^^^^ could not find `aprs` in `yodel`
[INFO] [stdout]     |
[INFO] [stdout] note: found an item that was configured out
[INFO] [stdout]    --> src/lib.rs:163:9
[INFO] [stdout]     |
[INFO] [stdout] 162 | #[cfg(feature = "aprs")]
[INFO] [stdout]     |       ---------------- the item is gated behind the `aprs` feature
[INFO] [stdout] 163 | pub mod aprs;
[INFO] [stdout]     |         ^^^^
[INFO] [stdout] 
[INFO] [stdout] error: aborting due to 1 previous error
[INFO] [stdout] 
[INFO] [stdout] For more information about this error, try `rustc --explain E0433`.
[INFO] [stdout] Couldn't compile the test.
[INFO] [stdout] 
[INFO] [stdout] failures:
[INFO] [stdout]     src/lib.rs - ReadmeDoctests (line 944)
[INFO] [stdout] 
[INFO] [stdout] test result: FAILED. 49 passed; 1 failed; 7 ignored; 0 measured; 0 filtered out; finished in 2.14s
[INFO] [stdout] 
[INFO] [stdout] all doctests ran in 2.40s; merged doctests compilation took 0.26s
[INFO] [stderr] error: doctest failed, to rerun pass `--doc`
[INFO] running `Command { std: "docker" "inspect" "dc418b00e31f85ba7033cf233ebe2a52c7c19b06716bba0d041684a81d509355", kill_on_drop: false }`
[INFO] running `Command { std: "docker" "rm" "-f" "dc418b00e31f85ba7033cf233ebe2a52c7c19b06716bba0d041684a81d509355", kill_on_drop: false }`
[INFO] [stdout] dc418b00e31f85ba7033cf233ebe2a52c7c19b06716bba0d041684a81d509355
