[INFO] fetching crate yoctui-bitbake 0.1.118...
[INFO] testing yoctui-bitbake-0.1.118 against 1.99.0-beta.8 for beta-1.100-2
[INFO] extracting crate yoctui-bitbake 0.1.118 into /workspace/builds/worker-7-tc1/source
[INFO] started tweaking crates.io crate yoctui-bitbake 0.1.118
[INFO] removed 0 missing tests
[INFO] finished tweaking crates.io crate yoctui-bitbake 0.1.118
[INFO] tweaked toml for crates.io crate yoctui-bitbake 0.1.118 written to /workspace/builds/worker-7-tc1/source/Cargo.toml
[INFO] validating manifest of crates.io crate yoctui-bitbake 0.1.118 on toolchain 1.99.0-beta.8
[INFO] running `Command { std: CARGO_HOME="/workspace/cargo-home" RUSTUP_HOME="/workspace/rustup-home" "/workspace/cargo-home/bin/cargo" "+1.99.0-beta.8" "metadata" "--manifest-path" "Cargo.toml" "--no-deps", kill_on_drop: false }`
[INFO] crate crates.io crate yoctui-bitbake 0.1.118 already has a lockfile, it will not be regenerated
[INFO] running `Command { std: CARGO_HOME="/workspace/cargo-home" RUSTUP_HOME="/workspace/rustup-home" "/workspace/cargo-home/bin/cargo" "+1.99.0-beta.8" "fetch" "--manifest-path" "Cargo.toml", kill_on_drop: false }`
[INFO] [stderr]     Updating crates.io index
[INFO] [stderr]  Downloading crates ...
[INFO] [stderr]   Downloaded yoctui-utils v0.1.118
[INFO] [stderr]   Downloaded dirs v7.0.0
[INFO] [stderr]   Downloaded syn v3.0.0
[INFO] [stderr]   Downloaded yoctui-model v0.1.118
[INFO] [stderr]   Downloaded yoctui-protocol v0.1.118
[INFO] [stderr]   Downloaded tokio v1.53.0
[INFO] running `Command { std: "docker" "create" "-v" "/var/lib/crater-agent-workspace/builds/worker-7-tc1/source:/opt/rustwide/workdir:ro,Z" "-v" "/var/lib/crater-agent-workspace/builds/worker-7-tc1/target:/opt/rustwide/target:rw,Z" "-v" "/var/lib/crater-agent-workspace/cargo-home:/opt/rustwide/cargo-home:ro,Z" "-v" "/var/lib/crater-agent-workspace/rustup-home:/opt/rustwide/rustup-home:ro,Z" "-m" "1610612736" "--network" "none" "ghcr.io/rust-lang/crates-build-env/linux@sha256:3111399a4047eeb3a02b7a90e478d715f38a8c6669b5c4b49d30a17385265909" "sleep" "infinity", kill_on_drop: false }`
[INFO] [stdout] be4dcdc2f3843ea3f471a716012619346f23c3318eaf82772ffe2cb270689c63
[INFO] running `Command { std: "docker" "start" "be4dcdc2f3843ea3f471a716012619346f23c3318eaf82772ffe2cb270689c63", kill_on_drop: false }`
[INFO] running `Command { std: "docker" "inspect" "be4dcdc2f3843ea3f471a716012619346f23c3318eaf82772ffe2cb270689c63", kill_on_drop: false }`
[INFO] running `Command { std: "docker" "exec" "-e" "SOURCE_DIR=/opt/rustwide/workdir" "-e" "CARGO_HOME=/opt/rustwide/cargo-home" "-e" "RUSTUP_HOME=/opt/rustwide/rustup-home" "-e" "CARGO_TARGET_DIR=/opt/rustwide/target" "-w" "/opt/rustwide/workdir" "--user" "0:0" "be4dcdc2f3843ea3f471a716012619346f23c3318eaf82772ffe2cb270689c63" "/opt/rustwide/cargo-home/bin/cargo" "+1.99.0-beta.8" "metadata" "--no-deps" "--format-version=1", kill_on_drop: false }`
[INFO] running `Command { std: "docker" "inspect" "be4dcdc2f3843ea3f471a716012619346f23c3318eaf82772ffe2cb270689c63", kill_on_drop: false }`
[INFO] running `Command { std: "docker" "exec" "-e" "SOURCE_DIR=/opt/rustwide/workdir" "-e" "CARGO_HOME=/opt/rustwide/cargo-home" "-e" "RUSTUP_HOME=/opt/rustwide/rustup-home" "-e" "CARGO_TARGET_DIR=/opt/rustwide/target" "-e" "CARGO_INCREMENTAL=0" "-e" "RUST_BACKTRACE=full" "-e" "RUSTFLAGS=--cap-lints=warn" "-e" "RUSTDOCFLAGS=--cap-lints=warn" "-w" "/opt/rustwide/workdir" "--user" "0:0" "be4dcdc2f3843ea3f471a716012619346f23c3318eaf82772ffe2cb270689c63" "/opt/rustwide/cargo-home/bin/cargo" "+1.99.0-beta.8" "build" "--frozen" "--message-format=json", kill_on_drop: false }`
[INFO] [stderr]    Compiling thiserror v2.0.19
[INFO] [stderr]    Compiling arrayvec v0.7.8
[INFO] [stderr]    Compiling aho-corasick v1.1.4
[INFO] [stderr]    Compiling syn v3.0.0
[INFO] [stderr]    Compiling dirs-sys v0.5.0
[INFO] [stderr]    Compiling syn v2.0.119
[INFO] [stderr]    Compiling mio v1.2.2
[INFO] [stderr]    Compiling serde_json v1.0.150
[INFO] [stderr]    Compiling sha2 v0.10.9
[INFO] [stderr]    Compiling vte v0.15.0
[INFO] [stderr]    Compiling dirs v7.0.0
[INFO] [stderr]    Compiling yoctui-utils v0.1.118
[INFO] [stderr]    Compiling vt100 v0.16.2
[INFO] [stderr]    Compiling regex-automata v0.4.16
[INFO] [stderr]    Compiling thiserror-impl v2.0.19
[INFO] [stderr]    Compiling serde_derive v1.0.229
[INFO] [stderr]    Compiling async-trait v0.1.91
[INFO] [stderr]    Compiling regex v1.13.1
[INFO] [stderr]    Compiling tokio-macros v2.7.1
[INFO] [stderr]    Compiling tracing-attributes v0.1.31
[INFO] [stderr]    Compiling tokio v1.53.0
[INFO] [stderr]    Compiling tracing v0.1.44
[INFO] [stderr]    Compiling serde v1.0.229
[INFO] [stderr]    Compiling yoctui-model v0.1.118
[INFO] [stderr]    Compiling yoctui-protocol v0.1.118
[INFO] [stderr]    Compiling yoctui-bitbake v0.1.118 (/opt/rustwide/workdir)
[INFO] [stderr]     Finished `dev` profile [unoptimized + debuginfo] target(s) in 59.11s
[INFO] running `Command { std: "docker" "inspect" "be4dcdc2f3843ea3f471a716012619346f23c3318eaf82772ffe2cb270689c63", kill_on_drop: false }`
[INFO] running `Command { std: "docker" "exec" "-e" "SOURCE_DIR=/opt/rustwide/workdir" "-e" "CARGO_HOME=/opt/rustwide/cargo-home" "-e" "RUSTUP_HOME=/opt/rustwide/rustup-home" "-e" "CARGO_TARGET_DIR=/opt/rustwide/target" "-e" "CARGO_INCREMENTAL=0" "-e" "RUST_BACKTRACE=full" "-e" "RUSTFLAGS=--cap-lints=warn" "-e" "RUSTDOCFLAGS=--cap-lints=warn" "-w" "/opt/rustwide/workdir" "--user" "0:0" "be4dcdc2f3843ea3f471a716012619346f23c3318eaf82772ffe2cb270689c63" "/opt/rustwide/cargo-home/bin/cargo" "+1.99.0-beta.8" "test" "--frozen" "--no-run" "--message-format=json", kill_on_drop: false }`
[INFO] [stderr]    Compiling yoctui-bitbake v0.1.118 (/opt/rustwide/workdir)
[INFO] [stderr]     Finished `test` profile [unoptimized + debuginfo] target(s) in 30.29s
[INFO] running `Command { std: "docker" "inspect" "be4dcdc2f3843ea3f471a716012619346f23c3318eaf82772ffe2cb270689c63", kill_on_drop: false }`
[INFO] running `Command { std: "docker" "exec" "-e" "SOURCE_DIR=/opt/rustwide/workdir" "-e" "CARGO_HOME=/opt/rustwide/cargo-home" "-e" "RUSTUP_HOME=/opt/rustwide/rustup-home" "-e" "CARGO_TARGET_DIR=/opt/rustwide/target" "-e" "CARGO_INCREMENTAL=0" "-e" "RUST_BACKTRACE=full" "-e" "RUSTFLAGS=--cap-lints=warn" "-e" "RUSTDOCFLAGS=--cap-lints=warn" "-w" "/opt/rustwide/workdir" "--user" "0:0" "be4dcdc2f3843ea3f471a716012619346f23c3318eaf82772ffe2cb270689c63" "/opt/rustwide/cargo-home/bin/cargo" "+1.99.0-beta.8" "test" "--frozen", kill_on_drop: false }`
[INFO] [stderr]     Finished `test` profile [unoptimized + debuginfo] target(s) in 0.14s
[INFO] [stderr]      Running unittests src/lib.rs (/opt/rustwide/target/debug/deps/yoctui_bitbake-738e7324d5059d8d)
[INFO] [stdout] 
[INFO] [stdout] running 283 tests
[INFO] [stdout] test bitbake_cli_control::tests::cli_control_retries_only_text_file_busy_spawn_failures ... ok
[INFO] [stdout] test bitbake_restart::tests::bitbake_restart_disconnects_stops_starts_reconnects_and_refreshes ... ok
[INFO] [stdout] test bitbake_restart::tests::bitbake_restart_refuses_active_jobs_without_exact_confirmation ... ok
[INFO] [stdout] test build_environment::tests::fresh_clone_initialization_rejects_files_links_and_missing_parents ... ok
[INFO] [stdout] test compatibility_api::tests::compatibility_api_accepts_old_and_future_adapters_from_snapshot_not_version_policy ... ok
[INFO] [stdout] test build_environment::tests::poky_clone_retries_only_text_file_busy_spawn_errors ... ok
[INFO] [stdout] test compatibility_api::tests::compatibility_api_rejects_stale_or_unoffered_bridge_negotiation ... ok
[INFO] [stdout] test compatibility_cache::tests::compatibility_cache_fingerprint_is_deterministic_bounded_and_sensitive ... ok
[INFO] [stdout] test compatibility_cache::tests::compatibility_cache_invalidates_each_project_environment_and_config_dimension ... ok
[INFO] [stdout] test compatibility_cache::tests::compatibility_cache_generation_overflow_fails_closed ... ok
[INFO] [stdout] test compatibility_cache::tests::compatibility_cache_reuses_only_exact_environment_key ... ok
[INFO] [stdout] test compatibility_cache::tests::compatibility_cache_rejects_stale_generation_environment_and_key ... ok
[INFO] [stdout] test compatibility_command::tests::compatibility_command_getvar_generates_old_and_new_argv_without_unsupported_option ... ok
[INFO] [stdout] test compatibility_command::tests::compatibility_command_emits_only_authorized_build_graph_and_server_options ... ok
[INFO] [stdout] test compatibility_command::tests::compatibility_command_rejects_unavailable_stale_and_other_environment_before_argv ... ok
[INFO] [stdout] test compatibility_command::tests::compatibility_command_unavailable_action_is_rejected_before_process_spawn ... ok
[INFO] [stdout] test bitbake_cli_control::tests::cli_control_cancels_the_owned_process_group ... ok
[INFO] [stdout] test compatibility_devtool::tests::compatibility_devtool_generates_exact_argv_for_each_independently_probed_subcommand ... ok
[INFO] [stdout] test compatibility_devtool::tests::compatibility_devtool_old_surface_disables_only_absent_upgrade_with_exact_reason ... ok
[INFO] [stdout] test compatibility_devtool::tests::compatibility_devtool_rejects_stale_environment_executable_and_cross_subcommand_authority ... ok
[INFO] [stdout] test compatibility_devtool::tests::compatibility_devtool_unavailable_subcommand_never_spawns_process ... ok
[INFO] [stdout] test compatibility_command::tests::compatibility_command_getvar_shared_fixtures_select_fallback_and_utility_argv ... ok
[INFO] [stdout] test bitbake_cli_control::tests::cli_control_previews_and_runs_exact_shell_free_server_operations ... ok
[INFO] [stdout] test build_environment::tests::fresh_clone_preview_rejects_dangling_destination ... ok
[INFO] [stdout] test compatibility_devtool::tests::compatibility_command_shared_fixtures_gate_devtool_upgrade_before_argv ... ok
[INFO] [stdout] test compatibility_api::tests::compatibility_api_rejects_stale_environment_command_fallback_and_missing_negotiation ... ok
[INFO] [stdout] test compatibility_layers::tests::compatibility_layers_generates_exact_argv_for_every_operation ... ok
[INFO] [stdout] test compatibility_layers::tests::compatibility_layers_rejects_stale_environment_executable_and_cross_command ... ok
[INFO] [stdout] test compatibility_layers::tests::compatibility_layers_unavailable_mutation_never_spawns_process ... ok
[INFO] [stdout] test compatibility_layers::tests::compatibility_layers_old_surface_disables_only_absent_mutations_and_options ... ok
[INFO] [stdout] test compatibility_fixtures::tests::compatibility_fixture_future_enables_only_positive_direct_observations ... ok
[INFO] [stdout] test compatibility_fixtures::tests::compatibility_fixture_catalog_has_five_unclaimed_exact_identities ... ok
[INFO] [stdout] test build_environment::tests::reports_interactive_setup_instead_of_answering_prompts ... ok
[INFO] [stdout] test compatibility_layers::tests::compatibility_command_shared_fixtures_gate_layer_option_before_argv ... ok
[INFO] [stdout] test compatibility_fixtures::tests::compatibility_fixture_capability_differences_are_exact_and_complete ... ok
[INFO] [stdout] test compatibility_probe::tests::backend_probe_report_requires_exact_identity_and_unique_known_tokens ... ok
[INFO] [stdout] test build_environment::tests::fresh_clone_creates_nested_parents_only_on_execution ... ok
[INFO] [stdout] test compatibility_probe::tests::compatibility_probe_maps_typed_non_process_observations ... ok
[INFO] [stdout] test build_environment::tests::initializes_child_environment_without_mutating_parent ... ok
[INFO] [stdout] test compatibility_probe::tests::compatibility_probe_spawn_retry_classifies_only_text_file_busy_as_transient ... ok
[INFO] [stdout] test compatibility_probe::tests::compatibility_probe_uncollected_inventory_is_inconclusive_not_negative ... ok
[INFO] [stdout] test compatibility_probe::tests::compatibility_probe_accepts_safe_same_directory_utility_symlink_without_losing_argv0 ... ok
[INFO] [stdout] test compatibility_probe::tests::compatibility_probe_context_rejects_environment_and_tool_mismatch ... ok
[INFO] [stdout] test compatibility_recipetool::tests::compatibility_recipetool_generates_exact_create_and_appendfile_argv ... ok
[INFO] [stdout] test compatibility_recipetool::tests::compatibility_recipetool_old_surface_keeps_appendfile_but_rejects_missing_outfile ... ok
[INFO] [stdout] test compatibility_probe::tests::compatibility_probe_uses_exact_shell_free_help_and_version_argv ... ok
[INFO] [stdout] test compatibility_probe::tests::compatibility_probe_distinguishes_missing_tool_command_and_option ... ok
[INFO] [stdout] test compatibility_recipetool::tests::compatibility_recipetool_rejects_stale_environment_executable_and_cross_subcommand ... ok
[INFO] [stdout] test compatibility_recipetool::tests::compatibility_recipetool_unavailable_option_never_spawns_process ... ok
[INFO] [stdout] test compatibility_resolver::tests::compatibility_future_unknown_direct_probe_overrides_closed_static_boundary ... ok
[INFO] [stdout] test bitbake_cli_control::tests::cli_control_is_capability_aware_and_bounds_output_and_runtime ... ok
[INFO] [stdout] test compatibility_resolver::tests::compatibility_future_unknown_absent_and_inconclusive_evidence_stays_unknown ... ok
[INFO] [stdout] test compatibility_resolver::tests::compatibility_future_unknown_enables_only_positive_exact_capabilities ... ok
[INFO] [stdout] test compatibility_resolver::tests::compatibility_command_getvar_prefers_direct_utility_and_uses_environment_capability_fallback ... ok
[INFO] [stdout] test compatibility_version::tests::compatibility_probe_aggregation_requires_every_direct_requirement ... ok
[INFO] [stdout] test compatibility_resolver::tests::compatibility_probe_aggregation_allows_fallback_only_after_complete_inconclusive_probe ... ok
[INFO] [stdout] test compatibility_version::tests::compatibility_version_parser_compares_numeric_components_and_suffixes ... ok
[INFO] [stdout] test compatibility_resolver::tests::compatibility_older_release_preserves_core_selects_fallback_and_disables_newer_feature ... ok
[INFO] [stdout] test compatibility_version::tests::compatibility_version_direct_evidence_overrides_static_inference ... ok
[INFO] [stdout] test compatibility_version::tests::compatibility_version_unknown_malformed_and_future_versions_fail_closed ... ok
[INFO] [stdout] test compatibility_version::tests::compatibility_version_selects_old_and_new_adapter_ranges_only_when_declared ... ok
[INFO] [stdout] test image::tests::boot_artifact_identity_never_becomes_a_bitbake_recipe_target ... ok
[INFO] [stdout] test compatibility_resolver::tests::compatibility_probe_aggregation_keeps_partial_compound_evidence_disabled ... ok
[INFO] [stdout] test image::tests::image_artifact_adapter_classifies_only_uncompressed_wic_images ... ok
[INFO] [stdout] test compatibility_version::tests::compatibility_version_catalog_fallback_is_not_an_executable_probe ... ok
[INFO] [stdout] test compatibility_probe::tests::compatibility_probe_bitbake_getvar_uses_exact_initialized_tool_and_options ... ok
[INFO] [stdout] test image::tests::image_artifact_adapter_scans_and_classifies_deterministically ... ok
[INFO] [stdout] test image::tests::image_artifact_adapter_reports_empty_partial_malformed_and_oversized_inputs ... ok
[INFO] [stdout] test maintenance_optional::tests::maintenance_optional_detects_complete_capabilities_without_side_effects ... ok
[INFO] [stdout] test image::tests::image_artifact_adapter_supports_timeout_and_cancellation ... ok
[INFO] [stdout] test maintenance_optional::tests::maintenance_optional_reports_fully_unavailable_inputs ... ok
[INFO] [stdout] test image::tests::image_artifact_adapter_rejects_symlink_missing_escape_and_machine_mismatch ... ok
[INFO] [stdout] test maintenance_optional::tests::maintenance_optional_preserves_missing_and_partial_states ... ok
[INFO] [stdout] test compatibility_fixtures::tests::compatibility_command_fixture_authorities_encode_exact_old_and_modern_surfaces ... ok
[INFO] [stdout] test maintenance_optional::tests::maintenance_optional_rejects_symlinked_helpers_and_escaped_manifests ... ok
[INFO] [stdout] test maintenance_optional::tests::maintenance_optional_revalidation_rejects_tampered_evidence ... ok
[INFO] [stdout] test maintenance_optional::tests::maintenance_optional_process_evidence_is_observational_only ... ok
[INFO] [stdout] test maintenance_release::tests::maintenance_release_locked_signature_vector_and_changed_evidence_are_exact ... ok
[INFO] [stdout] test maintenance_release::tests::maintenance_release_archive_push_rejects_changed_local_head ... ok
[INFO] [stdout] test maintenance_release::tests::maintenance_release_buildhistory_vector_uses_only_documented_flags ... ok
[INFO] [stdout] test maintenance_release::tests::maintenance_release_archive_separates_local_result_from_network_push ... ok
[INFO] [stdout] test maintenance_release::tests::maintenance_release_capability_keeps_optional_build_compare_distinct ... ok
[INFO] [stdout] test maintenance_release::tests::maintenance_release_locked_signature_revalidates_every_input_before_spawn ... ok
[INFO] [stdout] test compatibility_probe::tests::compatibility_probe_reports_timeout_oversize_and_stale_executable_as_inconclusive ... ok
[INFO] [stdout] test maintenance_service::tests::maintenance_service_constructs_only_exact_export_and_import_vectors_with_side_effects ... ok
[INFO] [stdout] test maintenance_service::tests::maintenance_service_distinguishes_disabled_unreachable_missing_and_unsafe_capability ... ok
[INFO] [stdout] test maintenance_service::tests::maintenance_service_diagnostics_keep_location_reachability_and_process_evidence_typed ... ok
[INFO] [stdout] test maintenance_service::tests::maintenance_service_revalidates_tool_file_parent_and_preview_before_spawn ... ok
[INFO] [stdout] test maintenance_sstate::tests::maintenance_sstate_capability_distinguishes_python_legacy_missing_and_unsafe ... ok
[INFO] [stdout] test maintenance_sstate::tests::maintenance_sstate_closed_stdin_does_not_mask_child_outcome ... ok
[INFO] [stdout] test build_environment::tests::fresh_clone_initialization_creates_reviewed_build_directory ... ok
[INFO] [stdout] test maintenance_sstate::tests::maintenance_sstate_reconstructs_exact_readiness_and_cleanup_vectors ... ok
[INFO] [stdout] test compatibility_probe::tests::backend_probe_process_ignores_stderr_and_fails_closed ... ok
[INFO] [stdout] test maintenance_sstate::tests::maintenance_sstate_cleanup_preview_receives_negative_input_and_revalidates_tool ... ok
[INFO] [stdout] test maintenance_service::tests::maintenance_service_shared_runner_streams_success_and_nonzero_without_a_shell ... ok
[INFO] [stdout] test maintenance_sstate::tests::maintenance_sstate_fast_cleanup_failure_retains_status_and_stderr ... ok
[INFO] [stdout] test maintenance_sstate::tests::maintenance_sstate_preview_is_bounded_and_cleanup_rejects_changes_or_tampering ... ok
[INFO] [stdout] test package::tests::compatibility_command_shared_fixture_builds_pkgdata_argv_without_spawning ... ok
[INFO] [stdout] test compatibility_probe::tests::raw_capability_probe_is_shell_free_and_distinguishes_direct_evidence ... ok
[INFO] [stdout] test maintenance_sstate::tests::maintenance_sstate_runner_streams_bounded_output_and_terminal_status ... ok
[INFO] [stdout] test compatibility_recipetool::tests::compatibility_command_shared_fixtures_gate_recipetool_outfile_before_argv ... ok
[INFO] [stdout] test package::tests::compatibility_pkgdata_rejects_missing_command_stale_snapshot_and_zero_spawn ... ok
[INFO] [stdout] test package::tests::pkgdata_adapter_rejects_symlinked_tool_and_pkgdata_paths ... ok
[INFO] [stdout] test package::tests::compatibility_pkgdata_distinguishes_missing_generated_data_and_command_failure ... ok
[INFO] [stdout] test package::tests::pkgdata_adapter_parsers_bound_and_reject_untrusted_records ... ok
[INFO] [stdout] test platform::tests::scans_only_supported_platform_artifacts_without_following_symlinks ... ok
[INFO] [stdout] test maintenance_sstate::tests::maintenance_sstate_runner_reports_nonzero_duplicate_and_cancellation ... ok
[INFO] [stdout] test package::tests::compatibility_pkgdata_uses_detected_tool_and_preserves_valid_empty_inventory ... ok
[INFO] [stdout] test package::tests::pkgdata_adapter_times_out_and_cancels_process_groups ... ok
[INFO] [stdout] test qa_layer::tests::qa_layer_capability_discovers_exact_configured_layers_and_partial_inputs ... ok
[INFO] [stdout] test qa_layer::tests::qa_layer_capability_and_command_reject_symlink_tampering_and_preview_changes ... ok
[INFO] [stdout] test bitbake_socket::tests::bitbake_socket_rejects_non_socket_and_reports_server_loss ... ok
[INFO] [stdout] test qa_layer::tests::qa_layer_runner_preserves_timeout_rejection_and_channel_loss ... ok
[INFO] [stdout] test qa_layer::tests::qa_layer_spawn_retry_classifies_only_text_file_busy_as_transient ... ok
[INFO] [stdout] test qa_layer::tests::qa_layer_runner_streams_bounded_output_and_reports_success_and_nonzero ... ok
[INFO] [stdout] test pty_runner::tests::pty_runner_uses_real_pty_raw_io_and_resize ... ok
[INFO] [stdout] test qa_report::tests::qa_report_directory_scan_is_bounded_exact_and_partial ... ok
[INFO] [stdout] test qa_report::tests::qa_report_parses_exact_json_text_xml_and_bitbake_records ... ok
[INFO] [stdout] test maintenance_service::tests::maintenance_service_shared_runner_preserves_timeout_cancel_rejection_and_loss ... ok
[INFO] [stdout] test qa_report::tests::qa_report_rejects_missing_symlink_escape_duplicate_and_mismatch ... ok
[INFO] [stdout] test qa_report::tests::qa_report_supports_imports_and_revalidates_stale_identity ... ok
[INFO] [stdout] test pty_runner::tests::pty_runner_bounds_input_and_forces_ignored_termination ... ok
[INFO] [stdout] test qa_task::tests::qa_task_capability_accepts_alternate_tasks_only_as_explicit_data ... ok
[INFO] [stdout] test qa_task::tests::qa_task_capability_preserves_usable_inputs_as_partial ... ok
[INFO] [stdout] test qa_task::tests::qa_task_capability_never_guesses_missing_or_similar_tasks ... ok
[INFO] [stdout] test maintenance_release::tests::maintenance_release_shared_runner_keeps_success_nonzero_timeout_cancel_and_loss_typed ... ok
[INFO] [stdout] test qemu::tests::qemu_adapter_builds_exact_shell_free_arguments_and_rejects_tampering ... ok
[INFO] [stdout] test qa_task::tests::qa_task_capability_handles_duplicates_ambiguity_and_bounds ... ok
[INFO] [stdout] test qa_task::tests::qa_task_capability_rejects_stale_selected_provider_and_symlinks ... ok
[INFO] [stdout] test pty_runner::tests::pty_runner_preserves_raw_bytes_and_terminates_gracefully ... ok
[INFO] [stdout] test qa_task::tests::qa_task_capability_uses_only_exact_family_bindings_and_reported_tasks ... ok
[INFO] [stdout] test qemu::tests::qemu_adapter_rejects_symlinked_artifacts ... ok
[INFO] [stdout] test qemu::tests::qemu_adapter_capability_distinguishes_available_missing_image_and_failure ... ok
[INFO] [stdout] test qemu::tests::qemu_adapter_reports_unexpected_output_channel_loss ... ok
[INFO] [stdout] test qemu::tests::qemu_adapter_reports_successful_completion ... ok
[INFO] [stdout] test package::tests::compatibility_pkgdata_builds_exact_authorized_commands_and_parses_results ... ok
[INFO] [stdout] test qa_layer::tests::qa_layer_runner_rejects_duplicate_and_cancels_gracefully_or_forcibly ... ok
[INFO] [stdout] test qemu::tests::qemu_adapter_streams_bounded_output_and_reports_nonzero_exit ... ok
[INFO] [stdout] test compatibility_probe::tests::compatibility_probe_background_priority_reaches_the_tool_process ... ok
[INFO] [stdout] test recipe_inventory::tests::recipe_inventory_requires_contiguous_complete_bounded_transfer ... ok
[INFO] [stdout] test rootfs::tests::rootfs_runtime_reverse_partial_scan_retains_control_and_containment ... ok
[INFO] [stdout] test build_environment::tests::poky_clone_requires_empty_destination_and_uses_reviewed_vectors ... FAILED
[INFO] [stdout] test rootfs::tests::rootfs_runtime_reverse_preserves_file_and_total_byte_limits ... ok
[INFO] [stdout] test rootfs::tests::rootfs_runtime_reverse_preserves_installed_identity_and_scoped_fields ... ok
[INFO] [stdout] test rootfs::tests::rootfs_runtime_reverse_rejects_unsafe_missing_and_conflicting_mappings ... ok
[INFO] [stdout] test rootfs::tests::ux_rootfs_acquires_exact_manifest_pkgdata_and_no_follow_tree ... ok
[INFO] [stdout] test maintenance_sstate::tests::maintenance_sstate_spawn_retries_only_transient_text_file_busy ... FAILED
[INFO] [stdout] test rootfs::tests::ux_rootfs_deduplicates_hardlink_bytes_and_accounts_special_files ... ok
[INFO] [stdout] test rootfs::tests::ux_rootfs_denies_stale_cancelled_mismatched_and_escaping_sources ... ok
[INFO] [stdout] test rootfs::udev::tests::udev_empty_scan_cancellation_and_deadline_are_explicit ... ok
[INFO] [stdout] test rootfs::udev::tests::udev_image_absolute_links_stay_in_image_and_loops_are_bounded ... ok
[INFO] [stdout] test rootfs::udev::tests::udev_inventory_preserves_overrides_masks_and_bounded_preview ... ok
[INFO] [stdout] test qa_report::tests::qa_report_preserves_empty_and_malformed_as_distinct_outcomes ... ok
[INFO] [stdout] test rootfs::tests::ux_rootfs_oversized_single_pkgdata_is_partial_not_a_screen_failure ... ok
[INFO] [stdout] test rootfs::tests::ux_rootfs_streams_large_scoped_wrynose_pkgdata_and_counts_files ... ok
[INFO] [stdout] test sdk::tests::sdk_artifact_scan_distinguishes_empty_and_unavailable_metadata ... ok
[INFO] [stdout] test recipe_inventory::tests::recipe_inventory_rejects_bad_offsets_totals_final_flags_and_bounds ... ok
[INFO] [stdout] test bitbake_socket::tests::bitbake_socket_starts_connects_correlates_and_stops_supported_server ... ok
[INFO] [stdout] test sdk::tests::sdk_artifact_scan_rejects_root_symlink_mismatch_and_entry_escape ... ok
[INFO] [stdout] test sdk::tests::sdk_artifact_scan_reports_partial_malformed_and_oversized_records ... ok
[INFO] [stdout] test sdk::tests::sdk_artifact_scan_sorts_classifies_and_associates_records ... ok
[INFO] [stdout] test sdk_tool::tests::sdk_tool_capability_is_partial_and_rejects_unsafe_candidates ... ok
[INFO] [stdout] test sdk_tool::tests::sdk_tool_commands_reconstruct_exact_publication_and_native_argv ... ok
[INFO] [stdout] test sdk_tool::tests::sdk_tool_commands_reject_unsafe_paths_and_stale_installer ... ok
[INFO] [stdout] test sdk_shell::tests::pty_sdk_shell_captures_child_only_environment_and_detects_changes ... ok
[INFO] [stdout] test sdk_tool::tests::sdk_tool_extracted_environment_is_validated_and_child_only ... ok
[INFO] [stdout] test raw_job::tests::raw_job_runner_truncates_oversized_lines_and_revalidates_at_start ... ok
[INFO] [stdout] test qemu::tests::qemu_adapter_cancels_gracefully_and_escalates_process_groups ... ok
[INFO] [stdout] test sdk_tool::tests::sdk_tool_runner_rejects_duplicate_and_reports_nonzero_and_loss ... ok
[INFO] [stdout] test sdk_tool::tests::sdk_tool_runner_confines_extracted_environment_to_the_child ... ok
[INFO] [stdout] test sdk_tool::tests::sdk_tool_runner_streams_bounded_output_and_terminal_status ... ok
[INFO] [stdout] test security::tests::security_capability_is_partial_for_unsafe_optional_inputs ... ok
[INFO] [stdout] test security::tests::security_capability_bounds_inputs_and_fails_closed_for_invalid_scope ... ok
[INFO] [stdout] test security::tests::security_capability_rejects_primary_symlinks_and_ignores_tool_symlinks ... ok
[INFO] [stdout] test security::tests::security_capability_preserves_current_and_legacy_reported_tasks ... ok
[INFO] [stdout] test qa_report::tests::qa_report_preserves_cancellation_timeout_loss_and_oversize ... ok
[INFO] [stdout] test security_mapper::tests::security_mapper_reconstructs_exact_argv_and_streams_bounded_output ... ok
[INFO] [stdout] test sdk::tests::sdk_artifact_scan_has_distinct_timeout_cancellation_permission_and_worker_loss ... ok
[INFO] [stdout] test security_mapper::tests::security_mapper_rejects_tampering_symlinks_and_stale_identity ... ok
[INFO] [stdout] test maintenance_optional::tests::maintenance_optional_bounds_candidates_and_process_records ... ok
[INFO] [stdout] test security_report::tests::security_report_distinguishes_empty_and_mixed_partial_scans ... ok
[INFO] [stdout] test sdk_tool::tests::sdk_tool_spawn_retries_only_transient_text_file_busy ... ok
[INFO] [stdout] test security_report::tests::security_report_parses_cve_and_spdx_with_exact_identities ... ok
[INFO] [stdout] test security_mapper::tests::security_mapper_reports_duplicate_nonzero_and_worker_loss ... ok
[INFO] [stdout] test security_report::tests::security_report_parses_cyclonedx_and_legacy_image_manifest ... ok
[INFO] [stdout] test security_report::tests::security_report_parses_text_and_retains_unsupported_spdx_artifacts ... ok
[INFO] [stdout] test security_report::tests::security_report_rejects_relative_escape_duplicate_and_missing_paths ... ok
[INFO] [stdout] test server_controller::tests::server_controller_drives_typed_lifecycle_and_preserves_capabilities ... ok
[INFO] [stdout] test security_report::tests::security_report_rejects_explicit_symlinks_and_does_not_follow_nested_ones ... ok
[INFO] [stdout] test server_controller::tests::server_controller_reports_unavailable_failure_timeout_and_invalid_transitions ... ok
[INFO] [stdout] test security_report::tests::security_report_exposes_timeout_cancellation_and_worker_loss ... ok
[INFO] [stdout] test signature::tests::signature_adapter_compares_exact_validated_paths ... ok
[INFO] [stdout] test signature::tests::signature_adapter_parser_keeps_typed_bounded_dump_data ... ok
[INFO] [stdout] test signature::tests::signature_adapter_parses_typed_diffsigs_summary_honestly ... ok
[INFO] [stdout] test sdk_tool::tests::sdk_tool_runner_times_out_and_cancels_gracefully_or_forcibly ... ok
[INFO] [stdout] test raw_job::tests::raw_job_runner_streams_bounded_unicode_and_reports_success_and_nonzero ... ok
[INFO] [stdout] test security_report::tests::security_report_rejects_wholly_malformed_and_oversized_inputs ... ok
[INFO] [stdout] test signature::tests::signature_adapter_discovers_dumps_and_constructs_exact_arguments ... ok
[INFO] [stdout] test signature::tests::signature_adapter_reports_empty_malformed_and_duplicate_results ... ok
[INFO] [stdout] test security_mapper::tests::security_mapper_cancels_gracefully_forcibly_and_times_out ... ok
[INFO] [stdout] test signature::tests::signature_adapter_rejects_escape_missing_tools_and_nonzero_results ... ok
[INFO] [stdout] test test_results::tests::test_results_import_rejects_unsafe_and_bounds_oversized_files ... ok
[INFO] [stdout] test test_results::tests::test_results_construct_exact_comparison_and_non_overwriting_junit_vectors ... ok
[INFO] [stdout] test source_git::tests::git_status_rename_origin_cannot_spoof_headers ... ok
[INFO] [stdout] test security_mapper::tests::security_mapper_spawn_retries_only_transient_text_file_busy ... ok
[INFO] [stdout] test test_runner::tests::test_runner_capability_distinguishes_missing_and_unsafe_executables ... ok
[INFO] [stdout] test test_runner::tests::test_runner_commands_are_exact_revalidated_and_child_environment_only ... ok
[INFO] [stdout] test test_results::tests::test_results_capability_is_independent_canonical_and_fail_closed ... ok
[INFO] [stdout] test test_runner::tests::test_runner_rejects_tampering_streams_bounded_output_and_completes ... ok
[INFO] [stdout] test test_runner::tests::test_runner_reports_nonzero_worker_loss_and_cancellation_rejection ... ok
[INFO] [stdout] test tests::dependency_graph_process_backend_is_shell_free_and_rejects_failures::background_bridge_priority_is_applied_before_metadata_commands ... ok
[INFO] [stdout] test signature::tests::signature_adapter_bounds_output_and_supports_cancellation ... ok
[INFO] [stdout] test test_runner::tests::test_runner_cancels_gracefully_forcibly_and_times_out ... ok
[INFO] [stdout] test test_results::tests::test_results_imports_official_shape_and_preserves_partial_failures ... ok
[INFO] [stdout] test test_results::tests::test_results_revalidate_tampering_stream_output_and_nonzero ... ok
[INFO] [stdout] test test_runner::tests::test_runner_spawn_retries_only_transient_text_file_busy ... ok
[INFO] [stdout] test tests::dependency_graph_process_backend_is_shell_free_and_rejects_failures::bridge_stderr_tail_is_bounded_and_redacts_sensitive_lines ... ok
[INFO] [stdout] test tests::dependency_graph_process_backend_is_shell_free_and_rejects_failures::bridge_stderr_is_captured_without_affecting_protocol ... ok
[INFO] [stdout] test tests::dependency_graph_process_backend_is_shell_free_and_rejects_failures::bridge_stderr_is_attached_to_failed_handshake ... ok
[INFO] [stdout] test test_results::tests::test_results_report_cancellation_timeout_and_worker_loss ... ok
[INFO] [stdout] test tests::dependency_graph_process_backend_is_shell_free_and_rejects_failures::dependency_graph_process_backend_is_shell_free_and_rejects_failures ... ok
[INFO] [stdout] test source_git::tests::git_status_real_worktree_reports_dirty_tracking_and_missing_source ... ok
[INFO] [stdout] test tests::dependency_graph_process_backend_is_shell_free_and_rejects_failures::process_backend_cancellation_acknowledges_a_hung_child ... ok
[INFO] [stdout] test tests::dependency_graph_process_backend_is_shell_free_and_rejects_failures::process_backend_escalates_after_configured_cancellation_timeout ... ok
[INFO] [stdout] test tests::dependency_graph_process_backend_is_shell_free_and_rejects_failures::process_backend_reports_exit_code ... ok
[INFO] [stdout] test tests::dependency_graph_process_backend_is_shell_free_and_rejects_failures::recipe_bitbake_action_process_backend_preserves_force_task_and_target_arguments ... ok
[INFO] [stdout] test tests::task_identity_statistics_decode_without_recipe_or_task_inference::ansi_and_severity ... ok
[INFO] [stdout] test tests::task_identity_statistics_decode_without_recipe_or_task_inference::config_metadata_converts_scope_unexpanded_value_and_operations ... ok
[INFO] [stdout] test tests::dependency_graph_process_backend_is_shell_free_and_rejects_failures::dependency_graph_process_backend_rejects_symlink_output ... ok
[INFO] [stdout] test tests::task_identity_statistics_decode_without_recipe_or_task_inference::dependency_graph_typed_event_converts_nodes_edges_and_limitations ... ok
[INFO] [stdout] test sdk::tests::sdk_artifact_scan_bounds_traversed_directories ... ok
[INFO] [stdout] test tests::task_identity_statistics_decode_without_recipe_or_task_inference::devtool_job_runner_rejects_duplicate_missing_and_failed_processes ... ok
[INFO] [stdout] test tests::task_identity_statistics_decode_without_recipe_or_task_inference::devtool_job_runner_reports_unexpected_event_channel_loss ... ok
[INFO] [stdout] test tests::dependency_graph_process_backend_is_shell_free_and_rejects_failures::daemon_startup_metadata_interrupt_runs_python_cleanup_and_reaps ... ok
[INFO] [stdout] test tests::task_identity_statistics_decode_without_recipe_or_task_inference::devtool_job_spec_builds_exact_shell_free_arguments_for_every_operation ... ok
[INFO] [stdout] test tests::task_identity_statistics_decode_without_recipe_or_task_inference::devtool_job_spec_preserves_non_utf8_finish_destination ... ok
[INFO] [stdout] test tests::task_identity_statistics_decode_without_recipe_or_task_inference::devtool_job_spec_rejects_invalid_operations_before_process_construction ... ok
[INFO] [stdout] test tests::task_identity_statistics_decode_without_recipe_or_task_inference::devtool_metadata_distinguishes_missing_tool_and_workspace_directory ... FAILED
[INFO] [stdout] test tests::task_identity_statistics_decode_without_recipe_or_task_inference::devtool_job_runner_streams_bounded_stdout_stderr_and_invalid_utf8 ... ok
[INFO] [stdout] test tests::task_identity_statistics_decode_without_recipe_or_task_inference::devtool_metadata_ignores_bounded_bitbake_diagnostics ... ok
[INFO] [stdout] test tests::task_identity_statistics_decode_without_recipe_or_task_inference::devtool_metadata_rejects_malformed_external_records ... ok
[INFO] [stdout] test tests::dependency_graph_process_backend_is_shell_free_and_rejects_failures::bridge_backend_rejects_typed_queries_without_compatibility ... ok
[INFO] [stdout] test tests::task_identity_statistics_decode_without_recipe_or_task_inference::devtool_publish_finish_preserves_native_destination_bytes ... ok
[INFO] [stdout] test tests::task_identity_statistics_decode_without_recipe_or_task_inference::devtool_publish_update_uses_exact_shell_free_arguments ... ok
[INFO] [stdout] test tests::task_identity_statistics_decode_without_recipe_or_task_inference::devtool_publish_finish_uses_exact_shell_free_arguments ... ok
[INFO] [stdout] test tests::task_identity_statistics_decode_without_recipe_or_task_inference::devtool_target_reset_uses_exact_shell_free_arguments ... ok
[INFO] [stdout] test tests::task_identity_statistics_decode_without_recipe_or_task_inference::invalid_utf8_output_is_preserved_lossily ... ok
[INFO] [stdout] test tests::task_identity_statistics_decode_without_recipe_or_task_inference::devtool_target_deploy_validates_before_exact_shell_free_arguments ... ok
[INFO] [stdout] test tests::dependency_graph_process_backend_is_shell_free_and_rejects_failures::bundled_bridge_starts_without_a_source_checkout_path ... ok
[INFO] [stdout] test tests::task_identity_statistics_decode_without_recipe_or_task_inference::live_tasks_preserves_queue_statistics_and_task_details ... ok
[INFO] [stdout] test tests::task_identity_statistics_decode_without_recipe_or_task_inference::recipe_metadata_converts_typed_statuses_and_paths ... ok
[INFO] [stdout] test tests::task_identity_statistics_decode_without_recipe_or_task_inference::task_identity_statistics_decode_without_recipe_or_task_inference ... ok
[INFO] [stdout] test tests::task_identity_statistics_decode_without_recipe_or_task_inference::typed_event_preserves_unknown_progress_and_ignores_future_events ... ok
[INFO] [stdout] test tests::task_identity_statistics_decode_without_recipe_or_task_inference::typed_event_workspace_converts_wire_paths_and_metadata ... ok
[INFO] [stdout] test utility::tests::compatibility_utilities_authorizes_exact_snapshot_tool_and_implementation ... ok
[INFO] [stdout] test utility::tests::compatibility_utilities_rejects_stale_unknown_and_wrong_implementation ... ok
[INFO] [stdout] test utility::tests::utility_runner_parses_argv_and_rejects_shell_controls ... ok
[INFO] [stdout] test utility::tests::utility_runner_preview_is_indexed_and_cwd_bounded ... ok
[INFO] [stdout] test tests::task_identity_statistics_decode_without_recipe_or_task_inference::devtool_metadata_fake_process_reports_workspace_and_dirty_git_state ... ok
[INFO] [stdout] test wic::tests::wic_adapter_capability_discovers_parses_and_constructs_exact_command ... ok
[INFO] [stdout] test raw_job::tests::raw_job_planner_reconstructs_exact_native_argv_and_rejects_tampering_before_spawn ... ok
[INFO] [stdout] test tests::task_identity_statistics_decode_without_recipe_or_task_inference::process_backend_collects_both_output_streams ... ok
[INFO] [stdout] test wic::tests::wic_adapter_capability_reports_missing_malformed_and_unsafe_sources ... ok
[INFO] [stdout] test wic::tests::wic_adapter_runner_reports_only_new_outputs_and_nonzero_failure ... ok
[INFO] [stdout] test wic::tests::wic_adapter_runner_times_out_without_blocking_forever ... ok
[INFO] [stdout] test wic::tests::wic_device_write_discovers_safe_whole_device_and_builds_exact_argv ... ok
[INFO] [stdout] test wic::tests::wic_device_write_discovery_bounds_process_failures_and_timeouts ... ok
[INFO] [stdout] test recipe_inventory::tests::recipe_inventory_transport_accepts_legacy_and_rejects_incomplete_or_uncorrelated_chunks ... ok
[INFO] [stdout] test wic::tests::wic_async_spawn_retries_only_transient_text_file_busy ... ok
[INFO] [stdout] test tests::dependency_graph_process_backend_is_shell_free_and_rejects_failures::process_backend_cancel_returns_before_slow_shutdown_and_is_idempotent ... ok
[INFO] [stdout] test wic::tests::wic_adapter_runner_rejects_duplicate_and_forces_cancellation ... ok
[INFO] [stdout] test wic::tests::wic_device_write_fails_closed_for_exclusions_duplicates_and_stale_identity ... ok
[INFO] [stdout] test tests::task_identity_statistics_decode_without_recipe_or_task_inference::devtool_job_runner_acknowledges_and_escalates_cancellation ... ok
[INFO] [stdout] test wic::tests::wic_device_write_runner_streams_bounds_fails_and_cancels ... ok
[INFO] [stdout] test raw_job::tests::raw_job_runner_cancels_gracefully_forcibly_times_out_and_reports_loss ... ok
[INFO] [stdout] test tests::task_identity_statistics_decode_without_recipe_or_task_inference::oversized_process_line_is_truncated_and_stream_continues ... ok
[INFO] [stdout] test maintenance_sstate::tests::hardening_stress_process_tree_cancellation_reaps_descendant ... FAILED
[INFO] [stdout] test tests::dependency_graph_process_backend_is_shell_free_and_rejects_failures::bridge_backend_waits_for_shutdown_acknowledgement ... ok
[INFO] [stdout] test tests::dependency_graph_process_backend_is_shell_free_and_rejects_failures::bridge_backend_requires_compatibility_before_workspace_inspection ... ok
[INFO] [stdout] test tests::task_identity_statistics_decode_without_recipe_or_task_inference::dependency_graph_dot_parser_normalizes_task_build_cycles_and_bounds ... ok
[INFO] [stdout] test rootfs::udev::tests::udev_unresolved_file_is_retained_and_limits_are_reported ... ok
[INFO] [stdout] test sdk::tests::sdk_artifact_scan_bounds_directory_entries_deterministically ... ok
[INFO] [stdout] test maintenance_sstate::tests::maintenance_sstate_runner_preserves_timeout_forced_cancel_rejection_and_loss ... ok
[INFO] [stdout] 
[INFO] [stdout] failures:
[INFO] [stdout] 
[INFO] [stdout] ---- build_environment::tests::poky_clone_requires_empty_destination_and_uses_reviewed_vectors stdout ----
[INFO] [stdout] 
[INFO] [stdout] thread 'build_environment::tests::poky_clone_requires_empty_destination_and_uses_reviewed_vectors' (735) panicked at src/build_environment.rs:516:43:
[INFO] [stdout] called `Result::unwrap()` on an `Err` value: Failed("mkdir: Read-only file system")
[INFO] [stdout] stack backtrace:
[INFO] [stdout]    0:     0x5bc4817c2201 - std[70759c8f55707aa4]::backtrace_rs::backtrace::libunwind::trace
[INFO] [stdout]                                at /rustc/dfb0accb7f508ae8be965d8629557221c889dd98/library/std/src/../../backtrace/src/backtrace/libunwind.rs:117:9
[INFO] [stdout]    1:     0x5bc4817c2201 - std[70759c8f55707aa4]::backtrace_rs::backtrace::trace_unsynchronized::<std[70759c8f55707aa4]::sys::backtrace::_print_fmt::{closure#1}>
[INFO] [stdout]                                at /rustc/dfb0accb7f508ae8be965d8629557221c889dd98/library/std/src/../../backtrace/src/backtrace/mod.rs:66:14
[INFO] [stdout]    2:     0x5bc4817c2201 - std[70759c8f55707aa4]::sys::backtrace::_print_fmt
[INFO] [stdout]                                at /rustc/dfb0accb7f508ae8be965d8629557221c889dd98/library/std/src/sys/backtrace.rs:74:9
[INFO] [stdout]    3:     0x5bc4817c2201 - <<std[70759c8f55707aa4]::sys::backtrace::BacktraceLock>::print::DisplayBacktrace as core[df12db4294e9bfd3]::fmt::Display>::fmt
[INFO] [stdout]                                at /rustc/dfb0accb7f508ae8be965d8629557221c889dd98/library/std/src/sys/backtrace.rs:44:26
[INFO] [stdout]    4:     0x5bc4817d8c0a - <core[df12db4294e9bfd3]::fmt::rt::Argument>::fmt
[INFO] [stdout]                                at /rustc/dfb0accb7f508ae8be965d8629557221c889dd98/library/core/src/fmt/rt.rs:152:76
[INFO] [stdout]    5:     0x5bc4817d8c0a - core[df12db4294e9bfd3]::fmt::write
[INFO] [stdout]    6:     0x5bc4817c6dac - core[df12db4294e9bfd3]::io::write::default_write_fmt::<alloc[2182bb758b4b3781]::vec::Vec<u8>>
[INFO] [stdout]                                at /rustc/dfb0accb7f508ae8be965d8629557221c889dd98/library/core/src/io/write.rs:402:11
[INFO] [stdout]    7:     0x5bc4817c6dac - <alloc[2182bb758b4b3781]::vec::Vec<u8> as core[df12db4294e9bfd3]::io::write::Write>::write_fmt
[INFO] [stdout]                                at /rustc/dfb0accb7f508ae8be965d8629557221c889dd98/library/core/src/io/write.rs:335:13
[INFO] [stdout]    8:     0x5bc481799656 - <std[70759c8f55707aa4]::sys::backtrace::BacktraceLock>::print
[INFO] [stdout]                                at /rustc/dfb0accb7f508ae8be965d8629557221c889dd98/library/std/src/sys/backtrace.rs:47:9
[INFO] [stdout]    9:     0x5bc481799656 - std[70759c8f55707aa4]::panicking::default_hook::{closure#0}
[INFO] [stdout]                                at /rustc/dfb0accb7f508ae8be965d8629557221c889dd98/library/std/src/panicking.rs:292:27
[INFO] [stdout]   10:     0x5bc4817b8a19 - std[70759c8f55707aa4]::panicking::default_hook
[INFO] [stdout]                                at /rustc/dfb0accb7f508ae8be965d8629557221c889dd98/library/std/src/panicking.rs:316:9
[INFO] [stdout]   11:     0x5bc48125b400 - <alloc[2182bb758b4b3781]::boxed::Box<dyn for<'a, 'b> core[df12db4294e9bfd3]::ops::function::Fn<(&'a std[70759c8f55707aa4]::panic::PanicHookInfo<'b>,), Output = ()> + core[df12db4294e9bfd3]::marker::Send + core[df12db4294e9bfd3]::marker::Sync> as core[df12db4294e9bfd3]::ops::function::Fn<(&std[70759c8f55707aa4]::panic::PanicHookInfo,)>>::call
[INFO] [stdout]                                at /rustc/dfb0accb7f508ae8be965d8629557221c889dd98/library/alloc/src/boxed.rs:2334:9
[INFO] [stdout]   12:     0x5bc48125b400 - test[9d35eded1c95d3be]::test_main_inner::<test[9d35eded1c95d3be]::test_main_static::{closure#0}>::{closure#0}
[INFO] [stdout]                                at /rustc/dfb0accb7f508ae8be965d8629557221c889dd98/library/test/src/lib.rs:155:21
[INFO] [stdout]   13:     0x5bc4817b8d42 - <alloc[2182bb758b4b3781]::boxed::Box<dyn for<'a, 'b> core[df12db4294e9bfd3]::ops::function::Fn<(&'a std[70759c8f55707aa4]::panic::PanicHookInfo<'b>,), Output = ()> + core[df12db4294e9bfd3]::marker::Send + core[df12db4294e9bfd3]::marker::Sync> as core[df12db4294e9bfd3]::ops::function::Fn<(&std[70759c8f55707aa4]::panic::PanicHookInfo,)>>::call
[INFO] [stdout]                                at /rustc/dfb0accb7f508ae8be965d8629557221c889dd98/library/alloc/src/boxed.rs:2334:9
[INFO] [stdout]   14:     0x5bc4817b8d42 - std[70759c8f55707aa4]::panicking::panic_with_hook
[INFO] [stdout]                                at /rustc/dfb0accb7f508ae8be965d8629557221c889dd98/library/std/src/panicking.rs:823:13
[INFO] [stdout]   15:     0x5bc481799702 - std[70759c8f55707aa4]::panicking::panic_handler::{closure#0}
[INFO] [stdout]                                at /rustc/dfb0accb7f508ae8be965d8629557221c889dd98/library/std/src/panicking.rs:688:13
[INFO] [stdout]   16:     0x5bc481792009 - std[70759c8f55707aa4]::sys::backtrace::__rust_end_short_backtrace::<std[70759c8f55707aa4]::panicking::panic_handler::{closure#0}, !>
[INFO] [stdout]                                at /rustc/dfb0accb7f508ae8be965d8629557221c889dd98/library/std/src/sys/backtrace.rs:182:18
[INFO] [stdout]   17:     0x5bc48179a68d - __rustc[8fa7c3cbc660c2b3]::rust_begin_unwind
[INFO] [stdout]                                at /rustc/dfb0accb7f508ae8be965d8629557221c889dd98/library/std/src/panicking.rs:679:5
[INFO] [stdout]   18:     0x5bc4817d942c - core[df12db4294e9bfd3]::panicking::panic_fmt
[INFO] [stdout]                                at /rustc/dfb0accb7f508ae8be965d8629557221c889dd98/library/core/src/panicking.rs:80:14
[INFO] [stdout]   19:     0x5bc4817d9182 - core[df12db4294e9bfd3]::result::unwrap_failed
[INFO] [stdout]                                at /rustc/dfb0accb7f508ae8be965d8629557221c889dd98/library/core/src/result.rs:1871:5
[INFO] [stdout]   20:     0x5bc480f824bf - <core[df12db4294e9bfd3]::result::Result<yoctui_bitbake[6cc534ecdb7b6ed5]::build_environment::BuildEnvironmentClonePreview, yoctui_bitbake[6cc534ecdb7b6ed5]::build_environment::BuildEnvironmentAdapterError>>::unwrap
[INFO] [stdout]                                at /rustc/dfb0accb7f508ae8be965d8629557221c889dd98/library/core/src/result.rs:1232:23
[INFO] [stdout]   21:     0x5bc480f824bf - yoctui_bitbake[6cc534ecdb7b6ed5]::build_environment::tests::poky_clone_requires_empty_destination_and_uses_reviewed_vectors::{closure#0}
[INFO] [stdout]                                at /opt/rustwide/workdir/src/build_environment.rs:516:43
[INFO] [stdout]   22:     0x5bc480ea2672 - <core[df12db4294e9bfd3]::pin::Pin<&mut dyn core[df12db4294e9bfd3]::future::future::Future<Output = ()>> as core[df12db4294e9bfd3]::future::future::Future>::poll
[INFO] [stdout]                                at /rustc/dfb0accb7f508ae8be965d8629557221c889dd98/library/core/src/future/future.rs:133:9
[INFO] [stdout]   23:     0x5bc480ea26ed - <core[df12db4294e9bfd3]::pin::Pin<&mut core[df12db4294e9bfd3]::pin::Pin<&mut dyn core[df12db4294e9bfd3]::future::future::Future<Output = ()>>> as core[df12db4294e9bfd3]::future::future::Future>::poll
[INFO] [stdout]                                at /rustc/dfb0accb7f508ae8be965d8629557221c889dd98/library/core/src/future/future.rs:133:9
[INFO] [stdout]   24:     0x5bc480dcc05d - <tokio[9ea6892ebf1333bf]::runtime::scheduler::current_thread::CoreGuard>::block_on::<core[df12db4294e9bfd3]::pin::Pin<&mut core[df12db4294e9bfd3]::pin::Pin<&mut dyn core[df12db4294e9bfd3]::future::future::Future<Output = ()>>>>::{closure#0}::{closure#0}::{closure#0}
[INFO] [stdout]                                at /opt/rustwide/cargo-home/registry/src/index.crates.io-1949cf8c6b5b557f/tokio-1.53.0/src/runtime/scheduler/current_thread/mod.rs:830:70
[INFO] [stdout]   25:     0x5bc480dcbf15 - tokio[9ea6892ebf1333bf]::task::coop::with_budget::<core[df12db4294e9bfd3]::task::poll::Poll<()>, <tokio[9ea6892ebf1333bf]::runtime::scheduler::current_thread::CoreGuard>::block_on<core[df12db4294e9bfd3]::pin::Pin<&mut core[df12db4294e9bfd3]::pin::Pin<&mut dyn core[df12db4294e9bfd3]::future::future::Future<Output = ()>>>>::{closure#0}::{closure#0}::{closure#0}>
[INFO] [stdout]                                at /opt/rustwide/cargo-home/registry/src/index.crates.io-1949cf8c6b5b557f/tokio-1.53.0/src/task/coop/mod.rs:167:5
[INFO] [stdout]   26:     0x5bc480dcbf15 - tokio[9ea6892ebf1333bf]::task::coop::budget::<core[df12db4294e9bfd3]::task::poll::Poll<()>, <tokio[9ea6892ebf1333bf]::runtime::scheduler::current_thread::CoreGuard>::block_on<core[df12db4294e9bfd3]::pin::Pin<&mut core[df12db4294e9bfd3]::pin::Pin<&mut dyn core[df12db4294e9bfd3]::future::future::Future<Output = ()>>>>::{closure#0}::{closure#0}::{closure#0}>
[INFO] [stdout]                                at /opt/rustwide/cargo-home/registry/src/index.crates.io-1949cf8c6b5b557f/tokio-1.53.0/src/task/coop/mod.rs:133:5
[INFO] [stdout]   27:     0x5bc480dcbf15 - <tokio[9ea6892ebf1333bf]::runtime::scheduler::current_thread::CoreGuard>::block_on::<core[df12db4294e9bfd3]::pin::Pin<&mut core[df12db4294e9bfd3]::pin::Pin<&mut dyn core[df12db4294e9bfd3]::future::future::Future<Output = ()>>>>::{closure#0}::{closure#0}
[INFO] [stdout]                                at /opt/rustwide/cargo-home/registry/src/index.crates.io-1949cf8c6b5b557f/tokio-1.53.0/src/runtime/scheduler/current_thread/mod.rs:830:25
[INFO] [stdout]   28:     0x5bc480d701b2 - <tokio[9ea6892ebf1333bf]::runtime::scheduler::current_thread::Context>::enter::<core[df12db4294e9bfd3]::task::poll::Poll<()>, <tokio[9ea6892ebf1333bf]::runtime::scheduler::current_thread::CoreGuard>::block_on<core[df12db4294e9bfd3]::pin::Pin<&mut core[df12db4294e9bfd3]::pin::Pin<&mut dyn core[df12db4294e9bfd3]::future::future::Future<Output = ()>>>>::{closure#0}::{closure#0}>
[INFO] [stdout]                                at /opt/rustwide/cargo-home/registry/src/index.crates.io-1949cf8c6b5b557f/tokio-1.53.0/src/runtime/scheduler/current_thread/mod.rs:488:19
[INFO] [stdout]   29:     0x5bc480dc9e4d - <tokio[9ea6892ebf1333bf]::runtime::scheduler::current_thread::CoreGuard>::block_on::<core[df12db4294e9bfd3]::pin::Pin<&mut core[df12db4294e9bfd3]::pin::Pin<&mut dyn core[df12db4294e9bfd3]::future::future::Future<Output = ()>>>>::{closure#0}
[INFO] [stdout]                                at /opt/rustwide/cargo-home/registry/src/index.crates.io-1949cf8c6b5b557f/tokio-1.53.0/src/runtime/scheduler/current_thread/mod.rs:829:44
[INFO] [stdout]   30:     0x5bc480dc90e4 - <tokio[9ea6892ebf1333bf]::runtime::scheduler::current_thread::CoreGuard>::enter::<<tokio[9ea6892ebf1333bf]::runtime::scheduler::current_thread::CoreGuard>::block_on<core[df12db4294e9bfd3]::pin::Pin<&mut core[df12db4294e9bfd3]::pin::Pin<&mut dyn core[df12db4294e9bfd3]::future::future::Future<Output = ()>>>>::{closure#0}, core[df12db4294e9bfd3]::option::Option<()>>::{closure#0}
[INFO] [stdout]                                at /opt/rustwide/cargo-home/registry/src/index.crates.io-1949cf8c6b5b557f/tokio-1.53.0/src/runtime/scheduler/current_thread/mod.rs:906:68
[INFO] [stdout]   31:     0x5bc48112d39b - <tokio[9ea6892ebf1333bf]::runtime::context::scoped::Scoped<tokio[9ea6892ebf1333bf]::runtime::scheduler::Context>>::set::<<tokio[9ea6892ebf1333bf]::runtime::scheduler::current_thread::CoreGuard>::enter<<tokio[9ea6892ebf1333bf]::runtime::scheduler::current_thread::CoreGuard>::block_on<core[df12db4294e9bfd3]::pin::Pin<&mut core[df12db4294e9bfd3]::pin::Pin<&mut dyn core[df12db4294e9bfd3]::future::future::Future<Output = ()>>>>::{closure#0}, core[df12db4294e9bfd3]::option::Option<()>>::{closure#0}, (alloc[2182bb758b4b3781]::boxed::Box<tokio[9ea6892ebf1333bf]::runtime::scheduler::current_thread::Core>, core[df12db4294e9bfd3]::option::Option<()>)>
[INFO] [stdout]                                at /opt/rustwide/cargo-home/registry/src/index.crates.io-1949cf8c6b5b557f/tokio-1.53.0/src/runtime/context/scoped.rs:40:9
[INFO] [stdout]   32:     0x5bc480d31b99 - tokio[9ea6892ebf1333bf]::runtime::context::set_scheduler::<(alloc[2182bb758b4b3781]::boxed::Box<tokio[9ea6892ebf1333bf]::runtime::scheduler::current_thread::Core>, core[df12db4294e9bfd3]::option::Option<()>), <tokio[9ea6892ebf1333bf]::runtime::scheduler::current_thread::CoreGuard>::enter<<tokio[9ea6892ebf1333bf]::runtime::scheduler::current_thread::CoreGuard>::block_on<core[df12db4294e9bfd3]::pin::Pin<&mut core[df12db4294e9bfd3]::pin::Pin<&mut dyn core[df12db4294e9bfd3]::future::future::Future<Output = ()>>>>::{closure#0}, core[df12db4294e9bfd3]::option::Option<()>>::{closure#0}>::{closure#0}
[INFO] [stdout]                                at /opt/rustwide/cargo-home/registry/src/index.crates.io-1949cf8c6b5b557f/tokio-1.53.0/src/runtime/context.rs:187:38
[INFO] [stdout]   33:     0x5bc48108a8df - <std[70759c8f55707aa4]::thread::local::LocalKey<tokio[9ea6892ebf1333bf]::runtime::context::Context>>::try_with::<tokio[9ea6892ebf1333bf]::runtime::context::set_scheduler<(alloc[2182bb758b4b3781]::boxed::Box<tokio[9ea6892ebf1333bf]::runtime::scheduler::current_thread::Core>, core[df12db4294e9bfd3]::option::Option<()>), <tokio[9ea6892ebf1333bf]::runtime::scheduler::current_thread::CoreGuard>::enter<<tokio[9ea6892ebf1333bf]::runtime::scheduler::current_thread::CoreGuard>::block_on<core[df12db4294e9bfd3]::pin::Pin<&mut core[df12db4294e9bfd3]::pin::Pin<&mut dyn core[df12db4294e9bfd3]::future::future::Future<Output = ()>>>>::{closure#0}, core[df12db4294e9bfd3]::option::Option<()>>::{closure#0}>::{closure#0}, (alloc[2182bb758b4b3781]::boxed::Box<tokio[9ea6892ebf1333bf]::runtime::scheduler::current_thread::Core>, core[df12db4294e9bfd3]::option::Option<()>)>
[INFO] [stdout]                                at /rustc/dfb0accb7f508ae8be965d8629557221c889dd98/library/std/src/thread/local.rs:463:12
[INFO] [stdout]   34:     0x5bc48108a48e - <std[70759c8f55707aa4]::thread::local::LocalKey<tokio[9ea6892ebf1333bf]::runtime::context::Context>>::with::<tokio[9ea6892ebf1333bf]::runtime::context::set_scheduler<(alloc[2182bb758b4b3781]::boxed::Box<tokio[9ea6892ebf1333bf]::runtime::scheduler::current_thread::Core>, core[df12db4294e9bfd3]::option::Option<()>), <tokio[9ea6892ebf1333bf]::runtime::scheduler::current_thread::CoreGuard>::enter<<tokio[9ea6892ebf1333bf]::runtime::scheduler::current_thread::CoreGuard>::block_on<core[df12db4294e9bfd3]::pin::Pin<&mut core[df12db4294e9bfd3]::pin::Pin<&mut dyn core[df12db4294e9bfd3]::future::future::Future<Output = ()>>>>::{closure#0}, core[df12db4294e9bfd3]::option::Option<()>>::{closure#0}>::{closure#0}, (alloc[2182bb758b4b3781]::boxed::Box<tokio[9ea6892ebf1333bf]::runtime::scheduler::current_thread::Core>, core[df12db4294e9bfd3]::option::Option<()>)>
[INFO] [stdout]                                at /rustc/dfb0accb7f508ae8be965d8629557221c889dd98/library/std/src/thread/local.rs:427:20
[INFO] [stdout]   35:     0x5bc480cf4f4d - tokio[9ea6892ebf1333bf]::runtime::context::set_scheduler::<(alloc[2182bb758b4b3781]::boxed::Box<tokio[9ea6892ebf1333bf]::runtime::scheduler::current_thread::Core>, core[df12db4294e9bfd3]::option::Option<()>), <tokio[9ea6892ebf1333bf]::runtime::scheduler::current_thread::CoreGuard>::enter<<tokio[9ea6892ebf1333bf]::runtime::scheduler::current_thread::CoreGuard>::block_on<core[df12db4294e9bfd3]::pin::Pin<&mut core[df12db4294e9bfd3]::pin::Pin<&mut dyn core[df12db4294e9bfd3]::future::future::Future<Output = ()>>>>::{closure#0}, core[df12db4294e9bfd3]::option::Option<()>>::{closure#0}>
[INFO] [stdout]                                at /opt/rustwide/cargo-home/registry/src/index.crates.io-1949cf8c6b5b557f/tokio-1.53.0/src/runtime/context.rs:187:17
[INFO] [stdout]   36:     0x5bc480d7df00 - <tokio[9ea6892ebf1333bf]::runtime::scheduler::current_thread::CoreGuard>::enter::<<tokio[9ea6892ebf1333bf]::runtime::scheduler::current_thread::CoreGuard>::block_on<core[df12db4294e9bfd3]::pin::Pin<&mut core[df12db4294e9bfd3]::pin::Pin<&mut dyn core[df12db4294e9bfd3]::future::future::Future<Output = ()>>>>::{closure#0}, core[df12db4294e9bfd3]::option::Option<()>>
[INFO] [stdout]                                at /opt/rustwide/cargo-home/registry/src/index.crates.io-1949cf8c6b5b557f/tokio-1.53.0/src/runtime/scheduler/current_thread/mod.rs:906:27
[INFO] [stdout]   37:     0x5bc480d7e1f6 - <tokio[9ea6892ebf1333bf]::runtime::scheduler::current_thread::CoreGuard>::block_on::<core[df12db4294e9bfd3]::pin::Pin<&mut core[df12db4294e9bfd3]::pin::Pin<&mut dyn core[df12db4294e9bfd3]::future::future::Future<Output = ()>>>>
[INFO] [stdout]                                at /opt/rustwide/cargo-home/registry/src/index.crates.io-1949cf8c6b5b557f/tokio-1.53.0/src/runtime/scheduler/current_thread/mod.rs:817:24
[INFO] [stdout]   38:     0x5bc480dc8e90 - <tokio[9ea6892ebf1333bf]::runtime::scheduler::current_thread::CurrentThread>::block_on::<core[df12db4294e9bfd3]::pin::Pin<&mut dyn core[df12db4294e9bfd3]::future::future::Future<Output = ()>>>::{closure#0}
[INFO] [stdout]                                at /opt/rustwide/cargo-home/registry/src/index.crates.io-1949cf8c6b5b557f/tokio-1.53.0/src/runtime/scheduler/current_thread/mod.rs:218:33
[INFO] [stdout]   39:     0x5bc480f78e78 - tokio[9ea6892ebf1333bf]::runtime::context::runtime::enter_runtime::<<tokio[9ea6892ebf1333bf]::runtime::scheduler::current_thread::CurrentThread>::block_on<core[df12db4294e9bfd3]::pin::Pin<&mut dyn core[df12db4294e9bfd3]::future::future::Future<Output = ()>>>::{closure#0}, ()>
[INFO] [stdout]                                at /opt/rustwide/cargo-home/registry/src/index.crates.io-1949cf8c6b5b557f/tokio-1.53.0/src/runtime/context/runtime.rs:65:16
[INFO] [stdout]   40:     0x5bc480d62024 - <tokio[9ea6892ebf1333bf]::runtime::scheduler::current_thread::CurrentThread>::block_on::<core[df12db4294e9bfd3]::pin::Pin<&mut dyn core[df12db4294e9bfd3]::future::future::Future<Output = ()>>>
[INFO] [stdout]                                at /opt/rustwide/cargo-home/registry/src/index.crates.io-1949cf8c6b5b557f/tokio-1.53.0/src/runtime/scheduler/current_thread/mod.rs:206:9
[INFO] [stdout]   41:     0x5bc480e0afcf - <tokio[9ea6892ebf1333bf]::runtime::runtime::Runtime>::block_on_inner::<core[df12db4294e9bfd3]::pin::Pin<&mut dyn core[df12db4294e9bfd3]::future::future::Future<Output = ()>>>
[INFO] [stdout]                                at /opt/rustwide/cargo-home/registry/src/index.crates.io-1949cf8c6b5b557f/tokio-1.53.0/src/runtime/runtime.rs:376:52
[INFO] [stdout]   42:     0x5bc480e0b11b - <tokio[9ea6892ebf1333bf]::runtime::runtime::Runtime>::block_on::<core[df12db4294e9bfd3]::pin::Pin<&mut dyn core[df12db4294e9bfd3]::future::future::Future<Output = ()>>>
[INFO] [stdout]                                at /opt/rustwide/cargo-home/registry/src/index.crates.io-1949cf8c6b5b557f/tokio-1.53.0/src/runtime/runtime.rs:345:18
[INFO] [stdout]   43:     0x5bc480faaf2d - yoctui_bitbake[6cc534ecdb7b6ed5]::build_environment::tests::poky_clone_requires_empty_destination_and_uses_reviewed_vectors
[INFO] [stdout]                                at /opt/rustwide/workdir/src/build_environment.rs:518:41
[INFO] [stdout]   44:     0x5bc480f7e507 - yoctui_bitbake[6cc534ecdb7b6ed5]::build_environment::tests::poky_clone_requires_empty_destination_and_uses_reviewed_vectors::{closure#0}
[INFO] [stdout]                                at /opt/rustwide/workdir/src/build_environment.rs:499:79
[INFO] [stdout]   45:     0x5bc480c2db16 - <yoctui_bitbake[6cc534ecdb7b6ed5]::build_environment::tests::poky_clone_requires_empty_destination_and_uses_reviewed_vectors::{closure#0} as core[df12db4294e9bfd3]::ops::function::FnOnce<()>>::call_once
[INFO] [stdout]                                at /rustc/dfb0accb7f508ae8be965d8629557221c889dd98/library/core/src/ops/function.rs:250:5
[INFO] [stdout]   46:     0x5bc48124e6eb - <fn() -> core[df12db4294e9bfd3]::result::Result<(), alloc[2182bb758b4b3781]::string::String> as core[df12db4294e9bfd3]::ops::function::FnOnce<()>>::call_once
[INFO] [stdout]                                at /rustc/dfb0accb7f508ae8be965d8629557221c889dd98/library/core/src/ops/function.rs:250:5
[INFO] [stdout]   47:     0x5bc48124e6eb - test[9d35eded1c95d3be]::__rust_begin_short_backtrace::<core[df12db4294e9bfd3]::result::Result<(), alloc[2182bb758b4b3781]::string::String>, fn() -> core[df12db4294e9bfd3]::result::Result<(), alloc[2182bb758b4b3781]::string::String>>
[INFO] [stdout]                                at /rustc/dfb0accb7f508ae8be965d8629557221c889dd98/library/test/src/lib.rs:733:18
[INFO] [stdout]   48:     0x5bc48125bd55 - test[9d35eded1c95d3be]::run_test_in_process::{closure#0}
[INFO] [stdout]                                at /rustc/dfb0accb7f508ae8be965d8629557221c889dd98/library/test/src/lib.rs:756:74
[INFO] [stdout]   49:     0x5bc48125bd55 - <core[df12db4294e9bfd3]::panic::unwind_safe::AssertUnwindSafe<test[9d35eded1c95d3be]::run_test_in_process::{closure#0}> as core[df12db4294e9bfd3]::ops::function::FnOnce<()>>::call_once
[INFO] [stdout]                                at /rustc/dfb0accb7f508ae8be965d8629557221c889dd98/library/core/src/panic/unwind_safe.rs:275:9
[INFO] [stdout]   50:     0x5bc48125bd55 - std[70759c8f55707aa4]::panicking::catch_unwind::do_call::<core[df12db4294e9bfd3]::panic::unwind_safe::AssertUnwindSafe<test[9d35eded1c95d3be]::run_test_in_process::{closure#0}>, core[df12db4294e9bfd3]::result::Result<(), alloc[2182bb758b4b3781]::string::String>>
[INFO] [stdout]                                at /rustc/dfb0accb7f508ae8be965d8629557221c889dd98/library/std/src/panicking.rs:576:43
[INFO] [stdout]   51:     0x5bc48125bd55 - std[70759c8f55707aa4]::panicking::catch_unwind::<core[df12db4294e9bfd3]::result::Result<(), alloc[2182bb758b4b3781]::string::String>, core[df12db4294e9bfd3]::panic::unwind_safe::AssertUnwindSafe<test[9d35eded1c95d3be]::run_test_in_process::{closure#0}>>
[INFO] [stdout]                                at /rustc/dfb0accb7f508ae8be965d8629557221c889dd98/library/std/src/panicking.rs:544:19
[INFO] [stdout]   52:     0x5bc48125bd55 - std[70759c8f55707aa4]::panic::catch_unwind::<core[df12db4294e9bfd3]::panic::unwind_safe::AssertUnwindSafe<test[9d35eded1c95d3be]::run_test_in_process::{closure#0}>, core[df12db4294e9bfd3]::result::Result<(), alloc[2182bb758b4b3781]::string::String>>
[INFO] [stdout]                                at /rustc/dfb0accb7f508ae8be965d8629557221c889dd98/library/std/src/panic.rs:359:14
[INFO] [stdout]   53:     0x5bc48125bd55 - test[9d35eded1c95d3be]::run_test_in_process
[INFO] [stdout]                                at /rustc/dfb0accb7f508ae8be965d8629557221c889dd98/library/test/src/lib.rs:756:27
[INFO] [stdout]   54:     0x5bc48125bd55 - test[9d35eded1c95d3be]::run_test::{closure#0}
[INFO] [stdout]                                at /rustc/dfb0accb7f508ae8be965d8629557221c889dd98/library/test/src/lib.rs:677:43
[INFO] [stdout]   55:     0x5bc481255614 - test[9d35eded1c95d3be]::run_test::{closure#1}
[INFO] [stdout]                                at /rustc/dfb0accb7f508ae8be965d8629557221c889dd98/library/test/src/lib.rs:707:41
[INFO] [stdout]   56:     0x5bc481255614 - std[70759c8f55707aa4]::sys::backtrace::__rust_begin_short_backtrace::<test[9d35eded1c95d3be]::run_test::{closure#1}, ()>
[INFO] [stdout]                                at /rustc/dfb0accb7f508ae8be965d8629557221c889dd98/library/std/src/sys/backtrace.rs:166:18
[INFO] [stdout]   57:     0x5bc48125eeb2 - std[70759c8f55707aa4]::thread::lifecycle::spawn_unchecked::<test[9d35eded1c95d3be]::run_test::{closure#1}, ()>::{closure#1}::{closure#0}
[INFO] [stdout]                                at /rustc/dfb0accb7f508ae8be965d8629557221c889dd98/library/std/src/thread/lifecycle.rs:70:13
[INFO] [stdout]   58:     0x5bc48125eeb2 - <core[df12db4294e9bfd3]::panic::unwind_safe::AssertUnwindSafe<std[70759c8f55707aa4]::thread::lifecycle::spawn_unchecked<test[9d35eded1c95d3be]::run_test::{closure#1}, ()>::{closure#1}::{closure#0}> as core[df12db4294e9bfd3]::ops::function::FnOnce<()>>::call_once
[INFO] [stdout]                                at /rustc/dfb0accb7f508ae8be965d8629557221c889dd98/library/core/src/panic/unwind_safe.rs:275:9
[INFO] [stdout]   59:     0x5bc48125eeb2 - std[70759c8f55707aa4]::panicking::catch_unwind::do_call::<core[df12db4294e9bfd3]::panic::unwind_safe::AssertUnwindSafe<std[70759c8f55707aa4]::thread::lifecycle::spawn_unchecked<test[9d35eded1c95d3be]::run_test::{closure#1}, ()>::{closure#1}::{closure#0}>, ()>
[INFO] [stdout]                                at /rustc/dfb0accb7f508ae8be965d8629557221c889dd98/library/std/src/panicking.rs:576:43
[INFO] [stdout]   60:     0x5bc48125eeb2 - std[70759c8f55707aa4]::panicking::catch_unwind::<(), core[df12db4294e9bfd3]::panic::unwind_safe::AssertUnwindSafe<std[70759c8f55707aa4]::thread::lifecycle::spawn_unchecked<test[9d35eded1c95d3be]::run_test::{closure#1}, ()>::{closure#1}::{closure#0}>>
[INFO] [stdout]                                at /rustc/dfb0accb7f508ae8be965d8629557221c889dd98/library/std/src/panicking.rs:544:19
[INFO] [stdout]   61:     0x5bc48125eeb2 - std[70759c8f55707aa4]::panic::catch_unwind::<core[df12db4294e9bfd3]::panic::unwind_safe::AssertUnwindSafe<std[70759c8f55707aa4]::thread::lifecycle::spawn_unchecked<test[9d35eded1c95d3be]::run_test::{closure#1}, ()>::{closure#1}::{closure#0}>, ()>
[INFO] [stdout]                                at /rustc/dfb0accb7f508ae8be965d8629557221c889dd98/library/std/src/panic.rs:359:14
[INFO] [stdout]   62:     0x5bc48125eeb2 - std[70759c8f55707aa4]::thread::lifecycle::spawn_unchecked::<test[9d35eded1c95d3be]::run_test::{closure#1}, ()>::{closure#1}
[INFO] [stdout]                                at /rustc/dfb0accb7f508ae8be965d8629557221c889dd98/library/std/src/thread/lifecycle.rs:68:26
[INFO] [stdout]   63:     0x5bc48125eeb2 - <std[70759c8f55707aa4]::thread::lifecycle::spawn_unchecked<test[9d35eded1c95d3be]::run_test::{closure#1}, ()>::{closure#1} as core[df12db4294e9bfd3]::ops::function::FnOnce<()>>::call_once::{shim:vtable#0}
[INFO] [stdout]                                at /rustc/dfb0accb7f508ae8be965d8629557221c889dd98/library/core/src/ops/function.rs:250:5
[INFO] [stdout]   64:     0x5bc4817c1219 - <alloc[2182bb758b4b3781]::boxed::Box<dyn core[df12db4294e9bfd3]::ops::function::FnOnce<(), Output = ()> + core[df12db4294e9bfd3]::marker::Send> as core[df12db4294e9bfd3]::ops::function::FnOnce<()>>::call_once
[INFO] [stdout]                                at /rustc/dfb0accb7f508ae8be965d8629557221c889dd98/library/alloc/src/boxed.rs:2320:9
[INFO] [stdout]   65:     0x5bc4817c1219 - <std[70759c8f55707aa4]::sys::thread::unix::Thread>::new::thread_start
[INFO] [stdout]                                at /rustc/dfb0accb7f508ae8be965d8629557221c889dd98/library/std/src/sys/thread/unix.rs:123:17
[INFO] [stdout]   66:     0x7978df1d6dfa - <unknown>
[INFO] [stdout]   67:     0x7978df26a3d4 - clone
[INFO] [stdout]   68:                0x0 - <unknown>
[INFO] [stdout] 
[INFO] [stdout] ---- maintenance_sstate::tests::maintenance_sstate_spawn_retries_only_transient_text_file_busy stdout ----
[INFO] [stdout] 
[INFO] [stdout] thread 'maintenance_sstate::tests::maintenance_sstate_spawn_retries_only_transient_text_file_busy' (892) panicked at src/maintenance_sstate.rs:2087:59:
[INFO] [stdout] called `Result::unwrap()` on an `Err` value: Os { code: 26, kind: ExecutableFileBusy, message: "Text file busy" }
[INFO] [stdout] stack backtrace:
[INFO] [stdout]    0:     0x5bc4817c2201 - std[70759c8f55707aa4]::backtrace_rs::backtrace::libunwind::trace
[INFO] [stdout]                                at /rustc/dfb0accb7f508ae8be965d8629557221c889dd98/library/std/src/../../backtrace/src/backtrace/libunwind.rs:117:9
[INFO] [stdout]    1:     0x5bc4817c2201 - std[70759c8f55707aa4]::backtrace_rs::backtrace::trace_unsynchronized::<std[70759c8f55707aa4]::sys::backtrace::_print_fmt::{closure#1}>
[INFO] [stdout]                                at /rustc/dfb0accb7f508ae8be965d8629557221c889dd98/library/std/src/../../backtrace/src/backtrace/mod.rs:66:14
[INFO] [stdout]    2:     0x5bc4817c2201 - std[70759c8f55707aa4]::sys::backtrace::_print_fmt
[INFO] [stdout]                                at /rustc/dfb0accb7f508ae8be965d8629557221c889dd98/library/std/src/sys/backtrace.rs:74:9
[INFO] [stdout]    3:     0x5bc4817c2201 - <<std[70759c8f55707aa4]::sys::backtrace::BacktraceLock>::print::DisplayBacktrace as core[df12db4294e9bfd3]::fmt::Display>::fmt
[INFO] [stdout]                                at /rustc/dfb0accb7f508ae8be965d8629557221c889dd98/library/std/src/sys/backtrace.rs:44:26
[INFO] [stdout]    4:     0x5bc4817d8c0a - <core[df12db4294e9bfd3]::fmt::rt::Argument>::fmt
[INFO] [stdout]                                at /rustc/dfb0accb7f508ae8be965d8629557221c889dd98/library/core/src/fmt/rt.rs:152:76
[INFO] [stdout]    5:     0x5bc4817d8c0a - core[df12db4294e9bfd3]::fmt::write
[INFO] [stdout]    6:     0x5bc4817c6dac - core[df12db4294e9bfd3]::io::write::default_write_fmt::<alloc[2182bb758b4b3781]::vec::Vec<u8>>
[INFO] [stdout]                                at /rustc/dfb0accb7f508ae8be965d8629557221c889dd98/library/core/src/io/write.rs:402:11
[INFO] [stdout]    7:     0x5bc4817c6dac - <alloc[2182bb758b4b3781]::vec::Vec<u8> as core[df12db4294e9bfd3]::io::write::Write>::write_fmt
[INFO] [stdout]                                at /rustc/dfb0accb7f508ae8be965d8629557221c889dd98/library/core/src/io/write.rs:335:13
[INFO] [stdout]    8:     0x5bc481799656 - <std[70759c8f55707aa4]::sys::backtrace::BacktraceLock>::print
[INFO] [stdout]                                at /rustc/dfb0accb7f508ae8be965d8629557221c889dd98/library/std/src/sys/backtrace.rs:47:9
[INFO] [stdout]    9:     0x5bc481799656 - std[70759c8f55707aa4]::panicking::default_hook::{closure#0}
[INFO] [stdout]                                at /rustc/dfb0accb7f508ae8be965d8629557221c889dd98/library/std/src/panicking.rs:292:27
[INFO] [stdout]   10:     0x5bc4817b8a19 - std[70759c8f55707aa4]::panicking::default_hook
[INFO] [stdout]                                at /rustc/dfb0accb7f508ae8be965d8629557221c889dd98/library/std/src/panicking.rs:316:9
[INFO] [stdout]   11:     0x5bc48125b400 - <alloc[2182bb758b4b3781]::boxed::Box<dyn for<'a, 'b> core[df12db4294e9bfd3]::ops::function::Fn<(&'a std[70759c8f55707aa4]::panic::PanicHookInfo<'b>,), Output = ()> + core[df12db4294e9bfd3]::marker::Send + core[df12db4294e9bfd3]::marker::Sync> as core[df12db4294e9bfd3]::ops::function::Fn<(&std[70759c8f55707aa4]::panic::PanicHookInfo,)>>::call
[INFO] [stdout]                                at /rustc/dfb0accb7f508ae8be965d8629557221c889dd98/library/alloc/src/boxed.rs:2334:9
[INFO] [stdout]   12:     0x5bc48125b400 - test[9d35eded1c95d3be]::test_main_inner::<test[9d35eded1c95d3be]::test_main_static::{closure#0}>::{closure#0}
[INFO] [stdout]                                at /rustc/dfb0accb7f508ae8be965d8629557221c889dd98/library/test/src/lib.rs:155:21
[INFO] [stdout]   13:     0x5bc4817b8d42 - <alloc[2182bb758b4b3781]::boxed::Box<dyn for<'a, 'b> core[df12db4294e9bfd3]::ops::function::Fn<(&'a std[70759c8f55707aa4]::panic::PanicHookInfo<'b>,), Output = ()> + core[df12db4294e9bfd3]::marker::Send + core[df12db4294e9bfd3]::marker::Sync> as core[df12db4294e9bfd3]::ops::function::Fn<(&std[70759c8f55707aa4]::panic::PanicHookInfo,)>>::call
[INFO] [stdout]                                at /rustc/dfb0accb7f508ae8be965d8629557221c889dd98/library/alloc/src/boxed.rs:2334:9
[INFO] [stdout]   14:     0x5bc4817b8d42 - std[70759c8f55707aa4]::panicking::panic_with_hook
[INFO] [stdout]                                at /rustc/dfb0accb7f508ae8be965d8629557221c889dd98/library/std/src/panicking.rs:823:13
[INFO] [stdout]   15:     0x5bc481799702 - std[70759c8f55707aa4]::panicking::panic_handler::{closure#0}
[INFO] [stdout]                                at /rustc/dfb0accb7f508ae8be965d8629557221c889dd98/library/std/src/panicking.rs:688:13
[INFO] [stdout]   16:     0x5bc481792009 - std[70759c8f55707aa4]::sys::backtrace::__rust_end_short_backtrace::<std[70759c8f55707aa4]::panicking::panic_handler::{closure#0}, !>
[INFO] [stdout]                                at /rustc/dfb0accb7f508ae8be965d8629557221c889dd98/library/std/src/sys/backtrace.rs:182:18
[INFO] [stdout]   17:     0x5bc48179a68d - __rustc[8fa7c3cbc660c2b3]::rust_begin_unwind
[INFO] [stdout]                                at /rustc/dfb0accb7f508ae8be965d8629557221c889dd98/library/std/src/panicking.rs:679:5
[INFO] [stdout]   18:     0x5bc4817d942c - core[df12db4294e9bfd3]::panicking::panic_fmt
[INFO] [stdout]                                at /rustc/dfb0accb7f508ae8be965d8629557221c889dd98/library/core/src/panicking.rs:80:14
[INFO] [stdout]   19:     0x5bc4817d9182 - core[df12db4294e9bfd3]::result::unwrap_failed
[INFO] [stdout]                                at /rustc/dfb0accb7f508ae8be965d8629557221c889dd98/library/core/src/result.rs:1871:5
[INFO] [stdout]   20:     0x5bc480c669f2 - <core[df12db4294e9bfd3]::result::Result<tokio[9ea6892ebf1333bf]::process::Child, core[df12db4294e9bfd3]::io::error::Error>>::unwrap
[INFO] [stdout]                                at /rustc/dfb0accb7f508ae8be965d8629557221c889dd98/library/core/src/result.rs:1232:23
[INFO] [stdout]   21:     0x5bc480c669f2 - yoctui_bitbake[6cc534ecdb7b6ed5]::maintenance_sstate::tests::maintenance_sstate_spawn_retries_only_transient_text_file_busy::{closure#0}
[INFO] [stdout]                                at /opt/rustwide/workdir/src/maintenance_sstate.rs:2087:59
[INFO] [stdout]   22:     0x5bc480ea2672 - <core[df12db4294e9bfd3]::pin::Pin<&mut dyn core[df12db4294e9bfd3]::future::future::Future<Output = ()>> as core[df12db4294e9bfd3]::future::future::Future>::poll
[INFO] [stdout]                                at /rustc/dfb0accb7f508ae8be965d8629557221c889dd98/library/core/src/future/future.rs:133:9
[INFO] [stdout]   23:     0x5bc480ea26ed - <core[df12db4294e9bfd3]::pin::Pin<&mut core[df12db4294e9bfd3]::pin::Pin<&mut dyn core[df12db4294e9bfd3]::future::future::Future<Output = ()>>> as core[df12db4294e9bfd3]::future::future::Future>::poll
[INFO] [stdout]                                at /rustc/dfb0accb7f508ae8be965d8629557221c889dd98/library/core/src/future/future.rs:133:9
[INFO] [stdout]   24:     0x5bc480dcc05d - <tokio[9ea6892ebf1333bf]::runtime::scheduler::current_thread::CoreGuard>::block_on::<core[df12db4294e9bfd3]::pin::Pin<&mut core[df12db4294e9bfd3]::pin::Pin<&mut dyn core[df12db4294e9bfd3]::future::future::Future<Output = ()>>>>::{closure#0}::{closure#0}::{closure#0}
[INFO] [stdout]                                at /opt/rustwide/cargo-home/registry/src/index.crates.io-1949cf8c6b5b557f/tokio-1.53.0/src/runtime/scheduler/current_thread/mod.rs:830:70
[INFO] [stdout]   25:     0x5bc480dcbf15 - tokio[9ea6892ebf1333bf]::task::coop::with_budget::<core[df12db4294e9bfd3]::task::poll::Poll<()>, <tokio[9ea6892ebf1333bf]::runtime::scheduler::current_thread::CoreGuard>::block_on<core[df12db4294e9bfd3]::pin::Pin<&mut core[df12db4294e9bfd3]::pin::Pin<&mut dyn core[df12db4294e9bfd3]::future::future::Future<Output = ()>>>>::{closure#0}::{closure#0}::{closure#0}>
[INFO] [stdout]                                at /opt/rustwide/cargo-home/registry/src/index.crates.io-1949cf8c6b5b557f/tokio-1.53.0/src/task/coop/mod.rs:167:5
[INFO] [stdout]   26:     0x5bc480dcbf15 - tokio[9ea6892ebf1333bf]::task::coop::budget::<core[df12db4294e9bfd3]::task::poll::Poll<()>, <tokio[9ea6892ebf1333bf]::runtime::scheduler::current_thread::CoreGuard>::block_on<core[df12db4294e9bfd3]::pin::Pin<&mut core[df12db4294e9bfd3]::pin::Pin<&mut dyn core[df12db4294e9bfd3]::future::future::Future<Output = ()>>>>::{closure#0}::{closure#0}::{closure#0}>
[INFO] [stdout]                                at /opt/rustwide/cargo-home/registry/src/index.crates.io-1949cf8c6b5b557f/tokio-1.53.0/src/task/coop/mod.rs:133:5
[INFO] [stdout]   27:     0x5bc480dcbf15 - <tokio[9ea6892ebf1333bf]::runtime::scheduler::current_thread::CoreGuard>::block_on::<core[df12db4294e9bfd3]::pin::Pin<&mut core[df12db4294e9bfd3]::pin::Pin<&mut dyn core[df12db4294e9bfd3]::future::future::Future<Output = ()>>>>::{closure#0}::{closure#0}
[INFO] [stdout]                                at /opt/rustwide/cargo-home/registry/src/index.crates.io-1949cf8c6b5b557f/tokio-1.53.0/src/runtime/scheduler/current_thread/mod.rs:830:25
[INFO] [stdout]   28:     0x5bc480d701b2 - <tokio[9ea6892ebf1333bf]::runtime::scheduler::current_thread::Context>::enter::<core[df12db4294e9bfd3]::task::poll::Poll<()>, <tokio[9ea6892ebf1333bf]::runtime::scheduler::current_thread::CoreGuard>::block_on<core[df12db4294e9bfd3]::pin::Pin<&mut core[df12db4294e9bfd3]::pin::Pin<&mut dyn core[df12db4294e9bfd3]::future::future::Future<Output = ()>>>>::{closure#0}::{closure#0}>
[INFO] [stdout]                                at /opt/rustwide/cargo-home/registry/src/index.crates.io-1949cf8c6b5b557f/tokio-1.53.0/src/runtime/scheduler/current_thread/mod.rs:488:19
[INFO] [stdout]   29:     0x5bc480dc9e4d - <tokio[9ea6892ebf1333bf]::runtime::scheduler::current_thread::CoreGuard>::block_on::<core[df12db4294e9bfd3]::pin::Pin<&mut core[df12db4294e9bfd3]::pin::Pin<&mut dyn core[df12db4294e9bfd3]::future::future::Future<Output = ()>>>>::{closure#0}
[INFO] [stdout]                                at /opt/rustwide/cargo-home/registry/src/index.crates.io-1949cf8c6b5b557f/tokio-1.53.0/src/runtime/scheduler/current_thread/mod.rs:829:44
[INFO] [stdout]   30:     0x5bc480dc90e4 - <tokio[9ea6892ebf1333bf]::runtime::scheduler::current_thread::CoreGuard>::enter::<<tokio[9ea6892ebf1333bf]::runtime::scheduler::current_thread::CoreGuard>::block_on<core[df12db4294e9bfd3]::pin::Pin<&mut core[df12db4294e9bfd3]::pin::Pin<&mut dyn core[df12db4294e9bfd3]::future::future::Future<Output = ()>>>>::{closure#0}, core[df12db4294e9bfd3]::option::Option<()>>::{closure#0}
[INFO] [stdout]                                at /opt/rustwide/cargo-home/registry/src/index.crates.io-1949cf8c6b5b557f/tokio-1.53.0/src/runtime/scheduler/current_thread/mod.rs:906:68
[INFO] [stdout]   31:     0x5bc48112d39b - <tokio[9ea6892ebf1333bf]::runtime::context::scoped::Scoped<tokio[9ea6892ebf1333bf]::runtime::scheduler::Context>>::set::<<tokio[9ea6892ebf1333bf]::runtime::scheduler::current_thread::CoreGuard>::enter<<tokio[9ea6892ebf1333bf]::runtime::scheduler::current_thread::CoreGuard>::block_on<core[df12db4294e9bfd3]::pin::Pin<&mut core[df12db4294e9bfd3]::pin::Pin<&mut dyn core[df12db4294e9bfd3]::future::future::Future<Output = ()>>>>::{closure#0}, core[df12db4294e9bfd3]::option::Option<()>>::{closure#0}, (alloc[2182bb758b4b3781]::boxed::Box<tokio[9ea6892ebf1333bf]::runtime::scheduler::current_thread::Core>, core[df12db4294e9bfd3]::option::Option<()>)>
[INFO] [stdout]                                at /opt/rustwide/cargo-home/registry/src/index.crates.io-1949cf8c6b5b557f/tokio-1.53.0/src/runtime/context/scoped.rs:40:9
[INFO] [stdout]   32:     0x5bc480d31b99 - tokio[9ea6892ebf1333bf]::runtime::context::set_scheduler::<(alloc[2182bb758b4b3781]::boxed::Box<tokio[9ea6892ebf1333bf]::runtime::scheduler::current_thread::Core>, core[df12db4294e9bfd3]::option::Option<()>), <tokio[9ea6892ebf1333bf]::runtime::scheduler::current_thread::CoreGuard>::enter<<tokio[9ea6892ebf1333bf]::runtime::scheduler::current_thread::CoreGuard>::block_on<core[df12db4294e9bfd3]::pin::Pin<&mut core[df12db4294e9bfd3]::pin::Pin<&mut dyn core[df12db4294e9bfd3]::future::future::Future<Output = ()>>>>::{closure#0}, core[df12db4294e9bfd3]::option::Option<()>>::{closure#0}>::{closure#0}
[INFO] [stdout]                                at /opt/rustwide/cargo-home/registry/src/index.crates.io-1949cf8c6b5b557f/tokio-1.53.0/src/runtime/context.rs:187:38
[INFO] [stdout]   33:     0x5bc48108a8df - <std[70759c8f55707aa4]::thread::local::LocalKey<tokio[9ea6892ebf1333bf]::runtime::context::Context>>::try_with::<tokio[9ea6892ebf1333bf]::runtime::context::set_scheduler<(alloc[2182bb758b4b3781]::boxed::Box<tokio[9ea6892ebf1333bf]::runtime::scheduler::current_thread::Core>, core[df12db4294e9bfd3]::option::Option<()>), <tokio[9ea6892ebf1333bf]::runtime::scheduler::current_thread::CoreGuard>::enter<<tokio[9ea6892ebf1333bf]::runtime::scheduler::current_thread::CoreGuard>::block_on<core[df12db4294e9bfd3]::pin::Pin<&mut core[df12db4294e9bfd3]::pin::Pin<&mut dyn core[df12db4294e9bfd3]::future::future::Future<Output = ()>>>>::{closure#0}, core[df12db4294e9bfd3]::option::Option<()>>::{closure#0}>::{closure#0}, (alloc[2182bb758b4b3781]::boxed::Box<tokio[9ea6892ebf1333bf]::runtime::scheduler::current_thread::Core>, core[df12db4294e9bfd3]::option::Option<()>)>
[INFO] [stdout]                                at /rustc/dfb0accb7f508ae8be965d8629557221c889dd98/library/std/src/thread/local.rs:463:12
[INFO] [stdout]   34:     0x5bc48108a48e - <std[70759c8f55707aa4]::thread::local::LocalKey<tokio[9ea6892ebf1333bf]::runtime::context::Context>>::with::<tokio[9ea6892ebf1333bf]::runtime::context::set_scheduler<(alloc[2182bb758b4b3781]::boxed::Box<tokio[9ea6892ebf1333bf]::runtime::scheduler::current_thread::Core>, core[df12db4294e9bfd3]::option::Option<()>), <tokio[9ea6892ebf1333bf]::runtime::scheduler::current_thread::CoreGuard>::enter<<tokio[9ea6892ebf1333bf]::runtime::scheduler::current_thread::CoreGuard>::block_on<core[df12db4294e9bfd3]::pin::Pin<&mut core[df12db4294e9bfd3]::pin::Pin<&mut dyn core[df12db4294e9bfd3]::future::future::Future<Output = ()>>>>::{closure#0}, core[df12db4294e9bfd3]::option::Option<()>>::{closure#0}>::{closure#0}, (alloc[2182bb758b4b3781]::boxed::Box<tokio[9ea6892ebf1333bf]::runtime::scheduler::current_thread::Core>, core[df12db4294e9bfd3]::option::Option<()>)>
[INFO] [stdout]                                at /rustc/dfb0accb7f508ae8be965d8629557221c889dd98/library/std/src/thread/local.rs:427:20
[INFO] [stdout]   35:     0x5bc480cf4f4d - tokio[9ea6892ebf1333bf]::runtime::context::set_scheduler::<(alloc[2182bb758b4b3781]::boxed::Box<tokio[9ea6892ebf1333bf]::runtime::scheduler::current_thread::Core>, core[df12db4294e9bfd3]::option::Option<()>), <tokio[9ea6892ebf1333bf]::runtime::scheduler::current_thread::CoreGuard>::enter<<tokio[9ea6892ebf1333bf]::runtime::scheduler::current_thread::CoreGuard>::block_on<core[df12db4294e9bfd3]::pin::Pin<&mut core[df12db4294e9bfd3]::pin::Pin<&mut dyn core[df12db4294e9bfd3]::future::future::Future<Output = ()>>>>::{closure#0}, core[df12db4294e9bfd3]::option::Option<()>>::{closure#0}>
[INFO] [stdout]                                at /opt/rustwide/cargo-home/registry/src/index.crates.io-1949cf8c6b5b557f/tokio-1.53.0/src/runtime/context.rs:187:17
[INFO] [stdout]   36:     0x5bc480d7df00 - <tokio[9ea6892ebf1333bf]::runtime::scheduler::current_thread::CoreGuard>::enter::<<tokio[9ea6892ebf1333bf]::runtime::scheduler::current_thread::CoreGuard>::block_on<core[df12db4294e9bfd3]::pin::Pin<&mut core[df12db4294e9bfd3]::pin::Pin<&mut dyn core[df12db4294e9bfd3]::future::future::Future<Output = ()>>>>::{closure#0}, core[df12db4294e9bfd3]::option::Option<()>>
[INFO] [stdout]                                at /opt/rustwide/cargo-home/registry/src/index.crates.io-1949cf8c6b5b557f/tokio-1.53.0/src/runtime/scheduler/current_thread/mod.rs:906:27
[INFO] [stdout]   37:     0x5bc480d7e1f6 - <tokio[9ea6892ebf1333bf]::runtime::scheduler::current_thread::CoreGuard>::block_on::<core[df12db4294e9bfd3]::pin::Pin<&mut core[df12db4294e9bfd3]::pin::Pin<&mut dyn core[df12db4294e9bfd3]::future::future::Future<Output = ()>>>>
[INFO] [stdout]                                at /opt/rustwide/cargo-home/registry/src/index.crates.io-1949cf8c6b5b557f/tokio-1.53.0/src/runtime/scheduler/current_thread/mod.rs:817:24
[INFO] [stdout]   38:     0x5bc480dc8e90 - <tokio[9ea6892ebf1333bf]::runtime::scheduler::current_thread::CurrentThread>::block_on::<core[df12db4294e9bfd3]::pin::Pin<&mut dyn core[df12db4294e9bfd3]::future::future::Future<Output = ()>>>::{closure#0}
[INFO] [stdout]                                at /opt/rustwide/cargo-home/registry/src/index.crates.io-1949cf8c6b5b557f/tokio-1.53.0/src/runtime/scheduler/current_thread/mod.rs:218:33
[INFO] [stdout]   39:     0x5bc480f78e78 - tokio[9ea6892ebf1333bf]::runtime::context::runtime::enter_runtime::<<tokio[9ea6892ebf1333bf]::runtime::scheduler::current_thread::CurrentThread>::block_on<core[df12db4294e9bfd3]::pin::Pin<&mut dyn core[df12db4294e9bfd3]::future::future::Future<Output = ()>>>::{closure#0}, ()>
[INFO] [stdout]                                at /opt/rustwide/cargo-home/registry/src/index.crates.io-1949cf8c6b5b557f/tokio-1.53.0/src/runtime/context/runtime.rs:65:16
[INFO] [stdout]   40:     0x5bc480d62024 - <tokio[9ea6892ebf1333bf]::runtime::scheduler::current_thread::CurrentThread>::block_on::<core[df12db4294e9bfd3]::pin::Pin<&mut dyn core[df12db4294e9bfd3]::future::future::Future<Output = ()>>>
[INFO] [stdout]                                at /opt/rustwide/cargo-home/registry/src/index.crates.io-1949cf8c6b5b557f/tokio-1.53.0/src/runtime/scheduler/current_thread/mod.rs:206:9
[INFO] [stdout]   41:     0x5bc480e0afcf - <tokio[9ea6892ebf1333bf]::runtime::runtime::Runtime>::block_on_inner::<core[df12db4294e9bfd3]::pin::Pin<&mut dyn core[df12db4294e9bfd3]::future::future::Future<Output = ()>>>
[INFO] [stdout]                                at /opt/rustwide/cargo-home/registry/src/index.crates.io-1949cf8c6b5b557f/tokio-1.53.0/src/runtime/runtime.rs:376:52
[INFO] [stdout]   42:     0x5bc480e0b11b - <tokio[9ea6892ebf1333bf]::runtime::runtime::Runtime>::block_on::<core[df12db4294e9bfd3]::pin::Pin<&mut dyn core[df12db4294e9bfd3]::future::future::Future<Output = ()>>>
[INFO] [stdout]                                at /opt/rustwide/cargo-home/registry/src/index.crates.io-1949cf8c6b5b557f/tokio-1.53.0/src/runtime/runtime.rs:345:18
[INFO] [stdout]   43:     0x5bc480cb2bd1 - yoctui_bitbake[6cc534ecdb7b6ed5]::maintenance_sstate::tests::maintenance_sstate_spawn_retries_only_transient_text_file_busy
[INFO] [stdout]                                at /opt/rustwide/workdir/src/maintenance_sstate.rs:2105:11
[INFO] [stdout]   44:     0x5bc480c64237 - yoctui_bitbake[6cc534ecdb7b6ed5]::maintenance_sstate::tests::maintenance_sstate_spawn_retries_only_transient_text_file_busy::{closure#0}
[INFO] [stdout]                                at /opt/rustwide/workdir/src/maintenance_sstate.rs:2074:78
[INFO] [stdout]   45:     0x5bc480c2dc36 - <yoctui_bitbake[6cc534ecdb7b6ed5]::maintenance_sstate::tests::maintenance_sstate_spawn_retries_only_transient_text_file_busy::{closure#0} as core[df12db4294e9bfd3]::ops::function::FnOnce<()>>::call_once
[INFO] [stdout]                                at /rustc/dfb0accb7f508ae8be965d8629557221c889dd98/library/core/src/ops/function.rs:250:5
[INFO] [stdout]   46:     0x5bc48124e6eb - <fn() -> core[df12db4294e9bfd3]::result::Result<(), alloc[2182bb758b4b3781]::string::String> as core[df12db4294e9bfd3]::ops::function::FnOnce<()>>::call_once
[INFO] [stdout]                                at /rustc/dfb0accb7f508ae8be965d8629557221c889dd98/library/core/src/ops/function.rs:250:5
[INFO] [stdout]   47:     0x5bc48124e6eb - test[9d35eded1c95d3be]::__rust_begin_short_backtrace::<core[df12db4294e9bfd3]::result::Result<(), alloc[2182bb758b4b3781]::string::String>, fn() -> core[df12db4294e9bfd3]::result::Result<(), alloc[2182bb758b4b3781]::string::String>>
[INFO] [stdout]                                at /rustc/dfb0accb7f508ae8be965d8629557221c889dd98/library/test/src/lib.rs:733:18
[INFO] [stdout]   48:     0x5bc48125bd55 - test[9d35eded1c95d3be]::run_test_in_process::{closure#0}
[INFO] [stdout]                                at /rustc/dfb0accb7f508ae8be965d8629557221c889dd98/library/test/src/lib.rs:756:74
[INFO] [stdout]   49:     0x5bc48125bd55 - <core[df12db4294e9bfd3]::panic::unwind_safe::AssertUnwindSafe<test[9d35eded1c95d3be]::run_test_in_process::{closure#0}> as core[df12db4294e9bfd3]::ops::function::FnOnce<()>>::call_once
[INFO] [stdout]                                at /rustc/dfb0accb7f508ae8be965d8629557221c889dd98/library/core/src/panic/unwind_safe.rs:275:9
[INFO] [stdout]   50:     0x5bc48125bd55 - std[70759c8f55707aa4]::panicking::catch_unwind::do_call::<core[df12db4294e9bfd3]::panic::unwind_safe::AssertUnwindSafe<test[9d35eded1c95d3be]::run_test_in_process::{closure#0}>, core[df12db4294e9bfd3]::result::Result<(), alloc[2182bb758b4b3781]::string::String>>
[INFO] [stdout]                                at /rustc/dfb0accb7f508ae8be965d8629557221c889dd98/library/std/src/panicking.rs:576:43
[INFO] [stdout]   51:     0x5bc48125bd55 - std[70759c8f55707aa4]::panicking::catch_unwind::<core[df12db4294e9bfd3]::result::Result<(), alloc[2182bb758b4b3781]::string::String>, core[df12db4294e9bfd3]::panic::unwind_safe::AssertUnwindSafe<test[9d35eded1c95d3be]::run_test_in_process::{closure#0}>>
[INFO] [stdout]                                at /rustc/dfb0accb7f508ae8be965d8629557221c889dd98/library/std/src/panicking.rs:544:19
[INFO] [stdout]   52:     0x5bc48125bd55 - std[70759c8f55707aa4]::panic::catch_unwind::<core[df12db4294e9bfd3]::panic::unwind_safe::AssertUnwindSafe<test[9d35eded1c95d3be]::run_test_in_process::{closure#0}>, core[df12db4294e9bfd3]::result::Result<(), alloc[2182bb758b4b3781]::string::String>>
[INFO] [stdout]                                at /rustc/dfb0accb7f508ae8be965d8629557221c889dd98/library/std/src/panic.rs:359:14
[INFO] [stdout]   53:     0x5bc48125bd55 - test[9d35eded1c95d3be]::run_test_in_process
[INFO] [stdout]                                at /rustc/dfb0accb7f508ae8be965d8629557221c889dd98/library/test/src/lib.rs:756:27
[INFO] [stdout]   54:     0x5bc48125bd55 - test[9d35eded1c95d3be]::run_test::{closure#0}
[INFO] [stdout]                                at /rustc/dfb0accb7f508ae8be965d8629557221c889dd98/library/test/src/lib.rs:677:43
[INFO] [stdout]   55:     0x5bc481255614 - test[9d35eded1c95d3be]::run_test::{closure#1}
[INFO] [stdout]                                at /rustc/dfb0accb7f508ae8be965d8629557221c889dd98/library/test/src/lib.rs:707:41
[INFO] [stdout]   56:     0x5bc481255614 - std[70759c8f55707aa4]::sys::backtrace::__rust_begin_short_backtrace::<test[9d35eded1c95d3be]::run_test::{closure#1}, ()>
[INFO] [stdout]                                at /rustc/dfb0accb7f508ae8be965d8629557221c889dd98/library/std/src/sys/backtrace.rs:166:18
[INFO] [stdout]   57:     0x5bc48125eeb2 - std[70759c8f55707aa4]::thread::lifecycle::spawn_unchecked::<test[9d35eded1c95d3be]::run_test::{closure#1}, ()>::{closure#1}::{closure#0}
[INFO] [stdout]                                at /rustc/dfb0accb7f508ae8be965d8629557221c889dd98/library/std/src/thread/lifecycle.rs:70:13
[INFO] [stdout]   58:     0x5bc48125eeb2 - <core[df12db4294e9bfd3]::panic::unwind_safe::AssertUnwindSafe<std[70759c8f55707aa4]::thread::lifecycle::spawn_unchecked<test[9d35eded1c95d3be]::run_test::{closure#1}, ()>::{closure#1}::{closure#0}> as core[df12db4294e9bfd3]::ops::function::FnOnce<()>>::call_once
[INFO] [stdout]                                at /rustc/dfb0accb7f508ae8be965d8629557221c889dd98/library/core/src/panic/unwind_safe.rs:275:9
[INFO] [stdout]   59:     0x5bc48125eeb2 - std[70759c8f55707aa4]::panicking::catch_unwind::do_call::<core[df12db4294e9bfd3]::panic::unwind_safe::AssertUnwindSafe<std[70759c8f55707aa4]::thread::lifecycle::spawn_unchecked<test[9d35eded1c95d3be]::run_test::{closure#1}, ()>::{closure#1}::{closure#0}>, ()>
[INFO] [stdout]                                at /rustc/dfb0accb7f508ae8be965d8629557221c889dd98/library/std/src/panicking.rs:576:43
[INFO] [stdout]   60:     0x5bc48125eeb2 - std[70759c8f55707aa4]::panicking::catch_unwind::<(), core[df12db4294e9bfd3]::panic::unwind_safe::AssertUnwindSafe<std[70759c8f55707aa4]::thread::lifecycle::spawn_unchecked<test[9d35eded1c95d3be]::run_test::{closure#1}, ()>::{closure#1}::{closure#0}>>
[INFO] [stdout]                                at /rustc/dfb0accb7f508ae8be965d8629557221c889dd98/library/std/src/panicking.rs:544:19
[INFO] [stdout]   61:     0x5bc48125eeb2 - std[70759c8f55707aa4]::panic::catch_unwind::<core[df12db4294e9bfd3]::panic::unwind_safe::AssertUnwindSafe<std[70759c8f55707aa4]::thread::lifecycle::spawn_unchecked<test[9d35eded1c95d3be]::run_test::{closure#1}, ()>::{closure#1}::{closure#0}>, ()>
[INFO] [stdout]                                at /rustc/dfb0accb7f508ae8be965d8629557221c889dd98/library/std/src/panic.rs:359:14
[INFO] [stdout]   62:     0x5bc48125eeb2 - std[70759c8f55707aa4]::thread::lifecycle::spawn_unchecked::<test[9d35eded1c95d3be]::run_test::{closure#1}, ()>::{closure#1}
[INFO] [stdout]                                at /rustc/dfb0accb7f508ae8be965d8629557221c889dd98/library/std/src/thread/lifecycle.rs:68:26
[INFO] [stdout]   63:     0x5bc48125eeb2 - <std[70759c8f55707aa4]::thread::lifecycle::spawn_unchecked<test[9d35eded1c95d3be]::run_test::{closure#1}, ()>::{closure#1} as core[df12db4294e9bfd3]::ops::function::FnOnce<()>>::call_once::{shim:vtable#0}
[INFO] [stdout]                                at /rustc/dfb0accb7f508ae8be965d8629557221c889dd98/library/core/src/ops/function.rs:250:5
[INFO] [stdout]   64:     0x5bc4817c1219 - <alloc[2182bb758b4b3781]::boxed::Box<dyn core[df12db4294e9bfd3]::ops::function::FnOnce<(), Output = ()> + core[df12db4294e9bfd3]::marker::Send> as core[df12db4294e9bfd3]::ops::function::FnOnce<()>>::call_once
[INFO] [stdout]                                at /rustc/dfb0accb7f508ae8be965d8629557221c889dd98/library/alloc/src/boxed.rs:2320:9
[INFO] [stdout]   65:     0x5bc4817c1219 - <std[70759c8f55707aa4]::sys::thread::unix::Thread>::new::thread_start
[INFO] [stdout]                                at /rustc/dfb0accb7f508ae8be965d8629557221c889dd98/library/std/src/sys/thread/unix.rs:123:17
[INFO] [stdout]   66:     0x7978df1d6dfa - <unknown>
[INFO] [stdout]   67:     0x7978df26a3d4 - clone
[INFO] [stdout]   68:                0x0 - <unknown>
[INFO] [stdout] 
[INFO] [stdout] ---- tests::task_identity_statistics_decode_without_recipe_or_task_inference::devtool_metadata_distinguishes_missing_tool_and_workspace_directory stdout ----
[INFO] [stdout] 
[INFO] [stdout] thread 'tests::task_identity_statistics_decode_without_recipe_or_task_inference::devtool_metadata_distinguishes_missing_tool_and_workspace_directory' (1281) panicked at src/tests/task_identity_statistics_decode_without_recipe_or_task_inference.rs:456:5:
[INFO] [stdout] assertion `left == right` failed
[INFO] [stdout]   left: NotMember
[INFO] [stdout]  right: MissingDirectory { source_path: "/tmp/yoctui-devtool-missing-721-1791319690561348064/sources/absent" }
[INFO] [stdout] stack backtrace:
[INFO] [stdout]    0:     0x5bc4817c2201 - std[70759c8f55707aa4]::backtrace_rs::backtrace::libunwind::trace
[INFO] [stdout]                                at /rustc/dfb0accb7f508ae8be965d8629557221c889dd98/library/std/src/../../backtrace/src/backtrace/libunwind.rs:117:9
[INFO] [stdout]    1:     0x5bc4817c2201 - std[70759c8f55707aa4]::backtrace_rs::backtrace::trace_unsynchronized::<std[70759c8f55707aa4]::sys::backtrace::_print_fmt::{closure#1}>
[INFO] [stdout]                                at /rustc/dfb0accb7f508ae8be965d8629557221c889dd98/library/std/src/../../backtrace/src/backtrace/mod.rs:66:14
[INFO] [stdout]    2:     0x5bc4817c2201 - std[70759c8f55707aa4]::sys::backtrace::_print_fmt
[INFO] [stdout]                                at /rustc/dfb0accb7f508ae8be965d8629557221c889dd98/library/std/src/sys/backtrace.rs:74:9
[INFO] [stdout]    3:     0x5bc4817c2201 - <<std[70759c8f55707aa4]::sys::backtrace::BacktraceLock>::print::DisplayBacktrace as core[df12db4294e9bfd3]::fmt::Display>::fmt
[INFO] [stdout]                                at /rustc/dfb0accb7f508ae8be965d8629557221c889dd98/library/std/src/sys/backtrace.rs:44:26
[INFO] [stdout]    4:     0x5bc4817d8c0a - <core[df12db4294e9bfd3]::fmt::rt::Argument>::fmt
[INFO] [stdout]                                at /rustc/dfb0accb7f508ae8be965d8629557221c889dd98/library/core/src/fmt/rt.rs:152:76
[INFO] [stdout]    5:     0x5bc4817d8c0a - core[df12db4294e9bfd3]::fmt::write
[INFO] [stdout]    6:     0x5bc4817c6dac - core[df12db4294e9bfd3]::io::write::default_write_fmt::<alloc[2182bb758b4b3781]::vec::Vec<u8>>
[INFO] [stdout]                                at /rustc/dfb0accb7f508ae8be965d8629557221c889dd98/library/core/src/io/write.rs:402:11
[INFO] [stdout]    7:     0x5bc4817c6dac - <alloc[2182bb758b4b3781]::vec::Vec<u8> as core[df12db4294e9bfd3]::io::write::Write>::write_fmt
[INFO] [stdout]                                at /rustc/dfb0accb7f508ae8be965d8629557221c889dd98/library/core/src/io/write.rs:335:13
[INFO] [stdout]    8:     0x5bc481799656 - <std[70759c8f55707aa4]::sys::backtrace::BacktraceLock>::print
[INFO] [stdout]                                at /rustc/dfb0accb7f508ae8be965d8629557221c889dd98/library/std/src/sys/backtrace.rs:47:9
[INFO] [stdout]    9:     0x5bc481799656 - std[70759c8f55707aa4]::panicking::default_hook::{closure#0}
[INFO] [stdout]                                at /rustc/dfb0accb7f508ae8be965d8629557221c889dd98/library/std/src/panicking.rs:292:27
[INFO] [stdout]   10:     0x5bc4817b8a19 - std[70759c8f55707aa4]::panicking::default_hook
[INFO] [stdout]                                at /rustc/dfb0accb7f508ae8be965d8629557221c889dd98/library/std/src/panicking.rs:316:9
[INFO] [stdout]   11:     0x5bc48125b400 - <alloc[2182bb758b4b3781]::boxed::Box<dyn for<'a, 'b> core[df12db4294e9bfd3]::ops::function::Fn<(&'a std[70759c8f55707aa4]::panic::PanicHookInfo<'b>,), Output = ()> + core[df12db4294e9bfd3]::marker::Send + core[df12db4294e9bfd3]::marker::Sync> as core[df12db4294e9bfd3]::ops::function::Fn<(&std[70759c8f55707aa4]::panic::PanicHookInfo,)>>::call
[INFO] [stdout]                                at /rustc/dfb0accb7f508ae8be965d8629557221c889dd98/library/alloc/src/boxed.rs:2334:9
[INFO] [stdout]   12:     0x5bc48125b400 - test[9d35eded1c95d3be]::test_main_inner::<test[9d35eded1c95d3be]::test_main_static::{closure#0}>::{closure#0}
[INFO] [stdout]                                at /rustc/dfb0accb7f508ae8be965d8629557221c889dd98/library/test/src/lib.rs:155:21
[INFO] [stdout]   13:     0x5bc4817b8d42 - <alloc[2182bb758b4b3781]::boxed::Box<dyn for<'a, 'b> core[df12db4294e9bfd3]::ops::function::Fn<(&'a std[70759c8f55707aa4]::panic::PanicHookInfo<'b>,), Output = ()> + core[df12db4294e9bfd3]::marker::Send + core[df12db4294e9bfd3]::marker::Sync> as core[df12db4294e9bfd3]::ops::function::Fn<(&std[70759c8f55707aa4]::panic::PanicHookInfo,)>>::call
[INFO] [stdout]                                at /rustc/dfb0accb7f508ae8be965d8629557221c889dd98/library/alloc/src/boxed.rs:2334:9
[INFO] [stdout]   14:     0x5bc4817b8d42 - std[70759c8f55707aa4]::panicking::panic_with_hook
[INFO] [stdout]                                at /rustc/dfb0accb7f508ae8be965d8629557221c889dd98/library/std/src/panicking.rs:823:13
[INFO] [stdout]   15:     0x5bc481799702 - std[70759c8f55707aa4]::panicking::panic_handler::{closure#0}
[INFO] [stdout]                                at /rustc/dfb0accb7f508ae8be965d8629557221c889dd98/library/std/src/panicking.rs:688:13
[INFO] [stdout]   16:     0x5bc481792009 - std[70759c8f55707aa4]::sys::backtrace::__rust_end_short_backtrace::<std[70759c8f55707aa4]::panicking::panic_handler::{closure#0}, !>
[INFO] [stdout]                                at /rustc/dfb0accb7f508ae8be965d8629557221c889dd98/library/std/src/sys/backtrace.rs:182:18
[INFO] [stdout]   17:     0x5bc48179a68d - __rustc[8fa7c3cbc660c2b3]::rust_begin_unwind
[INFO] [stdout]                                at /rustc/dfb0accb7f508ae8be965d8629557221c889dd98/library/std/src/panicking.rs:679:5
[INFO] [stdout]   18:     0x5bc4817d942c - core[df12db4294e9bfd3]::panicking::panic_fmt
[INFO] [stdout]                                at /rustc/dfb0accb7f508ae8be965d8629557221c889dd98/library/core/src/panicking.rs:80:14
[INFO] [stdout]   19:     0x5bc4817d92c3 - core[df12db4294e9bfd3]::panicking::assert_failed_inner
[INFO] [stdout]                                at /rustc/dfb0accb7f508ae8be965d8629557221c889dd98/library/core/src/panicking.rs:452:17
[INFO] [stdout]   20:     0x5bc480e110e9 - core[df12db4294e9bfd3]::panicking::assert_failed::<yoctui_model[fa637984732b60e]::recipe_types::DevtoolWorkspace, yoctui_model[fa637984732b60e]::recipe_types::DevtoolWorkspace>
[INFO] [stdout]                                at /rustc/dfb0accb7f508ae8be965d8629557221c889dd98/library/core/src/panicking.rs:407:5
[INFO] [stdout]   21:     0x5bc480f8f94f - yoctui_bitbake[6cc534ecdb7b6ed5]::tests::task_identity_statistics_decode_without_recipe_or_task_inference::devtool_metadata_distinguishes_missing_tool_and_workspace_directory::{closure#0}
[INFO] [stdout]                                at /opt/rustwide/workdir/src/tests/task_identity_statistics_decode_without_recipe_or_task_inference.rs:456:5
[INFO] [stdout]   22:     0x5bc480ea2672 - <core[df12db4294e9bfd3]::pin::Pin<&mut dyn core[df12db4294e9bfd3]::future::future::Future<Output = ()>> as core[df12db4294e9bfd3]::future::future::Future>::poll
[INFO] [stdout]                                at /rustc/dfb0accb7f508ae8be965d8629557221c889dd98/library/core/src/future/future.rs:133:9
[INFO] [stdout]   23:     0x5bc480ea26ed - <core[df12db4294e9bfd3]::pin::Pin<&mut core[df12db4294e9bfd3]::pin::Pin<&mut dyn core[df12db4294e9bfd3]::future::future::Future<Output = ()>>> as core[df12db4294e9bfd3]::future::future::Future>::poll
[INFO] [stdout]                                at /rustc/dfb0accb7f508ae8be965d8629557221c889dd98/library/core/src/future/future.rs:133:9
[INFO] [stdout]   24:     0x5bc480dcc05d - <tokio[9ea6892ebf1333bf]::runtime::scheduler::current_thread::CoreGuard>::block_on::<core[df12db4294e9bfd3]::pin::Pin<&mut core[df12db4294e9bfd3]::pin::Pin<&mut dyn core[df12db4294e9bfd3]::future::future::Future<Output = ()>>>>::{closure#0}::{closure#0}::{closure#0}
[INFO] [stdout]                                at /opt/rustwide/cargo-home/registry/src/index.crates.io-1949cf8c6b5b557f/tokio-1.53.0/src/runtime/scheduler/current_thread/mod.rs:830:70
[INFO] [stdout]   25:     0x5bc480dcbf15 - tokio[9ea6892ebf1333bf]::task::coop::with_budget::<core[df12db4294e9bfd3]::task::poll::Poll<()>, <tokio[9ea6892ebf1333bf]::runtime::scheduler::current_thread::CoreGuard>::block_on<core[df12db4294e9bfd3]::pin::Pin<&mut core[df12db4294e9bfd3]::pin::Pin<&mut dyn core[df12db4294e9bfd3]::future::future::Future<Output = ()>>>>::{closure#0}::{closure#0}::{closure#0}>
[INFO] [stdout]                                at /opt/rustwide/cargo-home/registry/src/index.crates.io-1949cf8c6b5b557f/tokio-1.53.0/src/task/coop/mod.rs:167:5
[INFO] [stdout]   26:     0x5bc480dcbf15 - tokio[9ea6892ebf1333bf]::task::coop::budget::<core[df12db4294e9bfd3]::task::poll::Poll<()>, <tokio[9ea6892ebf1333bf]::runtime::scheduler::current_thread::CoreGuard>::block_on<core[df12db4294e9bfd3]::pin::Pin<&mut core[df12db4294e9bfd3]::pin::Pin<&mut dyn core[df12db4294e9bfd3]::future::future::Future<Output = ()>>>>::{closure#0}::{closure#0}::{closure#0}>
[INFO] [stdout]                                at /opt/rustwide/cargo-home/registry/src/index.crates.io-1949cf8c6b5b557f/tokio-1.53.0/src/task/coop/mod.rs:133:5
[INFO] [stdout]   27:     0x5bc480dcbf15 - <tokio[9ea6892ebf1333bf]::runtime::scheduler::current_thread::CoreGuard>::block_on::<core[df12db4294e9bfd3]::pin::Pin<&mut core[df12db4294e9bfd3]::pin::Pin<&mut dyn core[df12db4294e9bfd3]::future::future::Future<Output = ()>>>>::{closure#0}::{closure#0}
[INFO] [stdout]                                at /opt/rustwide/cargo-home/registry/src/index.crates.io-1949cf8c6b5b557f/tokio-1.53.0/src/runtime/scheduler/current_thread/mod.rs:830:25
[INFO] [stdout]   28:     0x5bc480d701b2 - <tokio[9ea6892ebf1333bf]::runtime::scheduler::current_thread::Context>::enter::<core[df12db4294e9bfd3]::task::poll::Poll<()>, <tokio[9ea6892ebf1333bf]::runtime::scheduler::current_thread::CoreGuard>::block_on<core[df12db4294e9bfd3]::pin::Pin<&mut core[df12db4294e9bfd3]::pin::Pin<&mut dyn core[df12db4294e9bfd3]::future::future::Future<Output = ()>>>>::{closure#0}::{closure#0}>
[INFO] [stdout]                                at /opt/rustwide/cargo-home/registry/src/index.crates.io-1949cf8c6b5b557f/tokio-1.53.0/src/runtime/scheduler/current_thread/mod.rs:488:19
[INFO] [stdout]   29:     0x5bc480dc9e4d - <tokio[9ea6892ebf1333bf]::runtime::scheduler::current_thread::CoreGuard>::block_on::<core[df12db4294e9bfd3]::pin::Pin<&mut core[df12db4294e9bfd3]::pin::Pin<&mut dyn core[df12db4294e9bfd3]::future::future::Future<Output = ()>>>>::{closure#0}
[INFO] [stdout]                                at /opt/rustwide/cargo-home/registry/src/index.crates.io-1949cf8c6b5b557f/tokio-1.53.0/src/runtime/scheduler/current_thread/mod.rs:829:44
[INFO] [stdout]   30:     0x5bc480dc90e4 - <tokio[9ea6892ebf1333bf]::runtime::scheduler::current_thread::CoreGuard>::enter::<<tokio[9ea6892ebf1333bf]::runtime::scheduler::current_thread::CoreGuard>::block_on<core[df12db4294e9bfd3]::pin::Pin<&mut core[df12db4294e9bfd3]::pin::Pin<&mut dyn core[df12db4294e9bfd3]::future::future::Future<Output = ()>>>>::{closure#0}, core[df12db4294e9bfd3]::option::Option<()>>::{closure#0}
[INFO] [stdout]                                at /opt/rustwide/cargo-home/registry/src/index.crates.io-1949cf8c6b5b557f/tokio-1.53.0/src/runtime/scheduler/current_thread/mod.rs:906:68
[INFO] [stdout]   31:     0x5bc48112d39b - <tokio[9ea6892ebf1333bf]::runtime::context::scoped::Scoped<tokio[9ea6892ebf1333bf]::runtime::scheduler::Context>>::set::<<tokio[9ea6892ebf1333bf]::runtime::scheduler::current_thread::CoreGuard>::enter<<tokio[9ea6892ebf1333bf]::runtime::scheduler::current_thread::CoreGuard>::block_on<core[df12db4294e9bfd3]::pin::Pin<&mut core[df12db4294e9bfd3]::pin::Pin<&mut dyn core[df12db4294e9bfd3]::future::future::Future<Output = ()>>>>::{closure#0}, core[df12db4294e9bfd3]::option::Option<()>>::{closure#0}, (alloc[2182bb758b4b3781]::boxed::Box<tokio[9ea6892ebf1333bf]::runtime::scheduler::current_thread::Core>, core[df12db4294e9bfd3]::option::Option<()>)>
[INFO] [stdout]                                at /opt/rustwide/cargo-home/registry/src/index.crates.io-1949cf8c6b5b557f/tokio-1.53.0/src/runtime/context/scoped.rs:40:9
[INFO] [stdout]   32:     0x5bc480d31b99 - tokio[9ea6892ebf1333bf]::runtime::context::set_scheduler::<(alloc[2182bb758b4b3781]::boxed::Box<tokio[9ea6892ebf1333bf]::runtime::scheduler::current_thread::Core>, core[df12db4294e9bfd3]::option::Option<()>), <tokio[9ea6892ebf1333bf]::runtime::scheduler::current_thread::CoreGuard>::enter<<tokio[9ea6892ebf1333bf]::runtime::scheduler::current_thread::CoreGuard>::block_on<core[df12db4294e9bfd3]::pin::Pin<&mut core[df12db4294e9bfd3]::pin::Pin<&mut dyn core[df12db4294e9bfd3]::future::future::Future<Output = ()>>>>::{closure#0}, core[df12db4294e9bfd3]::option::Option<()>>::{closure#0}>::{closure#0}
[INFO] [stdout]                                at /opt/rustwide/cargo-home/registry/src/index.crates.io-1949cf8c6b5b557f/tokio-1.53.0/src/runtime/context.rs:187:38
[INFO] [stdout]   33:     0x5bc48108a8df - <std[70759c8f55707aa4]::thread::local::LocalKey<tokio[9ea6892ebf1333bf]::runtime::context::Context>>::try_with::<tokio[9ea6892ebf1333bf]::runtime::context::set_scheduler<(alloc[2182bb758b4b3781]::boxed::Box<tokio[9ea6892ebf1333bf]::runtime::scheduler::current_thread::Core>, core[df12db4294e9bfd3]::option::Option<()>), <tokio[9ea6892ebf1333bf]::runtime::scheduler::current_thread::CoreGuard>::enter<<tokio[9ea6892ebf1333bf]::runtime::scheduler::current_thread::CoreGuard>::block_on<core[df12db4294e9bfd3]::pin::Pin<&mut core[df12db4294e9bfd3]::pin::Pin<&mut dyn core[df12db4294e9bfd3]::future::future::Future<Output = ()>>>>::{closure#0}, core[df12db4294e9bfd3]::option::Option<()>>::{closure#0}>::{closure#0}, (alloc[2182bb758b4b3781]::boxed::Box<tokio[9ea6892ebf1333bf]::runtime::scheduler::current_thread::Core>, core[df12db4294e9bfd3]::option::Option<()>)>
[INFO] [stdout]                                at /rustc/dfb0accb7f508ae8be965d8629557221c889dd98/library/std/src/thread/local.rs:463:12
[INFO] [stdout]   34:     0x5bc48108a48e - <std[70759c8f55707aa4]::thread::local::LocalKey<tokio[9ea6892ebf1333bf]::runtime::context::Context>>::with::<tokio[9ea6892ebf1333bf]::runtime::context::set_scheduler<(alloc[2182bb758b4b3781]::boxed::Box<tokio[9ea6892ebf1333bf]::runtime::scheduler::current_thread::Core>, core[df12db4294e9bfd3]::option::Option<()>), <tokio[9ea6892ebf1333bf]::runtime::scheduler::current_thread::CoreGuard>::enter<<tokio[9ea6892ebf1333bf]::runtime::scheduler::current_thread::CoreGuard>::block_on<core[df12db4294e9bfd3]::pin::Pin<&mut core[df12db4294e9bfd3]::pin::Pin<&mut dyn core[df12db4294e9bfd3]::future::future::Future<Output = ()>>>>::{closure#0}, core[df12db4294e9bfd3]::option::Option<()>>::{closure#0}>::{closure#0}, (alloc[2182bb758b4b3781]::boxed::Box<tokio[9ea6892ebf1333bf]::runtime::scheduler::current_thread::Core>, core[df12db4294e9bfd3]::option::Option<()>)>
[INFO] [stdout]                                at /rustc/dfb0accb7f508ae8be965d8629557221c889dd98/library/std/src/thread/local.rs:427:20
[INFO] [stdout]   35:     0x5bc480cf4f4d - tokio[9ea6892ebf1333bf]::runtime::context::set_scheduler::<(alloc[2182bb758b4b3781]::boxed::Box<tokio[9ea6892ebf1333bf]::runtime::scheduler::current_thread::Core>, core[df12db4294e9bfd3]::option::Option<()>), <tokio[9ea6892ebf1333bf]::runtime::scheduler::current_thread::CoreGuard>::enter<<tokio[9ea6892ebf1333bf]::runtime::scheduler::current_thread::CoreGuard>::block_on<core[df12db4294e9bfd3]::pin::Pin<&mut core[df12db4294e9bfd3]::pin::Pin<&mut dyn core[df12db4294e9bfd3]::future::future::Future<Output = ()>>>>::{closure#0}, core[df12db4294e9bfd3]::option::Option<()>>::{closure#0}>
[INFO] [stdout]                                at /opt/rustwide/cargo-home/registry/src/index.crates.io-1949cf8c6b5b557f/tokio-1.53.0/src/runtime/context.rs:187:17
[INFO] [stdout]   36:     0x5bc480d7df00 - <tokio[9ea6892ebf1333bf]::runtime::scheduler::current_thread::CoreGuard>::enter::<<tokio[9ea6892ebf1333bf]::runtime::scheduler::current_thread::CoreGuard>::block_on<core[df12db4294e9bfd3]::pin::Pin<&mut core[df12db4294e9bfd3]::pin::Pin<&mut dyn core[df12db4294e9bfd3]::future::future::Future<Output = ()>>>>::{closure#0}, core[df12db4294e9bfd3]::option::Option<()>>
[INFO] [stdout]                                at /opt/rustwide/cargo-home/registry/src/index.crates.io-1949cf8c6b5b557f/tokio-1.53.0/src/runtime/scheduler/current_thread/mod.rs:906:27
[INFO] [stdout]   37:     0x5bc480d7e1f6 - <tokio[9ea6892ebf1333bf]::runtime::scheduler::current_thread::CoreGuard>::block_on::<core[df12db4294e9bfd3]::pin::Pin<&mut core[df12db4294e9bfd3]::pin::Pin<&mut dyn core[df12db4294e9bfd3]::future::future::Future<Output = ()>>>>
[INFO] [stdout]                                at /opt/rustwide/cargo-home/registry/src/index.crates.io-1949cf8c6b5b557f/tokio-1.53.0/src/runtime/scheduler/current_thread/mod.rs:817:24
[INFO] [stdout]   38:     0x5bc480dc8e90 - <tokio[9ea6892ebf1333bf]::runtime::scheduler::current_thread::CurrentThread>::block_on::<core[df12db4294e9bfd3]::pin::Pin<&mut dyn core[df12db4294e9bfd3]::future::future::Future<Output = ()>>>::{closure#0}
[INFO] [stdout]                                at /opt/rustwide/cargo-home/registry/src/index.crates.io-1949cf8c6b5b557f/tokio-1.53.0/src/runtime/scheduler/current_thread/mod.rs:218:33
[INFO] [stdout]   39:     0x5bc480f78e78 - tokio[9ea6892ebf1333bf]::runtime::context::runtime::enter_runtime::<<tokio[9ea6892ebf1333bf]::runtime::scheduler::current_thread::CurrentThread>::block_on<core[df12db4294e9bfd3]::pin::Pin<&mut dyn core[df12db4294e9bfd3]::future::future::Future<Output = ()>>>::{closure#0}, ()>
[INFO] [stdout]                                at /opt/rustwide/cargo-home/registry/src/index.crates.io-1949cf8c6b5b557f/tokio-1.53.0/src/runtime/context/runtime.rs:65:16
[INFO] [stdout]   40:     0x5bc480d62024 - <tokio[9ea6892ebf1333bf]::runtime::scheduler::current_thread::CurrentThread>::block_on::<core[df12db4294e9bfd3]::pin::Pin<&mut dyn core[df12db4294e9bfd3]::future::future::Future<Output = ()>>>
[INFO] [stdout]                                at /opt/rustwide/cargo-home/registry/src/index.crates.io-1949cf8c6b5b557f/tokio-1.53.0/src/runtime/scheduler/current_thread/mod.rs:206:9
[INFO] [stdout]   41:     0x5bc480e0afcf - <tokio[9ea6892ebf1333bf]::runtime::runtime::Runtime>::block_on_inner::<core[df12db4294e9bfd3]::pin::Pin<&mut dyn core[df12db4294e9bfd3]::future::future::Future<Output = ()>>>
[INFO] [stdout]                                at /opt/rustwide/cargo-home/registry/src/index.crates.io-1949cf8c6b5b557f/tokio-1.53.0/src/runtime/runtime.rs:376:52
[INFO] [stdout]   42:     0x5bc480e0b11b - <tokio[9ea6892ebf1333bf]::runtime::runtime::Runtime>::block_on::<core[df12db4294e9bfd3]::pin::Pin<&mut dyn core[df12db4294e9bfd3]::future::future::Future<Output = ()>>>
[INFO] [stdout]                                at /opt/rustwide/cargo-home/registry/src/index.crates.io-1949cf8c6b5b557f/tokio-1.53.0/src/runtime/runtime.rs:345:18
[INFO] [stdout]   43:     0x5bc480fbdad0 - yoctui_bitbake[6cc534ecdb7b6ed5]::tests::task_identity_statistics_decode_without_recipe_or_task_inference::devtool_metadata_distinguishes_missing_tool_and_workspace_directory
[INFO] [stdout]                                at /opt/rustwide/workdir/src/tests/task_identity_statistics_decode_without_recipe_or_task_inference.rs:462:38
[INFO] [stdout]   44:     0x5bc480f86547 - yoctui_bitbake[6cc534ecdb7b6ed5]::tests::task_identity_statistics_decode_without_recipe_or_task_inference::devtool_metadata_distinguishes_missing_tool_and_workspace_directory::{closure#0}
[INFO] [stdout]                                at /opt/rustwide/workdir/src/tests/task_identity_statistics_decode_without_recipe_or_task_inference.rs:424:79
[INFO] [stdout]   45:     0x5bc480c2edf6 - <yoctui_bitbake[6cc534ecdb7b6ed5]::tests::task_identity_statistics_decode_without_recipe_or_task_inference::devtool_metadata_distinguishes_missing_tool_and_workspace_directory::{closure#0} as core[df12db4294e9bfd3]::ops::function::FnOnce<()>>::call_once
[INFO] [stdout]                                at /rustc/dfb0accb7f508ae8be965d8629557221c889dd98/library/core/src/ops/function.rs:250:5
[INFO] [stdout]   46:     0x5bc48124e6eb - <fn() -> core[df12db4294e9bfd3]::result::Result<(), alloc[2182bb758b4b3781]::string::String> as core[df12db4294e9bfd3]::ops::function::FnOnce<()>>::call_once
[INFO] [stdout]                                at /rustc/dfb0accb7f508ae8be965d8629557221c889dd98/library/core/src/ops/function.rs:250:5
[INFO] [stdout]   47:     0x5bc48124e6eb - test[9d35eded1c95d3be]::__rust_begin_short_backtrace::<core[df12db4294e9bfd3]::result::Result<(), alloc[2182bb758b4b3781]::string::String>, fn() -> core[df12db4294e9bfd3]::result::Result<(), alloc[2182bb758b4b3781]::string::String>>
[INFO] [stdout]                                at /rustc/dfb0accb7f508ae8be965d8629557221c889dd98/library/test/src/lib.rs:733:18
[INFO] [stdout]   48:     0x5bc48125bd55 - test[9d35eded1c95d3be]::run_test_in_process::{closure#0}
[INFO] [stdout]                                at /rustc/dfb0accb7f508ae8be965d8629557221c889dd98/library/test/src/lib.rs:756:74
[INFO] [stdout]   49:     0x5bc48125bd55 - <core[df12db4294e9bfd3]::panic::unwind_safe::AssertUnwindSafe<test[9d35eded1c95d3be]::run_test_in_process::{closure#0}> as core[df12db4294e9bfd3]::ops::function::FnOnce<()>>::call_once
[INFO] [stdout]                                at /rustc/dfb0accb7f508ae8be965d8629557221c889dd98/library/core/src/panic/unwind_safe.rs:275:9
[INFO] [stdout]   50:     0x5bc48125bd55 - std[70759c8f55707aa4]::panicking::catch_unwind::do_call::<core[df12db4294e9bfd3]::panic::unwind_safe::AssertUnwindSafe<test[9d35eded1c95d3be]::run_test_in_process::{closure#0}>, core[df12db4294e9bfd3]::result::Result<(), alloc[2182bb758b4b3781]::string::String>>
[INFO] [stdout]                                at /rustc/dfb0accb7f508ae8be965d8629557221c889dd98/library/std/src/panicking.rs:576:43
[INFO] [stdout]   51:     0x5bc48125bd55 - std[70759c8f55707aa4]::panicking::catch_unwind::<core[df12db4294e9bfd3]::result::Result<(), alloc[2182bb758b4b3781]::string::String>, core[df12db4294e9bfd3]::panic::unwind_safe::AssertUnwindSafe<test[9d35eded1c95d3be]::run_test_in_process::{closure#0}>>
[INFO] [stdout]                                at /rustc/dfb0accb7f508ae8be965d8629557221c889dd98/library/std/src/panicking.rs:544:19
[INFO] [stdout]   52:     0x5bc48125bd55 - std[70759c8f55707aa4]::panic::catch_unwind::<core[df12db4294e9bfd3]::panic::unwind_safe::AssertUnwindSafe<test[9d35eded1c95d3be]::run_test_in_process::{closure#0}>, core[df12db4294e9bfd3]::result::Result<(), alloc[2182bb758b4b3781]::string::String>>
[INFO] [stdout]                                at /rustc/dfb0accb7f508ae8be965d8629557221c889dd98/library/std/src/panic.rs:359:14
[INFO] [stdout]   53:     0x5bc48125bd55 - test[9d35eded1c95d3be]::run_test_in_process
[INFO] [stdout]                                at /rustc/dfb0accb7f508ae8be965d8629557221c889dd98/library/test/src/lib.rs:756:27
[INFO] [stdout]   54:     0x5bc48125bd55 - test[9d35eded1c95d3be]::run_test::{closure#0}
[INFO] [stdout]                                at /rustc/dfb0accb7f508ae8be965d8629557221c889dd98/library/test/src/lib.rs:677:43
[INFO] [stdout]   55:     0x5bc481255614 - test[9d35eded1c95d3be]::run_test::{closure#1}
[INFO] [stdout]                                at /rustc/dfb0accb7f508ae8be965d8629557221c889dd98/library/test/src/lib.rs:707:41
[INFO] [stdout]   56:     0x5bc481255614 - std[70759c8f55707aa4]::sys::backtrace::__rust_begin_short_backtrace::<test[9d35eded1c95d3be]::run_test::{closure#1}, ()>
[INFO] [stdout]                                at /rustc/dfb0accb7f508ae8be965d8629557221c889dd98/library/std/src/sys/backtrace.rs:166:18
[INFO] [stdout]   57:     0x5bc48125eeb2 - std[70759c8f55707aa4]::thread::lifecycle::spawn_unchecked::<test[9d35eded1c95d3be]::run_test::{closure#1}, ()>::{closure#1}::{closure#0}
[INFO] [stdout]                                at /rustc/dfb0accb7f508ae8be965d8629557221c889dd98/library/std/src/thread/lifecycle.rs:70:13
[INFO] [stdout]   58:     0x5bc48125eeb2 - <core[df12db4294e9bfd3]::panic::unwind_safe::AssertUnwindSafe<std[70759c8f55707aa4]::thread::lifecycle::spawn_unchecked<test[9d35eded1c95d3be]::run_test::{closure#1}, ()>::{closure#1}::{closure#0}> as core[df12db4294e9bfd3]::ops::function::FnOnce<()>>::call_once
[INFO] [stdout]                                at /rustc/dfb0accb7f508ae8be965d8629557221c889dd98/library/core/src/panic/unwind_safe.rs:275:9
[INFO] [stdout]   59:     0x5bc48125eeb2 - std[70759c8f55707aa4]::panicking::catch_unwind::do_call::<core[df12db4294e9bfd3]::panic::unwind_safe::AssertUnwindSafe<std[70759c8f55707aa4]::thread::lifecycle::spawn_unchecked<test[9d35eded1c95d3be]::run_test::{closure#1}, ()>::{closure#1}::{closure#0}>, ()>
[INFO] [stdout]                                at /rustc/dfb0accb7f508ae8be965d8629557221c889dd98/library/std/src/panicking.rs:576:43
[INFO] [stdout]   60:     0x5bc48125eeb2 - std[70759c8f55707aa4]::panicking::catch_unwind::<(), core[df12db4294e9bfd3]::panic::unwind_safe::AssertUnwindSafe<std[70759c8f55707aa4]::thread::lifecycle::spawn_unchecked<test[9d35eded1c95d3be]::run_test::{closure#1}, ()>::{closure#1}::{closure#0}>>
[INFO] [stdout]                                at /rustc/dfb0accb7f508ae8be965d8629557221c889dd98/library/std/src/panicking.rs:544:19
[INFO] [stdout]   61:     0x5bc48125eeb2 - std[70759c8f55707aa4]::panic::catch_unwind::<core[df12db4294e9bfd3]::panic::unwind_safe::AssertUnwindSafe<std[70759c8f55707aa4]::thread::lifecycle::spawn_unchecked<test[9d35eded1c95d3be]::run_test::{closure#1}, ()>::{closure#1}::{closure#0}>, ()>
[INFO] [stdout]                                at /rustc/dfb0accb7f508ae8be965d8629557221c889dd98/library/std/src/panic.rs:359:14
[INFO] [stdout]   62:     0x5bc48125eeb2 - std[70759c8f55707aa4]::thread::lifecycle::spawn_unchecked::<test[9d35eded1c95d3be]::run_test::{closure#1}, ()>::{closure#1}
[INFO] [stdout]                                at /rustc/dfb0accb7f508ae8be965d8629557221c889dd98/library/std/src/thread/lifecycle.rs:68:26
[INFO] [stdout]   63:     0x5bc48125eeb2 - <std[70759c8f55707aa4]::thread::lifecycle::spawn_unchecked<test[9d35eded1c95d3be]::run_test::{closure#1}, ()>::{closure#1} as core[df12db4294e9bfd3]::ops::function::FnOnce<()>>::call_once::{shim:vtable#0}
[INFO] [stdout]                                at /rustc/dfb0accb7f508ae8be965d8629557221c889dd98/library/core/src/ops/function.rs:250:5
[INFO] [stdout]   64:     0x5bc4817c1219 - <alloc[2182bb758b4b3781]::boxed::Box<dyn core[df12db4294e9bfd3]::ops::function::FnOnce<(), Output = ()> + core[df12db4294e9bfd3]::marker::Send> as core[df12db4294e9bfd3]::ops::function::FnOnce<()>>::call_once
[INFO] [stdout]                                at /rustc/dfb0accb7f508ae8be965d8629557221c889dd98/library/alloc/src/boxed.rs:2320:9
[INFO] [stdout]   65:     0x5bc4817c1219 - <std[70759c8f55707aa4]::sys::thread::unix::Thread>::new::thread_start
[INFO] [stdout]                                at /rustc/dfb0accb7f508ae8be965d8629557221c889dd98/library/std/src/sys/thread/unix.rs:123:17
[INFO] [stdout]   66:     0x7978df1d6dfa - <unknown>
[INFO] [stdout]   67:     0x7978df26a3d4 - clone
[INFO] [stdout]   68:                0x0 - <unknown>
[INFO] [stdout] 
[INFO] [stdout] ---- maintenance_sstate::tests::hardening_stress_process_tree_cancellation_reaps_descendant stdout ----
[INFO] [stdout] 
[INFO] [stdout] thread 'maintenance_sstate::tests::hardening_stress_process_tree_cancellation_reaps_descendant' (869) panicked at src/maintenance_sstate.rs:2336:9:
[INFO] [stdout] cancelled process-group descendant survived
[INFO] [stdout] stack backtrace:
[INFO] [stdout]    0:     0x5bc4817c2201 - std[70759c8f55707aa4]::backtrace_rs::backtrace::libunwind::trace
[INFO] [stdout]                                at /rustc/dfb0accb7f508ae8be965d8629557221c889dd98/library/std/src/../../backtrace/src/backtrace/libunwind.rs:117:9
[INFO] [stdout]    1:     0x5bc4817c2201 - std[70759c8f55707aa4]::backtrace_rs::backtrace::trace_unsynchronized::<std[70759c8f55707aa4]::sys::backtrace::_print_fmt::{closure#1}>
[INFO] [stdout]                                at /rustc/dfb0accb7f508ae8be965d8629557221c889dd98/library/std/src/../../backtrace/src/backtrace/mod.rs:66:14
[INFO] [stdout]    2:     0x5bc4817c2201 - std[70759c8f55707aa4]::sys::backtrace::_print_fmt
[INFO] [stdout]                                at /rustc/dfb0accb7f508ae8be965d8629557221c889dd98/library/std/src/sys/backtrace.rs:74:9
[INFO] [stdout]    3:     0x5bc4817c2201 - <<std[70759c8f55707aa4]::sys::backtrace::BacktraceLock>::print::DisplayBacktrace as core[df12db4294e9bfd3]::fmt::Display>::fmt
[INFO] [stdout]                                at /rustc/dfb0accb7f508ae8be965d8629557221c889dd98/library/std/src/sys/backtrace.rs:44:26
[INFO] [stdout]    4:     0x5bc4817d8c0a - <core[df12db4294e9bfd3]::fmt::rt::Argument>::fmt
[INFO] [stdout]                                at /rustc/dfb0accb7f508ae8be965d8629557221c889dd98/library/core/src/fmt/rt.rs:152:76
[INFO] [stdout]    5:     0x5bc4817d8c0a - core[df12db4294e9bfd3]::fmt::write
[INFO] [stdout]    6:     0x5bc4817c6dac - core[df12db4294e9bfd3]::io::write::default_write_fmt::<alloc[2182bb758b4b3781]::vec::Vec<u8>>
[INFO] [stdout]                                at /rustc/dfb0accb7f508ae8be965d8629557221c889dd98/library/core/src/io/write.rs:402:11
[INFO] [stdout]    7:     0x5bc4817c6dac - <alloc[2182bb758b4b3781]::vec::Vec<u8> as core[df12db4294e9bfd3]::io::write::Write>::write_fmt
[INFO] [stdout]                                at /rustc/dfb0accb7f508ae8be965d8629557221c889dd98/library/core/src/io/write.rs:335:13
[INFO] [stdout]    8:     0x5bc481799656 - <std[70759c8f55707aa4]::sys::backtrace::BacktraceLock>::print
[INFO] [stdout]                                at /rustc/dfb0accb7f508ae8be965d8629557221c889dd98/library/std/src/sys/backtrace.rs:47:9
[INFO] [stdout]    9:     0x5bc481799656 - std[70759c8f55707aa4]::panicking::default_hook::{closure#0}
[INFO] [stdout]                                at /rustc/dfb0accb7f508ae8be965d8629557221c889dd98/library/std/src/panicking.rs:292:27
[INFO] [stdout]   10:     0x5bc4817b8a19 - std[70759c8f55707aa4]::panicking::default_hook
[INFO] [stdout]                                at /rustc/dfb0accb7f508ae8be965d8629557221c889dd98/library/std/src/panicking.rs:316:9
[INFO] [stdout]   11:     0x5bc48125b400 - <alloc[2182bb758b4b3781]::boxed::Box<dyn for<'a, 'b> core[df12db4294e9bfd3]::ops::function::Fn<(&'a std[70759c8f55707aa4]::panic::PanicHookInfo<'b>,), Output = ()> + core[df12db4294e9bfd3]::marker::Send + core[df12db4294e9bfd3]::marker::Sync> as core[df12db4294e9bfd3]::ops::function::Fn<(&std[70759c8f55707aa4]::panic::PanicHookInfo,)>>::call
[INFO] [stdout]                                at /rustc/dfb0accb7f508ae8be965d8629557221c889dd98/library/alloc/src/boxed.rs:2334:9
[INFO] [stdout]   12:     0x5bc48125b400 - test[9d35eded1c95d3be]::test_main_inner::<test[9d35eded1c95d3be]::test_main_static::{closure#0}>::{closure#0}
[INFO] [stdout]                                at /rustc/dfb0accb7f508ae8be965d8629557221c889dd98/library/test/src/lib.rs:155:21
[INFO] [stdout]   13:     0x5bc4817b8d42 - <alloc[2182bb758b4b3781]::boxed::Box<dyn for<'a, 'b> core[df12db4294e9bfd3]::ops::function::Fn<(&'a std[70759c8f55707aa4]::panic::PanicHookInfo<'b>,), Output = ()> + core[df12db4294e9bfd3]::marker::Send + core[df12db4294e9bfd3]::marker::Sync> as core[df12db4294e9bfd3]::ops::function::Fn<(&std[70759c8f55707aa4]::panic::PanicHookInfo,)>>::call
[INFO] [stdout]                                at /rustc/dfb0accb7f508ae8be965d8629557221c889dd98/library/alloc/src/boxed.rs:2334:9
[INFO] [stdout]   14:     0x5bc4817b8d42 - std[70759c8f55707aa4]::panicking::panic_with_hook
[INFO] [stdout]                                at /rustc/dfb0accb7f508ae8be965d8629557221c889dd98/library/std/src/panicking.rs:823:13
[INFO] [stdout]   15:     0x5bc481799734 - std[70759c8f55707aa4]::panicking::panic_handler::{closure#0}
[INFO] [stdout]                                at /rustc/dfb0accb7f508ae8be965d8629557221c889dd98/library/std/src/panicking.rs:681:13
[INFO] [stdout]   16:     0x5bc481792009 - std[70759c8f55707aa4]::sys::backtrace::__rust_end_short_backtrace::<std[70759c8f55707aa4]::panicking::panic_handler::{closure#0}, !>
[INFO] [stdout]                                at /rustc/dfb0accb7f508ae8be965d8629557221c889dd98/library/std/src/sys/backtrace.rs:182:18
[INFO] [stdout]   17:     0x5bc48179a68d - __rustc[8fa7c3cbc660c2b3]::rust_begin_unwind
[INFO] [stdout]                                at /rustc/dfb0accb7f508ae8be965d8629557221c889dd98/library/std/src/panicking.rs:679:5
[INFO] [stdout]   18:     0x5bc4817d942c - core[df12db4294e9bfd3]::panicking::panic_fmt
[INFO] [stdout]                                at /rustc/dfb0accb7f508ae8be965d8629557221c889dd98/library/core/src/panicking.rs:80:14
[INFO] [stdout]   19:     0x5bc480c65f4f - yoctui_bitbake[6cc534ecdb7b6ed5]::maintenance_sstate::tests::hardening_stress_process_tree_cancellation_reaps_descendant::{closure#0}
[INFO] [stdout]                                at /opt/rustwide/workdir/src/maintenance_sstate.rs:2336:9
[INFO] [stdout]   20:     0x5bc480ea2672 - <core[df12db4294e9bfd3]::pin::Pin<&mut dyn core[df12db4294e9bfd3]::future::future::Future<Output = ()>> as core[df12db4294e9bfd3]::future::future::Future>::poll
[INFO] [stdout]                                at /rustc/dfb0accb7f508ae8be965d8629557221c889dd98/library/core/src/future/future.rs:133:9
[INFO] [stdout]   21:     0x5bc480ea26ed - <core[df12db4294e9bfd3]::pin::Pin<&mut core[df12db4294e9bfd3]::pin::Pin<&mut dyn core[df12db4294e9bfd3]::future::future::Future<Output = ()>>> as core[df12db4294e9bfd3]::future::future::Future>::poll
[INFO] [stdout]                                at /rustc/dfb0accb7f508ae8be965d8629557221c889dd98/library/core/src/future/future.rs:133:9
[INFO] [stdout]   22:     0x5bc480dcc05d - <tokio[9ea6892ebf1333bf]::runtime::scheduler::current_thread::CoreGuard>::block_on::<core[df12db4294e9bfd3]::pin::Pin<&mut core[df12db4294e9bfd3]::pin::Pin<&mut dyn core[df12db4294e9bfd3]::future::future::Future<Output = ()>>>>::{closure#0}::{closure#0}::{closure#0}
[INFO] [stdout]                                at /opt/rustwide/cargo-home/registry/src/index.crates.io-1949cf8c6b5b557f/tokio-1.53.0/src/runtime/scheduler/current_thread/mod.rs:830:70
[INFO] [stdout]   23:     0x5bc480dcbf15 - tokio[9ea6892ebf1333bf]::task::coop::with_budget::<core[df12db4294e9bfd3]::task::poll::Poll<()>, <tokio[9ea6892ebf1333bf]::runtime::scheduler::current_thread::CoreGuard>::block_on<core[df12db4294e9bfd3]::pin::Pin<&mut core[df12db4294e9bfd3]::pin::Pin<&mut dyn core[df12db4294e9bfd3]::future::future::Future<Output = ()>>>>::{closure#0}::{closure#0}::{closure#0}>
[INFO] [stdout]                                at /opt/rustwide/cargo-home/registry/src/index.crates.io-1949cf8c6b5b557f/tokio-1.53.0/src/task/coop/mod.rs:167:5
[INFO] [stdout]   24:     0x5bc480dcbf15 - tokio[9ea6892ebf1333bf]::task::coop::budget::<core[df12db4294e9bfd3]::task::poll::Poll<()>, <tokio[9ea6892ebf1333bf]::runtime::scheduler::current_thread::CoreGuard>::block_on<core[df12db4294e9bfd3]::pin::Pin<&mut core[df12db4294e9bfd3]::pin::Pin<&mut dyn core[df12db4294e9bfd3]::future::future::Future<Output = ()>>>>::{closure#0}::{closure#0}::{closure#0}>
[INFO] [stdout]                                at /opt/rustwide/cargo-home/registry/src/index.crates.io-1949cf8c6b5b557f/tokio-1.53.0/src/task/coop/mod.rs:133:5
[INFO] [stdout]   25:     0x5bc480dcbf15 - <tokio[9ea6892ebf1333bf]::runtime::scheduler::current_thread::CoreGuard>::block_on::<core[df12db4294e9bfd3]::pin::Pin<&mut core[df12db4294e9bfd3]::pin::Pin<&mut dyn core[df12db4294e9bfd3]::future::future::Future<Output = ()>>>>::{closure#0}::{closure#0}
[INFO] [stdout]                                at /opt/rustwide/cargo-home/registry/src/index.crates.io-1949cf8c6b5b557f/tokio-1.53.0/src/runtime/scheduler/current_thread/mod.rs:830:25
[INFO] [stdout]   26:     0x5bc480d701b2 - <tokio[9ea6892ebf1333bf]::runtime::scheduler::current_thread::Context>::enter::<core[df12db4294e9bfd3]::task::poll::Poll<()>, <tokio[9ea6892ebf1333bf]::runtime::scheduler::current_thread::CoreGuard>::block_on<core[df12db4294e9bfd3]::pin::Pin<&mut core[df12db4294e9bfd3]::pin::Pin<&mut dyn core[df12db4294e9bfd3]::future::future::Future<Output = ()>>>>::{closure#0}::{closure#0}>
[INFO] [stdout]                                at /opt/rustwide/cargo-home/registry/src/index.crates.io-1949cf8c6b5b557f/tokio-1.53.0/src/runtime/scheduler/current_thread/mod.rs:488:19
[INFO] [stdout]   27:     0x5bc480dc9e4d - <tokio[9ea6892ebf1333bf]::runtime::scheduler::current_thread::CoreGuard>::block_on::<core[df12db4294e9bfd3]::pin::Pin<&mut core[df12db4294e9bfd3]::pin::Pin<&mut dyn core[df12db4294e9bfd3]::future::future::Future<Output = ()>>>>::{closure#0}
[INFO] [stdout]                                at /opt/rustwide/cargo-home/registry/src/index.crates.io-1949cf8c6b5b557f/tokio-1.53.0/src/runtime/scheduler/current_thread/mod.rs:829:44
[INFO] [stdout]   28:     0x5bc480dc90e4 - <tokio[9ea6892ebf1333bf]::runtime::scheduler::current_thread::CoreGuard>::enter::<<tokio[9ea6892ebf1333bf]::runtime::scheduler::current_thread::CoreGuard>::block_on<core[df12db4294e9bfd3]::pin::Pin<&mut core[df12db4294e9bfd3]::pin::Pin<&mut dyn core[df12db4294e9bfd3]::future::future::Future<Output = ()>>>>::{closure#0}, core[df12db4294e9bfd3]::option::Option<()>>::{closure#0}
[INFO] [stdout]                                at /opt/rustwide/cargo-home/registry/src/index.crates.io-1949cf8c6b5b557f/tokio-1.53.0/src/runtime/scheduler/current_thread/mod.rs:906:68
[INFO] [stdout]   29:     0x5bc48112d39b - <tokio[9ea6892ebf1333bf]::runtime::context::scoped::Scoped<tokio[9ea6892ebf1333bf]::runtime::scheduler::Context>>::set::<<tokio[9ea6892ebf1333bf]::runtime::scheduler::current_thread::CoreGuard>::enter<<tokio[9ea6892ebf1333bf]::runtime::scheduler::current_thread::CoreGuard>::block_on<core[df12db4294e9bfd3]::pin::Pin<&mut core[df12db4294e9bfd3]::pin::Pin<&mut dyn core[df12db4294e9bfd3]::future::future::Future<Output = ()>>>>::{closure#0}, core[df12db4294e9bfd3]::option::Option<()>>::{closure#0}, (alloc[2182bb758b4b3781]::boxed::Box<tokio[9ea6892ebf1333bf]::runtime::scheduler::current_thread::Core>, core[df12db4294e9bfd3]::option::Option<()>)>
[INFO] [stdout]                                at /opt/rustwide/cargo-home/registry/src/index.crates.io-1949cf8c6b5b557f/tokio-1.53.0/src/runtime/context/scoped.rs:40:9
[INFO] [stdout]   30:     0x5bc480d31b99 - tokio[9ea6892ebf1333bf]::runtime::context::set_scheduler::<(alloc[2182bb758b4b3781]::boxed::Box<tokio[9ea6892ebf1333bf]::runtime::scheduler::current_thread::Core>, core[df12db4294e9bfd3]::option::Option<()>), <tokio[9ea6892ebf1333bf]::runtime::scheduler::current_thread::CoreGuard>::enter<<tokio[9ea6892ebf1333bf]::runtime::scheduler::current_thread::CoreGuard>::block_on<core[df12db4294e9bfd3]::pin::Pin<&mut core[df12db4294e9bfd3]::pin::Pin<&mut dyn core[df12db4294e9bfd3]::future::future::Future<Output = ()>>>>::{closure#0}, core[df12db4294e9bfd3]::option::Option<()>>::{closure#0}>::{closure#0}
[INFO] [stdout]                                at /opt/rustwide/cargo-home/registry/src/index.crates.io-1949cf8c6b5b557f/tokio-1.53.0/src/runtime/context.rs:187:38
[INFO] [stdout]   31:     0x5bc48108a8df - <std[70759c8f55707aa4]::thread::local::LocalKey<tokio[9ea6892ebf1333bf]::runtime::context::Context>>::try_with::<tokio[9ea6892ebf1333bf]::runtime::context::set_scheduler<(alloc[2182bb758b4b3781]::boxed::Box<tokio[9ea6892ebf1333bf]::runtime::scheduler::current_thread::Core>, core[df12db4294e9bfd3]::option::Option<()>), <tokio[9ea6892ebf1333bf]::runtime::scheduler::current_thread::CoreGuard>::enter<<tokio[9ea6892ebf1333bf]::runtime::scheduler::current_thread::CoreGuard>::block_on<core[df12db4294e9bfd3]::pin::Pin<&mut core[df12db4294e9bfd3]::pin::Pin<&mut dyn core[df12db4294e9bfd3]::future::future::Future<Output = ()>>>>::{closure#0}, core[df12db4294e9bfd3]::option::Option<()>>::{closure#0}>::{closure#0}, (alloc[2182bb758b4b3781]::boxed::Box<tokio[9ea6892ebf1333bf]::runtime::scheduler::current_thread::Core>, core[df12db4294e9bfd3]::option::Option<()>)>
[INFO] [stdout]                                at /rustc/dfb0accb7f508ae8be965d8629557221c889dd98/library/std/src/thread/local.rs:463:12
[INFO] [stdout]   32:     0x5bc48108a48e - <std[70759c8f55707aa4]::thread::local::LocalKey<tokio[9ea6892ebf1333bf]::runtime::context::Context>>::with::<tokio[9ea6892ebf1333bf]::runtime::context::set_scheduler<(alloc[2182bb758b4b3781]::boxed::Box<tokio[9ea6892ebf1333bf]::runtime::scheduler::current_thread::Core>, core[df12db4294e9bfd3]::option::Option<()>), <tokio[9ea6892ebf1333bf]::runtime::scheduler::current_thread::CoreGuard>::enter<<tokio[9ea6892ebf1333bf]::runtime::scheduler::current_thread::CoreGuard>::block_on<core[df12db4294e9bfd3]::pin::Pin<&mut core[df12db4294e9bfd3]::pin::Pin<&mut dyn core[df12db4294e9bfd3]::future::future::Future<Output = ()>>>>::{closure#0}, core[df12db4294e9bfd3]::option::Option<()>>::{closure#0}>::{closure#0}, (alloc[2182bb758b4b3781]::boxed::Box<tokio[9ea6892ebf1333bf]::runtime::scheduler::current_thread::Core>, core[df12db4294e9bfd3]::option::Option<()>)>
[INFO] [stdout]                                at /rustc/dfb0accb7f508ae8be965d8629557221c889dd98/library/std/src/thread/local.rs:427:20
[INFO] [stdout]   33:     0x5bc480cf4f4d - tokio[9ea6892ebf1333bf]::runtime::context::set_scheduler::<(alloc[2182bb758b4b3781]::boxed::Box<tokio[9ea6892ebf1333bf]::runtime::scheduler::current_thread::Core>, core[df12db4294e9bfd3]::option::Option<()>), <tokio[9ea6892ebf1333bf]::runtime::scheduler::current_thread::CoreGuard>::enter<<tokio[9ea6892ebf1333bf]::runtime::scheduler::current_thread::CoreGuard>::block_on<core[df12db4294e9bfd3]::pin::Pin<&mut core[df12db4294e9bfd3]::pin::Pin<&mut dyn core[df12db4294e9bfd3]::future::future::Future<Output = ()>>>>::{closure#0}, core[df12db4294e9bfd3]::option::Option<()>>::{closure#0}>
[INFO] [stdout]                                at /opt/rustwide/cargo-home/registry/src/index.crates.io-1949cf8c6b5b557f/tokio-1.53.0/src/runtime/context.rs:187:17
[INFO] [stdout]   34:     0x5bc480d7df00 - <tokio[9ea6892ebf1333bf]::runtime::scheduler::current_thread::CoreGuard>::enter::<<tokio[9ea6892ebf1333bf]::runtime::scheduler::current_thread::CoreGuard>::block_on<core[df12db4294e9bfd3]::pin::Pin<&mut core[df12db4294e9bfd3]::pin::Pin<&mut dyn core[df12db4294e9bfd3]::future::future::Future<Output = ()>>>>::{closure#0}, core[df12db4294e9bfd3]::option::Option<()>>
[INFO] [stdout]                                at /opt/rustwide/cargo-home/registry/src/index.crates.io-1949cf8c6b5b557f/tokio-1.53.0/src/runtime/scheduler/current_thread/mod.rs:906:27
[INFO] [stdout]   35:     0x5bc480d7e1f6 - <tokio[9ea6892ebf1333bf]::runtime::scheduler::current_thread::CoreGuard>::block_on::<core[df12db4294e9bfd3]::pin::Pin<&mut core[df12db4294e9bfd3]::pin::Pin<&mut dyn core[df12db4294e9bfd3]::future::future::Future<Output = ()>>>>
[INFO] [stdout]                                at /opt/rustwide/cargo-home/registry/src/index.crates.io-1949cf8c6b5b557f/tokio-1.53.0/src/runtime/scheduler/current_thread/mod.rs:817:24
[INFO] [stdout]   36:     0x5bc480dc8e90 - <tokio[9ea6892ebf1333bf]::runtime::scheduler::current_thread::CurrentThread>::block_on::<core[df12db4294e9bfd3]::pin::Pin<&mut dyn core[df12db4294e9bfd3]::future::future::Future<Output = ()>>>::{closure#0}
[INFO] [stdout]                                at /opt/rustwide/cargo-home/registry/src/index.crates.io-1949cf8c6b5b557f/tokio-1.53.0/src/runtime/scheduler/current_thread/mod.rs:218:33
[INFO] [stdout]   37:     0x5bc480f78e78 - tokio[9ea6892ebf1333bf]::runtime::context::runtime::enter_runtime::<<tokio[9ea6892ebf1333bf]::runtime::scheduler::current_thread::CurrentThread>::block_on<core[df12db4294e9bfd3]::pin::Pin<&mut dyn core[df12db4294e9bfd3]::future::future::Future<Output = ()>>>::{closure#0}, ()>
[INFO] [stdout]                                at /opt/rustwide/cargo-home/registry/src/index.crates.io-1949cf8c6b5b557f/tokio-1.53.0/src/runtime/context/runtime.rs:65:16
[INFO] [stdout]   38:     0x5bc480d62024 - <tokio[9ea6892ebf1333bf]::runtime::scheduler::current_thread::CurrentThread>::block_on::<core[df12db4294e9bfd3]::pin::Pin<&mut dyn core[df12db4294e9bfd3]::future::future::Future<Output = ()>>>
[INFO] [stdout]                                at /opt/rustwide/cargo-home/registry/src/index.crates.io-1949cf8c6b5b557f/tokio-1.53.0/src/runtime/scheduler/current_thread/mod.rs:206:9
[INFO] [stdout]   39:     0x5bc480e0afcf - <tokio[9ea6892ebf1333bf]::runtime::runtime::Runtime>::block_on_inner::<core[df12db4294e9bfd3]::pin::Pin<&mut dyn core[df12db4294e9bfd3]::future::future::Future<Output = ()>>>
[INFO] [stdout]                                at /opt/rustwide/cargo-home/registry/src/index.crates.io-1949cf8c6b5b557f/tokio-1.53.0/src/runtime/runtime.rs:376:52
[INFO] [stdout]   40:     0x5bc480e0b11b - <tokio[9ea6892ebf1333bf]::runtime::runtime::Runtime>::block_on::<core[df12db4294e9bfd3]::pin::Pin<&mut dyn core[df12db4294e9bfd3]::future::future::Future<Output = ()>>>
[INFO] [stdout]                                at /opt/rustwide/cargo-home/registry/src/index.crates.io-1949cf8c6b5b557f/tokio-1.53.0/src/runtime/runtime.rs:345:18
[INFO] [stdout]   41:     0x5bc480cb2860 - yoctui_bitbake[6cc534ecdb7b6ed5]::maintenance_sstate::tests::hardening_stress_process_tree_cancellation_reaps_descendant
[INFO] [stdout]                                at /opt/rustwide/workdir/src/maintenance_sstate.rs:2336:71
[INFO] [stdout]   42:     0x5bc480c641d7 - yoctui_bitbake[6cc534ecdb7b6ed5]::maintenance_sstate::tests::hardening_stress_process_tree_cancellation_reaps_descendant::{closure#0}
[INFO] [stdout]                                at /opt/rustwide/workdir/src/maintenance_sstate.rs:2274:75
[INFO] [stdout]   43:     0x5bc480c2dbf6 - <yoctui_bitbake[6cc534ecdb7b6ed5]::maintenance_sstate::tests::hardening_stress_process_tree_cancellation_reaps_descendant::{closure#0} as core[df12db4294e9bfd3]::ops::function::FnOnce<()>>::call_once
[INFO] [stdout]                                at /rustc/dfb0accb7f508ae8be965d8629557221c889dd98/library/core/src/ops/function.rs:250:5
[INFO] [stdout]   44:     0x5bc48124e6eb - <fn() -> core[df12db4294e9bfd3]::result::Result<(), alloc[2182bb758b4b3781]::string::String> as core[df12db4294e9bfd3]::ops::function::FnOnce<()>>::call_once
[INFO] [stdout]                                at /rustc/dfb0accb7f508ae8be965d8629557221c889dd98/library/core/src/ops/function.rs:250:5
[INFO] [stdout]   45:     0x5bc48124e6eb - test[9d35eded1c95d3be]::__rust_begin_short_backtrace::<core[df12db4294e9bfd3]::result::Result<(), alloc[2182bb758b4b3781]::string::String>, fn() -> core[df12db4294e9bfd3]::result::Result<(), alloc[2182bb758b4b3781]::string::String>>
[INFO] [stdout]                                at /rustc/dfb0accb7f508ae8be965d8629557221c889dd98/library/test/src/lib.rs:733:18
[INFO] [stdout]   46:     0x5bc48125bd55 - test[9d35eded1c95d3be]::run_test_in_process::{closure#0}
[INFO] [stdout]                                at /rustc/dfb0accb7f508ae8be965d8629557221c889dd98/library/test/src/lib.rs:756:74
[INFO] [stdout]   47:     0x5bc48125bd55 - <core[df12db4294e9bfd3]::panic::unwind_safe::AssertUnwindSafe<test[9d35eded1c95d3be]::run_test_in_process::{closure#0}> as core[df12db4294e9bfd3]::ops::function::FnOnce<()>>::call_once
[INFO] [stdout]                                at /rustc/dfb0accb7f508ae8be965d8629557221c889dd98/library/core/src/panic/unwind_safe.rs:275:9
[INFO] [stdout]   48:     0x5bc48125bd55 - std[70759c8f55707aa4]::panicking::catch_unwind::do_call::<core[df12db4294e9bfd3]::panic::unwind_safe::AssertUnwindSafe<test[9d35eded1c95d3be]::run_test_in_process::{closure#0}>, core[df12db4294e9bfd3]::result::Result<(), alloc[2182bb758b4b3781]::string::String>>
[INFO] [stdout]                                at /rustc/dfb0accb7f508ae8be965d8629557221c889dd98/library/std/src/panicking.rs:576:43
[INFO] [stdout]   49:     0x5bc48125bd55 - std[70759c8f55707aa4]::panicking::catch_unwind::<core[df12db4294e9bfd3]::result::Result<(), alloc[2182bb758b4b3781]::string::String>, core[df12db4294e9bfd3]::panic::unwind_safe::AssertUnwindSafe<test[9d35eded1c95d3be]::run_test_in_process::{closure#0}>>
[INFO] [stdout]                                at /rustc/dfb0accb7f508ae8be965d8629557221c889dd98/library/std/src/panicking.rs:544:19
[INFO] [stdout]   50:     0x5bc48125bd55 - std[70759c8f55707aa4]::panic::catch_unwind::<core[df12db4294e9bfd3]::panic::unwind_safe::AssertUnwindSafe<test[9d35eded1c95d3be]::run_test_in_process::{closure#0}>, core[df12db4294e9bfd3]::result::Result<(), alloc[2182bb758b4b3781]::string::String>>
[INFO] [stdout]                                at /rustc/dfb0accb7f508ae8be965d8629557221c889dd98/library/std/src/panic.rs:359:14
[INFO] [stdout]   51:     0x5bc48125bd55 - test[9d35eded1c95d3be]::run_test_in_process
[INFO] [stdout]                                at /rustc/dfb0accb7f508ae8be965d8629557221c889dd98/library/test/src/lib.rs:756:27
[INFO] [stdout]   52:     0x5bc48125bd55 - test[9d35eded1c95d3be]::run_test::{closure#0}
[INFO] [stdout]                                at /rustc/dfb0accb7f508ae8be965d8629557221c889dd98/library/test/src/lib.rs:677:43
[INFO] [stdout]   53:     0x5bc481255614 - test[9d35eded1c95d3be]::run_test::{closure#1}
[INFO] [stdout]                                at /rustc/dfb0accb7f508ae8be965d8629557221c889dd98/library/test/src/lib.rs:707:41
[INFO] [stdout]   54:     0x5bc481255614 - std[70759c8f55707aa4]::sys::backtrace::__rust_begin_short_backtrace::<test[9d35eded1c95d3be]::run_test::{closure#1}, ()>
[INFO] [stdout]                                at /rustc/dfb0accb7f508ae8be965d8629557221c889dd98/library/std/src/sys/backtrace.rs:166:18
[INFO] [stdout]   55:     0x5bc48125eeb2 - std[70759c8f55707aa4]::thread::lifecycle::spawn_unchecked::<test[9d35eded1c95d3be]::run_test::{closure#1}, ()>::{closure#1}::{closure#0}
[INFO] [stdout]                                at /rustc/dfb0accb7f508ae8be965d8629557221c889dd98/library/std/src/thread/lifecycle.rs:70:13
[INFO] [stdout]   56:     0x5bc48125eeb2 - <core[df12db4294e9bfd3]::panic::unwind_safe::AssertUnwindSafe<std[70759c8f55707aa4]::thread::lifecycle::spawn_unchecked<test[9d35eded1c95d3be]::run_test::{closure#1}, ()>::{closure#1}::{closure#0}> as core[df12db4294e9bfd3]::ops::function::FnOnce<()>>::call_once
[INFO] [stdout]                                at /rustc/dfb0accb7f508ae8be965d8629557221c889dd98/library/core/src/panic/unwind_safe.rs:275:9
[INFO] [stdout]   57:     0x5bc48125eeb2 - std[70759c8f55707aa4]::panicking::catch_unwind::do_call::<core[df12db4294e9bfd3]::panic::unwind_safe::AssertUnwindSafe<std[70759c8f55707aa4]::thread::lifecycle::spawn_unchecked<test[9d35eded1c95d3be]::run_test::{closure#1}, ()>::{closure#1}::{closure#0}>, ()>
[INFO] [stdout]                                at /rustc/dfb0accb7f508ae8be965d8629557221c889dd98/library/std/src/panicking.rs:576:43
[INFO] [stdout]   58:     0x5bc48125eeb2 - std[70759c8f55707aa4]::panicking::catch_unwind::<(), core[df12db4294e9bfd3]::panic::unwind_safe::AssertUnwindSafe<std[70759c8f55707aa4]::thread::lifecycle::spawn_unchecked<test[9d35eded1c95d3be]::run_test::{closure#1}, ()>::{closure#1}::{closure#0}>>
[INFO] [stdout]                                at /rustc/dfb0accb7f508ae8be965d8629557221c889dd98/library/std/src/panicking.rs:544:19
[INFO] [stdout]   59:     0x5bc48125eeb2 - std[70759c8f55707aa4]::panic::catch_unwind::<core[df12db4294e9bfd3]::panic::unwind_safe::AssertUnwindSafe<std[70759c8f55707aa4]::thread::lifecycle::spawn_unchecked<test[9d35eded1c95d3be]::run_test::{closure#1}, ()>::{closure#1}::{closure#0}>, ()>
[INFO] [stdout]                                at /rustc/dfb0accb7f508ae8be965d8629557221c889dd98/library/std/src/panic.rs:359:14
[INFO] [stdout]   60:     0x5bc48125eeb2 - std[70759c8f55707aa4]::thread::lifecycle::spawn_unchecked::<test[9d35eded1c95d3be]::run_test::{closure#1}, ()>::{closure#1}
[INFO] [stdout]                                at /rustc/dfb0accb7f508ae8be965d8629557221c889dd98/library/std/src/thread/lifecycle.rs:68:26
[INFO] [stdout]   61:     0x5bc48125eeb2 - <std[70759c8f55707aa4]::thread::lifecycle::spawn_unchecked<test[9d35eded1c95d3be]::run_test::{closure#1}, ()>::{closure#1} as core[df12db4294e9bfd3]::ops::function::FnOnce<()>>::call_once::{shim:vtable#0}
[INFO] [stdout]                                at /rustc/dfb0accb7f508ae8be965d8629557221c889dd98/library/core/src/ops/function.rs:250:5
[INFO] [stdout]   62:     0x5bc4817c1219 - <alloc[2182bb758b4b3781]::boxed::Box<dyn core[df12db4294e9bfd3]::ops::function::FnOnce<(), Output = ()> + core[df12db4294e9bfd3]::marker::Send> as core[df12db4294e9bfd3]::ops::function::FnOnce<()>>::call_once
[INFO] [stdout]                                at /rustc/dfb0accb7f508ae8be965d8629557221c889dd98/library/alloc/src/boxed.rs:2320:9
[INFO] [stdout]   63:     0x5bc4817c1219 - <std[70759c8f55707aa4]::sys::thread::unix::Thread>::new::thread_start
[INFO] [stdout]                                at /rustc/dfb0accb7f508ae8be965d8629557221c889dd98/library/std/src/sys/thread/unix.rs:123:17
[INFO] [stdout]   64:     0x7978df1d6dfa - <unknown>
[INFO] [stdout]   65:     0x7978df26a3d4 - clone
[INFO] [stdout]   66:                0x0 - <unknown>
[INFO] [stdout] 
[INFO] [stdout] 
[INFO] [stdout] failures:
[INFO] [stdout]     build_environment::tests::poky_clone_requires_empty_destination_and_uses_reviewed_vectors
[INFO] [stdout]     maintenance_sstate::tests::hardening_stress_process_tree_cancellation_reaps_descendant
[INFO] [stdout]     maintenance_sstate::tests::maintenance_sstate_spawn_retries_only_transient_text_file_busy
[INFO] [stdout]     tests::task_identity_statistics_decode_without_recipe_or_task_inference::devtool_metadata_distinguishes_missing_tool_and_workspace_directory
[INFO] [stdout] 
[INFO] [stdout] test result: FAILED. 279 passed; 4 failed; 0 ignored; 0 measured; 0 filtered out; finished in 2.19s
[INFO] [stdout] 
[INFO] [stderr] error: test failed, to rerun pass `--lib`
[INFO] running `Command { std: "docker" "inspect" "be4dcdc2f3843ea3f471a716012619346f23c3318eaf82772ffe2cb270689c63", kill_on_drop: false }`
[INFO] running `Command { std: "docker" "rm" "-f" "be4dcdc2f3843ea3f471a716012619346f23c3318eaf82772ffe2cb270689c63", kill_on_drop: false }`
[INFO] [stdout] be4dcdc2f3843ea3f471a716012619346f23c3318eaf82772ffe2cb270689c63
