[INFO] fetching crate ygrep-core 4.0.3...
[INFO] testing ygrep-core-4.0.3 against 1.100.0-beta.1 for beta-1.100-2
[INFO] extracting crate ygrep-core 4.0.3 into /workspace/builds/worker-3-tc2/source
[INFO] started tweaking crates.io crate ygrep-core 4.0.3
[INFO] finished tweaking crates.io crate ygrep-core 4.0.3
[INFO] tweaked toml for crates.io crate ygrep-core 4.0.3 written to /workspace/builds/worker-3-tc2/source/Cargo.toml
[INFO] validating manifest of crates.io crate ygrep-core 4.0.3 on toolchain 1.100.0-beta.1
[INFO] running `Command { std: CARGO_HOME="/workspace/cargo-home" RUSTUP_HOME="/workspace/rustup-home" "/workspace/cargo-home/bin/cargo" "+1.100.0-beta.1" "metadata" "--manifest-path" "Cargo.toml" "--no-deps", kill_on_drop: false }`
[INFO] crate crates.io crate ygrep-core 4.0.3 already has a lockfile, it will not be regenerated
[INFO] running `Command { std: CARGO_HOME="/workspace/cargo-home" RUSTUP_HOME="/workspace/rustup-home" "/workspace/cargo-home/bin/cargo" "+1.100.0-beta.1" "fetch" "--manifest-path" "Cargo.toml", kill_on_drop: false }`
[INFO] [stderr] warning: `package.homepage` is redundant with `package.repository`
[INFO] [stderr]    --> Cargo.toml:98:12
[INFO] [stderr]     |
[INFO] [stderr]  98 | homepage = "https://github.com/yetidevworks/ygrep"
[INFO] [stderr]     |            ^^^^^^^^^^^^^^^^^^^^^^^^^^^^^^^^^^^^^^^
[INFO] [stderr] ...
[INFO] [stderr] 103 | repository = "https://github.com/yetidevworks/ygrep"
[INFO] [stderr]     |              ---------------------------------------
[INFO] [stderr]     |
[INFO] [stderr]     = note: `cargo::redundant_homepage` is set to `warn` by default
[INFO] [stderr] help: consider removing `package.homepage`
[INFO] [stderr] warning: `ygrep-core` (manifest) generated 1 warning
[INFO] running `Command { std: "docker" "create" "-v" "/var/lib/crater-agent-workspace/builds/worker-3-tc2/source:/opt/rustwide/workdir:ro,Z" "-v" "/var/lib/crater-agent-workspace/builds/worker-3-tc2/target:/opt/rustwide/target:rw,Z" "-v" "/var/lib/crater-agent-workspace/cargo-home:/opt/rustwide/cargo-home:ro,Z" "-v" "/var/lib/crater-agent-workspace/rustup-home:/opt/rustwide/rustup-home:ro,Z" "-m" "1610612736" "--network" "none" "ghcr.io/rust-lang/crates-build-env/linux@sha256:3111399a4047eeb3a02b7a90e478d715f38a8c6669b5c4b49d30a17385265909" "sleep" "infinity", kill_on_drop: false }`
[INFO] [stdout] a72a2cf05d260e5d2c3da4cc2dfd93f5eca2a3c9dd41cfbb2a454b0752bbc6c8
[INFO] running `Command { std: "docker" "start" "a72a2cf05d260e5d2c3da4cc2dfd93f5eca2a3c9dd41cfbb2a454b0752bbc6c8", kill_on_drop: false }`
[INFO] running `Command { std: "docker" "inspect" "a72a2cf05d260e5d2c3da4cc2dfd93f5eca2a3c9dd41cfbb2a454b0752bbc6c8", kill_on_drop: false }`
[INFO] running `Command { std: "docker" "exec" "-e" "SOURCE_DIR=/opt/rustwide/workdir" "-e" "CARGO_HOME=/opt/rustwide/cargo-home" "-e" "RUSTUP_HOME=/opt/rustwide/rustup-home" "-e" "CARGO_TARGET_DIR=/opt/rustwide/target" "-w" "/opt/rustwide/workdir" "--user" "0:0" "a72a2cf05d260e5d2c3da4cc2dfd93f5eca2a3c9dd41cfbb2a454b0752bbc6c8" "/opt/rustwide/cargo-home/bin/cargo" "+1.100.0-beta.1" "metadata" "--no-deps" "--format-version=1", kill_on_drop: false }`
[INFO] running `Command { std: "docker" "inspect" "a72a2cf05d260e5d2c3da4cc2dfd93f5eca2a3c9dd41cfbb2a454b0752bbc6c8", kill_on_drop: false }`
[INFO] running `Command { std: "docker" "exec" "-e" "SOURCE_DIR=/opt/rustwide/workdir" "-e" "CARGO_HOME=/opt/rustwide/cargo-home" "-e" "RUSTUP_HOME=/opt/rustwide/rustup-home" "-e" "CARGO_TARGET_DIR=/opt/rustwide/target" "-e" "CARGO_INCREMENTAL=0" "-e" "RUST_BACKTRACE=full" "-e" "RUSTFLAGS=--cap-lints=warn" "-e" "RUSTDOCFLAGS=--cap-lints=warn" "-w" "/opt/rustwide/workdir" "--user" "0:0" "a72a2cf05d260e5d2c3da4cc2dfd93f5eca2a3c9dd41cfbb2a454b0752bbc6c8" "/opt/rustwide/cargo-home/bin/cargo" "+1.100.0-beta.1" "build" "--frozen" "--message-format=json", kill_on_drop: false }`
[INFO] [stderr] warning: `package.homepage` is redundant with `package.repository`
[INFO] [stderr]    --> Cargo.toml:98:12
[INFO] [stderr]     |
[INFO] [stderr]  98 | homepage = "https://github.com/yetidevworks/ygrep"
[INFO] [stderr]     |            ^^^^^^^^^^^^^^^^^^^^^^^^^^^^^^^^^^^^^^^
[INFO] [stderr] ...
[INFO] [stderr] 103 | repository = "https://github.com/yetidevworks/ygrep"
[INFO] [stderr]     |              ---------------------------------------
[INFO] [stderr]     |
[INFO] [stderr]     = note: `cargo::redundant_homepage` is set to `warn` by default
[INFO] [stderr] help: consider removing `package.homepage`
[INFO] [stderr] warning: `ygrep-core` (manifest) generated 1 warning
[INFO] [stderr]    Compiling libc v0.2.189
[INFO] [stderr]    Compiling proc-macro2 v1.0.107
[INFO] [stderr]    Compiling quote v1.0.47
[INFO] [stderr]    Compiling serde_core v1.0.229
[INFO] [stderr]    Compiling serde v1.0.229
[INFO] [stderr]    Compiling find-msvc-tools v0.1.12
[INFO] [stderr]    Compiling shlex v2.0.1
[INFO] [stderr]    Compiling memchr v2.8.3
[INFO] [stderr]    Compiling zerocopy v0.8.57
[INFO] [stderr]    Compiling pkg-config v0.3.34
[INFO] [stderr]    Compiling crossbeam-utils v0.8.23
[INFO] [stderr]    Compiling regex-syntax v0.8.11
[INFO] [stderr]    Compiling log v0.4.34
[INFO] [stderr]    Compiling autocfg v1.5.1
[INFO] [stderr]    Compiling crunchy v0.2.4
[INFO] [stderr]    Compiling syn v3.0.5
[INFO] [stderr]    Compiling num-traits v0.2.19
[INFO] [stderr]    Compiling jobserver v0.1.35
[INFO] [stderr]    Compiling getrandom v0.2.17
[INFO] [stderr]    Compiling crossbeam-epoch v0.9.21
[INFO] [stderr]    Compiling cc v1.4.6
[INFO] [stderr]    Compiling rand_core v0.6.4
[INFO] [stderr]    Compiling byteorder v1.5.0
[INFO] [stderr]    Compiling zstd-safe v7.3.0
[INFO] [stderr]    Compiling equivalent v1.0.2
[INFO] [stderr]    Compiling once_cell v1.21.4
[INFO] [stderr]    Compiling time-core v0.1.9
[INFO] [stderr]    Compiling crossbeam-deque v0.8.8
[INFO] [stderr]    Compiling num-conv v0.2.2
[INFO] [stderr]    Compiling stable_deref_trait v1.2.1
[INFO] [stderr]    Compiling ownedbytes v0.7.0
[INFO] [stderr]    Compiling syn v2.0.119
[INFO] [stderr]    Compiling aho-corasick v1.1.5
[INFO] [stderr]    Compiling instant v0.1.13
[INFO] [stderr]    Compiling inotify-sys v0.1.8
[INFO] [stderr]    Compiling getrandom v0.4.3
[INFO] [stderr]    Compiling bitflags v2.13.2
[INFO] [stderr]    Compiling deranged v0.5.8
[INFO] [stderr]    Compiling zstd-sys v2.1.0+zstd.1.5.7
[INFO] [stderr]    Compiling bitpacking v0.9.3
[INFO] [stderr]    Compiling regex-automata v0.4.18
[INFO] [stderr]    Compiling zmij v1.0.23
[INFO] [stderr]    Compiling either v1.18.0
[INFO] [stderr]    Compiling rayon-core v1.13.0
[INFO] [stderr]    Compiling rustix v0.38.44
[INFO] [stderr]    Compiling smallvec v1.16.1
[INFO] [stderr]    Compiling time v0.3.55
[INFO] [stderr]    Compiling rustversion v1.0.23
[INFO] [stderr]    Compiling rustix v1.1.4
[INFO] [stderr]    Compiling utf8-ranges v1.0.5
[INFO] [stderr]    Compiling same-file v1.0.6
[INFO] [stderr]    Compiling walkdir v2.5.0
[INFO] [stderr]    Compiling tantivy-fst v0.5.0
[INFO] [stderr]    Compiling tantivy-bitpacker v0.6.0
[INFO] [stderr]    Compiling serde_derive v1.0.229
[INFO] [stderr]    Compiling async-trait v0.1.92
[INFO] [stderr]    Compiling ppv-lite86 v0.2.21
[INFO] [stderr]    Compiling mio v1.2.3
[INFO] [stderr]    Compiling linux-raw-sys v0.4.15
[INFO] [stderr]    Compiling rand_chacha v0.3.1
[INFO] [stderr]    Compiling rand v0.8.8
[INFO] [stderr]    Compiling thiserror v1.0.69
[INFO] [stderr]    Compiling bitflags v1.3.2
[INFO] [stderr]    Compiling portable-atomic v1.15.0
[INFO] [stderr]    Compiling linux-raw-sys v0.12.1
[INFO] [stderr]    Compiling minimal-lexical v0.2.1
[INFO] [stderr]    Compiling crc32fast v1.5.2
[INFO] [stderr]    Compiling hashbrown v0.17.1
[INFO] [stderr]    Compiling serde_json v1.0.151
[INFO] [stderr]    Compiling foldhash v0.1.5
[INFO] [stderr]    Compiling rand_distr v0.4.3
[INFO] [stderr]    Compiling allocator-api2 v0.2.21
[INFO] [stderr]    Compiling murmurhash32 v0.3.1
[INFO] [stderr]    Compiling thiserror-impl v1.0.69
[INFO] [stderr]    Compiling nom v7.1.3
[INFO] [stderr]    Compiling hashbrown v0.15.5
[INFO] [stderr]    Compiling indexmap v2.14.2
[INFO] [stderr]    Compiling inotify v0.10.2
[INFO] [stderr]    Compiling parking_lot_core v0.9.12
[INFO] [stderr]    Compiling itertools v0.12.1
[INFO] [stderr]    Compiling notify-types v1.0.1
[INFO] [stderr]    Compiling tantivy-common v0.7.0
[INFO] [stderr]    Compiling serde_spanned v0.6.9
[INFO] [stderr]    Compiling toml_datetime v0.6.11
[INFO] [stderr]    Compiling filetime v0.2.29
[INFO] [stderr]    Compiling errno v0.3.14
[INFO] [stderr]    Compiling bstr v1.13.1
[INFO] [stderr]    Compiling unicode-width v0.2.2
[INFO] [stderr]    Compiling option-ext v0.2.0
[INFO] [stderr]    Compiling itoa v1.0.18
[INFO] [stderr]    Compiling tantivy-stacker v0.3.0
[INFO] [stderr]    Compiling toml_write v0.1.2
[INFO] [stderr]    Compiling fastrand v2.5.0
[INFO] [stderr]    Compiling winnow v0.7.15
[INFO] [stderr]    Compiling downcast-rs v1.2.1
[INFO] [stderr]    Compiling thiserror v2.0.20
[INFO] [stderr]    Compiling fastdivide v0.4.2
[INFO] [stderr]    Compiling tempfile v3.27.0
[INFO] [stderr]    Compiling globset v0.4.20
[INFO] [stderr]    Compiling console v0.15.11
[INFO] [stderr]    Compiling dirs-sys v0.4.1
[INFO] [stderr]    Compiling signal-hook-registry v1.4.8
[INFO] [stderr]    Compiling fs4 v0.8.4
[INFO] [stderr]    Compiling notify v7.0.0
[INFO] [stderr]    Compiling rust-stemmers v1.2.0
[INFO] [stderr]    Compiling tantivy-tokenizer-api v0.3.0
[INFO] [stderr]    Compiling sketches-ddsketch v0.2.2
[INFO] [stderr]    Compiling arc-swap v1.9.2
[INFO] [stderr]    Compiling tantivy-query-grammar v0.22.0
[INFO] [stderr]    Compiling parking_lot v0.12.5
[INFO] [stderr]    Compiling rayon v1.12.0
[INFO] [stderr]    Compiling toml_edit v0.22.27
[INFO] [stderr]    Compiling lru v0.12.5
[INFO] [stderr]    Compiling tracing-attributes v0.1.31
[INFO] [stderr]    Compiling regex v1.13.1
[INFO] [stderr]    Compiling uuid v1.26.1
[INFO] [stderr]    Compiling thiserror-impl v2.0.20
[INFO] [stderr]    Compiling tokio-macros v2.7.2
[INFO] [stderr]    Compiling measure_time v0.8.3
[INFO] [stderr]    Compiling tracing-core v0.1.36
[INFO] [stderr]    Compiling crossbeam-channel v0.5.17
[INFO] [stderr]    Compiling num_cpus v1.17.0
[INFO] [stderr]    Compiling memmap2 v0.9.11
[INFO] [stderr]    Compiling socket2 v0.6.5
[INFO] [stderr]    Compiling base64 v0.22.1
[INFO] [stderr]    Compiling bytes v1.12.1
[INFO] [stderr]    Compiling oneshot v0.1.13
[INFO] [stderr]    Compiling fnv v1.0.7
[INFO] [stderr]    Compiling census v0.4.2
[INFO] [stderr]    Compiling levenshtein_automata v0.2.1
[INFO] [stderr]    Compiling lz4_flex v0.11.6
[INFO] [stderr]    Compiling htmlescape v0.3.1
[INFO] [stderr]    Compiling file-id v0.2.3
[INFO] [stderr]    Compiling rustc-hash v1.1.0
[INFO] [stderr]    Compiling number_prefix v0.4.0
[INFO] [stderr]    Compiling iana-time-zone v0.1.65
[INFO] [stderr]    Compiling notify-debouncer-full v0.4.0
[INFO] [stderr]    Compiling toml v0.8.23
[INFO] [stderr]    Compiling indicatif v0.17.11
[INFO] [stderr]    Compiling chrono v0.4.45
[INFO] [stderr]    Compiling tokio v1.53.1
[INFO] [stderr]    Compiling tracing v0.1.44
[INFO] [stderr]    Compiling dirs v5.0.1
[INFO] [stderr]    Compiling ignore v0.4.33
[INFO] [stderr]    Compiling bincode v1.3.3
[INFO] [stderr]    Compiling xxhash-rust v0.8.18
[INFO] [stderr]    Compiling zstd v0.13.3
[INFO] [stderr]    Compiling tantivy-sstable v0.3.0
[INFO] [stderr]    Compiling tantivy-columnar v0.3.0
[INFO] [stderr]    Compiling tantivy v0.22.1
[INFO] [stderr]    Compiling ygrep-core v4.0.3 (/opt/rustwide/workdir)
[INFO] [stderr] warning: unused dependency `bincode`
[INFO] [stderr]  --> Cargo.toml:1:15
[INFO] [stderr]   |
[INFO] [stderr] 1 | [dependencies.bincode]
[INFO] [stderr]   |               ^^^^^^^^
[INFO] [stderr]   |
[INFO] [stderr]   = note: `cargo::unused_dependencies` is set to `warn` by default
[INFO] [stderr] help: consider removing the dependency on `bincode`
[INFO] [stderr] warning: unused dependency `indicatif`
[INFO] [stderr]   --> Cargo.toml:24:15
[INFO] [stderr]    |
[INFO] [stderr] 24 | [dependencies.indicatif]
[INFO] [stderr]    |               ^^^^^^^^^^
[INFO] [stderr]    |
[INFO] [stderr] help: consider removing the dependency on `indicatif`
[INFO] [stderr] warning: `ygrep-core` (manifest) generated 2 warnings
[INFO] [stderr]     Finished `dev` profile [unoptimized + debuginfo] target(s) in 2m 16s
[INFO] running `Command { std: "docker" "inspect" "a72a2cf05d260e5d2c3da4cc2dfd93f5eca2a3c9dd41cfbb2a454b0752bbc6c8", kill_on_drop: false }`
[INFO] running `Command { std: "docker" "exec" "-e" "SOURCE_DIR=/opt/rustwide/workdir" "-e" "CARGO_HOME=/opt/rustwide/cargo-home" "-e" "RUSTUP_HOME=/opt/rustwide/rustup-home" "-e" "CARGO_TARGET_DIR=/opt/rustwide/target" "-e" "CARGO_INCREMENTAL=0" "-e" "RUST_BACKTRACE=full" "-e" "RUSTFLAGS=--cap-lints=warn" "-e" "RUSTDOCFLAGS=--cap-lints=warn" "-w" "/opt/rustwide/workdir" "--user" "0:0" "a72a2cf05d260e5d2c3da4cc2dfd93f5eca2a3c9dd41cfbb2a454b0752bbc6c8" "/opt/rustwide/cargo-home/bin/cargo" "+1.100.0-beta.1" "test" "--frozen" "--no-run" "--message-format=json", kill_on_drop: false }`
[INFO] [stderr] warning: `package.homepage` is redundant with `package.repository`
[INFO] [stderr]    --> Cargo.toml:98:12
[INFO] [stderr]     |
[INFO] [stderr]  98 | homepage = "https://github.com/yetidevworks/ygrep"
[INFO] [stderr]     |            ^^^^^^^^^^^^^^^^^^^^^^^^^^^^^^^^^^^^^^^
[INFO] [stderr] ...
[INFO] [stderr] 103 | repository = "https://github.com/yetidevworks/ygrep"
[INFO] [stderr]     |              ---------------------------------------
[INFO] [stderr]     |
[INFO] [stderr]     = note: `cargo::redundant_homepage` is set to `warn` by default
[INFO] [stderr] help: consider removing `package.homepage`
[INFO] [stderr] warning: `ygrep-core` (manifest) generated 1 warning
[INFO] [stderr]    Compiling ygrep-core v4.0.3 (/opt/rustwide/workdir)
[INFO] [stderr] warning: unused dependency `bincode`
[INFO] [stderr]  --> Cargo.toml:1:15
[INFO] [stderr]   |
[INFO] [stderr] 1 | [dependencies.bincode]
[INFO] [stderr]   |               ^^^^^^^^
[INFO] [stderr]   |
[INFO] [stderr]   = note: `cargo::unused_dependencies` is set to `warn` by default
[INFO] [stderr] help: consider removing the dependency on `bincode`
[INFO] [stderr] warning: unused dependency `indicatif`
[INFO] [stderr]   --> Cargo.toml:24:15
[INFO] [stderr]    |
[INFO] [stderr] 24 | [dependencies.indicatif]
[INFO] [stderr]    |               ^^^^^^^^^^
[INFO] [stderr]    |
[INFO] [stderr] help: consider removing the dependency on `indicatif`
[INFO] [stderr] warning: `ygrep-core` (manifest) generated 2 warnings
[INFO] [stderr]     Finished `test` profile [unoptimized + debuginfo] target(s) in 10.07s
[INFO] running `Command { std: "docker" "inspect" "a72a2cf05d260e5d2c3da4cc2dfd93f5eca2a3c9dd41cfbb2a454b0752bbc6c8", kill_on_drop: false }`
[INFO] running `Command { std: "docker" "exec" "-e" "SOURCE_DIR=/opt/rustwide/workdir" "-e" "CARGO_HOME=/opt/rustwide/cargo-home" "-e" "RUSTUP_HOME=/opt/rustwide/rustup-home" "-e" "CARGO_TARGET_DIR=/opt/rustwide/target" "-e" "CARGO_INCREMENTAL=0" "-e" "RUST_BACKTRACE=full" "-e" "RUSTFLAGS=--cap-lints=warn" "-e" "RUSTDOCFLAGS=--cap-lints=warn" "-w" "/opt/rustwide/workdir" "--user" "0:0" "a72a2cf05d260e5d2c3da4cc2dfd93f5eca2a3c9dd41cfbb2a454b0752bbc6c8" "/opt/rustwide/cargo-home/bin/cargo" "+1.100.0-beta.1" "test" "--frozen", kill_on_drop: false }`
[INFO] [stderr] warning: `package.homepage` is redundant with `package.repository`
[INFO] [stderr]    --> Cargo.toml:98:12
[INFO] [stderr]     |
[INFO] [stderr]  98 | homepage = "https://github.com/yetidevworks/ygrep"
[INFO] [stderr]     |            ^^^^^^^^^^^^^^^^^^^^^^^^^^^^^^^^^^^^^^^
[INFO] [stderr] ...
[INFO] [stderr] 103 | repository = "https://github.com/yetidevworks/ygrep"
[INFO] [stderr]     |              ---------------------------------------
[INFO] [stderr]     |
[INFO] [stderr]     = note: `cargo::redundant_homepage` is set to `warn` by default
[INFO] [stderr] help: consider removing `package.homepage`
[INFO] [stderr] warning: `ygrep-core` (manifest) generated 1 warning
[INFO] [stderr] warning: unused dependency `bincode`
[INFO] [stderr]  --> Cargo.toml:1:15
[INFO] [stderr]   |
[INFO] [stderr] 1 | [dependencies.bincode]
[INFO] [stderr]   |               ^^^^^^^^
[INFO] [stderr]   |
[INFO] [stderr]   = note: `cargo::unused_dependencies` is set to `warn` by default
[INFO] [stderr] help: consider removing the dependency on `bincode`
[INFO] [stderr] warning: unused dependency `indicatif`
[INFO] [stderr]   --> Cargo.toml:24:15
[INFO] [stderr]    |
[INFO] [stderr] 24 | [dependencies.indicatif]
[INFO] [stderr]    |               ^^^^^^^^^^
[INFO] [stderr]    |
[INFO] [stderr] help: consider removing the dependency on `indicatif`
[INFO] [stderr] warning: `ygrep-core` (manifest) generated 2 warnings
[INFO] [stderr]     Finished `test` profile [unoptimized + debuginfo] target(s) in 0.25s
[INFO] [stderr]      Running unittests src/lib.rs (/opt/rustwide/target/debug/build/ygrep-core/56781e7f34b75d89/out/ygrep_core-56781e7f34b75d89)
[INFO] [stdout] 
[INFO] [stdout] running 142 tests
[INFO] [stdout] test config::tests::test_config_load_returns_defaults_when_no_file ... ok
[INFO] [stdout] test fs::classify::tests::known_extensions_need_no_file_to_classify ... ok
[INFO] [stdout] test config::tests::test_config_load_from_nonexistent_file ... ok
[INFO] [stdout] test config::tests::test_retired_daemon_section_still_parses ... ok
[INFO] [stdout] test config::tests::test_default_config_sane_values ... ok
[INFO] [stdout] test config::tests::test_service_defaults ... ok
[INFO] [stdout] test fs::classify::tests::minified_content_is_detected_and_source_is_not ... ok
[INFO] [stdout] test config::tests::test_telemetry_can_be_switched_off ... ok
[INFO] [stdout] test fs::classify::tests::the_extension_allowlist_is_honoured ... ok
[INFO] [stdout] test fs::walker::tests::hidden_workspace_root_is_still_walked ... ok
[INFO] [stdout] test fs::classify::tests::unknown_names_fall_back_to_a_binary_sniff ... ok
[INFO] [stdout] test fs::classify::tests::useful_dotfiles_are_text_and_the_rest_are_not ... ok
[INFO] [stdout] test fs::walker::tests::prune_suffixes_are_derived_from_ignore_patterns ... ok
[INFO] [stdout] test fs::walker::tests::hidden_directories_inside_the_workspace_are_still_skipped ... ok
[INFO] [stdout] test fs::walker::tests::pruning_is_relative_to_the_workspace_root ... ok
[INFO] [stdout] test fs::walker::tests::test_glob_match ... ok
[INFO] [stdout] test fs::walker::tests::a_tree_reachable_twice_is_walked_once ... ok
[INFO] [stdout] test fs::walker::tests::ignore_patterns_still_match_inside_the_workspace ... ok
[INFO] [stdout] test fs::walker::tests::nested_gitignore_files_are_honoured ... ok
[INFO] [stdout] test fs::walker::tests::test_walk_directory ... ok
[INFO] [stdout] test fs::walker::tests::the_walk_yields_the_metadata_the_indexer_needs ... ok
[INFO] [stdout] test fs::walker::tests::ignore_patterns_do_not_match_directories_above_the_workspace ... ok
[INFO] [stdout] test fs::classify::tests::the_minified_check_reads_only_the_head_of_a_file ... ok
[INFO] [stdout] test index::schema::tests::compression_level_is_configurable ... ok
[INFO] [stdout] test index::schema::tests::compression_level_zero_selects_lz4 ... ok
[INFO] [stdout] test index::schema::tests::index_settings_use_zstd_for_the_doc_store ... ok
[INFO] [stdout] test index::schema::tests::out_of_range_compression_levels_are_clamped ... ok
[INFO] [stdout] test index::schema::tests::test_schema_creation ... ok
[INFO] [stdout] test index::schema::tests::test_tokenizer_camelcase_subtokens ... ok
[INFO] [stdout] test index::schema::tests::test_tokenizer_lowercases ... ok
[INFO] [stdout] test index::schema::tests::test_tokenizer_mixed_case_subtokens ... ok
[INFO] [stdout] test index::schema::tests::test_tokenizer_no_subtokens_for_simple ... ok
[INFO] [stdout] test index::schema::tests::test_tokenizer_preserves_code_chars ... ok
[INFO] [stdout] test index::schema::tests::test_tokenizer_removes_long_tokens ... ok
[INFO] [stdout] test index::schema::tests::subtokens_are_slices_of_the_token_they_came_from ... ok
[INFO] [stdout] test index::schema::tests::test_tokenizer_snake_case_subtokens ... ok
[INFO] [stdout] test index::tests::segment_count_is_none_without_metadata ... ok
[INFO] [stdout] test fs::walker::tests::workflow_files_and_useful_dotfiles_are_indexed ... ok
[INFO] [stdout] test index::schema::tests::a_run_of_punctuation_does_not_recurse ... ok
[INFO] [stdout] test index::schema::tests::a_created_index_carries_the_doc_store_settings ... ok
[INFO] [stdout] test fs::walker::tests::the_parallel_walk_sees_the_same_files ... ok
[INFO] [stdout] test index::writer::tests::an_oversize_file_is_rejected_before_it_is_read ... ok
[INFO] [stdout] test fs::walker::tests::the_alias_chosen_for_a_shared_target_never_changes ... ok
[INFO] [stdout] test index::writer::tests::a_second_writer_reports_contention_instead_of_stealing_the_lock ... ok
[INFO] [stdout] test index::writer::tests::test_content_hash_deduplication ... ok
[INFO] [stdout] test index::writer::tests::test_chunk_overlap_cannot_stall_chunking ... ok
[INFO] [stdout] test index::writer::tests::test_chunking_large_file ... ok
[INFO] [stdout] test index::writer::tests::a_generated_file_is_rejected_from_its_head_alone ... ok
[INFO] [stdout] test index::writer::tests::test_file_too_large ... ok
[INFO] [stdout] test registry::tests::bare_component_accepts_a_hash ... ok
[INFO] [stdout] test registry::tests::bare_component_rejects_anything_that_escapes ... ok
[INFO] [stdout] test registry::tests::collect_indexes_reads_the_watch_flag ... ok
[INFO] [stdout] test registry::tests::format_size_scales ... ok
[INFO] [stdout] test registry::tests::hash_still_resolves_to_its_index ... ok
[INFO] [stdout] test registry::tests::issue_13_absolute_workspace_path_never_resolves_to_the_workspace ... ok
[INFO] [stdout] test registry::tests::issue_13_parent_traversal_resolves_to_nothing ... ok
[INFO] [stdout] test registry::tests::issue_13_unindexed_directory_resolves_to_nothing ... ok
[INFO] [stdout] test registry::tests::remove_index_dir_deletes_only_inside_the_indexes_dir ... ok
[INFO] [stdout] test registry::tests::remove_index_dir_refuses_a_symlink_that_points_outside ... ok
[INFO] [stdout] test registry::tests::remove_index_dir_refuses_a_target_outside_the_indexes_dir ... ok
[INFO] [stdout] test registry::tests::remove_index_dir_refuses_the_indexes_dir_itself ... ok
[INFO] [stdout] test registry::tests::set_watch_flag_refuses_a_directory_that_is_not_an_index ... ok
[INFO] [stdout] test index::writer::tests::test_delete_by_path ... ok
[INFO] [stdout] test registry::tests::updating_metadata_keeps_the_watch_flag_and_unknown_fields ... ok
[INFO] [stdout] test search::results::tests::test_empty_result_formatting ... ok
[INFO] [stdout] test search::results::tests::test_format_ai ... ok
[INFO] [stdout] test search::results::tests::test_format_ai_match_type_indicators ... ok
[INFO] [stdout] test search::results::tests::test_format_json_valid ... ok
[INFO] [stdout] test search::results::tests::test_lines_str ... ok
[INFO] [stdout] test search::results::tests::test_format_pretty_includes_path_and_line_numbers ... ok
[INFO] [stdout] test index::tests::test_compact_index_merges_segments ... ok
[INFO] [stdout] test index::writer::tests::test_text_indexing_does_not_create_chunks ... ok
[INFO] [stdout] test index::writer::tests::test_index_file ... ok
[INFO] [stdout] test index::tests::segment_count_reads_metadata_without_opening_the_index ... ok
[INFO] [stdout] test index::tests::compaction_removes_orphaned_segment_files_and_keeps_live_data ... ok
[INFO] [stdout] test search::searcher::tests::a_segment_after_a_double_star_is_not_an_anchor ... ok
[INFO] [stdout] test search::searcher::tests::a_camel_case_literal_finds_the_longer_identifier_containing_it ... ok
[INFO] [stdout] test search::searcher::tests::a_multi_word_literal_still_requires_every_word ... ok
[INFO] [stdout] test search::searcher::tests::a_sigil_literal_matches_the_term_the_index_actually_stored ... ok
[INFO] [stdout] test search::searcher::tests::a_double_star_path_filter_keeps_every_match ... ok
[INFO] [stdout] test search::searcher::tests::a_regex_alternation_still_matches_either_branch ... ok
[INFO] [stdout] test search::searcher::tests::test_contains_ascii_ignore_case ... ok
[INFO] [stdout] test search::searcher::tests::a_regex_finds_the_longer_identifier_containing_its_literal ... ok
[INFO] [stdout] test search::searcher::tests::test_case_insensitive_search ... ok
[INFO] [stdout] test search::searcher::tests::test_basic_search ... ok
[INFO] [stdout] test search::searcher::tests::test_case_sensitive_search_respects_case ... ok
[INFO] [stdout] test search::searcher::tests::a_snake_case_literal_finds_the_longer_identifier_containing_it ... ok
[INFO] [stdout] test search::searcher::tests::test_empty_query_returns_empty ... ok
[INFO] [stdout] test search::searcher::tests::test_dedup_full_doc_and_chunk ... ok
[INFO] [stdout] test search::searcher::tests::test_non_ascii_content_matches_case_insensitively ... ok
[INFO] [stdout] test search::searcher::tests::test_path_anchors_skip_partial_segments ... ok
[INFO] [stdout] test search::searcher::tests::test_multiple_results_ordered_by_score ... ok
[INFO] [stdout] test search::searcher::tests::test_path_matches_glob ... ok
[INFO] [stdout] test search::searcher::tests::test_extension_filter_matches_uppercase_extensions ... ok
[INFO] [stdout] test dashboard::watch_manager::tests::a_stopped_watcher_has_let_go_of_the_writer ... ok
[INFO] [stdout] test search::searcher::tests::test_extension_filter_on_punctuation_query ... ok
[INFO] [stdout] test search::searcher::tests::test_punctuation_literal_search_scans_when_no_index_terms ... ok
[INFO] [stdout] test search::searcher::tests::test_regex_search_invalid_returns_error ... ok
[INFO] [stdout] test search::searcher::tests::test_filename_search ... ok
[INFO] [stdout] test search::searcher::tests::test_regex_search_basic ... ok
[INFO] [stdout] test search::searcher::tests::test_extension_filter_survives_a_crowd_of_other_extensions ... ok
[INFO] [stdout] test search::searcher::tests::a_multi_word_query_finds_every_match_behind_a_crowd_of_decoys ... ok
[INFO] [stdout] test search::searcher::tests::test_path_filter_survives_a_crowd_of_other_paths ... ok
[INFO] [stdout] test search::searcher::tests::test_regex_search_line_anchors_are_multiline ... ok
[INFO] [stdout] test search::searcher::tests::test_search_extension_filter ... ok
[INFO] [stdout] test telemetry::tests::long_queries_are_truncated ... ok
[INFO] [stdout] test telemetry::tests::read_recent_filters_by_timestamp ... ok
[INFO] [stdout] test telemetry::tests::records_one_line_per_query ... ok
[INFO] [stdout] test search::searcher::tests::test_regex_search_with_extension_filter ... ok
[INFO] [stdout] test telemetry::tests::tail_leaves_a_partial_line_for_the_next_poll ... ok
[INFO] [stdout] test telemetry::tests::tail_of_a_missing_log_is_empty ... ok
[INFO] [stdout] test telemetry::tests::tail_restarts_when_the_file_shrinks ... ok
[INFO] [stdout] test telemetry::tests::tail_returns_only_new_events ... ok
[INFO] [stdout] test telemetry::tests::the_config_gate_stops_the_writer ... ok
[INFO] [stdout] test telemetry::tests::truncation_never_splits_a_character ... ok
[INFO] [stdout] test telemetry::tests::rotation_moves_the_log_aside_and_keeps_one_generation ... ok
[INFO] [stdout] test search::searcher::tests::test_search_path_filter ... ok
[INFO] [stdout] test search::searcher::tests::test_search_path_filter_glob ... ok
[INFO] [stdout] test tests::test_open_unindexed_returns_not_indexed_variant ... ok
[INFO] [stdout] test search::searcher::tests::test_text_hits_consistent_after_filter ... ok
[INFO] [stdout] test search::searcher::tests::the_file_spelling_the_word_outranks_the_one_that_only_contains_it ... ok
[INFO] [stdout] test search::searcher::tests::test_regex_without_index_terms_scans_all_documents ... ok
[INFO] [stdout] test tests::opening_a_workspace_leaves_a_live_writer_lock_alone ... ok
[INFO] [stdout] test search::searcher::tests::test_punctuation_scan_is_exhaustive_across_many_documents ... ok
[INFO] [stdout] test tests::test_workspace_open ... ok
[INFO] [stdout] test watcher::tests::a_dotted_ancestor_does_not_silence_the_watch ... ok
[INFO] [stdout] test watcher::tests::events_inside_the_workspace_are_judged_relative_to_it ... ok
[INFO] [stdout] test watcher::tests::paths_outside_every_watch_root_are_ignored ... ok
[INFO] [stdout] test watcher::tests::symlink_discovery_skips_pruned_and_hidden_directories ... ok
[INFO] [stdout] test watcher::tests::test_is_hidden ... ok
[INFO] [stdout] test watcher::tests::test_is_hidden_nested_in_hidden ... ok
[INFO] [stdout] test watcher::tests::test_is_hidden_root_not_hidden ... ok
[INFO] [stdout] test watcher::tests::test_is_ignored_dir ... ok
[INFO] [stdout] test watcher::tests::test_matches_ignore_pattern_with_config ... ok
[INFO] [stdout] test watcher::tests::the_dotfiles_the_walk_indexes_are_also_watched ... ok
[INFO] [stdout] test tests::test_per_file_indexer_still_works ... ok
[INFO] [stdout] test tests::test_workspace_index_and_search ... ok
[INFO] [stdout] test tests::test_readonly_open_and_search_on_unwritable_index ... FAILED
[INFO] [stdout] test tests::test_batched_commit_multiple_files ... ok
[INFO] [stdout] test tests::test_batched_commit_heavy_churn ... ok
[INFO] [stdout] test tests::test_shared_indexer_multiple_files ... ok
[INFO] [stdout] test tests::test_shared_indexer_no_lock_contention ... ok
[INFO] [stdout] 
[INFO] [stdout] failures:
[INFO] [stdout] 
[INFO] [stdout] ---- tests::test_readonly_open_and_search_on_unwritable_index stdout ----
[INFO] [stdout] 
  Indexed 1 files.              
[INFO] [stdout] 
[INFO] [stdout] thread 'tests::test_readonly_open_and_search_on_unwritable_index' (3679) panicked at src/lib.rs:1351:18:
[INFO] [stdout] writable open of a read-only index should fail
[INFO] [stdout] stack backtrace:
[INFO] [stdout]    0:     0x587db5c96701 - std[617be2ca0a6fd877]::backtrace_rs::backtrace::libunwind::trace
[INFO] [stdout]                                at /rustc/e3feeb59cd1bdd011a2bfcc0747b55125d9b8527/library/std/src/../../backtrace/src/backtrace/libunwind.rs:117:9
[INFO] [stdout]    1:     0x587db5c96701 - std[617be2ca0a6fd877]::backtrace_rs::backtrace::trace_unsynchronized::<std[617be2ca0a6fd877]::sys::backtrace::_print_fmt::{closure#1}>
[INFO] [stdout]                                at /rustc/e3feeb59cd1bdd011a2bfcc0747b55125d9b8527/library/std/src/../../backtrace/src/backtrace/mod.rs:66:14
[INFO] [stdout]    2:     0x587db5c96701 - std[617be2ca0a6fd877]::sys::backtrace::_print_fmt
[INFO] [stdout]                                at /rustc/e3feeb59cd1bdd011a2bfcc0747b55125d9b8527/library/std/src/sys/backtrace.rs:74:9
[INFO] [stdout]    3:     0x587db5c96701 - <<std[617be2ca0a6fd877]::sys::backtrace::BacktraceLock>::print::DisplayBacktrace as core[a373ad73a504971]::fmt::Display>::fmt
[INFO] [stdout]                                at /rustc/e3feeb59cd1bdd011a2bfcc0747b55125d9b8527/library/std/src/sys/backtrace.rs:44:26
[INFO] [stdout]    4:     0x587db5caedba - <core[a373ad73a504971]::fmt::rt::Argument>::fmt
[INFO] [stdout]                                at /rustc/e3feeb59cd1bdd011a2bfcc0747b55125d9b8527/library/core/src/fmt/rt.rs:152:76
[INFO] [stdout]    5:     0x587db5caedba - core[a373ad73a504971]::fmt::write
[INFO] [stdout]    6:     0x587db5c9affc - core[a373ad73a504971]::io::write::default_write_fmt::<alloc[2e1b2a31b91974c5]::vec::Vec<u8>>
[INFO] [stdout]                                at /rustc/e3feeb59cd1bdd011a2bfcc0747b55125d9b8527/library/core/src/io/write.rs:402:11
[INFO] [stdout]    7:     0x587db5c9affc - <alloc[2e1b2a31b91974c5]::vec::Vec<u8> as core[a373ad73a504971]::io::write::Write>::write_fmt
[INFO] [stdout]                                at /rustc/e3feeb59cd1bdd011a2bfcc0747b55125d9b8527/library/core/src/io/write.rs:335:13
[INFO] [stdout]    8:     0x587db5c6ed66 - <std[617be2ca0a6fd877]::sys::backtrace::BacktraceLock>::print
[INFO] [stdout]                                at /rustc/e3feeb59cd1bdd011a2bfcc0747b55125d9b8527/library/std/src/sys/backtrace.rs:47:9
[INFO] [stdout]    9:     0x587db5c6ed66 - std[617be2ca0a6fd877]::panicking::default_hook::{closure#0}
[INFO] [stdout]                                at /rustc/e3feeb59cd1bdd011a2bfcc0747b55125d9b8527/library/std/src/panicking.rs:289:27
[INFO] [stdout]   10:     0x587db5c8d019 - std[617be2ca0a6fd877]::panicking::default_hook
[INFO] [stdout]                                at /rustc/e3feeb59cd1bdd011a2bfcc0747b55125d9b8527/library/std/src/panicking.rs:313:9
[INFO] [stdout]   11:     0x587db51cddb0 - <alloc[2e1b2a31b91974c5]::boxed::Box<dyn for<'a, 'b> core[a373ad73a504971]::ops::function::Fn<(&'a std[617be2ca0a6fd877]::panic::PanicHookInfo<'b>,), Output = ()> + core[a373ad73a504971]::marker::Sync + core[a373ad73a504971]::marker::Send> as core[a373ad73a504971]::ops::function::Fn<(&std[617be2ca0a6fd877]::panic::PanicHookInfo,)>>::call
[INFO] [stdout]                                at /rustc/e3feeb59cd1bdd011a2bfcc0747b55125d9b8527/library/alloc/src/boxed.rs:2328:9
[INFO] [stdout]   12:     0x587db51cddb0 - test[aada8e7e76ba119b]::test_main_inner::{closure#0}
[INFO] [stdout]                                at /rustc/e3feeb59cd1bdd011a2bfcc0747b55125d9b8527/library/test/src/lib.rs:137:21
[INFO] [stdout]   13:     0x587db5c8d342 - <alloc[2e1b2a31b91974c5]::boxed::Box<dyn for<'a, 'b> core[a373ad73a504971]::ops::function::Fn<(&'a std[617be2ca0a6fd877]::panic::PanicHookInfo<'b>,), Output = ()> + core[a373ad73a504971]::marker::Sync + core[a373ad73a504971]::marker::Send> as core[a373ad73a504971]::ops::function::Fn<(&std[617be2ca0a6fd877]::panic::PanicHookInfo,)>>::call
[INFO] [stdout]                                at /rustc/e3feeb59cd1bdd011a2bfcc0747b55125d9b8527/library/alloc/src/boxed.rs:2328:9
[INFO] [stdout]   14:     0x587db5c8d342 - std[617be2ca0a6fd877]::panicking::panic_with_hook
[INFO] [stdout]                                at /rustc/e3feeb59cd1bdd011a2bfcc0747b55125d9b8527/library/std/src/panicking.rs:819:13
[INFO] [stdout]   15:     0x587db5c6ee12 - std[617be2ca0a6fd877]::panicking::panic_handler::{closure#0}
[INFO] [stdout]                                at /rustc/e3feeb59cd1bdd011a2bfcc0747b55125d9b8527/library/std/src/panicking.rs:685:13
[INFO] [stdout]   16:     0x587db5c67679 - std[617be2ca0a6fd877]::sys::backtrace::__rust_end_short_backtrace::<std[617be2ca0a6fd877]::panicking::panic_handler::{closure#0}, !>
[INFO] [stdout]                                at /rustc/e3feeb59cd1bdd011a2bfcc0747b55125d9b8527/library/std/src/sys/backtrace.rs:182:18
[INFO] [stdout]   17:     0x587db5c6fdad - __rustc[ea4f61d10b84890b]::rust_begin_unwind
[INFO] [stdout]                                at /rustc/e3feeb59cd1bdd011a2bfcc0747b55125d9b8527/library/std/src/panicking.rs:676:5
[INFO] [stdout]   18:     0x587db5caf65c - core[a373ad73a504971]::panicking::panic_fmt
[INFO] [stdout]                                at /rustc/e3feeb59cd1bdd011a2bfcc0747b55125d9b8527/library/core/src/panicking.rs:80:14
[INFO] [stdout]   19:     0x587db5caf334 - core[a373ad73a504971]::panicking::panic_display::<&str>
[INFO] [stdout]                                at /rustc/e3feeb59cd1bdd011a2bfcc0747b55125d9b8527/library/core/src/panicking.rs:259:5
[INFO] [stdout]   20:     0x587db5caf334 - core[a373ad73a504971]::option::expect_failed
[INFO] [stdout]                                at /rustc/e3feeb59cd1bdd011a2bfcc0747b55125d9b8527/library/core/src/option.rs:2262:5
[INFO] [stdout]   21:     0x587db503aa36 - <core[a373ad73a504971]::option::Option<ygrep_core[caa4821595be4902]::error::YgrepError>>::expect
[INFO] [stdout]                                at /rustc/e3feeb59cd1bdd011a2bfcc0747b55125d9b8527/library/core/src/option.rs:971:21
[INFO] [stdout]   22:     0x587db50b9a84 - ygrep_core[caa4821595be4902]::tests::test_readonly_open_and_search_on_unwritable_index::{closure#0}
[INFO] [stdout]                                at /opt/rustwide/workdir/src/lib.rs:1351:18
[INFO] [stdout]   23:     0x587db50c779a - ygrep_core[caa4821595be4902]::tests::test_readonly_open_and_search_on_unwritable_index
[INFO] [stdout]                                at /opt/rustwide/workdir/src/lib.rs:1338:22
[INFO] [stdout]   24:     0x587db50b94bc - ygrep_core[caa4821595be4902]::tests::test_readonly_open_and_search_on_unwritable_index::{closure#0}
[INFO] [stdout]                                at /opt/rustwide/workdir/src/lib.rs:1313:63
[INFO] [stdout]   25:     0x587db4f317a6 - <ygrep_core[caa4821595be4902]::tests::test_readonly_open_and_search_on_unwritable_index::{closure#0} as core[a373ad73a504971]::ops::function::FnOnce<()>>::call_once
[INFO] [stdout]                                at /rustc/e3feeb59cd1bdd011a2bfcc0747b55125d9b8527/library/core/src/ops/function.rs:250:5
[INFO] [stdout]   26:     0x587db51c11fb - <fn() -> core[a373ad73a504971]::result::Result<(), alloc[2e1b2a31b91974c5]::string::String> as core[a373ad73a504971]::ops::function::FnOnce<()>>::call_once
[INFO] [stdout]                                at /rustc/e3feeb59cd1bdd011a2bfcc0747b55125d9b8527/library/core/src/ops/function.rs:250:5
[INFO] [stdout]   27:     0x587db51c11fb - test[aada8e7e76ba119b]::__rust_begin_short_backtrace::<core[a373ad73a504971]::result::Result<(), alloc[2e1b2a31b91974c5]::string::String>, fn() -> core[a373ad73a504971]::result::Result<(), alloc[2e1b2a31b91974c5]::string::String>>
[INFO] [stdout]                                at /rustc/e3feeb59cd1bdd011a2bfcc0747b55125d9b8527/library/test/src/lib.rs:701:18
[INFO] [stdout]   28:     0x587db51ce3d5 - test[aada8e7e76ba119b]::run_test_in_process::{closure#0}
[INFO] [stdout]                                at /rustc/e3feeb59cd1bdd011a2bfcc0747b55125d9b8527/library/test/src/lib.rs:724:74
[INFO] [stdout]   29:     0x587db51ce3d5 - <core[a373ad73a504971]::panic::unwind_safe::AssertUnwindSafe<test[aada8e7e76ba119b]::run_test_in_process::{closure#0}> as core[a373ad73a504971]::ops::function::FnOnce<()>>::call_once
[INFO] [stdout]                                at /rustc/e3feeb59cd1bdd011a2bfcc0747b55125d9b8527/library/core/src/panic/unwind_safe.rs:275:9
[INFO] [stdout]   30:     0x587db51ce3d5 - std[617be2ca0a6fd877]::panicking::catch_unwind::do_call::<core[a373ad73a504971]::panic::unwind_safe::AssertUnwindSafe<test[aada8e7e76ba119b]::run_test_in_process::{closure#0}>, core[a373ad73a504971]::result::Result<(), alloc[2e1b2a31b91974c5]::string::String>>
[INFO] [stdout]                                at /rustc/e3feeb59cd1bdd011a2bfcc0747b55125d9b8527/library/std/src/panicking.rs:573:43
[INFO] [stdout]   31:     0x587db51ce3d5 - std[617be2ca0a6fd877]::panicking::catch_unwind::<core[a373ad73a504971]::result::Result<(), alloc[2e1b2a31b91974c5]::string::String>, core[a373ad73a504971]::panic::unwind_safe::AssertUnwindSafe<test[aada8e7e76ba119b]::run_test_in_process::{closure#0}>>
[INFO] [stdout]                                at /rustc/e3feeb59cd1bdd011a2bfcc0747b55125d9b8527/library/std/src/panicking.rs:541:19
[INFO] [stdout]   32:     0x587db51ce3d5 - std[617be2ca0a6fd877]::panic::catch_unwind::<core[a373ad73a504971]::panic::unwind_safe::AssertUnwindSafe<test[aada8e7e76ba119b]::run_test_in_process::{closure#0}>, core[a373ad73a504971]::result::Result<(), alloc[2e1b2a31b91974c5]::string::String>>
[INFO] [stdout]                                at /rustc/e3feeb59cd1bdd011a2bfcc0747b55125d9b8527/library/std/src/panic.rs:359:14
[INFO] [stdout]   33:     0x587db51ce3d5 - test[aada8e7e76ba119b]::run_test_in_process
[INFO] [stdout]                                at /rustc/e3feeb59cd1bdd011a2bfcc0747b55125d9b8527/library/test/src/lib.rs:724:27
[INFO] [stdout]   34:     0x587db51ce3d5 - test[aada8e7e76ba119b]::run_test::{closure#0}
[INFO] [stdout]                                at /rustc/e3feeb59cd1bdd011a2bfcc0747b55125d9b8527/library/test/src/lib.rs:645:43
[INFO] [stdout]   35:     0x587db51c7cc4 - test[aada8e7e76ba119b]::run_test::{closure#1}
[INFO] [stdout]                                at /rustc/e3feeb59cd1bdd011a2bfcc0747b55125d9b8527/library/test/src/lib.rs:675:41
[INFO] [stdout]   36:     0x587db51c7cc4 - std[617be2ca0a6fd877]::sys::backtrace::__rust_begin_short_backtrace::<test[aada8e7e76ba119b]::run_test::{closure#1}, ()>
[INFO] [stdout]                                at /rustc/e3feeb59cd1bdd011a2bfcc0747b55125d9b8527/library/std/src/sys/backtrace.rs:166:18
[INFO] [stdout]   37:     0x587db51d1462 - std[617be2ca0a6fd877]::thread::lifecycle::spawn_unchecked::<test[aada8e7e76ba119b]::run_test::{closure#1}, ()>::{closure#1}::{closure#0}
[INFO] [stdout]                                at /rustc/e3feeb59cd1bdd011a2bfcc0747b55125d9b8527/library/std/src/thread/lifecycle.rs:70:13
[INFO] [stdout]   38:     0x587db51d1462 - <core[a373ad73a504971]::panic::unwind_safe::AssertUnwindSafe<std[617be2ca0a6fd877]::thread::lifecycle::spawn_unchecked<test[aada8e7e76ba119b]::run_test::{closure#1}, ()>::{closure#1}::{closure#0}> as core[a373ad73a504971]::ops::function::FnOnce<()>>::call_once
[INFO] [stdout]                                at /rustc/e3feeb59cd1bdd011a2bfcc0747b55125d9b8527/library/core/src/panic/unwind_safe.rs:275:9
[INFO] [stdout]   39:     0x587db51d1462 - std[617be2ca0a6fd877]::panicking::catch_unwind::do_call::<core[a373ad73a504971]::panic::unwind_safe::AssertUnwindSafe<std[617be2ca0a6fd877]::thread::lifecycle::spawn_unchecked<test[aada8e7e76ba119b]::run_test::{closure#1}, ()>::{closure#1}::{closure#0}>, ()>
[INFO] [stdout]                                at /rustc/e3feeb59cd1bdd011a2bfcc0747b55125d9b8527/library/std/src/panicking.rs:573:43
[INFO] [stdout]   40:     0x587db51d1462 - std[617be2ca0a6fd877]::panicking::catch_unwind::<(), core[a373ad73a504971]::panic::unwind_safe::AssertUnwindSafe<std[617be2ca0a6fd877]::thread::lifecycle::spawn_unchecked<test[aada8e7e76ba119b]::run_test::{closure#1}, ()>::{closure#1}::{closure#0}>>
[INFO] [stdout]                                at /rustc/e3feeb59cd1bdd011a2bfcc0747b55125d9b8527/library/std/src/panicking.rs:541:19
[INFO] [stdout]   41:     0x587db51d1462 - std[617be2ca0a6fd877]::panic::catch_unwind::<core[a373ad73a504971]::panic::unwind_safe::AssertUnwindSafe<std[617be2ca0a6fd877]::thread::lifecycle::spawn_unchecked<test[aada8e7e76ba119b]::run_test::{closure#1}, ()>::{closure#1}::{closure#0}>, ()>
[INFO] [stdout]                                at /rustc/e3feeb59cd1bdd011a2bfcc0747b55125d9b8527/library/std/src/panic.rs:359:14
[INFO] [stdout]   42:     0x587db51d1462 - std[617be2ca0a6fd877]::thread::lifecycle::spawn_unchecked::<test[aada8e7e76ba119b]::run_test::{closure#1}, ()>::{closure#1}
[INFO] [stdout]                                at /rustc/e3feeb59cd1bdd011a2bfcc0747b55125d9b8527/library/std/src/thread/lifecycle.rs:68:26
[INFO] [stdout]   43:     0x587db51d1462 - <std[617be2ca0a6fd877]::thread::lifecycle::spawn_unchecked<test[aada8e7e76ba119b]::run_test::{closure#1}, ()>::{closure#1} as core[a373ad73a504971]::ops::function::FnOnce<()>>::call_once::{shim:vtable#0}
[INFO] [stdout]                                at /rustc/e3feeb59cd1bdd011a2bfcc0747b55125d9b8527/library/core/src/ops/function.rs:250:5
[INFO] [stdout]   44:     0x587db5c959df - <alloc[2e1b2a31b91974c5]::boxed::Box<dyn core[a373ad73a504971]::ops::function::FnOnce<(), Output = ()> + core[a373ad73a504971]::marker::Send> as core[a373ad73a504971]::ops::function::FnOnce<()>>::call_once
[INFO] [stdout]                                at /rustc/e3feeb59cd1bdd011a2bfcc0747b55125d9b8527/library/alloc/src/boxed.rs:2314:9
[INFO] [stdout]   45:     0x587db5c959df - <std[617be2ca0a6fd877]::sys::thread::unix::Thread>::new::thread_start
[INFO] [stdout]                                at /rustc/e3feeb59cd1bdd011a2bfcc0747b55125d9b8527/library/std/src/sys/thread/unix.rs:127:17
[INFO] [stdout]   46:     0x7c1966e9bdfa - <unknown>
[INFO] [stdout]   47:     0x7c1966f2f3d4 - clone
[INFO] [stdout]   48:                0x0 - <unknown>
[INFO] [stdout] 
[INFO] [stdout] 
[INFO] [stdout] failures:
[INFO] [stdout]     tests::test_readonly_open_and_search_on_unwritable_index
[INFO] [stdout] 
[INFO] [stdout] test result: FAILED. 141 passed; 1 failed; 0 ignored; 0 measured; 0 filtered out; finished in 20.34s
[INFO] [stdout] 
[INFO] [stderr] error: test failed, to rerun pass `--lib`
[INFO] running `Command { std: "docker" "inspect" "a72a2cf05d260e5d2c3da4cc2dfd93f5eca2a3c9dd41cfbb2a454b0752bbc6c8", kill_on_drop: false }`
[INFO] running `Command { std: "docker" "rm" "-f" "a72a2cf05d260e5d2c3da4cc2dfd93f5eca2a3c9dd41cfbb2a454b0752bbc6c8", kill_on_drop: false }`
[INFO] [stdout] a72a2cf05d260e5d2c3da4cc2dfd93f5eca2a3c9dd41cfbb2a454b0752bbc6c8
