[INFO] fetching crate yggdrasil-cli 0.11.0...
[INFO] testing yggdrasil-cli-0.11.0 against 1.99.0-beta.8 for beta-1.100-2
[INFO] extracting crate yggdrasil-cli 0.11.0 into /workspace/builds/worker-7-tc1/source
[INFO] started tweaking crates.io crate yggdrasil-cli 0.11.0
[INFO] removed 0 missing tests
[INFO] finished tweaking crates.io crate yggdrasil-cli 0.11.0
[INFO] tweaked toml for crates.io crate yggdrasil-cli 0.11.0 written to /workspace/builds/worker-7-tc1/source/Cargo.toml
[INFO] validating manifest of crates.io crate yggdrasil-cli 0.11.0 on toolchain 1.99.0-beta.8
[INFO] running `Command { std: CARGO_HOME="/workspace/cargo-home" RUSTUP_HOME="/workspace/rustup-home" "/workspace/cargo-home/bin/cargo" "+1.99.0-beta.8" "metadata" "--manifest-path" "Cargo.toml" "--no-deps", kill_on_drop: false }`
[INFO] crate crates.io crate yggdrasil-cli 0.11.0 already has a lockfile, it will not be regenerated
[INFO] running `Command { std: CARGO_HOME="/workspace/cargo-home" RUSTUP_HOME="/workspace/rustup-home" "/workspace/cargo-home/bin/cargo" "+1.99.0-beta.8" "fetch" "--manifest-path" "Cargo.toml", kill_on_drop: false }`
[INFO] [stderr]     Updating crates.io index
[INFO] [stderr]  Downloading crates ...
[INFO] [stderr]   Downloaded pkg-config v0.3.33
[INFO] [stderr]   Downloaded zip v2.4.2
[INFO] [stderr]   Downloaded cfg-if v1.0.3
[INFO] [stderr]   Downloaded wasi v0.14.7+wasi-0.2.4
[INFO] [stderr]   Downloaded cc v1.2.38
[INFO] [stderr]   Downloaded jobserver v0.1.35
[INFO] [stderr]   Downloaded hmac v0.12.1
[INFO] [stderr]   Downloaded wasm-bindgen-shared v0.2.126
[INFO] [stderr]   Downloaded wasm-bindgen-macro v0.2.126
[INFO] [stderr]   Downloaded windows-link v0.2.0
[INFO] [stderr]   Downloaded float-cmp v0.10.0
[INFO] [stderr]   Downloaded zeroize_derive v1.5.0
[INFO] [stderr]   Downloaded derive_arbitrary v1.4.2
[INFO] [stderr]   Downloaded clap_lex v0.7.5
[INFO] [stderr]   Downloaded crc v3.4.0
[INFO] [stderr]   Downloaded difflib v0.4.0
[INFO] [stderr]   Downloaded find-msvc-tools v0.1.2
[INFO] [stderr]   Downloaded xz2 v0.1.7
[INFO] [stderr]   Downloaded pbkdf2 v0.12.2
[INFO] [stderr]   Downloaded lzma-rs v0.3.0
[INFO] [stderr]   Downloaded crc-catalog v2.5.0
[INFO] [stderr]   Downloaded predicates-core v1.0.9
[INFO] [stderr]   Downloaded natord v1.0.9
[INFO] [stderr]   Downloaded atty v0.2.14
[INFO] [stderr]   Downloaded predicates-tree v1.0.12
[INFO] [stderr]   Downloaded sha1 v0.10.7
[INFO] [stderr]   Downloaded normalize-line-endings v0.3.0
[INFO] [stderr]   Downloaded crossterm_winapi v0.9.1
[INFO] [stderr]   Downloaded anstream v0.6.20
[INFO] [stderr]   Downloaded anstyle-wincon v3.0.10
[INFO] [stderr]   Downloaded windows-targets v0.53.3
[INFO] [stderr]   Downloaded anstyle-query v1.1.4
[INFO] [stderr]   Downloaded hermit-abi v0.1.19
[INFO] [stderr]   Downloaded assert_cmd v2.0.17
[INFO] [stderr]   Downloaded doc-comment v0.3.3
[INFO] [stderr]   Downloaded zeroize v1.9.0
[INFO] [stderr]   Downloaded displaydoc v0.2.6
[INFO] [stderr]   Downloaded constant_time_eq v0.3.1
[INFO] [stderr]   Downloaded colored v2.2.0
[INFO] [stderr]   Downloaded serde_derive v1.0.225
[INFO] [stderr]   Downloaded globset v0.4.19
[INFO] [stderr]   Downloaded serde v1.0.225
[INFO] [stderr]   Downloaded signal-hook-mio v0.2.5
[INFO] [stderr]   Downloaded proc-macro2 v1.0.101
[INFO] [stderr]   Downloaded serde_core v1.0.225
[INFO] [stderr]   Downloaded wasm-bindgen v0.2.126
[INFO] [stderr]   Downloaded bzip2 v0.5.2
[INFO] [stderr]   Downloaded bitflags v2.9.4
[INFO] [stderr]   Downloaded predicates v3.1.3
[INFO] [stderr]   Downloaded glob v0.3.3
[INFO] [stderr]   Downloaded clap_derive v4.5.47
[INFO] [stderr]   Downloaded unicode-ident v1.0.19
[INFO] [stderr]   Downloaded memchr v2.7.5
[INFO] [stderr]   Downloaded wasm-bindgen-macro-support v0.2.126
[INFO] [stderr]   Downloaded deflate64 v0.1.12
[INFO] [stderr]   Downloaded tempfile v3.22.0
[INFO] [stderr]   Downloaded similar v2.7.0
[INFO] [stderr]   Downloaded ignore v0.4.32
[INFO] [stderr]   Downloaded signal-hook v0.3.18
[INFO] [stderr]   Downloaded zopfli v0.8.3
[INFO] [stderr]   Downloaded clap v4.5.48
[INFO] [stderr]   Downloaded js-sys v0.3.103
[INFO] [stderr]   Downloaded crossterm v0.28.1
[INFO] [stderr]   Downloaded clap_builder v4.5.48
[INFO] [stderr]   Downloaded blake3 v1.8.2
[INFO] [stderr]   Downloaded time v0.3.53
[INFO] [stderr]   Downloaded syn v2.0.106
[INFO] [stderr]   Downloaded regex-syntax v0.8.6
[INFO] [stderr]   Downloaded bzip2-sys v0.1.13+1.0.8
[INFO] [stderr]   Downloaded lzma-sys v0.1.20
[INFO] [stderr]   Downloaded windows_x86_64_gnullvm v0.53.0
[INFO] [stderr]   Downloaded windows_aarch64_gnullvm v0.53.0
[INFO] [stderr]   Downloaded windows_aarch64_msvc v0.53.0
[INFO] [stderr]   Downloaded windows_x86_64_msvc v0.53.0
[INFO] [stderr]   Downloaded windows_i686_gnullvm v0.53.0
[INFO] [stderr]   Downloaded windows_x86_64_gnu v0.53.0
[INFO] [stderr]   Downloaded windows_i686_msvc v0.53.0
[INFO] [stderr]   Downloaded windows_i686_gnu v0.53.0
[INFO] [stderr]   Downloaded windows-sys v0.61.0
[INFO] running `Command { std: "docker" "create" "-v" "/var/lib/crater-agent-workspace/builds/worker-7-tc1/source:/opt/rustwide/workdir:ro,Z" "-v" "/var/lib/crater-agent-workspace/builds/worker-7-tc1/target:/opt/rustwide/target:rw,Z" "-v" "/var/lib/crater-agent-workspace/cargo-home:/opt/rustwide/cargo-home:ro,Z" "-v" "/var/lib/crater-agent-workspace/rustup-home:/opt/rustwide/rustup-home:ro,Z" "-m" "1610612736" "--network" "none" "ghcr.io/rust-lang/crates-build-env/linux@sha256:3111399a4047eeb3a02b7a90e478d715f38a8c6669b5c4b49d30a17385265909" "sleep" "infinity", kill_on_drop: false }`
[INFO] [stdout] 223e0eb7ab2ce8b53dfa1c3def94a004a87cfc2a65ead7107f73030a974225fb
[INFO] running `Command { std: "docker" "start" "223e0eb7ab2ce8b53dfa1c3def94a004a87cfc2a65ead7107f73030a974225fb", kill_on_drop: false }`
[INFO] running `Command { std: "docker" "inspect" "223e0eb7ab2ce8b53dfa1c3def94a004a87cfc2a65ead7107f73030a974225fb", kill_on_drop: false }`
[INFO] running `Command { std: "docker" "exec" "-e" "SOURCE_DIR=/opt/rustwide/workdir" "-e" "CARGO_HOME=/opt/rustwide/cargo-home" "-e" "RUSTUP_HOME=/opt/rustwide/rustup-home" "-e" "CARGO_TARGET_DIR=/opt/rustwide/target" "-w" "/opt/rustwide/workdir" "--user" "0:0" "223e0eb7ab2ce8b53dfa1c3def94a004a87cfc2a65ead7107f73030a974225fb" "/opt/rustwide/cargo-home/bin/cargo" "+1.99.0-beta.8" "metadata" "--no-deps" "--format-version=1", kill_on_drop: false }`
[INFO] running `Command { std: "docker" "inspect" "223e0eb7ab2ce8b53dfa1c3def94a004a87cfc2a65ead7107f73030a974225fb", kill_on_drop: false }`
[INFO] running `Command { std: "docker" "exec" "-e" "SOURCE_DIR=/opt/rustwide/workdir" "-e" "CARGO_HOME=/opt/rustwide/cargo-home" "-e" "RUSTUP_HOME=/opt/rustwide/rustup-home" "-e" "CARGO_TARGET_DIR=/opt/rustwide/target" "-e" "CARGO_INCREMENTAL=0" "-e" "RUST_BACKTRACE=full" "-e" "RUSTFLAGS=--cap-lints=warn" "-e" "RUSTDOCFLAGS=--cap-lints=warn" "-w" "/opt/rustwide/workdir" "--user" "0:0" "223e0eb7ab2ce8b53dfa1c3def94a004a87cfc2a65ead7107f73030a974225fb" "/opt/rustwide/cargo-home/bin/cargo" "+1.99.0-beta.8" "build" "--frozen" "--message-format=json", kill_on_drop: false }`
[INFO] [stderr]    Compiling libc v0.2.189
[INFO] [stderr]    Compiling shlex v1.3.0
[INFO] [stderr]    Compiling find-msvc-tools v0.1.2
[INFO] [stderr]    Compiling pkg-config v0.3.33
[INFO] [stderr]    Compiling proc-macro2 v1.0.101
[INFO] [stderr]    Compiling unicode-ident v1.0.19
[INFO] [stderr]    Compiling cfg-if v1.0.3
[INFO] [stderr]    Compiling generic-array v0.14.7
[INFO] [stderr]    Compiling memchr v2.7.5
[INFO] [stderr]    Compiling log v0.4.33
[INFO] [stderr]    Compiling crossbeam-utils v0.8.22
[INFO] [stderr]    Compiling crc32fast v1.5.0
[INFO] [stderr]    Compiling simd-adler32 v0.3.10
[INFO] [stderr]    Compiling utf8parse v0.2.2
[INFO] [stderr]    Compiling crossbeam-epoch v0.9.20
[INFO] [stderr]    Compiling parking_lot_core v0.9.12
[INFO] [stderr]    Compiling signal-hook v0.3.18
[INFO] [stderr]    Compiling regex-syntax v0.8.6
[INFO] [stderr]    Compiling zstd-safe v7.2.4
[INFO] [stderr]    Compiling anstyle-parse v0.2.7
[INFO] [stderr]    Compiling anstyle-query v1.1.4
[INFO] [stderr]    Compiling aho-corasick v1.1.3
[INFO] [stderr]    Compiling adler2 v2.0.1
[INFO] [stderr]    Compiling quote v1.0.40
[INFO] [stderr]    Compiling crypto-common v0.1.7
[INFO] [stderr]    Compiling block-buffer v0.10.4
[INFO] [stderr]    Compiling inout v0.1.4
[INFO] [stderr]    Compiling syn v2.0.106
[INFO] [stderr]    Compiling digest v0.10.7
[INFO] [stderr]    Compiling getrandom v0.3.3
[INFO] [stderr]    Compiling rustix v0.38.44
[INFO] [stderr]    Compiling colorchoice v1.0.4
[INFO] [stderr]    Compiling thiserror v2.0.18
[INFO] [stderr]    Compiling crc-catalog v2.5.0
[INFO] [stderr]    Compiling anstyle v1.0.11
[INFO] [stderr]    Compiling smallvec v1.15.2
[INFO] [stderr]    Compiling crossbeam-deque v0.8.7
[INFO] [stderr]    Compiling cpufeatures v0.2.17
[INFO] [stderr]    Compiling is_terminal_polyfill v1.70.1
[INFO] [stderr]    Compiling anstream v0.6.20
[INFO] [stderr]    Compiling crc v3.4.0
[INFO] [stderr]    Compiling hmac v0.12.1
[INFO] [stderr]    Compiling jobserver v0.1.35
[INFO] [stderr]    Compiling errno v0.3.14
[INFO] [stderr]    Compiling signal-hook-registry v1.4.8
[INFO] [stderr]    Compiling mio v1.2.2
[INFO] [stderr]    Compiling cc v1.2.38
[INFO] [stderr]    Compiling cipher v0.4.4
[INFO] [stderr]    Compiling miniz_oxide v0.8.9
[INFO] [stderr]    Compiling lock_api v0.4.14
[INFO] [stderr]    Compiling bstr v1.12.0
[INFO] [stderr]    Compiling equivalent v1.0.2
[INFO] [stderr]    Compiling zip v2.4.2
[INFO] [stderr]    Compiling linux-raw-sys v0.4.15
[INFO] [stderr]    Compiling time-core v0.1.9
[INFO] [stderr]    Compiling powerfmt v0.2.0
[INFO] [stderr]    Compiling deranged v0.5.8
[INFO] [stderr]    Compiling strsim v0.11.1
[INFO] [stderr]    Compiling bitflags v2.9.4
[INFO] [stderr]    Compiling regex-automata v0.4.14
[INFO] [stderr]    Compiling bumpalo v3.20.3
[INFO] [stderr]    Compiling constant_time_eq v0.3.1
[INFO] [stderr]    Compiling same-file v1.0.6
[INFO] [stderr]    Compiling num-conv v0.2.2
[INFO] [stderr]    Compiling heck v0.5.0
[INFO] [stderr]    Compiling zstd-sys v2.0.16+zstd.1.5.7
[INFO] [stderr]    Compiling bzip2-sys v0.1.13+1.0.8
[INFO] [stderr]    Compiling lzma-sys v0.1.20
[INFO] [stderr]    Compiling blake3 v1.8.2
[INFO] [stderr]    Compiling hashbrown v0.17.1
[INFO] [stderr]    Compiling clap_lex v0.7.5
[INFO] [stderr]    Compiling xz2 v0.1.7
[INFO] [stderr]    Compiling clap_builder v4.5.48
[INFO] [stderr]    Compiling time v0.3.53
[INFO] [stderr]    Compiling indexmap v2.14.0
[INFO] [stderr]    Compiling bzip2 v0.5.2
[INFO] [stderr]    Compiling walkdir v2.5.0
[INFO] [stderr]    Compiling zopfli v0.8.3
[INFO] [stderr]    Compiling lzma-rs v0.3.0
[INFO] [stderr]    Compiling flate2 v1.1.9
[INFO] [stderr]    Compiling parking_lot v0.12.5
[INFO] [stderr]    Compiling signal-hook-mio v0.2.5
[INFO] [stderr]    Compiling aes v0.8.4
[INFO] [stderr]    Compiling globset v0.4.19
[INFO] [stderr]    Compiling pbkdf2 v0.12.2
[INFO] [stderr]    Compiling sha1 v0.10.7
[INFO] [stderr]    Compiling deflate64 v0.1.12
[INFO] [stderr]    Compiling lazy_static v1.5.0
[INFO] [stderr]    Compiling arrayvec v0.7.6
[INFO] [stderr]    Compiling colored v2.2.0
[INFO] [stderr]    Compiling ignore v0.4.32
[INFO] [stderr]    Compiling regex v1.12.3
[INFO] [stderr]    Compiling crossterm v0.28.1
[INFO] [stderr]    Compiling atty v0.2.14
[INFO] [stderr]    Compiling natord v1.0.9
[INFO] [stderr]    Compiling glob v0.3.3
[INFO] [stderr]    Compiling similar v2.7.0
[INFO] [stderr]    Compiling zeroize_derive v1.5.0
[INFO] [stderr]    Compiling thiserror-impl v2.0.18
[INFO] [stderr]    Compiling zeroize v1.9.0
[INFO] [stderr]    Compiling displaydoc v0.2.6
[INFO] [stderr]    Compiling clap_derive v4.5.47
[INFO] [stderr]    Compiling clap v4.5.48
[INFO] [stderr]    Compiling zstd v0.13.3
[INFO] [stderr]    Compiling yggdrasil-cli v0.11.0 (/opt/rustwide/workdir)
[INFO] [stderr]     Finished `dev` profile [unoptimized + debuginfo] target(s) in 1m 14s
[INFO] running `Command { std: "docker" "inspect" "223e0eb7ab2ce8b53dfa1c3def94a004a87cfc2a65ead7107f73030a974225fb", kill_on_drop: false }`
[INFO] running `Command { std: "docker" "exec" "-e" "SOURCE_DIR=/opt/rustwide/workdir" "-e" "CARGO_HOME=/opt/rustwide/cargo-home" "-e" "RUSTUP_HOME=/opt/rustwide/rustup-home" "-e" "CARGO_TARGET_DIR=/opt/rustwide/target" "-e" "CARGO_INCREMENTAL=0" "-e" "RUST_BACKTRACE=full" "-e" "RUSTFLAGS=--cap-lints=warn" "-e" "RUSTDOCFLAGS=--cap-lints=warn" "-w" "/opt/rustwide/workdir" "--user" "0:0" "223e0eb7ab2ce8b53dfa1c3def94a004a87cfc2a65ead7107f73030a974225fb" "/opt/rustwide/cargo-home/bin/cargo" "+1.99.0-beta.8" "test" "--frozen" "--no-run" "--message-format=json", kill_on_drop: false }`
[INFO] [stderr]    Compiling regex-automata v0.4.14
[INFO] [stderr]    Compiling autocfg v1.5.0
[INFO] [stderr]    Compiling rustix v1.1.2
[INFO] [stderr]    Compiling doc-comment v0.3.3
[INFO] [stderr]    Compiling predicates-core v1.0.9
[INFO] [stderr]    Compiling normalize-line-endings v0.3.0
[INFO] [stderr]    Compiling linux-raw-sys v0.11.0
[INFO] [stderr]    Compiling termtree v0.5.1
[INFO] [stderr]    Compiling assert_cmd v2.0.17
[INFO] [stderr]    Compiling difflib v0.4.0
[INFO] [stderr]    Compiling predicates-tree v1.0.12
[INFO] [stderr]    Compiling wait-timeout v0.2.1
[INFO] [stderr]    Compiling once_cell v1.21.3
[INFO] [stderr]    Compiling fastrand v2.3.0
[INFO] [stderr]    Compiling num-traits v0.2.19
[INFO] [stderr]    Compiling float-cmp v0.10.0
[INFO] [stderr]    Compiling tempfile v3.22.0
[INFO] [stderr]    Compiling bstr v1.12.0
[INFO] [stderr]    Compiling regex v1.12.3
[INFO] [stderr]    Compiling predicates v3.1.3
[INFO] [stderr]    Compiling globset v0.4.19
[INFO] [stderr]    Compiling ignore v0.4.32
[INFO] [stderr]    Compiling yggdrasil-cli v0.11.0 (/opt/rustwide/workdir)
[INFO] [stderr]     Finished `test` profile [unoptimized + debuginfo] target(s) in 25.68s
[INFO] running `Command { std: "docker" "inspect" "223e0eb7ab2ce8b53dfa1c3def94a004a87cfc2a65ead7107f73030a974225fb", kill_on_drop: false }`
[INFO] running `Command { std: "docker" "exec" "-e" "SOURCE_DIR=/opt/rustwide/workdir" "-e" "CARGO_HOME=/opt/rustwide/cargo-home" "-e" "RUSTUP_HOME=/opt/rustwide/rustup-home" "-e" "CARGO_TARGET_DIR=/opt/rustwide/target" "-e" "CARGO_INCREMENTAL=0" "-e" "RUST_BACKTRACE=full" "-e" "RUSTFLAGS=--cap-lints=warn" "-e" "RUSTDOCFLAGS=--cap-lints=warn" "-w" "/opt/rustwide/workdir" "--user" "0:0" "223e0eb7ab2ce8b53dfa1c3def94a004a87cfc2a65ead7107f73030a974225fb" "/opt/rustwide/cargo-home/bin/cargo" "+1.99.0-beta.8" "test" "--frozen", kill_on_drop: false }`
[INFO] [stderr]     Finished `test` profile [unoptimized + debuginfo] target(s) in 0.19s
[INFO] [stderr]      Running unittests src/main.rs (/opt/rustwide/target/debug/deps/ygg-6ed0fb23b00106ec)
[INFO] [stdout] 
[INFO] [stdout] running 117 tests
[INFO] [stdout] test formatters::cli::tests::test_cli_preamble_plaintext ... ok
[INFO] [stdout] test formatters::cli::tests::test_cli_index_plain ... ok
[INFO] [stdout] test formatters::markdown::tests::test_packet_generation ... ok
[INFO] [stdout] test formatters::metadata::tests::rust_detection ... ok
[INFO] [stdout] test formatters::markdown::tests::test_metadata_detection ... ok
[INFO] [stdout] test formatters::cli::tests::test_file_contents_marker ... ok
[INFO] [stdout] test formatters::markdown::tests::test_escape_metadata ... ok
[INFO] [stdout] test formatters::markdown::tests::test_markdown_preamble ... ok
[INFO] [stdout] test formatters::symbols::tests::rust_extract ... ok
[INFO] [stdout] test formatters::symbols::tests::cap_is_respected_and_zero_is_empty ... ok
[INFO] [stdout] test formatters::symbols::tests::rust_skips_standalone_test_fns ... ok
[INFO] [stdout] test formatters::symbols::tests::python_skips_docstrings_and_nesting ... ok
[INFO] [stdout] test formatters::symbols::tests::rust_keeps_impl_methods_but_not_inner_fns ... ok
[INFO] [stdout] test formatters::symbols::tests::duplicates_collapse ... ok
[INFO] [stdout] test formatters::symbols::tests::rust_skips_test_modules ... ok
[INFO] [stdout] test formatters::symbols::tests::rust_skips_comments ... ok
[INFO] [stdout] test pick::clipboard::tests::base64_length_is_always_a_multiple_of_four ... ok
[INFO] [stdout] test pick::clipboard::tests::base64_matches_rfc4648_vectors ... ok
[INFO] [stdout] test formatters::symbols::tests::support_is_reported_honestly ... ok
[INFO] [stdout] test pick::clipboard::tests::every_windows_tool_asks_for_utf16 ... ok
[INFO] [stdout] test formatters::symbols::tests::python_drops_test_functions ... ok
[INFO] [stdout] test pick::clipboard::tests::oversized_payload_is_refused_rather_than_truncated ... ok
[INFO] [stdout] test pick::clipboard::tests::utf16_encoding_leads_with_a_bom ... ok
[INFO] [stdout] test pick::clipboard::tests::utf16_survives_the_emoji_a_codex_is_full_of ... ok
[INFO] [stdout] test pick::clipboard::tests::base64_handles_high_bytes_and_utf8 ... ok
[INFO] [stdout] test pick::state::tests::empty_dir_never_reports_all ... ok
[INFO] [stdout] test pick::state::tests::expanding_reveals_children_in_place ... ok
[INFO] [stdout] test pick::state::tests::collapsed_tree_shows_only_top_level ... ok
[INFO] [stdout] test pick::state::tests::dir_toggle_selects_whole_subtree ... ok
[INFO] [stdout] test pick::state::tests::partial_selection_marks_ancestors_partial ... ok
[INFO] [stdout] test formatters::symbols::tests::rust_strips_visibility_and_qualifiers ... ok
[INFO] [stdout] test pick::state::tests::selecting_the_missing_file_completes_the_dir ... ok
[INFO] [stdout] test pick::state::tests::selection_paths_are_sorted_files_only ... ok
[INFO] [stdout] test pick::state::tests::stems_continue_the_parent_pipe ... ok
[INFO] [stdout] test scanner::collect::tests::a_nested_output_path_stays_nested ... ok
[INFO] [stdout] test scanner::collect::tests::a_prefix_lookalike_is_not_swallowed ... ok
[INFO] [stdout] test scanner::collect::tests::every_shape_of_output_is_excluded ... ok
[INFO] [stdout] test scanner::collect::tests::ordinary_sources_are_untouched ... ok
[INFO] [stdout] test pick::state::tests::toggle_all_flips_everything ... ok
[INFO] [stdout] test scanner::collect::tests::a_dotted_directory_does_not_confuse_the_stem ... ok
[INFO] [stdout] test scanner::collect::tests::todays_bug_a_zip_lands_in_its_own_next_index ... ok
[INFO] [stdout] test scanner::filters::tests::test_matches_filters_empty_returns_default ... ok
[INFO] [stdout] test scanner::filters::tests::test_matches_filters_exact_and_glob ... ok
[INFO] [stdout] test scanner::normalize::tests::converts_backslashes ... ok
[INFO] [stdout] test scanner::normalize::tests::passes_through_clean_paths ... ok
[INFO] [stdout] test pick::clipboard::tests::missing_tool_reports_absence_not_failure ... ok
[INFO] [stdout] test scanner::normalize::tests::handles_directories ... ok
[INFO] [stdout] test scanner::collect::tests::no_output_means_no_extra_patterns ... ok
[INFO] [stdout] test scanner::normalize::tests::strips_dot_backslash_windows ... ok
[INFO] [stdout] test scanner::normalize::tests::trims_whitespace ... ok
[INFO] [stdout] test scanner::normalize::tests::strips_dot_slash_unix ... ok
[INFO] [stdout] test snapshot::archive::tests::a_selected_codex_displaces_the_index ... ok
[INFO] [stdout] test snapshot::archive::tests::an_index_only_codex_survives_untouched ... ok
[INFO] [stdout] test snapshot::archive::tests::entry_names_are_relative_and_cannot_climb ... ok
[INFO] [stdout] test snapshot::archive::tests::an_empty_directory_is_fine_to_use ... ok
[INFO] [stdout] test snapshot::archive::tests::a_previous_gather_is_replaced_not_merged ... ok
[INFO] [stdout] test snapshot::archive::tests::entries_cannot_escape_the_output_directory ... ok
[INFO] [stdout] test snapshot::archive::tests::a_repo_readme_never_collides_with_the_index ... ok
[INFO] [stdout] test snapshot::archive::tests::index_keeps_the_table_and_drops_the_contents ... ok
[INFO] [stdout] test snapshot::archive::tests::index_reports_the_whole_selections_token_bill ... ok
[INFO] [stdout] test snapshot::archive::tests::refuses_a_directory_it_did_not_write ... ok
[INFO] [stdout] test snapshot::archive::tests::files_survive_the_round_trip_byte_for_byte ... ok
[INFO] [stdout] test snapshot::archive::tests::replaces_document_extension_with_zip ... ok
[INFO] [stdout] test snapshot::archive::tests::refuses_to_replace_a_file ... ok
[INFO] [stdout] test snapshot::archive::tests::same_named_files_in_different_dirs_stay_distinct ... ok
[INFO] [stdout] test formatters::symbols::tests::script_keeps_functional_consts_only ... ok
[INFO] [stdout] test snapshot::archive::tests::same_named_files_stay_distinct_in_a_dir ... ok
[INFO] [stdout] test snapshot::archive::tests::strips_the_document_extension ... ok
[INFO] [stdout] test snapshot::gather::tests::no_selection_means_prompt_for_a_manifest ... ok
[INFO] [stdout] test snapshot::gather::tests::only_zip_sets_the_zip_flag ... ok
[INFO] [stdout] test snapshot::archive::tests::unreadable_paths_are_reported_not_swallowed ... ok
[INFO] [stdout] test snapshot::gather::tests::scan_flags_are_passed_straight_through ... ok
[INFO] [stdout] test snapshot::archive::tests::unreadable_paths_are_reported_when_writing_a_dir ... ok
[INFO] [stdout] test snapshot::gather::tests::a_manifest_file_skips_the_prompt_too ... ok
[INFO] [stdout] test snapshot::gather::tests::an_explicit_selection_skips_the_prompt ... ok
[INFO] [stdout] test snapshot::gather::tests::every_shape_carries_contents ... ok
[INFO] [stdout] test snapshot::gather::tests::out_names_the_document_and_the_rest_is_derived ... ok
[INFO] [stdout] test snapshot::selection::tests::explicit_names_win ... ok
[INFO] [stdout] test snapshot::selection::tests::printed_writes_full_codex_to_show_md ... ok
[INFO] [stdout] test snapshot::selection::tests::printed_and_whited_zip_to_a_browsable_tree ... ok
[INFO] [stdout] test snapshot::selection::tests::no_shortcuts_is_a_no_op ... ok
[INFO] [stdout] test snapshot::selection::tests::treed_is_index_only_and_interactive ... ok
[INFO] [stdout] test snapshot::selection::tests::whited_is_interactive_full_codex ... ok
[INFO] [stdout] test snapshot::gather::tests::zip_is_the_same_request_whited_zip_used_to_make ... ok
[INFO] [stdout] test snapshot::selection::tests::treed_beats_printed_on_contents ... ok
[INFO] [stdout] test snapshot::split::tests::packs_until_budget_then_breaks ... ok
[INFO] [stdout] test sniff::python::tests::test_alias_import ... ok
[INFO] [stdout] test sniff::python::tests::test_comment_and_blank ... ok
[INFO] [stdout] test sniff::python::tests::test_multi_import ... ok
[INFO] [stdout] test snapshot::selection::tests::split_zip_stays_shards_even_with_contents ... ok
[INFO] [stdout] test snapshot::selection::tests::treed_zip_stays_a_document ... ok
[INFO] [stdout] test sniff::python::tests::test_basic_imports ... ok
[INFO] [stdout] test snapshot::split::tests::oversized_file_gets_its_own_packet ... ok
[INFO] [stdout] test sniff::python::tests::test_multiline_parens ... ok
[INFO] [stdout] test sniff::python::tests::test_skips_relative ... ok
[INFO] [stdout] test sniff::python::tests::test_stops_at_code ... ok
[INFO] [stdout] test tree::node::tests::directories_aggregate_subtree_tokens ... ok
[INFO] [stdout] test tree::node::tests::directories_sort_before_files ... ok
[INFO] [stdout] test tree::node::tests::implied_parents_become_directories ... ok
[INFO] [stdout] test tree::node::tests::symbols_survive_the_fold ... ok
[INFO] [stdout] test sniff::resolve::tests::test_resolve_python_module_dotted ... ok
[INFO] [stdout] test tree::render::tests::collapsed_directory_still_reports_full_subtree_cost ... ok
[INFO] [stdout] test sniff::resolve::tests::test_sniff_empty_on_missing_file ... ok
[INFO] [stdout] test tree::render::tests::collapsed_files_emit_no_symbols ... ok
[INFO] [stdout] test snapshot::gather::tests::the_shape_is_carried_through_for_the_writer ... ok
[INFO] [stdout] test tree::render::tests::draws_box_characters ... ok
[INFO] [stdout] test tree::render::tests::humanizes_large_counts ... ok
[INFO] [stdout] test tree::render::tests::parsed_but_empty_file_says_so ... ok
[INFO] [stdout] test tree::render::tests::symbols_hang_below_their_file ... ok
[INFO] [stdout] test tree::render::tests::symbols_are_hidden_by_default ... ok
[INFO] [stdout] test tree::render::tests::depth_one_shows_grandchildren_but_not_great ... ok
[INFO] [stdout] test tree::render::tests::depth_zero_shows_only_root_children ... ok
[INFO] [stdout] test tree::render::tests::symbol_stem_continues_the_parent_pipe ... ok
[INFO] [stdout] test tree::render::tests::unparsed_language_stays_silent ... ok
[INFO] [stdout] test sniff::resolve::tests::test_resolve_python_module_simple ... ok
[INFO] [stdout] test scanner::patterns::tests::test_load_patterns_file_parses_correctly ... FAILED
[INFO] [stdout] test snapshot::archive::tests::packed_files_survive_the_round_trip_byte_for_byte ... ok
[INFO] [stdout] 
[INFO] [stdout] failures:
[INFO] [stdout] 
[INFO] [stdout] ---- scanner::patterns::tests::test_load_patterns_file_parses_correctly stdout ----
[INFO] [stdout] 
[INFO] [stdout] thread 'scanner::patterns::tests::test_load_patterns_file_parses_correctly' (2104) panicked at src/scanner/patterns.rs:24:57:
[INFO] [stdout] called `Result::unwrap()` on an `Err` value: Os { code: 30, kind: ReadOnlyFilesystem, message: "Read-only file system" }
[INFO] [stdout] stack backtrace:
[INFO] [stdout]    0:     0x62c78a8ee731 - std[70759c8f55707aa4]::backtrace_rs::backtrace::libunwind::trace
[INFO] [stdout]                                at /rustc/dfb0accb7f508ae8be965d8629557221c889dd98/library/std/src/../../backtrace/src/backtrace/libunwind.rs:117:9
[INFO] [stdout]    1:     0x62c78a8ee731 - std[70759c8f55707aa4]::backtrace_rs::backtrace::trace_unsynchronized::<std[70759c8f55707aa4]::sys::backtrace::_print_fmt::{closure#1}>
[INFO] [stdout]                                at /rustc/dfb0accb7f508ae8be965d8629557221c889dd98/library/std/src/../../backtrace/src/backtrace/mod.rs:66:14
[INFO] [stdout]    2:     0x62c78a8ee731 - std[70759c8f55707aa4]::sys::backtrace::_print_fmt
[INFO] [stdout]                                at /rustc/dfb0accb7f508ae8be965d8629557221c889dd98/library/std/src/sys/backtrace.rs:74:9
[INFO] [stdout]    3:     0x62c78a8ee731 - <<std[70759c8f55707aa4]::sys::backtrace::BacktraceLock>::print::DisplayBacktrace as core[df12db4294e9bfd3]::fmt::Display>::fmt
[INFO] [stdout]                                at /rustc/dfb0accb7f508ae8be965d8629557221c889dd98/library/std/src/sys/backtrace.rs:44:26
[INFO] [stdout]    4:     0x62c78a9055ca - <core[df12db4294e9bfd3]::fmt::rt::Argument>::fmt
[INFO] [stdout]                                at /rustc/dfb0accb7f508ae8be965d8629557221c889dd98/library/core/src/fmt/rt.rs:152:76
[INFO] [stdout]    5:     0x62c78a9055ca - core[df12db4294e9bfd3]::fmt::write
[INFO] [stdout]    6:     0x62c78a8f322c - core[df12db4294e9bfd3]::io::write::default_write_fmt::<alloc[2182bb758b4b3781]::vec::Vec<u8>>
[INFO] [stdout]                                at /rustc/dfb0accb7f508ae8be965d8629557221c889dd98/library/core/src/io/write.rs:402:11
[INFO] [stdout]    7:     0x62c78a8f322c - <alloc[2182bb758b4b3781]::vec::Vec<u8> as core[df12db4294e9bfd3]::io::write::Write>::write_fmt
[INFO] [stdout]                                at /rustc/dfb0accb7f508ae8be965d8629557221c889dd98/library/core/src/io/write.rs:335:13
[INFO] [stdout]    8:     0x62c78a8c8266 - <std[70759c8f55707aa4]::sys::backtrace::BacktraceLock>::print
[INFO] [stdout]                                at /rustc/dfb0accb7f508ae8be965d8629557221c889dd98/library/std/src/sys/backtrace.rs:47:9
[INFO] [stdout]    9:     0x62c78a8c8266 - std[70759c8f55707aa4]::panicking::default_hook::{closure#0}
[INFO] [stdout]                                at /rustc/dfb0accb7f508ae8be965d8629557221c889dd98/library/std/src/panicking.rs:292:27
[INFO] [stdout]   10:     0x62c78a8e5af9 - std[70759c8f55707aa4]::panicking::default_hook
[INFO] [stdout]                                at /rustc/dfb0accb7f508ae8be965d8629557221c889dd98/library/std/src/panicking.rs:316:9
[INFO] [stdout]   11:     0x62c78a3b77f0 - <alloc[2182bb758b4b3781]::boxed::Box<dyn for<'a, 'b> core[df12db4294e9bfd3]::ops::function::Fn<(&'a std[70759c8f55707aa4]::panic::PanicHookInfo<'b>,), Output = ()> + core[df12db4294e9bfd3]::marker::Send + core[df12db4294e9bfd3]::marker::Sync> as core[df12db4294e9bfd3]::ops::function::Fn<(&std[70759c8f55707aa4]::panic::PanicHookInfo,)>>::call
[INFO] [stdout]                                at /rustc/dfb0accb7f508ae8be965d8629557221c889dd98/library/alloc/src/boxed.rs:2334:9
[INFO] [stdout]   12:     0x62c78a3b77f0 - test[9d35eded1c95d3be]::test_main_inner::<test[9d35eded1c95d3be]::test_main_static::{closure#0}>::{closure#0}
[INFO] [stdout]                                at /rustc/dfb0accb7f508ae8be965d8629557221c889dd98/library/test/src/lib.rs:155:21
[INFO] [stdout]   13:     0x62c78a8e5cb2 - <alloc[2182bb758b4b3781]::boxed::Box<dyn for<'a, 'b> core[df12db4294e9bfd3]::ops::function::Fn<(&'a std[70759c8f55707aa4]::panic::PanicHookInfo<'b>,), Output = ()> + core[df12db4294e9bfd3]::marker::Send + core[df12db4294e9bfd3]::marker::Sync> as core[df12db4294e9bfd3]::ops::function::Fn<(&std[70759c8f55707aa4]::panic::PanicHookInfo,)>>::call
[INFO] [stdout]                                at /rustc/dfb0accb7f508ae8be965d8629557221c889dd98/library/alloc/src/boxed.rs:2334:9
[INFO] [stdout]   14:     0x62c78a8e5cb2 - std[70759c8f55707aa4]::panicking::panic_with_hook
[INFO] [stdout]                                at /rustc/dfb0accb7f508ae8be965d8629557221c889dd98/library/std/src/panicking.rs:823:13
[INFO] [stdout]   15:     0x62c78a8c8312 - std[70759c8f55707aa4]::panicking::panic_handler::{closure#0}
[INFO] [stdout]                                at /rustc/dfb0accb7f508ae8be965d8629557221c889dd98/library/std/src/panicking.rs:688:13
[INFO] [stdout]   16:     0x62c78a8c0d49 - std[70759c8f55707aa4]::sys::backtrace::__rust_end_short_backtrace::<std[70759c8f55707aa4]::panicking::panic_handler::{closure#0}, !>
[INFO] [stdout]                                at /rustc/dfb0accb7f508ae8be965d8629557221c889dd98/library/std/src/sys/backtrace.rs:182:18
[INFO] [stdout]   17:     0x62c78a8c8f0d - __rustc[8fa7c3cbc660c2b3]::rust_begin_unwind
[INFO] [stdout]                                at /rustc/dfb0accb7f508ae8be965d8629557221c889dd98/library/std/src/panicking.rs:679:5
[INFO] [stdout]   18:     0x62c78a905e6c - core[df12db4294e9bfd3]::panicking::panic_fmt
[INFO] [stdout]                                at /rustc/dfb0accb7f508ae8be965d8629557221c889dd98/library/core/src/panicking.rs:80:14
[INFO] [stdout]   19:     0x62c78a905bc2 - core[df12db4294e9bfd3]::result::unwrap_failed
[INFO] [stdout]                                at /rustc/dfb0accb7f508ae8be965d8629557221c889dd98/library/core/src/result.rs:1871:5
[INFO] [stdout]   20:     0x62c78a33b01f - <core[df12db4294e9bfd3]::result::Result<(), core[df12db4294e9bfd3]::io::error::Error>>::unwrap
[INFO] [stdout]                                at /rustc/dfb0accb7f508ae8be965d8629557221c889dd98/library/core/src/result.rs:1232:23
[INFO] [stdout]   21:     0x62c78a33b01f - ygg[a8ab7496f8c84706]::scanner::patterns::tests::test_load_patterns_file_parses_correctly
[INFO] [stdout]                                at /opt/rustwide/workdir/src/scanner/patterns.rs:24:57
[INFO] [stdout]   22:     0x62c78a3342f7 - ygg[a8ab7496f8c84706]::scanner::patterns::tests::test_load_patterns_file_parses_correctly::{closure#0}
[INFO] [stdout]                                at /opt/rustwide/workdir/src/scanner/patterns.rs:22:50
[INFO] [stdout]   23:     0x62c78a34ba16 - <ygg[a8ab7496f8c84706]::scanner::patterns::tests::test_load_patterns_file_parses_correctly::{closure#0} as core[df12db4294e9bfd3]::ops::function::FnOnce<()>>::call_once
[INFO] [stdout]                                at /rustc/dfb0accb7f508ae8be965d8629557221c889dd98/library/core/src/ops/function.rs:250:5
[INFO] [stdout]   24:     0x62c78a3aaadb - <fn() -> core[df12db4294e9bfd3]::result::Result<(), alloc[2182bb758b4b3781]::string::String> as core[df12db4294e9bfd3]::ops::function::FnOnce<()>>::call_once
[INFO] [stdout]                                at /rustc/dfb0accb7f508ae8be965d8629557221c889dd98/library/core/src/ops/function.rs:250:5
[INFO] [stdout]   25:     0x62c78a3aaadb - test[9d35eded1c95d3be]::__rust_begin_short_backtrace::<core[df12db4294e9bfd3]::result::Result<(), alloc[2182bb758b4b3781]::string::String>, fn() -> core[df12db4294e9bfd3]::result::Result<(), alloc[2182bb758b4b3781]::string::String>>
[INFO] [stdout]                                at /rustc/dfb0accb7f508ae8be965d8629557221c889dd98/library/test/src/lib.rs:733:18
[INFO] [stdout]   26:     0x62c78a3b8145 - test[9d35eded1c95d3be]::run_test_in_process::{closure#0}
[INFO] [stdout]                                at /rustc/dfb0accb7f508ae8be965d8629557221c889dd98/library/test/src/lib.rs:756:74
[INFO] [stdout]   27:     0x62c78a3b8145 - <core[df12db4294e9bfd3]::panic::unwind_safe::AssertUnwindSafe<test[9d35eded1c95d3be]::run_test_in_process::{closure#0}> as core[df12db4294e9bfd3]::ops::function::FnOnce<()>>::call_once
[INFO] [stdout]                                at /rustc/dfb0accb7f508ae8be965d8629557221c889dd98/library/core/src/panic/unwind_safe.rs:275:9
[INFO] [stdout]   28:     0x62c78a3b8145 - std[70759c8f55707aa4]::panicking::catch_unwind::do_call::<core[df12db4294e9bfd3]::panic::unwind_safe::AssertUnwindSafe<test[9d35eded1c95d3be]::run_test_in_process::{closure#0}>, core[df12db4294e9bfd3]::result::Result<(), alloc[2182bb758b4b3781]::string::String>>
[INFO] [stdout]                                at /rustc/dfb0accb7f508ae8be965d8629557221c889dd98/library/std/src/panicking.rs:576:43
[INFO] [stdout]   29:     0x62c78a3b8145 - std[70759c8f55707aa4]::panicking::catch_unwind::<core[df12db4294e9bfd3]::result::Result<(), alloc[2182bb758b4b3781]::string::String>, core[df12db4294e9bfd3]::panic::unwind_safe::AssertUnwindSafe<test[9d35eded1c95d3be]::run_test_in_process::{closure#0}>>
[INFO] [stdout]                                at /rustc/dfb0accb7f508ae8be965d8629557221c889dd98/library/std/src/panicking.rs:544:19
[INFO] [stdout]   30:     0x62c78a3b8145 - std[70759c8f55707aa4]::panic::catch_unwind::<core[df12db4294e9bfd3]::panic::unwind_safe::AssertUnwindSafe<test[9d35eded1c95d3be]::run_test_in_process::{closure#0}>, core[df12db4294e9bfd3]::result::Result<(), alloc[2182bb758b4b3781]::string::String>>
[INFO] [stdout]                                at /rustc/dfb0accb7f508ae8be965d8629557221c889dd98/library/std/src/panic.rs:359:14
[INFO] [stdout]   31:     0x62c78a3b8145 - test[9d35eded1c95d3be]::run_test_in_process
[INFO] [stdout]                                at /rustc/dfb0accb7f508ae8be965d8629557221c889dd98/library/test/src/lib.rs:756:27
[INFO] [stdout]   32:     0x62c78a3b8145 - test[9d35eded1c95d3be]::run_test::{closure#0}
[INFO] [stdout]                                at /rustc/dfb0accb7f508ae8be965d8629557221c889dd98/library/test/src/lib.rs:677:43
[INFO] [stdout]   33:     0x62c78a3b1a04 - test[9d35eded1c95d3be]::run_test::{closure#1}
[INFO] [stdout]                                at /rustc/dfb0accb7f508ae8be965d8629557221c889dd98/library/test/src/lib.rs:707:41
[INFO] [stdout]   34:     0x62c78a3b1a04 - std[70759c8f55707aa4]::sys::backtrace::__rust_begin_short_backtrace::<test[9d35eded1c95d3be]::run_test::{closure#1}, ()>
[INFO] [stdout]                                at /rustc/dfb0accb7f508ae8be965d8629557221c889dd98/library/std/src/sys/backtrace.rs:166:18
[INFO] [stdout]   35:     0x62c78a3bb2a2 - std[70759c8f55707aa4]::thread::lifecycle::spawn_unchecked::<test[9d35eded1c95d3be]::run_test::{closure#1}, ()>::{closure#1}::{closure#0}
[INFO] [stdout]                                at /rustc/dfb0accb7f508ae8be965d8629557221c889dd98/library/std/src/thread/lifecycle.rs:70:13
[INFO] [stdout]   36:     0x62c78a3bb2a2 - <core[df12db4294e9bfd3]::panic::unwind_safe::AssertUnwindSafe<std[70759c8f55707aa4]::thread::lifecycle::spawn_unchecked<test[9d35eded1c95d3be]::run_test::{closure#1}, ()>::{closure#1}::{closure#0}> as core[df12db4294e9bfd3]::ops::function::FnOnce<()>>::call_once
[INFO] [stdout]                                at /rustc/dfb0accb7f508ae8be965d8629557221c889dd98/library/core/src/panic/unwind_safe.rs:275:9
[INFO] [stdout]   37:     0x62c78a3bb2a2 - std[70759c8f55707aa4]::panicking::catch_unwind::do_call::<core[df12db4294e9bfd3]::panic::unwind_safe::AssertUnwindSafe<std[70759c8f55707aa4]::thread::lifecycle::spawn_unchecked<test[9d35eded1c95d3be]::run_test::{closure#1}, ()>::{closure#1}::{closure#0}>, ()>
[INFO] [stdout]                                at /rustc/dfb0accb7f508ae8be965d8629557221c889dd98/library/std/src/panicking.rs:576:43
[INFO] [stdout]   38:     0x62c78a3bb2a2 - std[70759c8f55707aa4]::panicking::catch_unwind::<(), core[df12db4294e9bfd3]::panic::unwind_safe::AssertUnwindSafe<std[70759c8f55707aa4]::thread::lifecycle::spawn_unchecked<test[9d35eded1c95d3be]::run_test::{closure#1}, ()>::{closure#1}::{closure#0}>>
[INFO] [stdout]                                at /rustc/dfb0accb7f508ae8be965d8629557221c889dd98/library/std/src/panicking.rs:544:19
[INFO] [stdout]   39:     0x62c78a3bb2a2 - std[70759c8f55707aa4]::panic::catch_unwind::<core[df12db4294e9bfd3]::panic::unwind_safe::AssertUnwindSafe<std[70759c8f55707aa4]::thread::lifecycle::spawn_unchecked<test[9d35eded1c95d3be]::run_test::{closure#1}, ()>::{closure#1}::{closure#0}>, ()>
[INFO] [stdout]                                at /rustc/dfb0accb7f508ae8be965d8629557221c889dd98/library/std/src/panic.rs:359:14
[INFO] [stdout]   40:     0x62c78a3bb2a2 - std[70759c8f55707aa4]::thread::lifecycle::spawn_unchecked::<test[9d35eded1c95d3be]::run_test::{closure#1}, ()>::{closure#1}
[INFO] [stdout]                                at /rustc/dfb0accb7f508ae8be965d8629557221c889dd98/library/std/src/thread/lifecycle.rs:68:26
[INFO] [stdout]   41:     0x62c78a3bb2a2 - <std[70759c8f55707aa4]::thread::lifecycle::spawn_unchecked<test[9d35eded1c95d3be]::run_test::{closure#1}, ()>::{closure#1} as core[df12db4294e9bfd3]::ops::function::FnOnce<()>>::call_once::{shim:vtable#0}
[INFO] [stdout]                                at /rustc/dfb0accb7f508ae8be965d8629557221c889dd98/library/core/src/ops/function.rs:250:5
[INFO] [stdout]   42:     0x62c78a8ed789 - <alloc[2182bb758b4b3781]::boxed::Box<dyn core[df12db4294e9bfd3]::ops::function::FnOnce<(), Output = ()> + core[df12db4294e9bfd3]::marker::Send> as core[df12db4294e9bfd3]::ops::function::FnOnce<()>>::call_once
[INFO] [stdout]                                at /rustc/dfb0accb7f508ae8be965d8629557221c889dd98/library/alloc/src/boxed.rs:2320:9
[INFO] [stdout]   43:     0x62c78a8ed789 - <std[70759c8f55707aa4]::sys::thread::unix::Thread>::new::thread_start
[INFO] [stdout]                                at /rustc/dfb0accb7f508ae8be965d8629557221c889dd98/library/std/src/sys/thread/unix.rs:123:17
[INFO] [stdout]   44:     0x7517f641edfa - <unknown>
[INFO] [stdout]   45:     0x7517f64b23d4 - clone
[INFO] [stdout]   46:                0x0 - <unknown>
[INFO] [stdout] 
[INFO] [stdout] 
[INFO] [stdout] failures:
[INFO] [stdout]     scanner::patterns::tests::test_load_patterns_file_parses_correctly
[INFO] [stdout] 
[INFO] [stdout] test result: FAILED. 116 passed; 1 failed; 0 ignored; 0 measured; 0 filtered out; finished in 0.24s
[INFO] [stdout] 
[INFO] [stderr] error: test failed, to rerun pass `--bin ygg`
[INFO] running `Command { std: "docker" "inspect" "223e0eb7ab2ce8b53dfa1c3def94a004a87cfc2a65ead7107f73030a974225fb", kill_on_drop: false }`
[INFO] running `Command { std: "docker" "rm" "-f" "223e0eb7ab2ce8b53dfa1c3def94a004a87cfc2a65ead7107f73030a974225fb", kill_on_drop: false }`
[INFO] [stdout] 223e0eb7ab2ce8b53dfa1c3def94a004a87cfc2a65ead7107f73030a974225fb
