[INFO] fetching crate yewi-seo 1.0.0...
[INFO] testing yewi-seo-1.0.0 against 1.100.0-beta.1 for beta-1.100-2
[INFO] extracting crate yewi-seo 1.0.0 into /workspace/builds/worker-0-tc2/source
[INFO] started tweaking crates.io crate yewi-seo 1.0.0
[INFO] finished tweaking crates.io crate yewi-seo 1.0.0
[INFO] tweaked toml for crates.io crate yewi-seo 1.0.0 written to /workspace/builds/worker-0-tc2/source/Cargo.toml
[INFO] validating manifest of crates.io crate yewi-seo 1.0.0 on toolchain 1.100.0-beta.1
[INFO] running `Command { std: CARGO_HOME="/workspace/cargo-home" RUSTUP_HOME="/workspace/rustup-home" "/workspace/cargo-home/bin/cargo" "+1.100.0-beta.1" "metadata" "--manifest-path" "Cargo.toml" "--no-deps", kill_on_drop: false }`
[INFO] crate crates.io crate yewi-seo 1.0.0 already has a lockfile, it will not be regenerated
[INFO] running `Command { std: CARGO_HOME="/workspace/cargo-home" RUSTUP_HOME="/workspace/rustup-home" "/workspace/cargo-home/bin/cargo" "+1.100.0-beta.1" "fetch" "--manifest-path" "Cargo.toml", kill_on_drop: false }`
[INFO] running `Command { std: "docker" "create" "-v" "/var/lib/crater-agent-workspace/builds/worker-0-tc2/source:/opt/rustwide/workdir:ro,Z" "-v" "/var/lib/crater-agent-workspace/builds/worker-0-tc2/target:/opt/rustwide/target:rw,Z" "-v" "/var/lib/crater-agent-workspace/cargo-home:/opt/rustwide/cargo-home:ro,Z" "-v" "/var/lib/crater-agent-workspace/rustup-home:/opt/rustwide/rustup-home:ro,Z" "-m" "1610612736" "--network" "none" "ghcr.io/rust-lang/crates-build-env/linux@sha256:3111399a4047eeb3a02b7a90e478d715f38a8c6669b5c4b49d30a17385265909" "sleep" "infinity", kill_on_drop: false }`
[INFO] [stdout] c1ca1d1d93db8b068cce2d9dd24274d898faf187cda9b7f52e643859307f40ee
[INFO] running `Command { std: "docker" "start" "c1ca1d1d93db8b068cce2d9dd24274d898faf187cda9b7f52e643859307f40ee", kill_on_drop: false }`
[INFO] running `Command { std: "docker" "inspect" "c1ca1d1d93db8b068cce2d9dd24274d898faf187cda9b7f52e643859307f40ee", kill_on_drop: false }`
[INFO] running `Command { std: "docker" "exec" "-e" "SOURCE_DIR=/opt/rustwide/workdir" "-e" "CARGO_HOME=/opt/rustwide/cargo-home" "-e" "RUSTUP_HOME=/opt/rustwide/rustup-home" "-e" "CARGO_TARGET_DIR=/opt/rustwide/target" "-w" "/opt/rustwide/workdir" "--user" "0:0" "c1ca1d1d93db8b068cce2d9dd24274d898faf187cda9b7f52e643859307f40ee" "/opt/rustwide/cargo-home/bin/cargo" "+1.100.0-beta.1" "metadata" "--no-deps" "--format-version=1", kill_on_drop: false }`
[INFO] running `Command { std: "docker" "inspect" "c1ca1d1d93db8b068cce2d9dd24274d898faf187cda9b7f52e643859307f40ee", kill_on_drop: false }`
[INFO] running `Command { std: "docker" "exec" "-e" "SOURCE_DIR=/opt/rustwide/workdir" "-e" "CARGO_HOME=/opt/rustwide/cargo-home" "-e" "RUSTUP_HOME=/opt/rustwide/rustup-home" "-e" "CARGO_TARGET_DIR=/opt/rustwide/target" "-e" "CARGO_INCREMENTAL=0" "-e" "RUST_BACKTRACE=full" "-e" "RUSTFLAGS=--cap-lints=warn" "-e" "RUSTDOCFLAGS=--cap-lints=warn" "-w" "/opt/rustwide/workdir" "--user" "0:0" "c1ca1d1d93db8b068cce2d9dd24274d898faf187cda9b7f52e643859307f40ee" "/opt/rustwide/cargo-home/bin/cargo" "+1.100.0-beta.1" "build" "--frozen" "--message-format=json", kill_on_drop: false }`
[INFO] [stderr]    Compiling unicode-ident v1.0.24
[INFO] [stderr]    Compiling wasm-bindgen-shared v0.2.127
[INFO] [stderr]    Compiling bumpalo v3.20.3
[INFO] [stderr]    Compiling once_cell v1.21.4
[INFO] [stderr]    Compiling wasm-bindgen v0.2.127
[INFO] [stderr]    Compiling futures-util v0.3.34
[INFO] [stderr]    Compiling proc-macro2 v1.0.107
[INFO] [stderr]    Compiling quote v1.0.47
[INFO] [stderr]    Compiling syn v2.0.119
[INFO] [stderr]    Compiling syn v3.0.3
[INFO] [stderr]    Compiling yewi-seo-macro v1.0.0
[INFO] [stderr]    Compiling wasm-bindgen-macro-support v0.2.127
[INFO] [stderr]    Compiling wasm-bindgen-macro v0.2.127
[INFO] [stderr]    Compiling js-sys v0.3.104
[INFO] [stderr]    Compiling web-sys v0.3.104
[INFO] [stderr]    Compiling yewi-seo v1.0.0 (/opt/rustwide/workdir)
[INFO] [stderr]     Finished `dev` profile [unoptimized + debuginfo] target(s) in 12.73s
[INFO] running `Command { std: "docker" "inspect" "c1ca1d1d93db8b068cce2d9dd24274d898faf187cda9b7f52e643859307f40ee", kill_on_drop: false }`
[INFO] running `Command { std: "docker" "exec" "-e" "SOURCE_DIR=/opt/rustwide/workdir" "-e" "CARGO_HOME=/opt/rustwide/cargo-home" "-e" "RUSTUP_HOME=/opt/rustwide/rustup-home" "-e" "CARGO_TARGET_DIR=/opt/rustwide/target" "-e" "CARGO_INCREMENTAL=0" "-e" "RUST_BACKTRACE=full" "-e" "RUSTFLAGS=--cap-lints=warn" "-e" "RUSTDOCFLAGS=--cap-lints=warn" "-w" "/opt/rustwide/workdir" "--user" "0:0" "c1ca1d1d93db8b068cce2d9dd24274d898faf187cda9b7f52e643859307f40ee" "/opt/rustwide/cargo-home/bin/cargo" "+1.100.0-beta.1" "test" "--frozen" "--no-run" "--message-format=json", kill_on_drop: false }`
[INFO] [stderr]    Compiling proc-macro2 v1.0.107
[INFO] [stderr]    Compiling serde_core v1.0.229
[INFO] [stderr]    Compiling futures-sink v0.3.34
[INFO] [stderr]    Compiling futures-io v0.3.34
[INFO] [stderr]    Compiling serde v1.0.229
[INFO] [stderr]    Compiling wasm-bindgen v0.2.127
[INFO] [stderr]    Compiling smallvec v1.15.2
[INFO] [stderr]    Compiling slotmap v1.1.1
[INFO] [stderr]    Compiling futures-channel v0.3.34
[INFO] [stderr]    Compiling konst_macro_rules v0.2.19
[INFO] [stderr]    Compiling konst v0.2.20
[INFO] [stderr]    Compiling proc-macro2-diagnostics v0.10.1
[INFO] [stderr]    Compiling yansi v1.0.1
[INFO] [stderr]    Compiling parking_lot_core v0.9.12
[INFO] [stderr]    Compiling dioxus-core-types v0.7.10
[INFO] [stderr]    Compiling convert_case v0.11.0
[INFO] [stderr]    Compiling libloading v0.8.9
[INFO] [stderr]    Compiling or_poisoned v0.1.0
[INFO] [stderr]    Compiling parking_lot v0.12.5
[INFO] [stderr]    Compiling longest-increasing-subsequence v0.1.0
[INFO] [stderr]    Compiling event-listener v5.4.2
[INFO] [stderr]    Compiling aho-corasick v1.1.5
[INFO] [stderr]    Compiling throw_error v0.3.1
[INFO] [stderr]    Compiling reactive_graph v0.2.14
[INFO] [stderr]    Compiling server_fn_macro v0.8.10
[INFO] [stderr]    Compiling convert_case v0.8.0
[INFO] [stderr]    Compiling quote v1.0.47
[INFO] [stderr]    Compiling event-listener-strategy v0.5.4
[INFO] [stderr]    Compiling send_wrapper v0.6.0
[INFO] [stderr]    Compiling syn v2.0.119
[INFO] [stderr]    Compiling syn v3.0.3
[INFO] [stderr]    Compiling proc-macro-utils v0.10.0
[INFO] [stderr]    Compiling prettyplease v0.2.37
[INFO] [stderr]    Compiling num-traits v0.2.19
[INFO] [stderr]    Compiling async-lock v3.4.2
[INFO] [stderr]    Compiling const_format_proc_macros v0.2.34
[INFO] [stderr]    Compiling proc-macro-error-attr2 v2.0.0
[INFO] [stderr]    Compiling getrandom v0.3.4
[INFO] [stderr]    Compiling toml_datetime v0.6.11
[INFO] [stderr]    Compiling regex-automata v0.4.18
[INFO] [stderr]    Compiling xxhash-rust v0.8.18
[INFO] [stderr]    Compiling camino v1.2.5
[INFO] [stderr]    Compiling const_format v0.2.36
[INFO] [stderr]    Compiling winnow v0.5.40
[INFO] [stderr]    Compiling guardian v1.3.0
[INFO] [stderr]    Compiling libc v0.2.189
[INFO] [stderr]    Compiling rand_core v0.9.5
[INFO] [stderr]    Compiling ppv-lite86 v0.2.21
[INFO] [stderr]    Compiling serde_json v1.0.151
[INFO] [stderr]    Compiling manyhow-macros v0.11.4
[INFO] [stderr]    Compiling tachys v0.2.18
[INFO] [stderr]    Compiling proc-macro-error-attr v1.0.4
[INFO] [stderr]    Compiling winnow v0.7.15
[INFO] [stderr]    Compiling syn v1.0.109
[INFO] [stderr]    Compiling html-escape v0.2.15
[INFO] [stderr]    Compiling dioxus-cli-config v0.7.10
[INFO] [stderr]    Compiling toml_parser v1.1.3+spec-1.1.0
[INFO] [stderr]    Compiling toml_edit v0.19.15
[INFO] [stderr]    Compiling getrandom v0.4.3
[INFO] [stderr]    Compiling rand_chacha v0.9.0
[INFO] [stderr]    Compiling wasm-bindgen-macro-support v0.2.127
[INFO] [stderr]    Compiling synstructure v0.13.2
[INFO] [stderr]    Compiling proc-macro-error2 v2.0.1
[INFO] [stderr]    Compiling darling_core v0.21.3
[INFO] [stderr]    Compiling proc-macro-crate v1.3.1
[INFO] [stderr]    Compiling dioxus-rsx v0.7.10
[INFO] [stderr]    Compiling serde_derive v1.0.229
[INFO] [stderr]    Compiling futures-macro v0.3.34
[INFO] [stderr]    Compiling thiserror-impl v2.0.20
[INFO] [stderr]    Compiling pin-project-internal v1.1.13
[INFO] [stderr]    Compiling futures-util v0.3.34
[INFO] [stderr]    Compiling zerofrom-derive v0.1.7
[INFO] [stderr]    Compiling thiserror v2.0.20
[INFO] [stderr]    Compiling yoke-derive v0.8.2
[INFO] [stderr]    Compiling tracing-attributes v0.1.31
[INFO] [stderr]    Compiling pin-project v1.1.13
[INFO] [stderr]    Compiling zerovec-derive v0.11.6
[INFO] [stderr]    Compiling thiserror-impl v1.0.69
[INFO] [stderr]    Compiling zerofrom v0.1.8
[INFO] [stderr]    Compiling displaydoc v0.2.7
[INFO] [stderr]    Compiling warnings-macro v0.2.0
[INFO] [stderr]    Compiling yoke v0.8.3
[INFO] [stderr]    Compiling zerotrie v0.2.5
[INFO] [stderr]    Compiling const-serialize-macro v0.7.2
[INFO] [stderr]    Compiling zerovec v0.11.8
[INFO] [stderr]    Compiling thiserror v1.0.69
[INFO] [stderr]    Compiling wasm-bindgen-macro v0.2.127
[INFO] [stderr]    Compiling derive-where v1.6.1
[INFO] [stderr]    Compiling tracing v0.1.44
[INFO] [stderr]    Compiling const-serialize v0.7.2
[INFO] [stderr]    Compiling generational-box v0.7.10
[INFO] [stderr]    Compiling warnings v0.2.1
[INFO] [stderr]    Compiling const-serialize-macro v0.8.0-alpha.1
[INFO] [stderr]    Compiling tinystr v0.8.4
[INFO] [stderr]    Compiling futures-executor v0.3.34
[INFO] [stderr]    Compiling subsecond-types v0.7.10
[INFO] [stderr]    Compiling icu_locale_core v2.3.0
[INFO] [stderr]    Compiling potential_utf v0.1.6
[INFO] [stderr]    Compiling subsecond v0.7.10
[INFO] [stderr]    Compiling futures v0.3.34
[INFO] [stderr]    Compiling icu_collections v2.3.0
[INFO] [stderr]    Compiling async-trait v0.1.92
[INFO] [stderr]    Compiling hydration_context v0.3.1
[INFO] [stderr]    Compiling dioxus-core v0.7.10
[INFO] [stderr]    Compiling darling_macro v0.21.3
[INFO] [stderr]    Compiling syn_derive v0.2.0
[INFO] [stderr]    Compiling quote-use-macros v0.8.4
[INFO] [stderr]    Compiling js-sys v0.3.104
[INFO] [stderr]    Compiling icu_provider v2.3.1
[INFO] [stderr]    Compiling darling v0.21.3
[INFO] [stderr]    Compiling reactive_stores_macro v0.4.3
[INFO] [stderr]    Compiling quote-use v0.8.4
[INFO] [stderr]    Compiling enumset_derive v0.15.0
[INFO] [stderr]    Compiling pinned v0.1.0
[INFO] [stderr]    Compiling icu_properties v2.3.0
[INFO] [stderr]    Compiling icu_normalizer v2.3.0
[INFO] [stderr]    Compiling const-serialize v0.8.0-alpha.0
[INFO] [stderr]    Compiling oco_ref v0.2.1
[INFO] [stderr]    Compiling manyhow v0.11.4
[INFO] [stderr]    Compiling toml_datetime v1.1.1+spec-1.1.0
[INFO] [stderr]    Compiling serde_spanned v1.1.1
[INFO] [stderr]    Compiling either_of v0.1.9
[INFO] [stderr]    Compiling server_fn v0.8.13
[INFO] [stderr]    Compiling proc-macro-error v1.0.4
[INFO] [stderr]    Compiling lazy-js-bundle v0.7.10
[INFO] [stderr]    Compiling dioxus-signals v0.7.10
[INFO] [stderr]    Compiling idna_adapter v1.2.2
[INFO] [stderr]    Compiling idna v1.1.0
[INFO] [stderr]    Compiling interpolator v0.5.0
[INFO] [stderr]    Compiling erased v0.1.2
[INFO] [stderr]    Compiling const_str_slice_concat v0.1.0
[INFO] [stderr]    Compiling drain_filter_polyfill v0.1.3
[INFO] [stderr]    Compiling collection_literals v1.0.3
[INFO] [stderr]    Compiling next_tuple v0.1.0
[INFO] [stderr]    Compiling dioxus-hooks v0.7.10
[INFO] [stderr]    Compiling keyboard-types v0.7.0
[INFO] [stderr]    Compiling attribute-derive-macro v0.10.5
[INFO] [stderr]    Compiling url v2.5.8
[INFO] [stderr]    Compiling serde_urlencoded v0.7.1
[INFO] [stderr]    Compiling dioxus-document v0.7.10
[INFO] [stderr]    Compiling sharded-slab v0.1.7
[INFO] [stderr]    Compiling enumset v1.1.14
[INFO] [stderr]    Compiling toml v1.1.4+spec-1.1.0
[INFO] [stderr]    Compiling manganis-core v0.7.10
[INFO] [stderr]    Compiling rstml v0.12.1
[INFO] [stderr]    Compiling serde_qs v0.15.0
[INFO] [stderr]    Compiling bincode v1.3.3
[INFO] [stderr]    Compiling dioxus-core-macro v0.7.10
[INFO] [stderr]    Compiling server_fn_macro_default v0.8.5
[INFO] [stderr]    Compiling gloo-worker-macros v0.1.0
[INFO] [stderr]    Compiling dioxus-html-internal-macro v0.7.10
[INFO] [stderr]    Compiling typed-builder-macro v0.23.2
[INFO] [stderr]    Compiling euclid v0.22.14
[INFO] [stderr]    Compiling matchers v0.2.0
[INFO] [stderr]    Compiling rand v0.9.5
[INFO] [stderr]    Compiling macro-string v0.1.4
[INFO] [stderr]    Compiling sha2 v0.10.9
[INFO] [stderr]    Compiling http v0.2.12
[INFO] [stderr]    Compiling leptos_macro v0.8.17
[INFO] [stderr]    Compiling convert_case v0.6.0
[INFO] [stderr]    Compiling thread_local v1.1.10
[INFO] [stderr]    Compiling tokio v1.53.1
[INFO] [stderr]    Compiling const-str v1.1.0
[INFO] [stderr]    Compiling pathdiff v0.2.3
[INFO] [stderr]    Compiling data-encoding v2.11.1
[INFO] [stderr]    Compiling base16 v0.2.1
[INFO] [stderr]    Compiling wasm_split_macros v0.2.2
[INFO] [stderr]    Compiling tungstenite v0.28.0
[INFO] [stderr]    Compiling typed-builder v0.23.2
[INFO] [stderr]    Compiling manganis-macro v0.7.10
[INFO] [stderr]    Compiling config v0.15.25
[INFO] [stderr]    Compiling tracing-subscriber v0.3.23
[INFO] [stderr]    Compiling dioxus-html v0.7.10
[INFO] [stderr]    Compiling web-sys v0.3.104
[INFO] [stderr]    Compiling wasm-bindgen-futures v0.4.77
[INFO] [stderr]    Compiling any_spawner v0.3.0
[INFO] [stderr]    Compiling serde-wasm-bindgen v0.6.5
[INFO] [stderr]    Compiling tokio-stream v0.1.19
[INFO] [stderr]    Compiling gloo-timers v0.3.0
[INFO] [stderr]    Compiling leptos_hot_reload v0.8.6
[INFO] [stderr]    Compiling attribute-derive v0.10.5
[INFO] [stderr]    Compiling uuid v1.25.0
[INFO] [stderr]    Compiling dioxus-devtools-types v0.7.10
[INFO] [stderr]    Compiling codee v0.3.5
[INFO] [stderr]    Compiling implicit-clone-derive v0.1.2
[INFO] [stderr]    Compiling dioxus-stores-macro v0.7.10
[INFO] [stderr]    Compiling regex v1.13.1
[INFO] [stderr]    Compiling convert_case_extras v0.2.0
[INFO] [stderr]    Compiling leptos v0.8.20
[INFO] [stderr]    Compiling num_cpus v1.17.0
[INFO] [stderr]    Compiling reactive_stores v0.4.3
[INFO] [stderr]    Compiling async-once-cell v0.5.4
[INFO] [stderr]    Compiling wasm_split_helpers v0.2.3
[INFO] [stderr]    Compiling tokise v0.2.1
[INFO] [stderr]    Compiling leptos_config v0.8.10
[INFO] [stderr]    Compiling dioxus-stores v0.7.10
[INFO] [stderr]    Compiling implicit-clone v0.6.0
[INFO] [stderr]    Compiling dioxus-devtools v0.7.10
[INFO] [stderr]    Compiling manganis v0.7.10
[INFO] [stderr]    Compiling dioxus-logger v0.7.10
[INFO] [stderr]    Compiling yew-macro v0.23.0
[INFO] [stderr]    Compiling dioxus-history v0.7.10
[INFO] [stderr]    Compiling console_error_panic_hook v0.1.7
[INFO] [stderr]    Compiling dioxus-asset-resolver v0.7.10
[INFO] [stderr]    Compiling yewi-seo-macro v1.0.0
[INFO] [stderr]    Compiling dioxus-config-macro v0.7.10
[INFO] [stderr]    Compiling dioxus-config-macros v0.7.10
[INFO] [stderr]    Compiling dioxus v0.7.10
[INFO] [stderr]    Compiling gloo-utils v0.2.0
[INFO] [stderr]    Compiling gloo-events v0.2.0
[INFO] [stderr]    Compiling gloo-dialogs v0.2.0
[INFO] [stderr]    Compiling gloo-render v0.2.0
[INFO] [stderr]    Compiling yewi-seo v1.0.0 (/opt/rustwide/workdir)
[INFO] [stderr]    Compiling gloo-net v0.6.0
[INFO] [stderr]    Compiling gloo-file v0.3.0
[INFO] [stderr]    Compiling gloo-history v0.2.2
[INFO] [stderr]    Compiling gloo-console v0.3.0
[INFO] [stderr]    Compiling gloo-worker v0.5.0
[INFO] [stderr]    Compiling gloo-net v0.5.0
[INFO] [stderr]    Compiling gloo-storage v0.3.0
[INFO] [stderr]    Compiling gloo v0.11.0
[INFO] [stderr]    Compiling yew v0.23.0
[INFO] [stderr]    Compiling wasm-streams v0.5.0
[INFO] [stderr]    Compiling leptos_server v0.8.7
[INFO] [stderr]    Compiling leptos_dom v0.8.8
[INFO] [stderr]     Finished `test` profile [unoptimized + debuginfo] target(s) in 45.59s
[INFO] [stderr] warning: the following packages contain code that will be rejected by a future version of Rust: attribute-derive-macro v0.10.5, proc-macro-error2 v2.0.1
[INFO] [stderr] note: to see what the problems were, use the option `--future-incompat-report`, or run `cargo report future-incompatibilities --id 1`
[INFO] running `Command { std: "docker" "inspect" "c1ca1d1d93db8b068cce2d9dd24274d898faf187cda9b7f52e643859307f40ee", kill_on_drop: false }`
[INFO] running `Command { std: "docker" "exec" "-e" "SOURCE_DIR=/opt/rustwide/workdir" "-e" "CARGO_HOME=/opt/rustwide/cargo-home" "-e" "RUSTUP_HOME=/opt/rustwide/rustup-home" "-e" "CARGO_TARGET_DIR=/opt/rustwide/target" "-e" "CARGO_INCREMENTAL=0" "-e" "RUST_BACKTRACE=full" "-e" "RUSTFLAGS=--cap-lints=warn" "-e" "RUSTDOCFLAGS=--cap-lints=warn" "-w" "/opt/rustwide/workdir" "--user" "0:0" "c1ca1d1d93db8b068cce2d9dd24274d898faf187cda9b7f52e643859307f40ee" "/opt/rustwide/cargo-home/bin/cargo" "+1.100.0-beta.1" "test" "--frozen", kill_on_drop: false }`
[INFO] [stderr]     Finished `test` profile [unoptimized + debuginfo] target(s) in 0.32s
[INFO] [stderr] warning: the following packages contain code that will be rejected by a future version of Rust: attribute-derive-macro v0.10.5, proc-macro-error2 v2.0.1
[INFO] [stderr] note: to see what the problems were, use the option `--future-incompat-report`, or run `cargo report future-incompatibilities --id 1`
[INFO] [stderr]      Running unittests src/lib.rs (/opt/rustwide/target/debug/build/yewi-seo/79dafa05cbef9b14/out/yewi_seo-79dafa05cbef9b14)
[INFO] [stdout] 
[INFO] [stdout] running 0 tests
[INFO] [stdout] 
[INFO] [stdout] test result: ok. 0 passed; 0 failed; 0 ignored; 0 measured; 0 filtered out; finished in 0.00s
[INFO] [stdout] 
[INFO] [stderr]    Doc-tests yewi_seo
[INFO] [stdout] 
[INFO] [stdout] running 4 tests
[INFO] [stdout] test src/lib.rs - (line 20) - compile ... ok
[INFO] [stdout] test src/lib.rs - (line 65) - compile ... FAILED
[INFO] [stdout] test src/lib.rs - (line 105) - compile ... FAILED
[INFO] [stdout] test src/lib.rs - (line 160) - compile ... FAILED
[INFO] [stdout] 
[INFO] [stdout] failures:
[INFO] [stdout] 
[INFO] [stdout] ---- src/lib.rs - (line 65) stdout ----
[INFO] [stdout] error[E0432]: unresolved import `yewi_seo::dioxus`
[INFO] [stdout]    --> src/lib.rs:68:15
[INFO] [stdout]     |
[INFO] [stdout]  68 | use yewi_seo::dioxus::seo;
[INFO] [stdout]     |               ^^^^^^ could not find `dioxus` in `yewi_seo`
[INFO] [stdout]     |
[INFO] [stdout] note: found an item that was configured out
[INFO] [stdout]    --> src/lib.rs:213:9
[INFO] [stdout]     |
[INFO] [stdout] 212 | #[cfg(feature = "dioxus")]
[INFO] [stdout]     |       ------------------ the item is gated behind the `dioxus` feature
[INFO] [stdout] 213 | pub mod dioxus;
[INFO] [stdout]     |         ^^^^^^
[INFO] [stdout] 
[INFO] [stdout] error: aborting due to 1 previous error
[INFO] [stdout] 
[INFO] [stdout] For more information about this error, try `rustc --explain E0432`.
[INFO] [stdout] Couldn't compile the test.
[INFO] [stdout] ---- src/lib.rs - (line 105) stdout ----
[INFO] [stdout] error[E0432]: unresolved import `yewi_seo::leptos`
[INFO] [stdout]    --> src/lib.rs:108:15
[INFO] [stdout]     |
[INFO] [stdout] 108 | use yewi_seo::leptos::seo;
[INFO] [stdout]     |               ^^^^^^ could not find `leptos` in `yewi_seo`
[INFO] [stdout]     |
[INFO] [stdout] note: found an item that was configured out
[INFO] [stdout]    --> src/lib.rs:216:9
[INFO] [stdout]     |
[INFO] [stdout] 215 | #[cfg(feature = "leptos")]
[INFO] [stdout]     |       ------------------ the item is gated behind the `leptos` feature
[INFO] [stdout] 216 | pub mod leptos;
[INFO] [stdout]     |         ^^^^^^
[INFO] [stdout] 
[INFO] [stdout] error: aborting due to 1 previous error
[INFO] [stdout] 
[INFO] [stdout] For more information about this error, try `rustc --explain E0432`.
[INFO] [stdout] Couldn't compile the test.
[INFO] [stdout] ---- src/lib.rs - (line 160) stdout ----
[INFO] [stdout] error[E0432]: unresolved imports `yewi_seo::apply_icon`, `yewi_seo::apply_link`, `yewi_seo::apply_meta`, `yewi_seo::apply_open_graph`, `yewi_seo::apply_twitter_card`
[INFO] [stdout]    --> src/lib.rs:163:16
[INFO] [stdout]     |
[INFO] [stdout] 163 | use yewi_seo::{apply_icon, apply_link, apply_meta, apply_open_graph, apply_twitter_card};
[INFO] [stdout]     |                ^^^^^^^^^^  ^^^^^^^^^^  ^^^^^^^^^^  ^^^^^^^^^^^^^^^^  ^^^^^^^^^^^^^^^^^^ no `apply_twitter_card` in the root
[INFO] [stdout]     |                |           |           |           |
[INFO] [stdout]     |                |           |           |           no `apply_open_graph` in the root
[INFO] [stdout]     |                |           |           no `apply_meta` in the root
[INFO] [stdout]     |                |           no `apply_link` in the root
[INFO] [stdout]     |                no `apply_icon` in the root
[INFO] [stdout]     |
[INFO] [stdout] note: found an item that was configured out
[INFO] [stdout]    --> src/lib.rs:236:25
[INFO] [stdout]     |
[INFO] [stdout] 235 | #[cfg(feature = "apply")]
[INFO] [stdout]     |       ----------------- the item is gated behind the `apply` feature
[INFO] [stdout] 236 | pub use yewi_seo_macro::apply_icon;
[INFO] [stdout]     |                         ^^^^^^^^^^
[INFO] [stdout] note: found an item that was configured out
[INFO] [stdout]    --> src/lib.rs:233:25
[INFO] [stdout]     |
[INFO] [stdout] 232 | #[cfg(feature = "apply")]
[INFO] [stdout]     |       ----------------- the item is gated behind the `apply` feature
[INFO] [stdout] 233 | pub use yewi_seo_macro::apply_link;
[INFO] [stdout]     |                         ^^^^^^^^^^
[INFO] [stdout] note: found an item that was configured out
[INFO] [stdout]    --> src/lib.rs:224:25
[INFO] [stdout]     |
[INFO] [stdout] 223 | #[cfg(feature = "apply")]
[INFO] [stdout]     |       ----------------- the item is gated behind the `apply` feature
[INFO] [stdout] 224 | pub use yewi_seo_macro::apply_meta;
[INFO] [stdout]     |                         ^^^^^^^^^^
[INFO] [stdout] note: found an item that was configured out
[INFO] [stdout]    --> src/lib.rs:227:25
[INFO] [stdout]     |
[INFO] [stdout] 226 | #[cfg(feature = "apply")]
[INFO] [stdout]     |       ----------------- the item is gated behind the `apply` feature
[INFO] [stdout] 227 | pub use yewi_seo_macro::apply_open_graph;
[INFO] [stdout]     |                         ^^^^^^^^^^^^^^^^
[INFO] [stdout] note: found an item that was configured out
[INFO] [stdout]    --> src/lib.rs:230:25
[INFO] [stdout]     |
[INFO] [stdout] 229 | #[cfg(feature = "apply")]
[INFO] [stdout]     |       ----------------- the item is gated behind the `apply` feature
[INFO] [stdout] 230 | pub use yewi_seo_macro::apply_twitter_card;
[INFO] [stdout]     |                         ^^^^^^^^^^^^^^^^^^
[INFO] [stdout] help: a similar name exists in the module
[INFO] [stdout]     |
[INFO] [stdout] 163 | use yewi_seo::{apply_icon, apply_link, apply_meta, apply_seo_open_graph, apply_twitter_card};
[INFO] [stdout]     |                                                          ++++
[INFO] [stdout] help: a similar name exists in the module
[INFO] [stdout]     |
[INFO] [stdout] 163 | use yewi_seo::{apply_icon, apply_link, apply_meta, apply_open_graph, apply_seo_twitter_card};
[INFO] [stdout]     |                                                                            ++++
[INFO] [stdout] 
[INFO] [stdout] error: aborting due to 1 previous error
[INFO] [stdout] 
[INFO] [stdout] For more information about this error, try `rustc --explain E0432`.
[INFO] [stdout] Couldn't compile the test.
[INFO] [stdout] 
[INFO] [stdout] failures:
[INFO] [stdout]     src/lib.rs - (line 105)
[INFO] [stdout]     src/lib.rs - (line 160)
[INFO] [stdout]     src/lib.rs - (line 65)
[INFO] [stdout] 
[INFO] [stdout] test result: FAILED. 1 passed; 3 failed; 0 ignored; 0 measured; 0 filtered out; finished in 0.10s
[INFO] [stdout] 
[INFO] [stdout] all doctests ran in 0.24s; merged doctests compilation took 0.14s
[INFO] [stderr] error: doctest failed, to rerun pass `--doc`
[INFO] running `Command { std: "docker" "inspect" "c1ca1d1d93db8b068cce2d9dd24274d898faf187cda9b7f52e643859307f40ee", kill_on_drop: false }`
[INFO] running `Command { std: "docker" "rm" "-f" "c1ca1d1d93db8b068cce2d9dd24274d898faf187cda9b7f52e643859307f40ee", kill_on_drop: false }`
[INFO] [stdout] c1ca1d1d93db8b068cce2d9dd24274d898faf187cda9b7f52e643859307f40ee
