[INFO] fetching crate yellowstone-jet-tpu-client 0.7.0...
[INFO] testing yellowstone-jet-tpu-client-0.7.0 against 1.100.0-beta.1 for beta-1.100-2
[INFO] extracting crate yellowstone-jet-tpu-client 0.7.0 into /workspace/builds/worker-7-tc2/source
[INFO] started tweaking crates.io crate yellowstone-jet-tpu-client 0.7.0
[INFO] removed 0 missing tests
[INFO] finished tweaking crates.io crate yellowstone-jet-tpu-client 0.7.0
[INFO] tweaked toml for crates.io crate yellowstone-jet-tpu-client 0.7.0 written to /workspace/builds/worker-7-tc2/source/Cargo.toml
[INFO] validating manifest of crates.io crate yellowstone-jet-tpu-client 0.7.0 on toolchain 1.100.0-beta.1
[INFO] running `Command { std: CARGO_HOME="/workspace/cargo-home" RUSTUP_HOME="/workspace/rustup-home" "/workspace/cargo-home/bin/cargo" "+1.100.0-beta.1" "metadata" "--manifest-path" "Cargo.toml" "--no-deps", kill_on_drop: false }`
[INFO] crate crates.io crate yellowstone-jet-tpu-client 0.7.0 already has a lockfile, it will not be regenerated
[INFO] running `Command { std: CARGO_HOME="/workspace/cargo-home" RUSTUP_HOME="/workspace/rustup-home" "/workspace/cargo-home/bin/cargo" "+1.100.0-beta.1" "fetch" "--manifest-path" "Cargo.toml", kill_on_drop: false }`
[INFO] running `Command { std: "docker" "create" "-v" "/var/lib/crater-agent-workspace/builds/worker-7-tc2/source:/opt/rustwide/workdir:ro,Z" "-v" "/var/lib/crater-agent-workspace/builds/worker-7-tc2/target:/opt/rustwide/target:rw,Z" "-v" "/var/lib/crater-agent-workspace/cargo-home:/opt/rustwide/cargo-home:ro,Z" "-v" "/var/lib/crater-agent-workspace/rustup-home:/opt/rustwide/rustup-home:ro,Z" "-m" "1610612736" "--network" "none" "ghcr.io/rust-lang/crates-build-env/linux@sha256:3111399a4047eeb3a02b7a90e478d715f38a8c6669b5c4b49d30a17385265909" "sleep" "infinity", kill_on_drop: false }`
[INFO] [stdout] 5a18eaf05edb4ab803a200ac69d59e8bad1cf2e5a70b9a3d06ce694302f2e870
[INFO] running `Command { std: "docker" "start" "5a18eaf05edb4ab803a200ac69d59e8bad1cf2e5a70b9a3d06ce694302f2e870", kill_on_drop: false }`
[INFO] running `Command { std: "docker" "inspect" "5a18eaf05edb4ab803a200ac69d59e8bad1cf2e5a70b9a3d06ce694302f2e870", kill_on_drop: false }`
[INFO] running `Command { std: "docker" "exec" "-e" "SOURCE_DIR=/opt/rustwide/workdir" "-e" "CARGO_HOME=/opt/rustwide/cargo-home" "-e" "RUSTUP_HOME=/opt/rustwide/rustup-home" "-e" "CARGO_TARGET_DIR=/opt/rustwide/target" "-w" "/opt/rustwide/workdir" "--user" "0:0" "5a18eaf05edb4ab803a200ac69d59e8bad1cf2e5a70b9a3d06ce694302f2e870" "/opt/rustwide/cargo-home/bin/cargo" "+1.100.0-beta.1" "metadata" "--no-deps" "--format-version=1", kill_on_drop: false }`
[INFO] running `Command { std: "docker" "inspect" "5a18eaf05edb4ab803a200ac69d59e8bad1cf2e5a70b9a3d06ce694302f2e870", kill_on_drop: false }`
[INFO] running `Command { std: "docker" "exec" "-e" "SOURCE_DIR=/opt/rustwide/workdir" "-e" "CARGO_HOME=/opt/rustwide/cargo-home" "-e" "RUSTUP_HOME=/opt/rustwide/rustup-home" "-e" "CARGO_TARGET_DIR=/opt/rustwide/target" "-e" "CARGO_INCREMENTAL=0" "-e" "RUST_BACKTRACE=full" "-e" "RUSTFLAGS=--cap-lints=warn" "-e" "RUSTDOCFLAGS=--cap-lints=warn" "-w" "/opt/rustwide/workdir" "--user" "0:0" "5a18eaf05edb4ab803a200ac69d59e8bad1cf2e5a70b9a3d06ce694302f2e870" "/opt/rustwide/cargo-home/bin/cargo" "+1.100.0-beta.1" "build" "--frozen" "--message-format=json", kill_on_drop: false }`
[INFO] [stderr]    Compiling quote v1.0.46
[INFO] [stderr]    Compiling libc v0.2.186
[INFO] [stderr]    Compiling serde_core v1.0.228
[INFO] [stderr]    Compiling serde v1.0.228
[INFO] [stderr]    Compiling subtle v2.6.1
[INFO] [stderr]    Compiling cfg_aliases v0.2.1
[INFO] [stderr]    Compiling ident_case v1.0.1
[INFO] [stderr]    Compiling strsim v0.11.1
[INFO] [stderr]    Compiling winnow v1.0.4
[INFO] [stderr]    Compiling toml_datetime v1.1.1+spec-1.1.0
[INFO] [stderr]    Compiling borsh v1.7.0
[INFO] [stderr]    Compiling pastey v0.2.3
[INFO] [stderr]    Compiling syn v2.0.119
[INFO] [stderr]    Compiling five8_core v1.0.0
[INFO] [stderr]    Compiling semver v1.0.28
[INFO] [stderr]    Compiling wincode v0.5.5
[INFO] [stderr]    Compiling solana-sanitize v3.0.1
[INFO] [stderr]    Compiling five8 v1.0.0
[INFO] [stderr]    Compiling five8_const v1.0.0
[INFO] [stderr]    Compiling sha2-const-stable v0.1.0
[INFO] [stderr]    Compiling rustc_version v0.4.1
[INFO] [stderr]    Compiling solana-atomic-u64 v3.0.1
[INFO] [stderr]    Compiling memchr v2.8.3
[INFO] [stderr]    Compiling curve25519-dalek v4.1.3
[INFO] [stderr]    Compiling zerocopy v0.8.54
[INFO] [stderr]    Compiling find-msvc-tools v0.1.9
[INFO] [stderr]    Compiling smallvec v1.15.2
[INFO] [stderr]    Compiling toml_parser v1.1.2+spec-1.1.0
[INFO] [stderr]    Compiling either v1.16.0
[INFO] [stderr]    Compiling parking_lot_core v0.9.12
[INFO] [stderr]    Compiling futures-core v0.3.32
[INFO] [stderr]    Compiling lock_api v0.4.14
[INFO] [stderr]    Compiling futures-sink v0.3.32
[INFO] [stderr]    Compiling toml_edit v0.25.13+spec-1.1.0
[INFO] [stderr]    Compiling bs58 v0.5.1
[INFO] [stderr]    Compiling futures-channel v0.3.32
[INFO] [stderr]    Compiling futures-io v0.3.32
[INFO] [stderr]    Compiling futures-task v0.3.32
[INFO] [stderr]    Compiling getrandom v0.2.17
[INFO] [stderr]    Compiling getrandom v0.3.4
[INFO] [stderr]    Compiling rand_core v0.6.4
[INFO] [stderr]    Compiling rand_core v0.9.5
[INFO] [stderr]    Compiling jobserver v0.1.35
[INFO] [stderr]    Compiling crypto-common v0.1.7
[INFO] [stderr]    Compiling errno v0.3.14
[INFO] [stderr]    Compiling digest v0.10.7
[INFO] [stderr]    Compiling socket2 v0.6.5
[INFO] [stderr]    Compiling parking_lot v0.12.5
[INFO] [stderr]    Compiling signal-hook-registry v1.4.8
[INFO] [stderr]    Compiling proc-macro-crate v3.5.0
[INFO] [stderr]    Compiling sha2 v0.10.9
[INFO] [stderr]    Compiling cc v1.2.67
[INFO] [stderr]    Compiling mio v1.2.2
[INFO] [stderr]    Compiling signature v2.2.0
[INFO] [stderr]    Compiling bitflags v2.13.1
[INFO] [stderr]    Compiling solana-program-memory v3.1.0
[INFO] [stderr]    Compiling ed25519 v2.2.3
[INFO] [stderr]    Compiling untrusted v0.9.0
[INFO] [stderr]    Compiling rustls v0.23.42
[INFO] [stderr]    Compiling serde_json v1.0.150
[INFO] [stderr]    Compiling feature-probe v0.1.1
[INFO] [stderr]    Compiling pbkdf2 v0.11.0
[INFO] [stderr]    Compiling hmac v0.12.1
[INFO] [stderr]    Compiling solana-define-syscall v4.0.1
[INFO] [stderr]    Compiling miniz_oxide v0.8.9
[INFO] [stderr]    Compiling solana-seed-phrase v3.0.0
[INFO] [stderr]    Compiling bv v0.11.1
[INFO] [stderr]    Compiling sync_wrapper v1.0.2
[INFO] [stderr]    Compiling httpdate v1.0.3
[INFO] [stderr]    Compiling anyhow v1.0.103
[INFO] [stderr]    Compiling serde_bytes v0.11.19
[INFO] [stderr]    Compiling itertools v0.14.0
[INFO] [stderr]    Compiling ipnet v2.12.0
[INFO] [stderr]    Compiling crossbeam-utils v0.8.22
[INFO] [stderr]    Compiling flate2 v1.1.9
[INFO] [stderr]    Compiling darling_core v0.23.0
[INFO] [stderr]    Compiling synstructure v0.13.2
[INFO] [stderr]    Compiling ring v0.17.14
[INFO] [stderr]    Compiling zstd-sys v2.0.16+zstd.1.5.7
[INFO] [stderr]    Compiling alloc-no-stdlib v2.0.4
[INFO] [stderr]    Compiling zstd-safe v7.2.4
[INFO] [stderr]    Compiling solana-msg v3.1.0
[INFO] [stderr]    Compiling alloc-stdlib v0.2.4
[INFO] [stderr]    Compiling void v1.0.2
[INFO] [stderr]    Compiling brotli-decompressor v5.0.3
[INFO] [stderr]    Compiling unreachable v1.0.0
[INFO] [stderr]    Compiling ascii v0.9.3
[INFO] [stderr]    Compiling combine v3.8.1
[INFO] [stderr]    Compiling hash32 v0.3.1
[INFO] [stderr]    Compiling num-integer v0.1.46
[INFO] [stderr]    Compiling brotli v8.0.4
[INFO] [stderr]    Compiling compression-core v0.4.32
[INFO] [stderr]    Compiling serde_derive v1.0.228
[INFO] [stderr]    Compiling zeroize_derive v1.5.0
[INFO] [stderr]    Compiling thiserror-impl v2.0.18
[INFO] [stderr]    Compiling zeroize v1.9.0
[INFO] [stderr]    Compiling bytemuck_derive v1.11.0
[INFO] [stderr]    Compiling thiserror v2.0.18
[INFO] [stderr]    Compiling borsh-derive v1.7.0
[INFO] [stderr]    Compiling darling_macro v0.23.0
[INFO] [stderr]    Compiling bytemuck v1.25.1
[INFO] [stderr]    Compiling darling v0.23.0
[INFO] [stderr]    Compiling wincode-derive v0.4.6
[INFO] [stderr]    Compiling curve25519-dalek-derive v0.1.1
[INFO] [stderr]    Compiling solana-nullable v1.2.0
[INFO] [stderr]    Compiling ppv-lite86 v0.2.21
[INFO] [stderr]    Compiling tokio-macros v2.7.0
[INFO] [stderr]    Compiling rand_chacha v0.9.0
[INFO] [stderr]    Compiling rand v0.9.5
[INFO] [stderr]    Compiling solana-sdk-macro v3.0.1
[INFO] [stderr]    Compiling futures-macro v0.3.32
[INFO] [stderr]    Compiling rustls-pki-types v1.15.0
[INFO] [stderr]    Compiling displaydoc v0.2.6
[INFO] [stderr]    Compiling tracing-attributes v0.1.31
[INFO] [stderr]    Compiling futures-util v0.3.32
[INFO] [stderr]    Compiling zerofrom-derive v0.1.7
[INFO] [stderr]    Compiling solana-program-error v3.0.1
[INFO] [stderr]    Compiling yoke-derive v0.8.2
[INFO] [stderr]    Compiling solana-instruction-error v2.4.0
[INFO] [stderr]    Compiling bytes v1.12.1
[INFO] [stderr]    Compiling bincode v1.3.3
[INFO] [stderr]    Compiling solana-transaction-error v3.3.1
[INFO] [stderr]    Compiling serde-big-array v0.5.1
[INFO] [stderr]    Compiling zerofrom v0.1.8
[INFO] [stderr]    Compiling tracing v0.1.44
[INFO] [stderr]    Compiling yoke v0.8.3
[INFO] [stderr]    Compiling tokio v1.52.3
[INFO] [stderr]    Compiling solana-hash v4.5.0
[INFO] [stderr]    Compiling ed25519-dalek v2.2.0
[INFO] [stderr]    Compiling http v1.4.2
[INFO] [stderr]    Compiling solana-sha256-hasher v3.1.0
[INFO] [stderr]    Compiling solana-signature v3.4.1
[INFO] [stderr]    Compiling solana-address v2.6.1
[INFO] [stderr]    Compiling rustls-webpki v0.103.13
[INFO] [stderr]    Compiling solana-pubkey v4.2.0
[INFO] [stderr]    Compiling solana-sdk-ids v3.1.0
[INFO] [stderr]    Compiling solana-instruction v3.4.0
[INFO] [stderr]    Compiling solana-sysvar-id v3.1.0
[INFO] [stderr]    Compiling solana-get-sysvar v1.0.0
[INFO] [stderr]    Compiling solana-account-info v3.1.1
[INFO] [stderr]    Compiling solana-signer v3.0.1
[INFO] [stderr]    Compiling solana-clock v3.1.1
[INFO] [stderr]    Compiling zerovec-derive v0.11.3
[INFO] [stderr]    Compiling http-body v1.1.0
[INFO] [stderr]    Compiling solana-epoch-schedule v3.2.0
[INFO] [stderr]    Compiling rand_chacha v0.3.1
[INFO] [stderr]    Compiling solana-slot-hashes v3.1.0
[INFO] [stderr]    Compiling rand v0.8.7
[INFO] [stderr]    Compiling solana-rent v4.3.0
[INFO] [stderr]    Compiling solana-fee-calculator v3.2.2
[INFO] [stderr]    Compiling solana-stake-history v1.0.0
[INFO] [stderr]    Compiling solana-program-entrypoint v3.1.1
[INFO] [stderr]    Compiling solana-last-restart-slot v3.1.0
[INFO] [stderr]    Compiling solana-epoch-rewards v3.1.0
[INFO] [stderr]    Compiling zerovec v0.11.6
[INFO] [stderr]    Compiling zerotrie v0.2.4
[INFO] [stderr]    Compiling thiserror-impl v1.0.69
[INFO] [stderr]    Compiling http-body-util v0.1.4
[INFO] [stderr]    Compiling solana-short-vec v3.2.2
[INFO] [stderr]    Compiling solana-slot-history v3.1.0
[INFO] [stderr]    Compiling solana-serialize-utils v3.1.2
[INFO] [stderr]    Compiling tinystr v0.8.3
[INFO] [stderr]    Compiling potential_utf v0.1.5
[INFO] [stderr]    Compiling icu_collections v2.2.0
[INFO] [stderr]    Compiling solana-sysvar v4.1.0
[INFO] [stderr]    Compiling icu_locale_core v2.2.0
[INFO] [stderr]    Compiling solana-instructions-sysvar v3.0.1
[INFO] [stderr]    Compiling solana-account v4.3.1
[INFO] [stderr]    Compiling thiserror v1.0.69
[INFO] [stderr]    Compiling webpki-roots v1.0.8
[INFO] [stderr]    Compiling solana-message v4.3.0
[INFO] [stderr]    Compiling solana-address v1.1.0
[INFO] [stderr]    Compiling solana-pubkey v3.0.0
[INFO] [stderr]    Compiling solana-sbpf v0.21.0
[INFO] [stderr]    Compiling solana-keypair v3.1.2
[INFO] [stderr]    Compiling compression-codecs v0.4.38
[INFO] [stderr]    Compiling num-derive v0.4.2
[INFO] [stderr]    Compiling icu_provider v2.2.0
[INFO] [stderr]    Compiling solana-transaction v4.1.5
[INFO] [stderr]    Compiling icu_properties v2.2.0
[INFO] [stderr]    Compiling icu_normalizer v2.2.0
[INFO] [stderr]    Compiling ahash v0.8.12
[INFO] [stderr]    Compiling solana-svm-feature-set v4.1.2
[INFO] [stderr]    Compiling cipher v0.4.4
[INFO] [stderr]    Compiling solana-system-interface v3.2.0
[INFO] [stderr]    Compiling async-trait v0.1.89
[INFO] [stderr]    Compiling tokio-util v0.7.18
[INFO] [stderr]    Compiling tokio-rustls v0.26.4
[INFO] [stderr]    Compiling idna_adapter v1.2.2
[INFO] [stderr]    Compiling async-compression v0.4.42
[INFO] [stderr]    Compiling idna v1.1.0
[INFO] [stderr]    Compiling solana-transaction-context v4.1.2
[INFO] [stderr]    Compiling h2 v0.4.16
[INFO] [stderr]    Compiling tower v0.5.3
[INFO] [stderr]    Compiling url v2.5.8
[INFO] [stderr]    Compiling serde_urlencoded v0.7.1
[INFO] [stderr]    Compiling serde_with_macros v3.21.0
[INFO] [stderr]    Compiling zstd v0.13.3
[INFO] [stderr]    Compiling tower-http v0.6.11
[INFO] [stderr]    Compiling num_enum_derive v0.7.6
[INFO] [stderr]    Compiling uriparse v0.6.4
[INFO] [stderr]    Compiling universal-hash v0.5.1
[INFO] [stderr]    Compiling qstring v0.7.2
[INFO] [stderr]    Compiling opaque-debug v0.3.1
[INFO] [stderr]    Compiling keccak v0.1.6
[INFO] [stderr]    Compiling portable-atomic v1.13.1
[INFO] [stderr]    Compiling derivation-path v0.2.0
[INFO] [stderr]    Compiling num_enum v0.7.6
[INFO] [stderr]    Compiling polyval v0.6.2
[INFO] [stderr]    Compiling solana-derivation-path v3.0.0
[INFO] [stderr]    Compiling rustls-native-certs v0.8.4
[INFO] [stderr]    Compiling serde_with v3.21.0
[INFO] [stderr]    Compiling aes v0.8.4
[INFO] [stderr]    Compiling ctr v0.9.2
[INFO] [stderr]    Compiling solana-cpi v3.1.0
[INFO] [stderr]    Compiling prost-derive v0.14.4
[INFO] [stderr]    Compiling cfg_eval v0.1.2
[INFO] [stderr]    Compiling aead v0.5.2
[INFO] [stderr]    Compiling num-bigint v0.2.6
[INFO] [stderr]    Compiling solana-stake-interface v3.1.0
[INFO] [stderr]    Compiling spl-discriminator-syn v0.2.1
[INFO] [stderr]    Compiling solana-seed-derivable v3.0.0
[INFO] [stderr]    Compiling aes-gcm-siv v0.11.1
[INFO] [stderr]    Compiling merlin v3.0.0
[INFO] [stderr]    Compiling sha3 v0.10.9
[INFO] [stderr]    Compiling futures-executor v0.3.32
[INFO] [stderr]    Compiling solana-loader-v3-interface v7.0.0
[INFO] [stderr]    Compiling solana-serde-varint v3.0.1
[INFO] [stderr]    Compiling solana-zero-copy v1.1.1
[INFO] [stderr]    Compiling itertools v0.12.1
[INFO] [stderr]    Compiling num-complex v0.2.4
[INFO] [stderr]    Compiling num-rational v0.2.4
[INFO] [stderr]    Compiling rustix v1.1.4
[INFO] [stderr]    Compiling crossbeam-epoch v0.9.20
[INFO] [stderr]    Compiling nom v7.1.3
[INFO] [stderr]    Compiling solana-account-decoder-client-types v4.1.2
[INFO] [stderr]    Compiling time-macros v0.2.31
[INFO] [stderr]    Compiling futures v0.3.32
[INFO] [stderr]    Compiling spl-discriminator-derive v0.2.0
[INFO] [stderr]    Compiling solana-commitment-config v3.1.1
[INFO] [stderr]    Compiling crossbeam-channel v0.5.16
[INFO] [stderr]    Compiling hyper v1.10.1
[INFO] [stderr]    Compiling core-error v0.0.0
[INFO] [stderr]    Compiling rand_core v0.10.1
[INFO] [stderr]    Compiling solana-zk-sdk v4.0.0
[INFO] [stderr]    Compiling allocator-api2 v0.2.21
[INFO] [stderr]    Compiling solana-program-option v3.1.0
[INFO] [stderr]    Compiling data-encoding v2.11.0
[INFO] [stderr]    Compiling solana-version v4.1.2
[INFO] [stderr]    Compiling crossbeam-deque v0.8.7
[INFO] [stderr]    Compiling object v0.36.7
[INFO] [stderr]    Compiling linux-raw-sys v0.12.1
[INFO] [stderr]    Compiling rusticata-macros v4.1.0
[INFO] [stderr]    Compiling hashbrown v0.15.5
[INFO] [stderr]    Compiling time v0.3.53
[INFO] [stderr]    Compiling hyper-util v0.1.20
[INFO] [stderr]    Compiling spl-discriminator v0.5.2
[INFO] [stderr]    Compiling agave-feature-set v4.1.2
[INFO] [stderr]    Compiling solana-reward-info v6.2.0
[INFO] [stderr]    Compiling enum-iterator-derive v1.5.0
[INFO] [stderr]    Compiling asn1-rs-impl v0.2.0
[INFO] [stderr]    Compiling asn1-rs-derive v0.6.0
[INFO] [stderr]    Compiling num-iter v0.1.46
[INFO] [stderr]    Compiling memoffset v0.9.1
[INFO] [stderr]    Compiling pulldown-cmark v0.13.4
[INFO] [stderr]    Compiling getrandom v0.4.3
[INFO] [stderr]    Compiling siphasher v1.0.3
[INFO] [stderr]    Compiling rayon-core v1.13.0
[INFO] [stderr]    Compiling libm v0.2.16
[INFO] [stderr]    Compiling prettyplease v0.2.37
[INFO] [stderr]    Compiling enum-iterator v2.3.0
[INFO] [stderr]    Compiling num v0.2.1
[INFO] [stderr]    Compiling solana-transaction-status-client-types v4.1.2
[INFO] [stderr]    Compiling gethostname v1.1.0
[INFO] [stderr]    Compiling tokio-stream v0.1.18
[INFO] [stderr]    Compiling solana-cluster-type v3.1.0
[INFO] [stderr]    Compiling solana-svm-type-overrides v4.1.2
[INFO] [stderr]    Compiling aho-corasick v1.1.4
[INFO] [stderr]    Compiling asn1-rs v0.7.2
[INFO] [stderr]    Compiling hyper-rustls v0.27.9
[INFO] [stderr]    Compiling reqwest v0.12.28
[INFO] [stderr]    Compiling solana-precompile-error v3.0.0
[INFO] [stderr]    Compiling nix v0.31.3
[INFO] [stderr]    Compiling oid-registry v0.8.1
[INFO] [stderr]    Compiling solana-time-utils v3.0.0
[INFO] [stderr]    Compiling eager v0.1.0
[INFO] [stderr]    Compiling unicase v2.9.0
[INFO] [stderr]    Compiling regex-syntax v0.8.11
[INFO] [stderr]    Compiling solana-inflation v3.1.1
[INFO] [stderr]    Compiling cpufeatures v0.3.0
[INFO] [stderr]    Compiling chacha20 v0.10.1
[INFO] [stderr]    Compiling solana-rpc-client-types v4.1.2
[INFO] [stderr]    Compiling spl-pod v0.7.3
[INFO] [stderr]    Compiling prost v0.14.4
[INFO] [stderr]    Compiling regex-automata v0.4.16
[INFO] [stderr]    Compiling solana-svm-timings v4.1.2
[INFO] [stderr]    Compiling solana-svm-callback v4.1.2
[INFO] [stderr]    Compiling solana-metrics v4.1.2
[INFO] [stderr]    Compiling percentage v0.1.0
[INFO] [stderr]    Compiling spl-type-length-value v0.9.1
[INFO] [stderr]    Compiling solana-svm-transaction v4.1.2
[INFO] [stderr]    Compiling solana-stable-layout v3.0.1
[INFO] [stderr]    Compiling solana-curve25519 v3.1.14
[INFO] [stderr]    Compiling solana-program-pack v3.1.0
[INFO] [stderr]    Compiling aya-obj v0.2.1
[INFO] [stderr]    Compiling solana-borsh v3.0.2
[INFO] [stderr]    Compiling num-bigint v0.4.8
[INFO] [stderr]    Compiling num_cpus v1.17.0
[INFO] [stderr]    Compiling solana-svm-log-collector v4.1.2
[INFO] [stderr]    Compiling quinn-udp v0.5.15
[INFO] [stderr]    Compiling assert_matches v1.5.0
[INFO] [stderr]    Compiling solana-fee-structure v3.0.0
[INFO] [stderr]    Compiling fixedbitset v0.5.7
[INFO] [stderr]    Compiling fastrand v2.4.1
[INFO] [stderr]    Compiling foldhash v0.2.0
[INFO] [stderr]    Compiling arrayref v0.3.9
[INFO] [stderr]    Compiling solana-svm-measure v4.1.2
[INFO] [stderr]    Compiling tinyvec_macros v0.1.1
[INFO] [stderr]    Compiling tempfile v3.27.0
[INFO] [stderr]    Compiling tinyvec v1.12.0
[INFO] [stderr]    Compiling solana-program-runtime v4.1.2
[INFO] [stderr]    Compiling petgraph v0.8.3
[INFO] [stderr]    Compiling der-parser v10.0.0
[INFO] [stderr]    Compiling aya v0.13.1
[INFO] [stderr]    Compiling fastbloom v0.17.0
[INFO] [stderr]    Compiling axum-core v0.5.6
[INFO] [stderr]    Compiling regex v1.13.1
[INFO] [stderr]    Compiling spl-token-metadata-interface v0.8.0
[INFO] [stderr]    Compiling spl-token-confidential-transfer-proof-extraction v0.5.1
[INFO] [stderr]    Compiling rand v0.10.2
[INFO] [stderr]    Compiling pulldown-cmark-to-cmark v22.0.0
[INFO] [stderr]    Compiling rayon v1.12.0
[INFO] [stderr]    Compiling reqwest-middleware v0.4.2
[INFO] [stderr]    Compiling prost-types v0.14.4
[INFO] [stderr]    Compiling spl-token-confidential-transfer-proof-generation v0.5.1
[INFO] [stderr]    Compiling spl-token-group-interface v0.7.2
[INFO] [stderr]    Compiling rand_pcg v0.10.2
[INFO] [stderr]    Compiling jsonrpc-core v18.0.0
[INFO] [stderr]    Compiling solana-packet v4.2.0
[INFO] [stderr]    Compiling rustls-platform-verifier v0.7.0
[INFO] [stderr]    Compiling solana-system-interface v2.0.0
[INFO] [stderr]    Compiling solana-account v3.4.0
[INFO] [stderr]    Compiling pin-project-internal v1.1.13
[INFO] [stderr]    Compiling arc-swap v1.9.2
[INFO] [stderr]    Compiling caps v0.5.6
[INFO] [stderr]    Compiling quinn v0.11.11
[INFO] [stderr]    Compiling rustc-hash v2.1.3
[INFO] [stderr]    Compiling multimap v0.10.1
[INFO] [stderr]    Compiling lru-slab v0.1.2
[INFO] [stderr]    Compiling solana-perf v4.1.2
[INFO] [stderr]    Compiling unicode-width v0.2.2
[INFO] [stderr]    Compiling hashbrown v0.14.5
[INFO] [stderr]    Compiling matchit v0.8.4
[INFO] [stderr]    Compiling prost-build v0.14.4
[INFO] [stderr]    Compiling console v0.16.4
[INFO] [stderr]    Compiling axum v0.8.9
[INFO] [stderr]    Compiling dashmap v5.5.3
[INFO] [stderr]    Compiling quinn-proto v0.11.16
[INFO] [stderr]    Compiling pin-project v1.1.13
[INFO] [stderr]    Compiling solana-config-interface v2.0.0
[INFO] [stderr]    Compiling solana-rpc-client-api v4.1.2
[INFO] [stderr]    Compiling agave-transaction-view v4.1.2
[INFO] [stderr]    Compiling spl-token-2022-interface v2.1.0
[INFO] [stderr]    Compiling agave-xdp-ebpf v4.1.2
[INFO] [stderr]    Compiling x509-parser v0.18.1
[INFO] [stderr]    Compiling Inflector v0.11.4
[INFO] [stderr]    Compiling spl-token-interface v2.0.0
[INFO] [stderr]    Compiling core_affinity v0.8.3
[INFO] [stderr]    Compiling tonic-build v0.14.6
[INFO] [stderr]    Compiling hyper-timeout v0.5.2
[INFO] [stderr]    Compiling solana-vote-interface v6.0.3
[INFO] [stderr]    Compiling spl-generic-token v2.0.1
[INFO] [stderr]    Compiling webpki-roots v0.26.11
[INFO] [stderr]    Compiling solana-nonce v3.2.0
[INFO] [stderr]    Compiling solana-address-lookup-table-interface v3.1.0
[INFO] [stderr]    Compiling solana-epoch-info v3.1.0
[INFO] [stderr]    Compiling solana-serde v3.0.0
[INFO] [stderr]    Compiling concurrent-queue v2.5.0
[INFO] [stderr]    Compiling sha1 v0.10.7
[INFO] [stderr]    Compiling protoc-bin-vendored-linux-x86_64 v3.2.0
[INFO] [stderr]    Compiling parking v2.2.1
[INFO] [stderr]    Compiling protoc-bin-vendored-linux-aarch_64 v3.2.0
[INFO] [stderr]    Compiling protoc-bin-vendored-win32 v3.2.0
[INFO] [stderr]    Compiling protoc-bin-vendored-linux-x86_32 v3.2.0
[INFO] [stderr]    Compiling solana-measure v4.1.2
[INFO] [stderr]    Compiling base64 v0.13.1
[INFO] [stderr]    Compiling protoc-bin-vendored-macos-x86_64 v3.2.0
[INFO] [stderr]    Compiling protoc-bin-vendored-linux-s390_64 v3.2.0
[INFO] [stderr]    Compiling unit-prefix v0.5.2
[INFO] [stderr]    Compiling protoc-bin-vendored-macos-aarch_64 v3.2.0
[INFO] [stderr]    Compiling protoc-bin-vendored-linux-ppcle_64 v3.2.0
[INFO] [stderr]    Compiling protoc-bin-vendored v3.2.0
[INFO] [stderr]    Compiling solana-connection-cache v4.1.2
[INFO] [stderr]    Compiling indicatif v0.18.6
[INFO] [stderr]    Compiling tungstenite v0.28.0
[INFO] [stderr]    Compiling pem v1.1.1
[INFO] [stderr]    Compiling event-listener v5.4.1
[INFO] [stderr]    Compiling solana-net-utils v4.1.2
[INFO] [stderr]    Compiling solana-account-decoder v4.1.2
[INFO] [stderr]    Compiling tonic v0.14.6
[INFO] [stderr]    Compiling solana-tls-utils v4.1.2
[INFO] [stderr]    Compiling tonic-prost-build v0.14.6
[INFO] [stderr]    Compiling agave-xdp v4.1.2
[INFO] [stderr]    Compiling solana-feature-gate-interface v4.0.0
[INFO] [stderr]    Compiling histogram v0.6.9
[INFO] [stderr]    Compiling solana-rpc-client v4.1.2
[INFO] [stderr]    Compiling solana-streamer v4.1.2
[INFO] [stderr]    Compiling yellowstone-grpc-proto v12.5.0
[INFO] [stderr]    Compiling tokio-tungstenite v0.28.0
[INFO] [stderr]    Compiling event-listener-strategy v0.5.4
[INFO] [stderr]    Compiling convert_case v0.10.0
[INFO] [stderr]    Compiling async-lock v3.4.2
[INFO] [stderr]    Compiling solana-pubsub-client v4.1.2
[INFO] [stderr]    Compiling solana-client-traits v4.0.0
[INFO] [stderr]    Compiling derive_more-impl v2.1.1
[INFO] [stderr]    Compiling tonic-prost v0.14.6
[INFO] [stderr]    Compiling tonic-health v0.14.6
[INFO] [stderr]    Compiling solana-quic-client v4.1.2
[INFO] [stderr]    Compiling solana-udp-client v4.1.2
[INFO] [stderr]    Compiling humantime v2.4.0
[INFO] [stderr]    Compiling yellowstone-jet-tpu-client v0.7.0 (/opt/rustwide/workdir)
[INFO] [stderr]    Compiling unsafe-libyaml v0.2.11
[INFO] [stderr]    Compiling derive_more v2.1.1
[INFO] [stderr]    Compiling humantime-serde v1.1.1
[INFO] [stderr]    Compiling retry v2.2.0
[INFO] [stderr]    Compiling hostname v0.4.2
[INFO] [stderr]    Compiling maplit v1.0.2
[INFO] [stderr]    Compiling serde_yaml v0.9.34+deprecated
[INFO] [stderr]    Compiling yellowstone-grpc-client v13.2.1
[INFO] [stderr]    Compiling solana-rpc-client-nonce-utils v4.1.2
[INFO] [stderr]    Compiling solana-tpu-client v4.1.2
[INFO] [stderr]    Compiling solana-client v4.1.2
[INFO] [stdout] warning: unused variable: `last_metric_update`
[INFO] [stdout]     --> src/core.rs:3051:13
[INFO] [stdout]      |
[INFO] [stdout] 3051 |         let mut last_metric_update = Instant::now();
[INFO] [stdout]      |             ^^^^^^^^^^^^^^^^^^^^^^ help: if this is intentional, prefix it with an underscore: `_last_metric_update`
[INFO] [stdout]      |
[INFO] [stdout]      = note: `#[warn(unused_variables)]` (part of `#[warn(unused)]`) on by default
[INFO] [stdout] 
[INFO] [stdout] 
[INFO] [stdout] warning: method `len` is never used
[INFO] [stdout]    --> src/core.rs:430:14
[INFO] [stdout]     |
[INFO] [stdout] 429 | impl OrphanConnectionSet {
[INFO] [stdout]     | ------------------------ method in this implementation
[INFO] [stdout] 430 |     const fn len(&self) -> usize {
[INFO] [stdout]     |              ^^^
[INFO] [stdout]     |
[INFO] [stdout]     = note: `#[warn(dead_code)]` (part of `#[warn(unused)]`) on by default
[INFO] [stdout] 
[INFO] [stdout] 
[INFO] [stderr] warning: unused dependency `hostname`
[INFO] [stderr]   --> Cargo.toml:32:15
[INFO] [stderr]    |
[INFO] [stderr] 32 | [dependencies.hostname]
[INFO] [stderr]    |               ^^^^^^^^^
[INFO] [stderr]    |
[INFO] [stderr]    = note: `cargo::unused_dependencies` is set to `warn` by default
[INFO] [stderr] help: consider removing the dependency on `hostname`
[INFO] [stderr] warning: unused dependency `maplit`
[INFO] [stderr]   --> Cargo.toml:47:15
[INFO] [stderr]    |
[INFO] [stderr] 47 | [dependencies.maplit]
[INFO] [stderr]    |               ^^^^^^^
[INFO] [stderr]    |
[INFO] [stderr] help: consider removing the dependency on `maplit`
[INFO] [stderr] warning: unused dependency `serde_yaml`
[INFO] [stderr]   --> Cargo.toml:82:15
[INFO] [stderr]    |
[INFO] [stderr] 82 | [dependencies.serde_yaml]
[INFO] [stderr]    |               ^^^^^^^^^^^
[INFO] [stderr]    |
[INFO] [stderr] help: consider removing the dependency on `serde_yaml`
[INFO] [stderr] warning: `yellowstone-jet-tpu-client` (manifest) generated 3 warnings
[INFO] [stderr]     Finished `dev` profile [unoptimized + debuginfo] target(s) in 5m 20s
[INFO] [stderr] warning: the following packages contain code that will be rejected by a future version of Rust: borsh v1.7.0, nix v0.31.3, quinn v0.11.11, quinn-udp v0.5.15
[INFO] [stderr] note: to see what the problems were, use the option `--future-incompat-report`, or run `cargo report future-incompatibilities --id 2`
[INFO] running `Command { std: "docker" "inspect" "5a18eaf05edb4ab803a200ac69d59e8bad1cf2e5a70b9a3d06ce694302f2e870", kill_on_drop: false }`
[INFO] running `Command { std: "docker" "exec" "-e" "SOURCE_DIR=/opt/rustwide/workdir" "-e" "CARGO_HOME=/opt/rustwide/cargo-home" "-e" "RUSTUP_HOME=/opt/rustwide/rustup-home" "-e" "CARGO_TARGET_DIR=/opt/rustwide/target" "-e" "CARGO_INCREMENTAL=0" "-e" "RUST_BACKTRACE=full" "-e" "RUSTFLAGS=--cap-lints=warn" "-e" "RUSTDOCFLAGS=--cap-lints=warn" "-w" "/opt/rustwide/workdir" "--user" "0:0" "5a18eaf05edb4ab803a200ac69d59e8bad1cf2e5a70b9a3d06ce694302f2e870" "/opt/rustwide/cargo-home/bin/cargo" "+1.100.0-beta.1" "test" "--frozen" "--no-run" "--message-format=json", kill_on_drop: false }`
[INFO] [stderr]    Compiling log v0.4.33
[INFO] [stderr]    Compiling tokio v1.52.3
[INFO] [stderr]    Compiling tracing-core v0.1.36
[INFO] [stderr]    Compiling regex-automata v0.4.16
[INFO] [stderr]    Compiling sharded-slab v0.1.7
[INFO] [stderr]    Compiling thread_local v1.1.10
[INFO] [stderr]    Compiling nu-ansi-term v0.50.3
[INFO] [stderr]    Compiling rustls v0.23.42
[INFO] [stderr]    Compiling solana-fee-calculator v3.2.2
[INFO] [stderr]    Compiling solana-sbpf v0.21.0
[INFO] [stderr]    Compiling tracing v0.1.44
[INFO] [stderr]    Compiling solana-sysvar v4.1.0
[INFO] [stderr]    Compiling solana-svm-log-collector v4.1.2
[INFO] [stderr]    Compiling aya-obj v0.2.1
[INFO] [stderr]    Compiling jsonrpc-core v18.0.0
[INFO] [stderr]    Compiling quinn-udp v0.5.15
[INFO] [stderr]    Compiling solana-account v4.3.1
[INFO] [stderr]    Compiling solana-stake-interface v3.1.0
[INFO] [stderr]    Compiling solana-account-decoder-client-types v4.1.2
[INFO] [stderr]    Compiling solana-svm-callback v4.1.2
[INFO] [stderr]    Compiling solana-nonce v3.2.0
[INFO] [stderr]    Compiling prost-build v0.14.4
[INFO] [stderr]    Compiling solana-client-traits v4.0.0
[INFO] [stderr]    Compiling aya v0.13.1
[INFO] [stderr]    Compiling tracing-log v0.2.0
[INFO] [stderr]    Compiling solana-transaction-context v4.1.2
[INFO] [stderr]    Compiling solana-transaction-status-client-types v4.1.2
[INFO] [stderr]    Compiling regex v1.13.1
[INFO] [stderr]    Compiling solana-program-runtime v4.1.2
[INFO] [stderr]    Compiling tokio-util v0.7.18
[INFO] [stderr]    Compiling tokio-rustls v0.26.4
[INFO] [stderr]    Compiling async-compression v0.4.42
[INFO] [stderr]    Compiling h2 v0.4.16
[INFO] [stderr]    Compiling tower v0.5.3
[INFO] [stderr]    Compiling tokio-stream v0.1.18
[INFO] [stderr]    Compiling solana-rpc-client-types v4.1.2
[INFO] [stderr]    Compiling tower-http v0.6.11
[INFO] [stderr]    Compiling rustls-platform-verifier v0.7.0
[INFO] [stderr]    Compiling axum v0.8.9
[INFO] [stderr]    Compiling quinn-proto v0.11.16
[INFO] [stderr]    Compiling agave-transaction-view v4.1.2
[INFO] [stderr]    Compiling agave-xdp-ebpf v4.1.2
[INFO] [stderr]    Compiling Inflector v0.11.4
[INFO] [stderr]    Compiling agave-xdp v4.1.2
[INFO] [stderr]    Compiling solana-account-decoder v4.1.2
[INFO] [stderr]    Compiling solana-tls-utils v4.1.2
[INFO] [stderr]    Compiling tungstenite v0.28.0
[INFO] [stderr]    Compiling solana-net-utils v4.1.2
[INFO] [stderr]    Compiling tonic-prost-build v0.14.6
[INFO] [stderr]    Compiling yellowstone-grpc-proto v12.5.0
[INFO] [stderr]    Compiling tokio-tungstenite v0.28.0
[INFO] [stderr]    Compiling solana-pubsub-client v4.1.2
[INFO] [stderr]    Compiling matchers v0.2.0
[INFO] [stderr]    Compiling hyper v1.10.1
[INFO] [stderr]    Compiling tracing-serde v0.2.0
[INFO] [stderr]    Compiling tracing-subscriber v0.3.23
[INFO] [stderr]    Compiling quinn v0.11.11
[INFO] [stderr]    Compiling hyper-util v0.1.20
[INFO] [stderr]    Compiling hyper-rustls v0.27.9
[INFO] [stderr]    Compiling hyper-timeout v0.5.2
[INFO] [stderr]    Compiling tonic v0.14.6
[INFO] [stderr]    Compiling reqwest v0.12.28
[INFO] [stderr]    Compiling solana-metrics v4.1.2
[INFO] [stderr]    Compiling reqwest-middleware v0.4.2
[INFO] [stderr]    Compiling tonic-prost v0.14.6
[INFO] [stderr]    Compiling solana-rpc-client-api v4.1.2
[INFO] [stderr]    Compiling solana-perf v4.1.2
[INFO] [stderr]    Compiling solana-connection-cache v4.1.2
[INFO] [stderr]    Compiling solana-streamer v4.1.2
[INFO] [stderr]    Compiling solana-rpc-client v4.1.2
[INFO] [stderr]    Compiling tonic-health v0.14.6
[INFO] [stderr]    Compiling yellowstone-grpc-client v13.2.1
[INFO] [stderr]    Compiling solana-udp-client v4.1.2
[INFO] [stderr]    Compiling solana-quic-client v4.1.2
[INFO] [stderr]    Compiling solana-rpc-client-nonce-utils v4.1.2
[INFO] [stderr]    Compiling solana-tpu-client v4.1.2
[INFO] [stderr]    Compiling solana-client v4.1.2
[INFO] [stderr]    Compiling yellowstone-jet-tpu-client v0.7.0 (/opt/rustwide/workdir)
[INFO] [stdout] warning: unused variable: `last_metric_update`
[INFO] [stdout]     --> src/core.rs:3051:13
[INFO] [stdout]      |
[INFO] [stdout] 3051 |         let mut last_metric_update = Instant::now();
[INFO] [stdout]      |             ^^^^^^^^^^^^^^^^^^^^^^ help: if this is intentional, prefix it with an underscore: `_last_metric_update`
[INFO] [stdout]      |
[INFO] [stdout]      = note: `#[warn(unused_variables)]` (part of `#[warn(unused)]`) on by default
[INFO] [stdout] 
[INFO] [stdout] 
[INFO] [stdout] warning: method `len` is never used
[INFO] [stdout]    --> src/core.rs:430:14
[INFO] [stdout]     |
[INFO] [stdout] 429 | impl OrphanConnectionSet {
[INFO] [stdout]     | ------------------------ method in this implementation
[INFO] [stdout] 430 |     const fn len(&self) -> usize {
[INFO] [stdout]     |              ^^^
[INFO] [stdout]     |
[INFO] [stdout]     = note: `#[warn(dead_code)]` (part of `#[warn(unused)]`) on by default
[INFO] [stdout] 
[INFO] [stdout] 
[INFO] [stdout] warning: unused variable: `last_metric_update`
[INFO] [stdout]     --> src/core.rs:3051:13
[INFO] [stdout]      |
[INFO] [stdout] 3051 |         let mut last_metric_update = Instant::now();
[INFO] [stdout]      |             ^^^^^^^^^^^^^^^^^^^^^^ help: if this is intentional, prefix it with an underscore: `_last_metric_update`
[INFO] [stdout]      |
[INFO] [stdout]      = note: `#[warn(unused_variables)]` (part of `#[warn(unused)]`) on by default
[INFO] [stdout] 
[INFO] [stdout] 
[INFO] [stderr] warning: unused dependency `hostname`
[INFO] [stderr]   --> Cargo.toml:32:15
[INFO] [stderr]    |
[INFO] [stderr] 32 | [dependencies.hostname]
[INFO] [stderr]    |               ^^^^^^^^^
[INFO] [stderr]    |
[INFO] [stderr]    = note: `cargo::unused_dependencies` is set to `warn` by default
[INFO] [stderr] help: consider removing the dependency on `hostname`
[INFO] [stderr] warning: unused dependency `maplit`
[INFO] [stderr]   --> Cargo.toml:47:15
[INFO] [stderr]    |
[INFO] [stderr] 47 | [dependencies.maplit]
[INFO] [stderr]    |               ^^^^^^^
[INFO] [stderr]    |
[INFO] [stderr] help: consider removing the dependency on `maplit`
[INFO] [stderr] warning: unused dependency `serde_yaml`
[INFO] [stderr]   --> Cargo.toml:82:15
[INFO] [stderr]    |
[INFO] [stderr] 82 | [dependencies.serde_yaml]
[INFO] [stderr]    |               ^^^^^^^^^^^
[INFO] [stderr]    |
[INFO] [stderr] help: consider removing the dependency on `serde_yaml`
[INFO] [stderr] help: to still use for development builds, move to `dev-dependencies`
[INFO] [stderr] warning: `yellowstone-jet-tpu-client` (manifest) generated 3 warnings
[INFO] [stderr]     Finished `test` profile [unoptimized + debuginfo] target(s) in 2m 00s
[INFO] [stderr] warning: the following packages contain code that will be rejected by a future version of Rust: borsh v1.7.0, nix v0.31.3, quinn v0.11.11, quinn-udp v0.5.15
[INFO] [stderr] note: to see what the problems were, use the option `--future-incompat-report`, or run `cargo report future-incompatibilities --id 2`
[INFO] running `Command { std: "docker" "inspect" "5a18eaf05edb4ab803a200ac69d59e8bad1cf2e5a70b9a3d06ce694302f2e870", kill_on_drop: false }`
[INFO] running `Command { std: "docker" "exec" "-e" "SOURCE_DIR=/opt/rustwide/workdir" "-e" "CARGO_HOME=/opt/rustwide/cargo-home" "-e" "RUSTUP_HOME=/opt/rustwide/rustup-home" "-e" "CARGO_TARGET_DIR=/opt/rustwide/target" "-e" "CARGO_INCREMENTAL=0" "-e" "RUST_BACKTRACE=full" "-e" "RUSTFLAGS=--cap-lints=warn" "-e" "RUSTDOCFLAGS=--cap-lints=warn" "-w" "/opt/rustwide/workdir" "--user" "0:0" "5a18eaf05edb4ab803a200ac69d59e8bad1cf2e5a70b9a3d06ce694302f2e870" "/opt/rustwide/cargo-home/bin/cargo" "+1.100.0-beta.1" "test" "--frozen", kill_on_drop: false }`
[INFO] [stderr] warning: unused variable: `last_metric_update`
[INFO] [stderr]     --> src/core.rs:3051:13
[INFO] [stderr]      |
[INFO] [stderr] 3051 |         let mut last_metric_update = Instant::now();
[INFO] [stderr]      |             ^^^^^^^^^^^^^^^^^^^^^^ help: if this is intentional, prefix it with an underscore: `_last_metric_update`
[INFO] [stderr]      |
[INFO] [stderr]      = note: `#[warn(unused_variables)]` (part of `#[warn(unused)]`) on by default
[INFO] [stderr] 
[INFO] [stderr] warning: method `len` is never used
[INFO] [stderr]    --> src/core.rs:430:14
[INFO] [stderr]     |
[INFO] [stderr] 429 | impl OrphanConnectionSet {
[INFO] [stderr]     | ------------------------ method in this implementation
[INFO] [stderr] 430 |     const fn len(&self) -> usize {
[INFO] [stderr]     |              ^^^
[INFO] [stderr]     |
[INFO] [stderr]     = note: `#[warn(dead_code)]` (part of `#[warn(unused)]`) on by default
[INFO] [stderr] 
[INFO] [stderr] warning: `yellowstone-jet-tpu-client` (lib) generated 2 warnings (run `cargo fix --lib -p yellowstone-jet-tpu-client` to apply 1 suggestion)
[INFO] [stderr] warning: `yellowstone-jet-tpu-client` (lib test) generated 1 warning (1 duplicate)
[INFO] [stderr] warning: unused dependency `hostname`
[INFO] [stderr]   --> Cargo.toml:32:15
[INFO] [stderr]    |
[INFO] [stderr] 32 | [dependencies.hostname]
[INFO] [stderr]    |               ^^^^^^^^^
[INFO] [stderr]    |
[INFO] [stderr]    = note: `cargo::unused_dependencies` is set to `warn` by default
[INFO] [stderr] help: consider removing the dependency on `hostname`
[INFO] [stderr] warning: unused dependency `maplit`
[INFO] [stderr]   --> Cargo.toml:47:15
[INFO] [stderr]    |
[INFO] [stderr] 47 | [dependencies.maplit]
[INFO] [stderr]    |               ^^^^^^^
[INFO] [stderr]    |
[INFO] [stderr] help: consider removing the dependency on `maplit`
[INFO] [stderr] warning: unused dependency `serde_yaml`
[INFO] [stderr]   --> Cargo.toml:82:15
[INFO] [stderr]    |
[INFO] [stderr] 82 | [dependencies.serde_yaml]
[INFO] [stderr]    |               ^^^^^^^^^^^
[INFO] [stderr]    |
[INFO] [stderr] help: consider removing the dependency on `serde_yaml`
[INFO] [stderr] help: to still use for development builds, move to `dev-dependencies`
[INFO] [stderr] warning: `yellowstone-jet-tpu-client` (manifest) generated 3 warnings
[INFO] [stderr]     Finished `test` profile [unoptimized + debuginfo] target(s) in 1.10s
[INFO] [stderr] warning: the following packages contain code that will be rejected by a future version of Rust: borsh v1.7.0, nix v0.31.3, quinn v0.11.11, quinn-udp v0.5.15
[INFO] [stderr] note: to see what the problems were, use the option `--future-incompat-report`, or run `cargo report future-incompatibilities --id 2`
[INFO] [stderr]      Running unittests src/lib.rs (/opt/rustwide/target/debug/build/yellowstone-jet-tpu-client/2908d0a51e7e0a8a/out/yellowstone_jet_tpu_client-2908d0a51e7e0a8a)
[INFO] [stdout] 
[INFO] [stdout] running 47 tests
[INFO] [stdout] test config::test::it_should_supports_legacy_jet_field_name ... ok
[INFO] [stdout] test config::test::it_should_deser_tpu_sender_config_with_defaults ... ok
[INFO] [stdout] test core::connection_eviction_set_test::remove_keeps_socket_addr_index_if_another_version_exists ... ok
[INFO] [stdout] test core::leader_tpu_info_service_test::test_override_tpu_info ... ok
[INFO] [stdout] test core::stake_based_eviction_strategy_test::it_should_pick_lowest_multiplexed_staked ... ok
[INFO] [stdout] test core::stake_based_eviction_strategy_test::it_should_pick_lowest_stake_peer_if_all_peers_have_been_recently_used ... ok
[INFO] [stdout] test config::test::it_should_deser_endpoint_bind_addr ... ok
[INFO] [stdout] test core::test::test_stake_sorted_peer ... ok
[INFO] [stdout] test core::stake_based_eviction_strategy_test::it_should_take_into_account_usage_grace_period ... ok
[INFO] [stdout] test core::orphan_connect_set_test::test_idempotency ... ok
[INFO] [stdout] test core::test::update_identity_should_return_error_if_dropped_before_completion ... ok
[INFO] [stdout] test config::test::it_should_default_endpoint_bind_addr_to_wildcard ... ok
[INFO] [stdout] test core::orphan_connect_set_test::test_push_and_pop_unused_connection ... ok
[INFO] [stdout] test core::orphan_connect_set_test::test_remove ... ok
[INFO] [stdout] test rpc::schedule::tests::drop_of_last_instance_cancels_shutdown ... ok
[INFO] [stdout] test core::test_remote_peer_addr_map::test_empty_map ... ok
[INFO] [stdout] test core::test_remote_peer_addr_map::test_remote_peer_addr_map_sort_order ... ok
[INFO] [stdout] test core::stake_based_eviction_strategy_test::it_should_evict_lowest_stake_peer ... ok
[INFO] [stdout] test core::test_tpu_sender_txn_info::test_txn_info ... ok
[INFO] [stdout] test rpc::schedule::tests::drop_of_non_last_clone_does_not_cancel_shutdown ... ok
[INFO] [stdout] test rpc::stake::tests::it_should_not_panic_on_transient_error ... ok
[INFO] [stdout] test rpc::stake::tests::it_should_return_stake_info ... ok
[INFO] [stdout] test rpc::tpu_info::tests::test_diff ... ok
[INFO] [stdout] test sender::tests::poll_ready_errs_once_receiver_dropped ... ok
[INFO] [stdout] test sender::tests::start_send_delivers_after_poll_ready ... ok
[INFO] [stdout] test rpc::stake::tests::it_should_refresh_stake_info_map ... ok
[INFO] [stdout] test yellowstone_grpc::sender::tests::drop_of_last_sender_cancels_lifecycle_shutdown ... ok
[INFO] [stdout] test sender::tests::poll_ready_is_pending_until_capacity_frees_up ... ok
[INFO] [stdout] test yellowstone_grpc::sender::tests::start_send_txn_many_dest_coalesces_same_address_destinations ... ok
[INFO] [stdout] test core::orphan_connect_set_test::test_empty_unused_connection_set ... ok
[INFO] [stdout] test yellowstone_grpc::sender::tests::start_send_txn_many_dest_fans_out_to_all_destinations ... ok
[INFO] [stdout] test yellowstone_grpc::sender::tests::start_send_txn_many_dest_with_empty_dests_is_immediately_ready ... ok
[INFO] [stdout] test yellowstone_grpc::sender::tests::start_send_txn_with_blocklist_returns_remote_peer_blocked_when_all_blocked ... ok
[INFO] [stdout] test yellowstone_grpc::sender::tests::start_send_txn_with_blocklist_sends_to_unblocked_leader ... ok
[INFO] [stdout] test yellowstone_grpc::slot_tracker::tests::test_it_should_poison_when_stream_empty ... ok
[INFO] [stdout] test yellowstone_grpc::subscribe::tests::forwards_items_without_reconnecting ... ok
[INFO] [stdout] test yellowstone_grpc::subscribe::tests::reconnect_delay_grows_and_caps ... ok
[INFO] [stdout] test yellowstone_grpc::subscribe::tests::reconnects_after_graceful_close_without_surfacing_error ... ok
[INFO] [stdout] test yellowstone_grpc::subscribe::tests::reconnects_after_stream_error ... ok
[INFO] [stdout] test yellowstone_grpc::subscribe::tests::surfaces_reconnect_error_and_retries_with_backoff ... ok
[INFO] [stdout] test yellowstone_grpc::slot_tracker::tests::test_atomic_slot_tracker_loop ... ok
[INFO] [stdout] test rpc::stake::tests::it_should_panic_on_non_transient_error ... ok
[INFO] [stdout] test rpc::stake::tests::it_should_panic_during_spawn_if_rpc_error ... ok
[INFO] [stdout] test sender::tests::start_send_panics_without_prior_poll_ready - should panic ... ok
[INFO] [stdout] test yellowstone_grpc::sender::tests::start_send_panics_if_previous_send_not_drained - should panic ... ok
[INFO] [stdout] test core::test::test_update_identity_fut ... ok
[INFO] [stdout] test rpc::schedule::tests::test_unnest_rpc_get_leader_schedule_resp ... ok
[INFO] [stdout] 
[INFO] [stdout] test result: ok. 47 passed; 0 failed; 0 ignored; 0 measured; 0 filtered out; finished in 4.21s
[INFO] [stdout] 
[INFO] [stderr]      Running tests/test_quic_gateway.rs (/opt/rustwide/target/debug/build/yellowstone-jet-tpu-client/bfa5227fbe9000b5/out/test_quic_gateway-bfa5227fbe9000b5)
[INFO] [stdout] 
[INFO] [stdout] running 11 tests
[INFO] [stdout] test it_should_refuse_txn_bigger_than_1232_bytes ... ok
[INFO] [stdout] test gateway_should_handle_connection_refused_by_peer ... ok
[INFO] [stdout] test it_should_support_concurrent_remote_peer_connection ... ok
[INFO] [stdout] test it_should_evict_connection ... ok
[INFO] [stdout] test it_should_support_multiplexed_connection ... ok
[INFO] [stdout] test it_should_preemptively_connect_to_upcoming_leader_using_leader_predictions ... ok
[INFO] [stdout] test sending_multiple_tx_to_the_same_peer_should_reuse_the_same_connection ... ok
[INFO] [stdout] test send_buffer_should_land_properly ... ok
[INFO] [stdout] test it_should_update_gatway_identity ... ok
[INFO] [stdout] test it_should_retry_tx_failed_to_be_sent_due_to_connection_lost ... FAILED
[INFO] [stdout] test it_should_detect_remote_peer_address_change ... ok
[INFO] [stdout] 
[INFO] [stdout] failures:
[INFO] [stdout] 
[INFO] [stdout] ---- it_should_retry_tx_failed_to_be_sent_due_to_connection_lost stdout ----
[INFO] [stdout] 
[INFO] [stdout] thread 'it_should_retry_tx_failed_to_be_sent_due_to_connection_lost' (6890) panicked at src/core.rs:3429:17:
[INFO] [stdout] TpuSenderConfig::allow_arbitrary_txn_size can only be set to true in integration testing builds.
[INFO] [stdout] stack backtrace:
[INFO] [stdout]    0:     0x626ae34d5cd1 - std[617be2ca0a6fd877]::backtrace_rs::backtrace::libunwind::trace
[INFO] [stdout]                                at /rustc/e3feeb59cd1bdd011a2bfcc0747b55125d9b8527/library/std/src/../../backtrace/src/backtrace/libunwind.rs:117:9
[INFO] [stdout]    1:     0x626ae34d5cd1 - std[617be2ca0a6fd877]::backtrace_rs::backtrace::trace_unsynchronized::<std[617be2ca0a6fd877]::sys::backtrace::_print_fmt::{closure#1}>
[INFO] [stdout]                                at /rustc/e3feeb59cd1bdd011a2bfcc0747b55125d9b8527/library/std/src/../../backtrace/src/backtrace/mod.rs:66:14
[INFO] [stdout]    2:     0x626ae34d5cd1 - std[617be2ca0a6fd877]::sys::backtrace::_print_fmt
[INFO] [stdout]                                at /rustc/e3feeb59cd1bdd011a2bfcc0747b55125d9b8527/library/std/src/sys/backtrace.rs:74:9
[INFO] [stdout]    3:     0x626ae34d5cd1 - <<std[617be2ca0a6fd877]::sys::backtrace::BacktraceLock>::print::DisplayBacktrace as core[a373ad73a504971]::fmt::Display>::fmt
[INFO] [stdout]                                at /rustc/e3feeb59cd1bdd011a2bfcc0747b55125d9b8527/library/std/src/sys/backtrace.rs:44:26
[INFO] [stdout]    4:     0x626ae34ec7aa - <core[a373ad73a504971]::fmt::rt::Argument>::fmt
[INFO] [stdout]                                at /rustc/e3feeb59cd1bdd011a2bfcc0747b55125d9b8527/library/core/src/fmt/rt.rs:152:76
[INFO] [stdout]    5:     0x626ae34ec7aa - core[a373ad73a504971]::fmt::write
[INFO] [stdout]    6:     0x626ae34da69c - core[a373ad73a504971]::io::write::default_write_fmt::<alloc[2e1b2a31b91974c5]::vec::Vec<u8>>
[INFO] [stdout]                                at /rustc/e3feeb59cd1bdd011a2bfcc0747b55125d9b8527/library/core/src/io/write.rs:402:11
[INFO] [stdout]    7:     0x626ae34da69c - <alloc[2e1b2a31b91974c5]::vec::Vec<u8> as core[a373ad73a504971]::io::write::Write>::write_fmt
[INFO] [stdout]                                at /rustc/e3feeb59cd1bdd011a2bfcc0747b55125d9b8527/library/core/src/io/write.rs:335:13
[INFO] [stdout]    8:     0x626ae34b1016 - <std[617be2ca0a6fd877]::sys::backtrace::BacktraceLock>::print
[INFO] [stdout]                                at /rustc/e3feeb59cd1bdd011a2bfcc0747b55125d9b8527/library/std/src/sys/backtrace.rs:47:9
[INFO] [stdout]    9:     0x626ae34b1016 - std[617be2ca0a6fd877]::panicking::default_hook::{closure#0}
[INFO] [stdout]                                at /rustc/e3feeb59cd1bdd011a2bfcc0747b55125d9b8527/library/std/src/panicking.rs:289:27
[INFO] [stdout]   10:     0x626ae34cd929 - std[617be2ca0a6fd877]::panicking::default_hook
[INFO] [stdout]                                at /rustc/e3feeb59cd1bdd011a2bfcc0747b55125d9b8527/library/std/src/panicking.rs:313:9
[INFO] [stdout]   11:     0x626ae2e0d280 - <alloc[2e1b2a31b91974c5]::boxed::Box<dyn for<'a, 'b> core[a373ad73a504971]::ops::function::Fn<(&'a std[617be2ca0a6fd877]::panic::PanicHookInfo<'b>,), Output = ()> + core[a373ad73a504971]::marker::Sync + core[a373ad73a504971]::marker::Send> as core[a373ad73a504971]::ops::function::Fn<(&std[617be2ca0a6fd877]::panic::PanicHookInfo,)>>::call
[INFO] [stdout]                                at /rustc/e3feeb59cd1bdd011a2bfcc0747b55125d9b8527/library/alloc/src/boxed.rs:2328:9
[INFO] [stdout]   12:     0x626ae2e0d280 - test[aada8e7e76ba119b]::test_main_inner::{closure#0}
[INFO] [stdout]                                at /rustc/e3feeb59cd1bdd011a2bfcc0747b55125d9b8527/library/test/src/lib.rs:137:21
[INFO] [stdout]   13:     0x626ae34cdc52 - <alloc[2e1b2a31b91974c5]::boxed::Box<dyn for<'a, 'b> core[a373ad73a504971]::ops::function::Fn<(&'a std[617be2ca0a6fd877]::panic::PanicHookInfo<'b>,), Output = ()> + core[a373ad73a504971]::marker::Sync + core[a373ad73a504971]::marker::Send> as core[a373ad73a504971]::ops::function::Fn<(&std[617be2ca0a6fd877]::panic::PanicHookInfo,)>>::call
[INFO] [stdout]                                at /rustc/e3feeb59cd1bdd011a2bfcc0747b55125d9b8527/library/alloc/src/boxed.rs:2328:9
[INFO] [stdout]   14:     0x626ae34cdc52 - std[617be2ca0a6fd877]::panicking::panic_with_hook
[INFO] [stdout]                                at /rustc/e3feeb59cd1bdd011a2bfcc0747b55125d9b8527/library/std/src/panicking.rs:819:13
[INFO] [stdout]   15:     0x626ae34b10f4 - std[617be2ca0a6fd877]::panicking::panic_handler::{closure#0}
[INFO] [stdout]                                at /rustc/e3feeb59cd1bdd011a2bfcc0747b55125d9b8527/library/std/src/panicking.rs:678:13
[INFO] [stdout]   16:     0x626ae34a9d29 - std[617be2ca0a6fd877]::sys::backtrace::__rust_end_short_backtrace::<std[617be2ca0a6fd877]::panicking::panic_handler::{closure#0}, !>
[INFO] [stdout]                                at /rustc/e3feeb59cd1bdd011a2bfcc0747b55125d9b8527/library/std/src/sys/backtrace.rs:182:18
[INFO] [stdout]   17:     0x626ae34b1ebd - __rustc[ea4f61d10b84890b]::rust_begin_unwind
[INFO] [stdout]                                at /rustc/e3feeb59cd1bdd011a2bfcc0747b55125d9b8527/library/std/src/panicking.rs:676:5
[INFO] [stdout]   18:     0x626ae34ecffc - core[a373ad73a504971]::panicking::panic_fmt
[INFO] [stdout]                                at /rustc/e3feeb59cd1bdd011a2bfcc0747b55125d9b8527/library/core/src/panicking.rs:80:14
[INFO] [stdout]   19:     0x626ae2d06718 - <yellowstone_jet_tpu_client[7146b92a6bda2ada]::core::TpuSenderDriverSpawner>::spawn_on::<tokio[6067dc172cdefd0f]::sync::mpsc::unbounded::UnboundedSender<yellowstone_jet_tpu_client[7146b92a6bda2ada]::core::TpuSenderResponse>>
[INFO] [stdout]                                at /opt/rustwide/workdir/src/core.rs:3429:17
[INFO] [stdout]   20:     0x626ae2d04fa7 - <yellowstone_jet_tpu_client[7146b92a6bda2ada]::core::TpuSenderDriverSpawner>::spawn::<tokio[6067dc172cdefd0f]::sync::mpsc::unbounded::UnboundedSender<yellowstone_jet_tpu_client[7146b92a6bda2ada]::core::TpuSenderResponse>>
[INFO] [stdout]                                at /opt/rustwide/workdir/src/core.rs:3398:14
[INFO] [stdout]   21:     0x626ae2d67fa3 - test_quic_gateway[ec0ee1acd9d6d231]::it_should_retry_tx_failed_to_be_sent_due_to_connection_lost::{closure#0}
[INFO] [stdout]                                at /opt/rustwide/workdir/tests/test_quic_gateway.rs:774:25
[INFO] [stdout]   22:     0x626ae2dcdf32 - <core[a373ad73a504971]::pin::Pin<&mut dyn core[a373ad73a504971]::future::future::Future<Output = ()>> as core[a373ad73a504971]::future::future::Future>::poll
[INFO] [stdout]                                at /rustc/e3feeb59cd1bdd011a2bfcc0747b55125d9b8527/library/core/src/future/future.rs:133:9
[INFO] [stdout]   23:     0x626ae2dcdfad - <core[a373ad73a504971]::pin::Pin<&mut core[a373ad73a504971]::pin::Pin<&mut dyn core[a373ad73a504971]::future::future::Future<Output = ()>>> as core[a373ad73a504971]::future::future::Future>::poll
[INFO] [stdout]                                at /rustc/e3feeb59cd1bdd011a2bfcc0747b55125d9b8527/library/core/src/future/future.rs:133:9
[INFO] [stdout]   24:     0x626ae2dbd56d - <tokio[6067dc172cdefd0f]::runtime::scheduler::current_thread::CoreGuard>::block_on::<core[a373ad73a504971]::pin::Pin<&mut core[a373ad73a504971]::pin::Pin<&mut dyn core[a373ad73a504971]::future::future::Future<Output = ()>>>>::{closure#0}::{closure#0}::{closure#0}
[INFO] [stdout]                                at /opt/rustwide/cargo-home/registry/src/index.crates.io-1949cf8c6b5b557f/tokio-1.52.3/src/runtime/scheduler/current_thread/mod.rs:778:70
[INFO] [stdout]   25:     0x626ae2dbd495 - tokio[6067dc172cdefd0f]::task::coop::with_budget::<core[a373ad73a504971]::task::poll::Poll<()>, <tokio[6067dc172cdefd0f]::runtime::scheduler::current_thread::CoreGuard>::block_on<core[a373ad73a504971]::pin::Pin<&mut core[a373ad73a504971]::pin::Pin<&mut dyn core[a373ad73a504971]::future::future::Future<Output = ()>>>>::{closure#0}::{closure#0}::{closure#0}>
[INFO] [stdout]                                at /opt/rustwide/cargo-home/registry/src/index.crates.io-1949cf8c6b5b557f/tokio-1.52.3/src/task/coop/mod.rs:167:5
[INFO] [stdout]   26:     0x626ae2dbd495 - tokio[6067dc172cdefd0f]::task::coop::budget::<core[a373ad73a504971]::task::poll::Poll<()>, <tokio[6067dc172cdefd0f]::runtime::scheduler::current_thread::CoreGuard>::block_on<core[a373ad73a504971]::pin::Pin<&mut core[a373ad73a504971]::pin::Pin<&mut dyn core[a373ad73a504971]::future::future::Future<Output = ()>>>>::{closure#0}::{closure#0}::{closure#0}>
[INFO] [stdout]                                at /opt/rustwide/cargo-home/registry/src/index.crates.io-1949cf8c6b5b557f/tokio-1.52.3/src/task/coop/mod.rs:133:5
[INFO] [stdout]   27:     0x626ae2dbd495 - <tokio[6067dc172cdefd0f]::runtime::scheduler::current_thread::CoreGuard>::block_on::<core[a373ad73a504971]::pin::Pin<&mut core[a373ad73a504971]::pin::Pin<&mut dyn core[a373ad73a504971]::future::future::Future<Output = ()>>>>::{closure#0}::{closure#0}
[INFO] [stdout]                                at /opt/rustwide/cargo-home/registry/src/index.crates.io-1949cf8c6b5b557f/tokio-1.52.3/src/runtime/scheduler/current_thread/mod.rs:778:25
[INFO] [stdout]   28:     0x626ae2db49c2 - <tokio[6067dc172cdefd0f]::runtime::scheduler::current_thread::Context>::enter::<core[a373ad73a504971]::task::poll::Poll<()>, <tokio[6067dc172cdefd0f]::runtime::scheduler::current_thread::CoreGuard>::block_on<core[a373ad73a504971]::pin::Pin<&mut core[a373ad73a504971]::pin::Pin<&mut dyn core[a373ad73a504971]::future::future::Future<Output = ()>>>>::{closure#0}::{closure#0}>
[INFO] [stdout]                                at /opt/rustwide/cargo-home/registry/src/index.crates.io-1949cf8c6b5b557f/tokio-1.52.3/src/runtime/scheduler/current_thread/mod.rs:451:19
[INFO] [stdout]   29:     0x626ae2dbc93d - <tokio[6067dc172cdefd0f]::runtime::scheduler::current_thread::CoreGuard>::block_on::<core[a373ad73a504971]::pin::Pin<&mut core[a373ad73a504971]::pin::Pin<&mut dyn core[a373ad73a504971]::future::future::Future<Output = ()>>>>::{closure#0}
[INFO] [stdout]                                at /opt/rustwide/cargo-home/registry/src/index.crates.io-1949cf8c6b5b557f/tokio-1.52.3/src/runtime/scheduler/current_thread/mod.rs:777:44
[INFO] [stdout]   30:     0x626ae2dbbbd4 - <tokio[6067dc172cdefd0f]::runtime::scheduler::current_thread::CoreGuard>::enter::<<tokio[6067dc172cdefd0f]::runtime::scheduler::current_thread::CoreGuard>::block_on<core[a373ad73a504971]::pin::Pin<&mut core[a373ad73a504971]::pin::Pin<&mut dyn core[a373ad73a504971]::future::future::Future<Output = ()>>>>::{closure#0}, core[a373ad73a504971]::option::Option<()>>::{closure#0}
[INFO] [stdout]                                at /opt/rustwide/cargo-home/registry/src/index.crates.io-1949cf8c6b5b557f/tokio-1.52.3/src/runtime/scheduler/current_thread/mod.rs:865:68
[INFO] [stdout]   31:     0x626ae2dd0b3b - <tokio[6067dc172cdefd0f]::runtime::context::scoped::Scoped<tokio[6067dc172cdefd0f]::runtime::scheduler::Context>>::set::<<tokio[6067dc172cdefd0f]::runtime::scheduler::current_thread::CoreGuard>::enter<<tokio[6067dc172cdefd0f]::runtime::scheduler::current_thread::CoreGuard>::block_on<core[a373ad73a504971]::pin::Pin<&mut core[a373ad73a504971]::pin::Pin<&mut dyn core[a373ad73a504971]::future::future::Future<Output = ()>>>>::{closure#0}, core[a373ad73a504971]::option::Option<()>>::{closure#0}, (alloc[2e1b2a31b91974c5]::boxed::Box<tokio[6067dc172cdefd0f]::runtime::scheduler::current_thread::Core>, core[a373ad73a504971]::option::Option<()>)>
[INFO] [stdout]                                at /opt/rustwide/cargo-home/registry/src/index.crates.io-1949cf8c6b5b557f/tokio-1.52.3/src/runtime/context/scoped.rs:40:9
[INFO] [stdout]   32:     0x626ae2de0619 - tokio[6067dc172cdefd0f]::runtime::context::set_scheduler::<(alloc[2e1b2a31b91974c5]::boxed::Box<tokio[6067dc172cdefd0f]::runtime::scheduler::current_thread::Core>, core[a373ad73a504971]::option::Option<()>), <tokio[6067dc172cdefd0f]::runtime::scheduler::current_thread::CoreGuard>::enter<<tokio[6067dc172cdefd0f]::runtime::scheduler::current_thread::CoreGuard>::block_on<core[a373ad73a504971]::pin::Pin<&mut core[a373ad73a504971]::pin::Pin<&mut dyn core[a373ad73a504971]::future::future::Future<Output = ()>>>>::{closure#0}, core[a373ad73a504971]::option::Option<()>>::{closure#0}>::{closure#0}
[INFO] [stdout]                                at /opt/rustwide/cargo-home/registry/src/index.crates.io-1949cf8c6b5b557f/tokio-1.52.3/src/runtime/context.rs:181:38
[INFO] [stdout]   33:     0x626ae2dc6cbf - <std[617be2ca0a6fd877]::thread::local::LocalKey<tokio[6067dc172cdefd0f]::runtime::context::Context>>::try_with::<tokio[6067dc172cdefd0f]::runtime::context::set_scheduler<(alloc[2e1b2a31b91974c5]::boxed::Box<tokio[6067dc172cdefd0f]::runtime::scheduler::current_thread::Core>, core[a373ad73a504971]::option::Option<()>), <tokio[6067dc172cdefd0f]::runtime::scheduler::current_thread::CoreGuard>::enter<<tokio[6067dc172cdefd0f]::runtime::scheduler::current_thread::CoreGuard>::block_on<core[a373ad73a504971]::pin::Pin<&mut core[a373ad73a504971]::pin::Pin<&mut dyn core[a373ad73a504971]::future::future::Future<Output = ()>>>>::{closure#0}, core[a373ad73a504971]::option::Option<()>>::{closure#0}>::{closure#0}, (alloc[2e1b2a31b91974c5]::boxed::Box<tokio[6067dc172cdefd0f]::runtime::scheduler::current_thread::Core>, core[a373ad73a504971]::option::Option<()>)>
[INFO] [stdout]                                at /rustc/e3feeb59cd1bdd011a2bfcc0747b55125d9b8527/library/std/src/thread/local.rs:463:12
[INFO] [stdout]   34:     0x626ae2dc686e - <std[617be2ca0a6fd877]::thread::local::LocalKey<tokio[6067dc172cdefd0f]::runtime::context::Context>>::with::<tokio[6067dc172cdefd0f]::runtime::context::set_scheduler<(alloc[2e1b2a31b91974c5]::boxed::Box<tokio[6067dc172cdefd0f]::runtime::scheduler::current_thread::Core>, core[a373ad73a504971]::option::Option<()>), <tokio[6067dc172cdefd0f]::runtime::scheduler::current_thread::CoreGuard>::enter<<tokio[6067dc172cdefd0f]::runtime::scheduler::current_thread::CoreGuard>::block_on<core[a373ad73a504971]::pin::Pin<&mut core[a373ad73a504971]::pin::Pin<&mut dyn core[a373ad73a504971]::future::future::Future<Output = ()>>>>::{closure#0}, core[a373ad73a504971]::option::Option<()>>::{closure#0}>::{closure#0}, (alloc[2e1b2a31b91974c5]::boxed::Box<tokio[6067dc172cdefd0f]::runtime::scheduler::current_thread::Core>, core[a373ad73a504971]::option::Option<()>)>
[INFO] [stdout]                                at /rustc/e3feeb59cd1bdd011a2bfcc0747b55125d9b8527/library/std/src/thread/local.rs:427:20
[INFO] [stdout]   35:     0x626ae2dd8d9d - tokio[6067dc172cdefd0f]::runtime::context::set_scheduler::<(alloc[2e1b2a31b91974c5]::boxed::Box<tokio[6067dc172cdefd0f]::runtime::scheduler::current_thread::Core>, core[a373ad73a504971]::option::Option<()>), <tokio[6067dc172cdefd0f]::runtime::scheduler::current_thread::CoreGuard>::enter<<tokio[6067dc172cdefd0f]::runtime::scheduler::current_thread::CoreGuard>::block_on<core[a373ad73a504971]::pin::Pin<&mut core[a373ad73a504971]::pin::Pin<&mut dyn core[a373ad73a504971]::future::future::Future<Output = ()>>>>::{closure#0}, core[a373ad73a504971]::option::Option<()>>::{closure#0}>
[INFO] [stdout]                                at /opt/rustwide/cargo-home/registry/src/index.crates.io-1949cf8c6b5b557f/tokio-1.52.3/src/runtime/context.rs:181:17
[INFO] [stdout]   36:     0x626ae2db9100 - <tokio[6067dc172cdefd0f]::runtime::scheduler::current_thread::CoreGuard>::enter::<<tokio[6067dc172cdefd0f]::runtime::scheduler::current_thread::CoreGuard>::block_on<core[a373ad73a504971]::pin::Pin<&mut core[a373ad73a504971]::pin::Pin<&mut dyn core[a373ad73a504971]::future::future::Future<Output = ()>>>>::{closure#0}, core[a373ad73a504971]::option::Option<()>>
[INFO] [stdout]                                at /opt/rustwide/cargo-home/registry/src/index.crates.io-1949cf8c6b5b557f/tokio-1.52.3/src/runtime/scheduler/current_thread/mod.rs:865:27
[INFO] [stdout]   37:     0x626ae2db93f6 - <tokio[6067dc172cdefd0f]::runtime::scheduler::current_thread::CoreGuard>::block_on::<core[a373ad73a504971]::pin::Pin<&mut core[a373ad73a504971]::pin::Pin<&mut dyn core[a373ad73a504971]::future::future::Future<Output = ()>>>>
[INFO] [stdout]                                at /opt/rustwide/cargo-home/registry/src/index.crates.io-1949cf8c6b5b557f/tokio-1.52.3/src/runtime/scheduler/current_thread/mod.rs:765:24
[INFO] [stdout]   38:     0x626ae2dbb6e0 - <tokio[6067dc172cdefd0f]::runtime::scheduler::current_thread::CurrentThread>::block_on::<core[a373ad73a504971]::pin::Pin<&mut dyn core[a373ad73a504971]::future::future::Future<Output = ()>>>::{closure#0}
[INFO] [stdout]                                at /opt/rustwide/cargo-home/registry/src/index.crates.io-1949cf8c6b5b557f/tokio-1.52.3/src/runtime/scheduler/current_thread/mod.rs:205:33
[INFO] [stdout]   39:     0x626ae2dfcd28 - tokio[6067dc172cdefd0f]::runtime::context::runtime::enter_runtime::<<tokio[6067dc172cdefd0f]::runtime::scheduler::current_thread::CurrentThread>::block_on<core[a373ad73a504971]::pin::Pin<&mut dyn core[a373ad73a504971]::future::future::Future<Output = ()>>>::{closure#0}, ()>
[INFO] [stdout]                                at /opt/rustwide/cargo-home/registry/src/index.crates.io-1949cf8c6b5b557f/tokio-1.52.3/src/runtime/context/runtime.rs:65:16
[INFO] [stdout]   40:     0x626ae2db4584 - <tokio[6067dc172cdefd0f]::runtime::scheduler::current_thread::CurrentThread>::block_on::<core[a373ad73a504971]::pin::Pin<&mut dyn core[a373ad73a504971]::future::future::Future<Output = ()>>>
[INFO] [stdout]                                at /opt/rustwide/cargo-home/registry/src/index.crates.io-1949cf8c6b5b557f/tokio-1.52.3/src/runtime/scheduler/current_thread/mod.rs:193:9
[INFO] [stdout]   41:     0x626ae2dbe72f - <tokio[6067dc172cdefd0f]::runtime::runtime::Runtime>::block_on_inner::<core[a373ad73a504971]::pin::Pin<&mut dyn core[a373ad73a504971]::future::future::Future<Output = ()>>>
[INFO] [stdout]                                at /opt/rustwide/cargo-home/registry/src/index.crates.io-1949cf8c6b5b557f/tokio-1.52.3/src/runtime/runtime.rs:371:52
[INFO] [stdout]   42:     0x626ae2dbe87b - <tokio[6067dc172cdefd0f]::runtime::runtime::Runtime>::block_on::<core[a373ad73a504971]::pin::Pin<&mut dyn core[a373ad73a504971]::future::future::Future<Output = ()>>>
[INFO] [stdout]                                at /opt/rustwide/cargo-home/registry/src/index.crates.io-1949cf8c6b5b557f/tokio-1.52.3/src/runtime/runtime.rs:345:18
[INFO] [stdout]   43:     0x626ae2d71087 - test_quic_gateway[ec0ee1acd9d6d231]::it_should_retry_tx_failed_to_be_sent_due_to_connection_lost
[INFO] [stdout]                                at /opt/rustwide/workdir/tests/test_quic_gateway.rs:812:66
[INFO] [stdout]   44:     0x626ae2d4e227 - test_quic_gateway[ec0ee1acd9d6d231]::it_should_retry_tx_failed_to_be_sent_due_to_connection_lost::{closure#0}
[INFO] [stdout]                                at /opt/rustwide/workdir/tests/test_quic_gateway.rs:738:71
[INFO] [stdout]   45:     0x626ae2d96616 - <test_quic_gateway[ec0ee1acd9d6d231]::it_should_retry_tx_failed_to_be_sent_due_to_connection_lost::{closure#0} as core[a373ad73a504971]::ops::function::FnOnce<()>>::call_once
[INFO] [stdout]                                at /rustc/e3feeb59cd1bdd011a2bfcc0747b55125d9b8527/library/core/src/ops/function.rs:250:5
[INFO] [stdout]   46:     0x626ae2e006cb - <fn() -> core[a373ad73a504971]::result::Result<(), alloc[2e1b2a31b91974c5]::string::String> as core[a373ad73a504971]::ops::function::FnOnce<()>>::call_once
[INFO] [stdout]                                at /rustc/e3feeb59cd1bdd011a2bfcc0747b55125d9b8527/library/core/src/ops/function.rs:250:5
[INFO] [stdout]   47:     0x626ae2e006cb - test[aada8e7e76ba119b]::__rust_begin_short_backtrace::<core[a373ad73a504971]::result::Result<(), alloc[2e1b2a31b91974c5]::string::String>, fn() -> core[a373ad73a504971]::result::Result<(), alloc[2e1b2a31b91974c5]::string::String>>
[INFO] [stdout]                                at /rustc/e3feeb59cd1bdd011a2bfcc0747b55125d9b8527/library/test/src/lib.rs:701:18
[INFO] [stdout]   48:     0x626ae2e0d8a5 - test[aada8e7e76ba119b]::run_test_in_process::{closure#0}
[INFO] [stdout]                                at /rustc/e3feeb59cd1bdd011a2bfcc0747b55125d9b8527/library/test/src/lib.rs:724:74
[INFO] [stdout]   49:     0x626ae2e0d8a5 - <core[a373ad73a504971]::panic::unwind_safe::AssertUnwindSafe<test[aada8e7e76ba119b]::run_test_in_process::{closure#0}> as core[a373ad73a504971]::ops::function::FnOnce<()>>::call_once
[INFO] [stdout]                                at /rustc/e3feeb59cd1bdd011a2bfcc0747b55125d9b8527/library/core/src/panic/unwind_safe.rs:275:9
[INFO] [stdout]   50:     0x626ae2e0d8a5 - std[617be2ca0a6fd877]::panicking::catch_unwind::do_call::<core[a373ad73a504971]::panic::unwind_safe::AssertUnwindSafe<test[aada8e7e76ba119b]::run_test_in_process::{closure#0}>, core[a373ad73a504971]::result::Result<(), alloc[2e1b2a31b91974c5]::string::String>>
[INFO] [stdout]                                at /rustc/e3feeb59cd1bdd011a2bfcc0747b55125d9b8527/library/std/src/panicking.rs:573:43
[INFO] [stdout]   51:     0x626ae2e0d8a5 - std[617be2ca0a6fd877]::panicking::catch_unwind::<core[a373ad73a504971]::result::Result<(), alloc[2e1b2a31b91974c5]::string::String>, core[a373ad73a504971]::panic::unwind_safe::AssertUnwindSafe<test[aada8e7e76ba119b]::run_test_in_process::{closure#0}>>
[INFO] [stdout]                                at /rustc/e3feeb59cd1bdd011a2bfcc0747b55125d9b8527/library/std/src/panicking.rs:541:19
[INFO] [stdout]   52:     0x626ae2e0d8a5 - std[617be2ca0a6fd877]::panic::catch_unwind::<core[a373ad73a504971]::panic::unwind_safe::AssertUnwindSafe<test[aada8e7e76ba119b]::run_test_in_process::{closure#0}>, core[a373ad73a504971]::result::Result<(), alloc[2e1b2a31b91974c5]::string::String>>
[INFO] [stdout]                                at /rustc/e3feeb59cd1bdd011a2bfcc0747b55125d9b8527/library/std/src/panic.rs:359:14
[INFO] [stdout]   53:     0x626ae2e0d8a5 - test[aada8e7e76ba119b]::run_test_in_process
[INFO] [stdout]                                at /rustc/e3feeb59cd1bdd011a2bfcc0747b55125d9b8527/library/test/src/lib.rs:724:27
[INFO] [stdout]   54:     0x626ae2e0d8a5 - test[aada8e7e76ba119b]::run_test::{closure#0}
[INFO] [stdout]                                at /rustc/e3feeb59cd1bdd011a2bfcc0747b55125d9b8527/library/test/src/lib.rs:645:43
[INFO] [stdout]   55:     0x626ae2e07194 - test[aada8e7e76ba119b]::run_test::{closure#1}
[INFO] [stdout]                                at /rustc/e3feeb59cd1bdd011a2bfcc0747b55125d9b8527/library/test/src/lib.rs:675:41
[INFO] [stdout]   56:     0x626ae2e07194 - std[617be2ca0a6fd877]::sys::backtrace::__rust_begin_short_backtrace::<test[aada8e7e76ba119b]::run_test::{closure#1}, ()>
[INFO] [stdout]                                at /rustc/e3feeb59cd1bdd011a2bfcc0747b55125d9b8527/library/std/src/sys/backtrace.rs:166:18
[INFO] [stdout]   57:     0x626ae2e10932 - std[617be2ca0a6fd877]::thread::lifecycle::spawn_unchecked::<test[aada8e7e76ba119b]::run_test::{closure#1}, ()>::{closure#1}::{closure#0}
[INFO] [stdout]                                at /rustc/e3feeb59cd1bdd011a2bfcc0747b55125d9b8527/library/std/src/thread/lifecycle.rs:70:13
[INFO] [stdout]   58:     0x626ae2e10932 - <core[a373ad73a504971]::panic::unwind_safe::AssertUnwindSafe<std[617be2ca0a6fd877]::thread::lifecycle::spawn_unchecked<test[aada8e7e76ba119b]::run_test::{closure#1}, ()>::{closure#1}::{closure#0}> as core[a373ad73a504971]::ops::function::FnOnce<()>>::call_once
[INFO] [stdout]                                at /rustc/e3feeb59cd1bdd011a2bfcc0747b55125d9b8527/library/core/src/panic/unwind_safe.rs:275:9
[INFO] [stdout]   59:     0x626ae2e10932 - std[617be2ca0a6fd877]::panicking::catch_unwind::do_call::<core[a373ad73a504971]::panic::unwind_safe::AssertUnwindSafe<std[617be2ca0a6fd877]::thread::lifecycle::spawn_unchecked<test[aada8e7e76ba119b]::run_test::{closure#1}, ()>::{closure#1}::{closure#0}>, ()>
[INFO] [stdout]                                at /rustc/e3feeb59cd1bdd011a2bfcc0747b55125d9b8527/library/std/src/panicking.rs:573:43
[INFO] [stdout]   60:     0x626ae2e10932 - std[617be2ca0a6fd877]::panicking::catch_unwind::<(), core[a373ad73a504971]::panic::unwind_safe::AssertUnwindSafe<std[617be2ca0a6fd877]::thread::lifecycle::spawn_unchecked<test[aada8e7e76ba119b]::run_test::{closure#1}, ()>::{closure#1}::{closure#0}>>
[INFO] [stdout]                                at /rustc/e3feeb59cd1bdd011a2bfcc0747b55125d9b8527/library/std/src/panicking.rs:541:19
[INFO] [stdout]   61:     0x626ae2e10932 - std[617be2ca0a6fd877]::panic::catch_unwind::<core[a373ad73a504971]::panic::unwind_safe::AssertUnwindSafe<std[617be2ca0a6fd877]::thread::lifecycle::spawn_unchecked<test[aada8e7e76ba119b]::run_test::{closure#1}, ()>::{closure#1}::{closure#0}>, ()>
[INFO] [stdout]                                at /rustc/e3feeb59cd1bdd011a2bfcc0747b55125d9b8527/library/std/src/panic.rs:359:14
[INFO] [stdout]   62:     0x626ae2e10932 - std[617be2ca0a6fd877]::thread::lifecycle::spawn_unchecked::<test[aada8e7e76ba119b]::run_test::{closure#1}, ()>::{closure#1}
[INFO] [stdout]                                at /rustc/e3feeb59cd1bdd011a2bfcc0747b55125d9b8527/library/std/src/thread/lifecycle.rs:68:26
[INFO] [stdout]   63:     0x626ae2e10932 - <std[617be2ca0a6fd877]::thread::lifecycle::spawn_unchecked<test[aada8e7e76ba119b]::run_test::{closure#1}, ()>::{closure#1} as core[a373ad73a504971]::ops::function::FnOnce<()>>::call_once::{shim:vtable#0}
[INFO] [stdout]                                at /rustc/e3feeb59cd1bdd011a2bfcc0747b55125d9b8527/library/core/src/ops/function.rs:250:5
[INFO] [stdout]   64:     0x626ae34d4dbf - <alloc[2e1b2a31b91974c5]::boxed::Box<dyn core[a373ad73a504971]::ops::function::FnOnce<(), Output = ()> + core[a373ad73a504971]::marker::Send> as core[a373ad73a504971]::ops::function::FnOnce<()>>::call_once
[INFO] [stdout]                                at /rustc/e3feeb59cd1bdd011a2bfcc0747b55125d9b8527/library/alloc/src/boxed.rs:2314:9
[INFO] [stdout]   65:     0x626ae34d4dbf - <std[617be2ca0a6fd877]::sys::thread::unix::Thread>::new::thread_start
[INFO] [stdout]                                at /rustc/e3feeb59cd1bdd011a2bfcc0747b55125d9b8527/library/std/src/sys/thread/unix.rs:127:17
[INFO] [stdout]   66:     0x7e980dc0edfa - <unknown>
[INFO] [stdout]   67:     0x7e980dca23d4 - clone
[INFO] [stdout]   68:                0x0 - <unknown>
[INFO] [stdout] 
[INFO] [stdout] 
[INFO] [stdout] failures:
[INFO] [stdout]     it_should_retry_tx_failed_to_be_sent_due_to_connection_lost
[INFO] [stdout] 
[INFO] [stdout] test result: FAILED. 10 passed; 1 failed; 0 ignored; 0 measured; 0 filtered out; finished in 10.08s
[INFO] [stdout] 
[INFO] [stderr] error: test failed, to rerun pass `--test test_quic_gateway`
[INFO] running `Command { std: "docker" "inspect" "5a18eaf05edb4ab803a200ac69d59e8bad1cf2e5a70b9a3d06ce694302f2e870", kill_on_drop: false }`
[INFO] running `Command { std: "docker" "rm" "-f" "5a18eaf05edb4ab803a200ac69d59e8bad1cf2e5a70b9a3d06ce694302f2e870", kill_on_drop: false }`
[INFO] [stdout] 5a18eaf05edb4ab803a200ac69d59e8bad1cf2e5a70b9a3d06ce694302f2e870
