[INFO] fetching crate xsdkit 0.3.0...
[INFO] testing xsdkit-0.3.0 against 1.100.0-beta.1 for beta-1.100-2
[INFO] extracting crate xsdkit 0.3.0 into /workspace/builds/worker-3-tc2/source
[INFO] started tweaking crates.io crate xsdkit 0.3.0
[INFO] removed 0 missing examples
[INFO] removed 0 missing tests
[INFO] finished tweaking crates.io crate xsdkit 0.3.0
[INFO] tweaked toml for crates.io crate xsdkit 0.3.0 written to /workspace/builds/worker-3-tc2/source/Cargo.toml
[INFO] validating manifest of crates.io crate xsdkit 0.3.0 on toolchain 1.100.0-beta.1
[INFO] running `Command { std: CARGO_HOME="/workspace/cargo-home" RUSTUP_HOME="/workspace/rustup-home" "/workspace/cargo-home/bin/cargo" "+1.100.0-beta.1" "metadata" "--manifest-path" "Cargo.toml" "--no-deps", kill_on_drop: false }`
[INFO] crate crates.io crate xsdkit 0.3.0 already has a lockfile, it will not be regenerated
[INFO] running `Command { std: CARGO_HOME="/workspace/cargo-home" RUSTUP_HOME="/workspace/rustup-home" "/workspace/cargo-home/bin/cargo" "+1.100.0-beta.1" "fetch" "--manifest-path" "Cargo.toml", kill_on_drop: false }`
[INFO] [stderr] warning: `package.homepage` is redundant with `package.documentation`
[INFO] [stderr]    --> Cargo.toml:104:12
[INFO] [stderr]     |
[INFO] [stderr] 101 | documentation = "https://mluttikh.github.io/xsdkit/"
[INFO] [stderr]     |                 ------------------------------------
[INFO] [stderr] ...
[INFO] [stderr] 104 | homepage = "https://mluttikh.github.io/xsdkit/"
[INFO] [stderr]     |            ^^^^^^^^^^^^^^^^^^^^^^^^^^^^^^^^^^^^
[INFO] [stderr]     |
[INFO] [stderr]     = note: `cargo::redundant_homepage` is set to `warn` by default
[INFO] [stderr] help: consider removing `package.homepage`
[INFO] [stderr] warning: `xsdkit` (manifest) generated 1 warning
[INFO] running `Command { std: "docker" "create" "-v" "/var/lib/crater-agent-workspace/builds/worker-3-tc2/source:/opt/rustwide/workdir:ro,Z" "-v" "/var/lib/crater-agent-workspace/builds/worker-3-tc2/target:/opt/rustwide/target:rw,Z" "-v" "/var/lib/crater-agent-workspace/cargo-home:/opt/rustwide/cargo-home:ro,Z" "-v" "/var/lib/crater-agent-workspace/rustup-home:/opt/rustwide/rustup-home:ro,Z" "-m" "1610612736" "--network" "none" "ghcr.io/rust-lang/crates-build-env/linux@sha256:3111399a4047eeb3a02b7a90e478d715f38a8c6669b5c4b49d30a17385265909" "sleep" "infinity", kill_on_drop: false }`
[INFO] [stdout] 0340b6898acf3d65c457ffae57c83dd2bae4ad0d61bf7db1520d79e11f64ea23
[INFO] running `Command { std: "docker" "start" "0340b6898acf3d65c457ffae57c83dd2bae4ad0d61bf7db1520d79e11f64ea23", kill_on_drop: false }`
[INFO] running `Command { std: "docker" "inspect" "0340b6898acf3d65c457ffae57c83dd2bae4ad0d61bf7db1520d79e11f64ea23", kill_on_drop: false }`
[INFO] running `Command { std: "docker" "exec" "-e" "SOURCE_DIR=/opt/rustwide/workdir" "-e" "CARGO_HOME=/opt/rustwide/cargo-home" "-e" "RUSTUP_HOME=/opt/rustwide/rustup-home" "-e" "CARGO_TARGET_DIR=/opt/rustwide/target" "-w" "/opt/rustwide/workdir" "--user" "0:0" "0340b6898acf3d65c457ffae57c83dd2bae4ad0d61bf7db1520d79e11f64ea23" "/opt/rustwide/cargo-home/bin/cargo" "+1.100.0-beta.1" "metadata" "--no-deps" "--format-version=1", kill_on_drop: false }`
[INFO] running `Command { std: "docker" "inspect" "0340b6898acf3d65c457ffae57c83dd2bae4ad0d61bf7db1520d79e11f64ea23", kill_on_drop: false }`
[INFO] running `Command { std: "docker" "exec" "-e" "SOURCE_DIR=/opt/rustwide/workdir" "-e" "CARGO_HOME=/opt/rustwide/cargo-home" "-e" "RUSTUP_HOME=/opt/rustwide/rustup-home" "-e" "CARGO_TARGET_DIR=/opt/rustwide/target" "-e" "CARGO_INCREMENTAL=0" "-e" "RUST_BACKTRACE=full" "-e" "RUSTFLAGS=--cap-lints=warn" "-e" "RUSTDOCFLAGS=--cap-lints=warn" "-w" "/opt/rustwide/workdir" "--user" "0:0" "0340b6898acf3d65c457ffae57c83dd2bae4ad0d61bf7db1520d79e11f64ea23" "/opt/rustwide/cargo-home/bin/cargo" "+1.100.0-beta.1" "build" "--frozen" "--message-format=json", kill_on_drop: false }`
[INFO] [stderr] warning: `package.homepage` is redundant with `package.documentation`
[INFO] [stderr]    --> Cargo.toml:104:12
[INFO] [stderr]     |
[INFO] [stderr] 101 | documentation = "https://mluttikh.github.io/xsdkit/"
[INFO] [stderr]     |                 ------------------------------------
[INFO] [stderr] ...
[INFO] [stderr] 104 | homepage = "https://mluttikh.github.io/xsdkit/"
[INFO] [stderr]     |            ^^^^^^^^^^^^^^^^^^^^^^^^^^^^^^^^^^^^
[INFO] [stderr]     |
[INFO] [stderr]     = note: `cargo::redundant_homepage` is set to `warn` by default
[INFO] [stderr] help: consider removing `package.homepage`
[INFO] [stderr] warning: `xsdkit` (manifest) generated 1 warning
[INFO] [stderr]    Compiling aho-corasick v1.1.5
[INFO] [stderr]    Compiling regex-syntax v0.8.11
[INFO] [stderr]    Compiling byteorder v1.5.0
[INFO] [stderr]    Compiling quick-xml v0.41.0
[INFO] [stderr]    Compiling roxmltree v0.20.0
[INFO] [stderr]    Compiling indexmap v2.14.1
[INFO] [stderr]    Compiling encoding_rs v0.8.35
[INFO] [stderr]    Compiling fxhash v0.2.1
[INFO] [stderr]    Compiling regex-automata v0.4.18
[INFO] [stderr]    Compiling regex v1.13.1
[INFO] [stderr]    Compiling xsdkit v0.3.0 (/opt/rustwide/workdir)
[INFO] [stderr] warning: unused dependency `indexmap`
[INFO] [stderr]  --> Cargo.toml:7:15
[INFO] [stderr]   |
[INFO] [stderr] 7 | [dependencies.indexmap]
[INFO] [stderr]   |               ^^^^^^^^^
[INFO] [stderr]   |
[INFO] [stderr]   = note: `cargo::unused_dependencies` is set to `warn` by default
[INFO] [stderr] help: consider removing the dependency on `indexmap`
[INFO] [stderr] warning: `xsdkit` (manifest) generated 1 warning
[INFO] [stderr]     Finished `dev` profile [unoptimized + debuginfo] target(s) in 19.21s
[INFO] running `Command { std: "docker" "inspect" "0340b6898acf3d65c457ffae57c83dd2bae4ad0d61bf7db1520d79e11f64ea23", kill_on_drop: false }`
[INFO] running `Command { std: "docker" "exec" "-e" "SOURCE_DIR=/opt/rustwide/workdir" "-e" "CARGO_HOME=/opt/rustwide/cargo-home" "-e" "RUSTUP_HOME=/opt/rustwide/rustup-home" "-e" "CARGO_TARGET_DIR=/opt/rustwide/target" "-e" "CARGO_INCREMENTAL=0" "-e" "RUST_BACKTRACE=full" "-e" "RUSTFLAGS=--cap-lints=warn" "-e" "RUSTDOCFLAGS=--cap-lints=warn" "-w" "/opt/rustwide/workdir" "--user" "0:0" "0340b6898acf3d65c457ffae57c83dd2bae4ad0d61bf7db1520d79e11f64ea23" "/opt/rustwide/cargo-home/bin/cargo" "+1.100.0-beta.1" "test" "--frozen" "--no-run" "--message-format=json", kill_on_drop: false }`
[INFO] [stderr] warning: `package.homepage` is redundant with `package.documentation`
[INFO] [stderr]    --> Cargo.toml:104:12
[INFO] [stderr]     |
[INFO] [stderr] 101 | documentation = "https://mluttikh.github.io/xsdkit/"
[INFO] [stderr]     |                 ------------------------------------
[INFO] [stderr] ...
[INFO] [stderr] 104 | homepage = "https://mluttikh.github.io/xsdkit/"
[INFO] [stderr]     |            ^^^^^^^^^^^^^^^^^^^^^^^^^^^^^^^^^^^^
[INFO] [stderr]     |
[INFO] [stderr]     = note: `cargo::redundant_homepage` is set to `warn` by default
[INFO] [stderr] help: consider removing `package.homepage`
[INFO] [stderr] warning: `xsdkit` (manifest) generated 1 warning
[INFO] [stderr]    Compiling semver v1.0.28
[INFO] [stderr]    Compiling serde_core v1.0.229
[INFO] [stderr]    Compiling winnow v1.0.4
[INFO] [stderr]    Compiling aho-corasick v1.1.5
[INFO] [stderr]    Compiling thiserror v2.0.20
[INFO] [stderr]    Compiling toml_datetime v1.1.1+spec-1.1.0
[INFO] [stderr]    Compiling syn v3.0.4
[INFO] [stderr]    Compiling serde v1.0.229
[INFO] [stderr]    Compiling spin v0.9.9
[INFO] [stderr]    Compiling syn v2.0.119
[INFO] [stderr]    Compiling rustc_version v0.4.1
[INFO] [stderr]    Compiling hash32 v0.2.1
[INFO] [stderr]    Compiling futures-core v0.3.34
[INFO] [stderr]    Compiling relative-path v1.9.3
[INFO] [stderr]    Compiling glob v0.3.4
[INFO] [stderr]    Compiling heapless v0.7.17
[INFO] [stderr]    Compiling rstest_macros v0.25.0
[INFO] [stderr]    Compiling futures-timer v3.0.4
[INFO] [stderr]    Compiling regex-automata v0.4.18
[INFO] [stderr]    Compiling toml_parser v1.1.3+spec-1.1.0
[INFO] [stderr]    Compiling toml_edit v0.25.13+spec-1.1.0
[INFO] [stderr]    Compiling proc-macro-crate v3.5.0
[INFO] [stderr]    Compiling serde_json v1.0.151
[INFO] [stderr]    Compiling serde_derive v1.0.229
[INFO] [stderr]    Compiling thiserror-impl v2.0.20
[INFO] [stderr]    Compiling futures-macro v0.3.34
[INFO] [stderr]    Compiling regex v1.13.1
[INFO] [stderr]    Compiling futures-util v0.3.34
[INFO] [stderr]    Compiling cobs v0.3.0
[INFO] [stderr]    Compiling postcard v1.1.3
[INFO] [stderr]    Compiling rstest v0.25.0
[INFO] [stderr]    Compiling xsdkit v0.3.0 (/opt/rustwide/workdir)
[INFO] [stderr] warning: unused dependency `indexmap`
[INFO] [stderr]  --> Cargo.toml:7:15
[INFO] [stderr]   |
[INFO] [stderr] 7 | [dependencies.indexmap]
[INFO] [stderr]   |               ^^^^^^^^^
[INFO] [stderr]   |
[INFO] [stderr]   = note: `cargo::unused_dependencies` is set to `warn` by default
[INFO] [stderr] help: consider removing the dependency on `indexmap`
[INFO] [stderr] warning: `xsdkit` (manifest) generated 1 warning
[INFO] [stderr]     Finished `test` profile [unoptimized + debuginfo] target(s) in 55.17s
[INFO] running `Command { std: "docker" "inspect" "0340b6898acf3d65c457ffae57c83dd2bae4ad0d61bf7db1520d79e11f64ea23", kill_on_drop: false }`
[INFO] running `Command { std: "docker" "exec" "-e" "SOURCE_DIR=/opt/rustwide/workdir" "-e" "CARGO_HOME=/opt/rustwide/cargo-home" "-e" "RUSTUP_HOME=/opt/rustwide/rustup-home" "-e" "CARGO_TARGET_DIR=/opt/rustwide/target" "-e" "CARGO_INCREMENTAL=0" "-e" "RUST_BACKTRACE=full" "-e" "RUSTFLAGS=--cap-lints=warn" "-e" "RUSTDOCFLAGS=--cap-lints=warn" "-w" "/opt/rustwide/workdir" "--user" "0:0" "0340b6898acf3d65c457ffae57c83dd2bae4ad0d61bf7db1520d79e11f64ea23" "/opt/rustwide/cargo-home/bin/cargo" "+1.100.0-beta.1" "test" "--frozen", kill_on_drop: false }`
[INFO] [stderr] warning: `package.homepage` is redundant with `package.documentation`
[INFO] [stderr]    --> Cargo.toml:104:12
[INFO] [stderr]     |
[INFO] [stderr] 101 | documentation = "https://mluttikh.github.io/xsdkit/"
[INFO] [stderr]     |                 ------------------------------------
[INFO] [stderr] ...
[INFO] [stderr] 104 | homepage = "https://mluttikh.github.io/xsdkit/"
[INFO] [stderr]     |            ^^^^^^^^^^^^^^^^^^^^^^^^^^^^^^^^^^^^
[INFO] [stderr]     |
[INFO] [stderr]     = note: `cargo::redundant_homepage` is set to `warn` by default
[INFO] [stderr] help: consider removing `package.homepage`
[INFO] [stderr] warning: `xsdkit` (manifest) generated 1 warning
[INFO] [stderr] warning: unused dependency `indexmap`
[INFO] [stderr]  --> Cargo.toml:7:15
[INFO] [stderr]   |
[INFO] [stderr] 7 | [dependencies.indexmap]
[INFO] [stderr]   |               ^^^^^^^^^
[INFO] [stderr]   |
[INFO] [stderr]   = note: `cargo::unused_dependencies` is set to `warn` by default
[INFO] [stderr] help: consider removing the dependency on `indexmap`
[INFO] [stderr] warning: `xsdkit` (manifest) generated 1 warning
[INFO] [stderr]     Finished `test` profile [unoptimized + debuginfo] target(s) in 0.13s
[INFO] [stderr]      Running unittests src/lib.rs (/opt/rustwide/target/debug/build/xsdkit/beade1b847e4ba3d/out/xsdkit-beade1b847e4ba3d)
[INFO] [stdout] 
[INFO] [stdout] running 76 tests
[INFO] [stdout] test datatypes::tests::a_step_without_patterns_adds_no_group ... ok
[INFO] [stdout] test datatypes::tests::lookup_round_trips ... ok
[INFO] [stdout] test datatypes::tests::derivation_chains_reach_the_ur_type ... ok
[INFO] [stdout] test datatypes::tests::primitives_resolve_through_long_chains ... ok
[INFO] [stdout] test datatypes::tests::table_and_enum_agree ... ok
[INFO] [stdout] test datatypes::tests::effective_whitespace_falls_back_to_the_builtin ... ok
[INFO] [stdout] test datatypes::tests::the_innermost_enumeration_wins ... ok
[INFO] [stdout] test datatypes::tests::there_are_nineteen_primitives_plus_the_optional_one ... ok
[INFO] [stdout] test datatypes::tests::inclusive_and_exclusive_bounds_displace_each_other ... ok
[INFO] [stdout] test datatypes::tests::patterns_or_within_a_step_and_and_across_steps ... ok
[INFO] [stdout] test diagnostics::tests::codes_are_unique_and_all_is_complete ... ok
[INFO] [stdout] test encoding::tests::a_declared_encoding_is_honoured ... ok
[INFO] [stdout] test encoding::tests::a_document_with_no_declaration_at_all_is_utf8 ... ok
[INFO] [stdout] test encoding::tests::a_utf32_bom_is_not_mistaken_for_utf16 ... ok
[INFO] [stdout] test encoding::tests::a_utf8_bom_is_stripped ... ok
[INFO] [stdout] test encoding::tests::an_unknown_encoding_is_named_as_such ... ok
[INFO] [stdout] test encoding::tests::bytes_that_contradict_their_declaration_are_an_error ... ok
[INFO] [stdout] test encoding::tests::encoding_is_only_read_from_the_declaration ... ok
[INFO] [stdout] test encoding::tests::plain_utf8_needs_no_declaration ... ok
[INFO] [stdout] test encoding::tests::single_quotes_and_spacing_are_accepted ... ok
[INFO] [stdout] test encoding::tests::undeclared_non_utf8_bytes_are_an_error_not_replacement_characters ... ok
[INFO] [stdout] test encoding::tests::utf16_handles_astral_characters ... ok
[INFO] [stdout] test encoding::tests::utf16_is_recognised_from_its_bom ... ok
[INFO] [stdout] test load::tests::nesting_depth_counts_markup_an_entity_could_insert ... ok
[INFO] [stdout] test load::tests::nesting_depth_counts_what_the_parser_will_descend ... ok
[INFO] [stdout] test load::tests::the_line_index_agrees_with_roxmltree ... ok
[INFO] [stdout] test load::tests::the_line_index_is_one_based_at_the_edges ... ok
[INFO] [stdout] test model::tests::derivation_sets_parse ... ok
[INFO] [stdout] test model::tests::max_occurs_repetition ... ok
[INFO] [stdout] test model::tests::namespace_constraints_admit_the_right_names ... ok
[INFO] [stdout] test model::tests::placeholders_are_recognisable ... ok
[INFO] [stdout] test names::tests::empty_target_namespace_is_no_namespace ... ok
[INFO] [stdout] test datatypes::tests::whitespace_is_fixed_by_ancestry ... ok
[INFO] [stdout] test datatypes::tests::whitespace_normalization ... ok
[INFO] [stdout] test names::tests::interning_is_stable_and_deduplicating ... ok
[INFO] [stdout] test diagnostics::tests::collection_separates_errors_from_warnings ... ok
[INFO] [stdout] test diagnostics::tests::display_includes_code_spans_and_help ... ok
[INFO] [stdout] test names::tests::qnames_render_in_clark_notation ... ok
[INFO] [stdout] test names::tests::the_empty_symbol_resolves_in_every_interner ... ok
[INFO] [stdout] test regex::tests::an_unknown_block_is_named_in_the_error ... ok
[INFO] [stdout] test regex::tests::alternatives_within_a_step_are_ored ... ok
[INFO] [stdout] test regex::tests::malformed_patterns_are_reported_not_panicked ... ok
[INFO] [stdout] test regex::tests::caret_and_dollar_are_literals ... ok
[INFO] [stdout] test regex::tests::character_class_subtraction ... ok
[INFO] [stdout] test regex::tests::patterns_are_implicitly_anchored ... ok
[INFO] [stdout] test regex::tests::quantifiers_and_groups ... ok
[INFO] [stdout] test regex::tests::metacharacters_are_escaped_not_interpreted ... ok
[INFO] [stdout] test regex::tests::whitespace_escape_is_the_xsd_set ... ok
[INFO] [stdout] test regex::tests::real_world_patterns ... ok
[INFO] [stdout] test values::tests::a_violation_names_its_facet ... ok
[INFO] [stdout] test regex::tests::unicode_categories_pass_through ... ok
[INFO] [stdout] test regex::tests::steps_are_anded ... ok
[INFO] [stdout] test values::tests::an_unrepresentable_duration_is_incomparable_not_a_panic ... ok
[INFO] [stdout] test values::tests::base64_round_trips ... ok
[INFO] [stdout] test values::tests::binary_types_decode ... ok
[INFO] [stdout] test values::tests::boolean_accepts_exactly_four_spellings ... ok
[INFO] [stdout] test regex::tests::unicode_blocks_become_ranges ... ok
[INFO] [stdout] test values::tests::bounds_are_checked_in_the_value_space ... ok
[INFO] [stdout] test values::tests::comparing_a_huge_duration_terminates ... ok
[INFO] [stdout] test values::tests::date_time_stamp_requires_a_timezone ... ok
[INFO] [stdout] test values::tests::digit_facets_count_canonically ... ok
[INFO] [stdout] test values::tests::errors_quote_what_the_document_said ... ok
[INFO] [stdout] test values::tests::durations_are_ordered_by_the_four_reference_dates ... ok
[INFO] [stdout] test values::tests::enumeration_compares_values_not_strings ... ok
[INFO] [stdout] test values::tests::length_facets_count_the_right_thing ... ok
[INFO] [stdout] test values::tests::integer_bounds_are_enforced_per_type ... ok
[INFO] [stdout] test values::tests::name_productions_are_enforced ... ok
[INFO] [stdout] test values::tests::patterns_constrain_the_lexical_form_not_the_value ... ok
[INFO] [stdout] test values::tests::temporal_types_round_trip ... ok
[INFO] [stdout] test values::tests::whitespace_is_applied_before_parsing ... ok
[INFO] [stdout] test values::tests::list_types_parse_each_item ... ok
[INFO] [stdout] test values::tests::temporal_bounds_work_too ... ok
[INFO] [stdout] test regex::tests::xml_name_escapes ... ok
[INFO] [stdout] test datatypes::tests::precision_decimal_is_available ... ok
[INFO] [stdout] test datatypes::tests::collapse_runs_before_lexical_parsing ... ok
[INFO] [stdout] test datatypes::tests::list_types_are_lists_of_the_right_item ... ok
[INFO] [stdout] 
[INFO] [stdout] test result: ok. 76 passed; 0 failed; 0 ignored; 0 measured; 0 filtered out; finished in 0.08s
[INFO] [stdout] 
[INFO] [stderr]      Running tests/canonical.rs (/opt/rustwide/target/debug/build/xsdkit/4735c2ba5b48abdb/out/canonical-4735c2ba5b48abdb)
[INFO] [stdout] 
[INFO] [stdout] running 11 tests
[INFO] [stdout] test a_malformed_gmonthday_is_rejected_not_panicked ... ok
[INFO] [stdout] test duration_canonical_forms ... ok
[INFO] [stdout] test a_malformed_duration_is_rejected_not_panicked ... ok
[INFO] [stdout] test a_gmonthday_admits_the_leap_day ... ok
[INFO] [stdout] test a_far_future_datetime_still_compares ... ok
[INFO] [stdout] test orderings_are_in_the_value_space ... ok
[INFO] [stdout] test temporal_canonical_forms ... ok
[INFO] [stdout] test every_builtin_round_trips_its_canonical_form ... ok
[INFO] [stdout] test temporal_equality_is_in_the_value_space ... ok
[INFO] [stdout] test numeric_canonical_forms ... ok
[INFO] [stdout] test the_version_decides_two_lexical_spaces ... ok
[INFO] [stdout] 
[INFO] [stdout] test result: ok. 11 passed; 0 failed; 0 ignored; 0 measured; 0 filtered out; finished in 0.01s
[INFO] [stdout] 
[INFO] [stderr]      Running tests/content_model.rs (/opt/rustwide/target/debug/build/xsdkit/e653d6095e2cfd13/out/content_model-e653d6095e2cfd13)
[INFO] [stdout] 
[INFO] [stdout] running 39 tests
[INFO] [stdout] test a_sequence_matches_in_order ... ok
[INFO] [stdout] test a_fixed_count_followed_by_the_same_name_is_not_ambiguous ... ok
[INFO] [stdout] test a_cycle_makes_its_children_repeat ... ok
[INFO] [stdout] test a_child_on_every_branch_is_required ... ok
[INFO] [stdout] test a_nullable_model_makes_every_child_optional ... ok
[INFO] [stdout] test a_choice_matches_exactly_one_branch ... ok
[INFO] [stdout] test a_lone_repeating_element_is_a_component_of_one ... ok
[INFO] [stdout] test a_type_with_no_content_has_no_children ... ok
[INFO] [stdout] test an_element_competing_with_a_wildcard_is_ambiguous_in_xsd_10 ... ok
[INFO] [stdout] test an_all_group_reads_its_members ... ok
[INFO] [stdout] test an_optional_particle_followed_by_the_same_name_is_ambiguous ... ok
[INFO] [stdout] test an_empty_content_model_admits_nothing ... ok
[INFO] [stdout] test an_attribute_only_extension_keeps_the_bases_children ... ok
[INFO] [stdout] test an_unresolved_extension_base_adds_no_ambiguity ... ok
[INFO] [stdout] test child_is_optional_matches_the_schema_exactly ... ok
[INFO] [stdout] test child_repeats_covers_the_element_and_its_ancestors ... ok
[INFO] [stdout] test content_stats_summarise_the_whole_schema ... ok
[INFO] [stdout] test an_approximated_model_downgrades_upa_to_a_warning ... ok
[INFO] [stdout] test children_answers_both_questions_at_once ... ok
[INFO] [stdout] test extension_chains_accumulate_in_base_order ... ok
[INFO] [stdout] test lax_mode_downgrades_upa_to_a_warning ... ok
[INFO] [stdout] test named_group_references_are_inlined ... ok
[INFO] [stdout] test nested_groups_compose ... ok
[INFO] [stdout] test children_expands_substitution_groups ... ok
[INFO] [stdout] test extension_inherits_the_bases_content ... ok
[INFO] [stdout] test numeric_ranges_enforce_both_bounds ... ok
[INFO] [stdout] test optional_particles_may_be_skipped ... ok
[INFO] [stdout] test substitution_group_members_can_collide_with_their_head ... ok
[INFO] [stdout] test possible_children_expands_substitution_groups ... ok
[INFO] [stdout] test restriction_replaces_the_bases_content ... ok
[INFO] [stdout] test a_variable_count_followed_by_the_same_name_is_ambiguous ... ok
[INFO] [stdout] test unbounded_repetition_loops ... ok
[INFO] [stdout] test one_repeating_position_is_enough ... ok
[INFO] [stdout] test wildcards_match_by_namespace ... ok
[INFO] [stdout] test xs_all_accepts_any_order_but_not_repeats ... ok
[INFO] [stdout] test zero_or_more_accepts_empty ... ok
[INFO] [stdout] test unambiguous_models_are_silent ... ok
[INFO] [stdout] test children_agrees_with_the_predicates_on_awkward_models ... ok
[INFO] [stdout] test a_huge_max_occurs_is_widened_rather_than_unrolled ... ok
[INFO] [stdout] 
[INFO] [stdout] test result: ok. 39 passed; 0 failed; 0 ignored; 0 measured; 0 filtered out; finished in 0.11s
[INFO] [stdout] 
[INFO] [stderr]      Running tests/decimal.rs (/opt/rustwide/target/debug/build/xsdkit/612bfbe7bb150645/out/decimal-612bfbe7bb150645)
[INFO] [stdout] 
[INFO] [stdout] running 8 tests
[INFO] [stdout] test decimals_compare_with_integers_of_any_size ... ok
[INFO] [stdout] test ordering_holds_where_aligning_would_overflow ... ok
[INFO] [stdout] test zero_has_no_sign ... ok
[INFO] [stdout] test zeroes_that_carry_no_digits_do_not_count_against_the_limit ... ok
[INFO] [stdout] test thirty_eight_significant_digits_are_exact_and_thirty_nine_are_refused ... ok
[INFO] [stdout] test the_written_scale_is_kept_and_equality_ignores_it ... ok
[INFO] [stdout] test an_enumeration_still_matches_across_scale ... ok
[INFO] [stdout] test facets_compare_every_digit_the_document_wrote ... ok
[INFO] [stdout] 
[INFO] [stdout] test result: ok. 8 passed; 0 failed; 0 ignored; 0 measured; 0 filtered out; finished in 0.02s
[INFO] [stdout] 
[INFO] [stderr]      Running tests/declarations.rs (/opt/rustwide/target/debug/build/xsdkit/b77a6b47f4157f73/out/declarations-b77a6b47f4157f73)
[INFO] [stdout] 
[INFO] [stdout] running 8 tests
[INFO] [stdout] test the_containers_that_interleave_annotations_are_exempt ... ok
[INFO] [stdout] test a_qname_default_is_left_alone ... ok
[INFO] [stdout] test an_annotation_must_be_first_and_alone ... ok
[INFO] [stdout] test an_id_may_not_be_supplied_by_the_schema_in_xsd10 ... ok
[INFO] [stdout] test an_element_default_is_checked_against_its_content ... ok
[INFO] [stdout] test a_default_must_be_valid_against_its_type ... ok
[INFO] [stdout] test an_enumeration_on_a_list_matches_a_whole_list ... ok
[INFO] [stderr]      Running tests/decode.rs (/opt/rustwide/target/debug/build/xsdkit/6f9a830c8f07657e/out/decode-6f9a830c8f07657e)
[INFO] [stdout] test element_only_content_cannot_carry_a_default ... ok
[INFO] [stdout] 
[INFO] [stdout] test result: ok. 8 passed; 0 failed; 0 ignored; 0 measured; 0 filtered out; finished in 0.03s
[INFO] [stdout] 
[INFO] [stdout] 
[INFO] [stdout] running 13 tests
[INFO] [stdout] test a_schema_supplied_default_says_so ... ok
[INFO] [stdout] test an_empty_complex_element_is_not_a_value ... ok
[INFO] [stdout] test a_wildcard_attribute_with_an_undeclared_name_is_decoded ... ok
[INFO] [stdout] test a_skipped_wildcard_subtree_does_not_swallow_the_document ... ok
[INFO] [stdout] test an_empty_document_decodes_to_nothing ... ok
[INFO] [stdout] test mixed_content_keeps_both_halves ... ok
[INFO] [stdout] test attributes_are_typed_too ... ok
[INFO] [stdout] test repeated_children_keep_document_order ... ok
[INFO] [stdout] test nesting_is_preserved ... ok
[INFO] [stdout] test an_invalid_document_still_decodes_and_still_reports ... ok
[INFO] [stdout] test nil_is_not_the_same_as_empty ... ok
[INFO] [stdout] test values_arrive_in_their_value_space ... ok
[INFO] [stdout] test text_that_was_never_a_document_says_so ... ok
[INFO] [stdout] 
[INFO] [stdout] test result: ok. 13 passed; 0 failed; 0 ignored; 0 measured; 0 filtered out; finished in 0.03s
[INFO] [stdout] 
[INFO] [stderr]      Running tests/derivation.rs (/opt/rustwide/target/debug/build/xsdkit/49445ee8f8366269/out/derivation-49445ee8f8366269)
[INFO] [stdout] 
[INFO] [stdout] running 5 tests
[INFO] [stdout] test deriving_from_a_builtin_is_never_blocked ... ok
[INFO] [stdout] test a_final_type_cannot_be_extended_or_restricted ... ok
[INFO] [stdout] test final_seals_only_the_method_it_names ... ok
[INFO] [stdout] test a_simple_type_can_refuse_to_be_listed_or_unioned ... ok
[INFO] [stdout] test hash_all_and_final_default_both_seal ... ok
[INFO] [stdout] 
[INFO] [stdout] test result: ok. 5 passed; 0 failed; 0 ignored; 0 measured; 0 filtered out; finished in 0.01s
[INFO] [stdout] 
[INFO] [stderr]      Running tests/facets.rs (/opt/rustwide/target/debug/build/xsdkit/fb6c47cc2a82823b/out/facets-fb6c47cc2a82823b)
[INFO] [stdout] 
[INFO] [stdout] running 16 tests
[INFO] [stdout] test a_list_takes_length_even_when_its_item_type_would_not ... ok
[INFO] [stdout] test an_enumerated_value_must_be_a_value_of_the_base ... ok
[INFO] [stdout] test a_repeated_facet_under_simple_content_is_reported ... ok
[INFO] [stdout] test explicit_timezone_is_enforced ... ok
[INFO] [stdout] test a_bound_must_be_a_value_of_the_type_it_bounds ... ok
[INFO] [stdout] test narrowing_the_same_bound_is_fine ... ok
[INFO] [stdout] test each_primitive_admits_only_its_own_facets ... ok
[INFO] [stdout] test qname_and_notation_facet_values_are_left_alone ... ok
[INFO] [stdout] test the_applicable_facets_are_still_accepted ... ok
[INFO] [stdout] test a_bound_may_not_widen_the_one_it_inherits ... ok
[INFO] [stdout] test a_union_takes_only_pattern_and_enumeration ... ok
[INFO] [stdout] test narrowing_across_two_steps_is_not_a_conflict ... ok
[INFO] [stdout] test length_is_not_a_facet_of_a_duration ... ok
[INFO] [stdout] test the_composed_range_must_hold_something ... ok
[INFO] [stdout] test sizes_and_digit_counts_may_only_narrow ... ok
[INFO] [stdout] test facets_that_cannot_both_hold_are_rejected ... ok
[INFO] [stdout] 
[INFO] [stdout] test result: ok. 16 passed; 0 failed; 0 ignored; 0 measured; 0 filtered out; finished in 0.05s
[INFO] [stdout] 
[INFO] [stderr]      Running tests/identity.rs (/opt/rustwide/target/debug/build/xsdkit/3c9825b5e4fc299e/out/identity-3c9825b5e4fc299e)
[INFO] [stdout] 
[INFO] [stdout] running 8 tests
[INFO] [stdout] test keys_compare_as_values_not_as_text ... ok
[INFO] [stdout] test a_descendant_selector_reaches_any_depth ... ok
[INFO] [stdout] test a_singleton_list_equals_the_value_it_holds ... ok
[INFO] [stdout] test a_key_must_be_unique_among_the_nodes_it_covers ... ok
[INFO] [stdout] test a_document_satisfying_every_constraint_validates ... ok
[INFO] [stderr]      Running tests/instance.rs (/opt/rustwide/target/debug/build/xsdkit/951d894a2f804cf8/out/instance-951d894a2f804cf8)
[INFO] [stdout] test a_key_requires_its_fields_and_a_unique_does_not ... ok
[INFO] [stdout] test a_keyref_must_match_a_key ... ok
[INFO] [stdout] test a_path_does_not_use_the_default_namespace ... ok
[INFO] [stdout] 
[INFO] [stdout] test result: ok. 8 passed; 0 failed; 0 ignored; 0 measured; 0 filtered out; finished in 0.03s
[INFO] [stdout] 
[INFO] [stdout] 
[INFO] [stdout] running 104 tests
[INFO] [stdout] test a_conforming_document_validates ... ok
[INFO] [stdout] test a_bad_attribute_value_is_reported ... ok
[INFO] [stdout] test a_fixed_attribute_is_supplied_when_absent ... ok
[INFO] [stdout] test a_block_reaches_through_the_whole_derivation_chain ... ok
[INFO] [stdout] test a_fixed_attribute_may_be_repeated_but_not_changed ... ok
[INFO] [stdout] test a_head_types_prohibited_substitutions_bar_a_member_too ... ok
[INFO] [stdout] test a_lax_attribute_wildcard_validates_only_what_it_can_find ... ok
[INFO] [stdout] test a_list_of_qnames_resolves_every_item ... ok
[INFO] [stdout] test a_head_that_blocks_substitution_admits_only_itself ... ok
[INFO] [stdout] test a_lax_wildcard_validates_only_what_it_can_find ... ok
[INFO] [stdout] test a_bad_element_value_is_reported_with_its_type ... ok
[INFO] [stdout] test a_blocked_derivation_method_bars_the_xsi_type_that_uses_it ... ok
[INFO] [stdout] test a_lax_wildcard_element_without_a_declaration_is_assessed_as_any_type ... ok
[INFO] [stdout] test a_default_attribute_is_supplied_too ... ok
[INFO] [stdout] test a_missing_required_child_is_reported ... ok
[INFO] [stdout] test a_prohibited_attribute_is_not_supplied ... ok
[INFO] [stdout] test a_list_of_unions_resolves_each_item_on_its_own ... ok
[INFO] [stdout] test a_nil_element_may_not_have_content ... ok
[INFO] [stdout] test a_qname_enumeration_resolves_its_literals_against_the_schema ... ok
[INFO] [stdout] test a_qname_attribute_resolves_against_the_element_it_is_on ... ok
[INFO] [stdout] test a_prefixed_qname_enumeration_literal_is_not_a_schema_error ... ok
[INFO] [stdout] test a_narrowed_simple_content_keeps_its_attributes ... ok
[INFO] [stdout] test a_qname_list_enumeration_resolves_every_item ... ok
[INFO] [stdout] test a_qname_literal_uses_the_binding_nearest_it ... ok
[INFO] [stdout] test a_qname_reaches_the_psvi_resolved ... ok
[INFO] [stdout] test a_second_root_is_not_announced_as_one ... ok
[INFO] [stdout] test a_simple_content_chain_resolves_through_every_link ... ok
[INFO] [stdout] test a_qname_resolves_a_prefix_declared_on_an_ancestor ... ok
[INFO] [stdout] test a_sibling_declaration_governs_over_the_global_one ... ok
[INFO] [stdout] test a_skip_wildcard_looks_no_further ... ok
[INFO] [stdout] test a_skip_attribute_wildcard_looks_no_further ... ok
[INFO] [stdout] test a_skip_wildcard_raises_no_consistency_question ... ok
[INFO] [stdout] test a_strict_attribute_wildcard_validates_what_it_admits ... ok
[INFO] [stdout] test a_strict_wildcard_reaches_the_whole_subtree ... ok
[INFO] [stdout] test a_substituting_element_is_matched_with_its_own_type ... ok
[INFO] [stdout] test a_strict_wildcard_validates_what_it_admits ... ok
[INFO] [stdout] test a_truncated_document_is_reported ... ok
[INFO] [stdout] test a_wildcard_attribute_with_an_undeclared_name_is_reported ... ok
[INFO] [stdout] test a_missing_required_attribute_is_reported ... ok
[INFO] [stdout] test a_union_and_its_members_are_consistent ... ok
[INFO] [stdout] test a_union_is_an_id_only_when_the_id_member_is_the_one_that_matched ... ok
[INFO] [stdout] test a_wildcard_may_not_admit_a_name_the_model_declares_incompatibly ... ok
[INFO] [stdout] test a_wildcards_namespace_constraint_is_enforced ... ok
[INFO] [stdout] test an_abstract_element_may_not_appear_in_a_document ... ok
[INFO] [stdout] test a_written_attribute_is_not_marked_as_from_the_schema ... ok
[INFO] [stdout] test an_attribute_admitted_by_a_wildcard_reaches_the_psvi_typed ... ok
[INFO] [stdout] test an_attribute_fixed_value_compares_values_not_strings ... ok
[INFO] [stdout] test an_abstract_type_needs_an_xsi_type_to_stand_in_for_it ... ok
[INFO] [stdout] test an_element_declarations_block_bars_an_xsi_type ... ok
[INFO] [stdout] test an_empty_element_takes_its_declarations_default ... ok
[INFO] [stdout] test an_any_type_element_accepts_any_children ... ok
[INFO] [stdout] test an_entity_must_name_an_unparsed_entity_the_dtd_declares ... ok
[INFO] [stdout] test an_empty_element_takes_its_declarations_fixed_value ... ok
[INFO] [stdout] test an_element_out_of_order_is_reported ... ok
[INFO] [stdout] test an_inherited_fixed_attribute_is_supplied ... ok
[INFO] [stdout] test an_inner_rebinding_of_an_xsi_type_prefix_wins ... ok
[INFO] [stdout] test an_extension_unions_its_wildcard_with_the_bases ... ok
[INFO] [stdout] test an_unblocked_head_does_not_second_guess_its_members_types ... ok
[INFO] [stdout] test an_extension_of_an_element_only_type_stays_element_only ... ok
[INFO] [stdout] test an_enumeration_on_a_simple_content_restriction_is_enforced ... ok
[INFO] [stdout] test an_idref_must_match_an_id_somewhere_in_the_document ... ok
[INFO] [stdout] test an_unexpected_child_is_reported ... ok
[INFO] [stdout] test an_undeclared_default_namespace_leaves_a_qname_unqualified ... ok
[INFO] [stdout] test an_unbound_xsi_type_prefix_is_reported_as_such ... ok
[INFO] [stdout] test an_unprefixed_xsi_type_takes_the_default_namespace_in_scope ... ok
[INFO] [stdout] test an_id_binds_to_an_element_not_merely_to_a_value ... ok
[INFO] [stdout] test an_undeclared_root_against_an_element_less_schema_reports_rather_than_panics ... ok
[INFO] [stdout] test an_unexpandable_entity_reference_is_reported ... ok
[INFO] [stdout] test an_undeclared_root_is_reported ... ok
[INFO] [stdout] test attributes_reach_the_psvi_typed ... ok
[INFO] [stdout] test attribute_group_wildcards_intersect ... ok
[INFO] [stdout] test an_undeclared_attribute_is_reported ... ok
[INFO] [stdout] test an_unprefixed_qname_literal_takes_the_schemas_default_namespace ... ok
[INFO] [stdout] test character_data_in_element_only_content_is_reported ... ok
[INFO] [stdout] test an_xsi_type_prefix_declared_on_an_ancestor_resolves ... ok
[INFO] [stdout] test boolean_schema_attributes_accept_the_numeric_spelling ... ok
[INFO] [stdout] test diagnostics_carry_a_line_number ... ok
[INFO] [stdout] test every_element_announced_is_also_closed ... ok
[INFO] [stdout] test content_must_match_a_fixed_element_value ... ok
[INFO] [stdout] test character_and_entity_references_reach_the_value ... ok
[INFO] [stdout] test giving_any_type_a_particle_makes_no_restriction_of_it_invalid ... ok
[INFO] [stdout] test facets_are_enforced_on_instance_values ... ok
[INFO] [stdout] test every_item_of_an_entities_value_must_be_declared ... ok
[INFO] [stdout] test facets_on_a_simple_content_restriction_are_enforced ... ok
[INFO] [stdout] test malformed_xml_is_a_diagnostic_not_a_panic ... ok
[INFO] [stdout] test numeric_values_tolerate_surrounding_whitespace ... ok
[INFO] [stdout] test mixed_content_survives_an_extension_that_adds_no_particle ... ok
[INFO] [stdout] test mixed_content_does_not_survive_a_restriction_that_omits_it ... ok
[INFO] [stdout] test nothing_but_whitespace_comments_and_pis_may_surround_the_root ... ok
[INFO] [stdout] test related_declarations_are_consistent ... ok
[INFO] [stdout] test optional_and_repeating_children_are_honoured ... ok
[INFO] [stdout] test text_with_no_element_at_all_is_still_no_root_element ... ok
[INFO] [stdout] test the_psvi_carries_typed_values ... ok
[INFO] [stdout] test the_psvi_reports_the_declaration_and_type_in_force ... ok
[INFO] [stdout] test validate_until_hands_out_nothing_after_a_break ... ok
[INFO] [stdout] test qname_content_resolves_against_the_documents_namespaces ... ok
[INFO] [stdout] test whitespace_between_elements_is_not_content ... ok
[INFO] [stdout] test simple_content_resolves_whatever_the_declaration_order ... ok
[INFO] [stdout] test xsi_nil_permits_an_empty_element_that_would_otherwise_be_invalid ... ok
[INFO] [stdout] test xsi_type_must_name_a_derived_type ... ok
[INFO] [stdout] test whitespace_content_is_not_an_absent_value ... ok
[INFO] [stdout] test xsi_type_substitutes_a_derived_type ... ok
[INFO] [stdout] test length_facets_do_not_constrain_a_qname ... ok
[INFO] [stdout] test nesting_is_capped_below_where_namespace_resolution_breaks ... ok
[INFO] [stdout] 
[INFO] [stdout] test result: ok. 104 passed; 0 failed; 0 ignored; 0 measured; 0 filtered out; finished in 0.55s
[INFO] [stdout] 
[INFO] [stderr]      Running tests/integration_tests.rs (/opt/rustwide/target/debug/build/xsdkit/20757ec636e3fe6c/out/integration_tests-20757ec636e3fe6c)
[INFO] [stdout] 
[INFO] [stdout] running 52 tests
[INFO] [stdout] test a_utf16_schema_loads ... ok
[INFO] [stdout] test a_type_whose_whole_content_is_a_dangling_group_ref_does_not_panic ... ok
[INFO] [stdout] test a_utf8_bom_does_not_break_the_parse ... ok
[INFO] [stdout] test a_latin1_schema_loads ... ok
[INFO] [stdout] test an_encoding_failure_blames_the_encoding ... ok
[INFO] [stdout] test an_absent_version_is_none_not_empty ... ok
[INFO] [stdout] test an_identity_constraint_can_be_referenced_instead_of_defined ... ok
[INFO] [stdout] test an_element_without_a_type_is_any_type ... ok
[INFO] [stdout] test a_restriction_narrows_an_inherited_attribute ... ok
[INFO] [stdout] test a_non_schema_root_is_rejected ... ok
[INFO] [stdout] test a_missing_schema_location_is_an_error_but_lax_downgrades_it ... ok
[INFO] [stdout] test an_identity_constraint_needs_exactly_one_of_name_and_ref ... ok
[INFO] [stdout] test an_included_document_is_decoded_on_its_own_terms ... ok
[INFO] [stdout] test an_undeclared_prefix_is_reported ... ok
[INFO] [stdout] test an_unresolved_identity_constraint_reference_drops_the_slot ... ok
[INFO] [stdout] test attribute_groups_flatten_transitively ... ok
[INFO] [stdout] test attribute_uses_are_inherited_through_derivation ... ok
[INFO] [stdout] test a_self_referencing_attribute_group_is_reported ... ok
[INFO] [stdout] test an_unresolved_type_reference_never_reaches_schemas ... ok
[INFO] [stdout] test builtins_are_real_components ... ok
[INFO] [stdout] test bytes_that_contradict_their_declaration_are_reported ... ok
[INFO] [stdout] test attribute_uses_carry_kind_and_value_constraint ... ok
[INFO] [stdout] test appinfo_is_kept_verbatim ... ok
[INFO] [stdout] test chameleon_include_absorbs_the_includers_namespace ... ok
[INFO] [stdout] test circular_includes_terminate ... ok
[INFO] [stdout] test circular_derivation_is_reported ... ok
[INFO] [stdout] test conflicting_varieties_are_reported ... ok
[INFO] [stdout] test duplicate_globals_collide_only_within_one_symbol_space ... ok
[INFO] [stdout] test enumerations_and_whitespace_survive ... ok
[INFO] [stdout] test complex_extension_records_its_base_and_method ... ok
[INFO] [stdout] test every_error_is_reported_not_just_the_first ... ok
[INFO] [stdout] test element_form_default_governs_local_qualification ... ok
[INFO] [stdout] test inline_complex_type_yields_child_particles ... ok
[INFO] [stdout] test keyref_resolves_to_the_key_it_refers_to ... ok
[INFO] [stdout] test include_merges_into_the_same_namespace ... ok
[INFO] [stdout] test inherited_attributes_accumulate_down_a_chain ... ok
[INFO] [stdout] test list_and_union_varieties_resolve_their_members ... ok
[INFO] [stdout] test named_types_resolve_across_declarations ... ok
[INFO] [stdout] test import_brings_in_another_namespace ... ok
[INFO] [stdout] test occurrence_drives_repeatability_and_optionality ... ok
[INFO] [stdout] test facets_compose_across_restriction_steps ... ok
[INFO] [stdout] test malformed_xml_is_a_diagnostic_not_a_panic ... ok
[INFO] [stdout] test a_simple_type_cannot_contain_itself ... ok
[INFO] [stdout] test min_occurs_above_max_occurs_is_an_error ... ok
[INFO] [stdout] test the_default_resolver_refuses_the_network ... ok
[INFO] [stdout] test no_placeholder_survives_anywhere_in_the_particle_arena ... ok
[INFO] [stdout] test substitution_closure_is_transitive_and_skips_abstract_heads ... ok
[INFO] [stdout] test the_namespace_and_the_version_attribute_are_separate_facts ... ok
[INFO] [stderr]      Running tests/limits.rs (/opt/rustwide/target/debug/build/xsdkit/da31d7b8c0c395a5/out/limits-da31d7b8c0c395a5)
[INFO] [stdout] test unresolved_references_are_reported_with_a_span ... ok
[INFO] [stdout] test the_schema_version_attribute_is_reported_verbatim ... ok
[INFO] [stdout] test the_xsi_attributes_are_predeclared ... ok
[INFO] [stdout] test wildcards_record_their_namespace_constraint ... ok
[INFO] [stdout] 
[INFO] [stdout] test result: ok. 52 passed; 0 failed; 0 ignored; 0 measured; 0 filtered out; finished in 0.10s
[INFO] [stdout] 
[INFO] [stdout] 
[INFO] [stdout] running 3 tests
[INFO] [stdout] test nesting_an_entity_would_insert_counts_toward_the_limit ... ok
[INFO] [stdout] test the_default_admits_realistic_nesting_and_the_limit_is_adjustable ... ok
[INFO] [stdout] test a_schema_nested_past_the_limit_is_refused_before_it_is_parsed ... ok
[INFO] [stdout] 
[INFO] [stdout] test result: ok. 3 passed; 0 failed; 0 ignored; 0 measured; 0 filtered out; finished in 0.69s
[INFO] [stdout] 
[INFO] [stderr]      Running tests/performance.rs (/opt/rustwide/target/debug/build/xsdkit/48308e765b8c2f13/out/performance-48308e765b8c2f13)
[INFO] [stdout] 
[INFO] [stdout] running 2 tests
[INFO] [stdout] test validating_a_large_document_does_not_scale_quadratically ... ok
[INFO] [stdout] test loading_a_large_schema_does_not_scale_quadratically ... ok
[INFO] [stdout] 
[INFO] [stdout] test result: ok. 2 passed; 0 failed; 0 ignored; 0 measured; 0 filtered out; finished in 3.09s
[INFO] [stdout] 
[INFO] [stderr]      Running tests/precision_decimal.rs (/opt/rustwide/target/debug/build/xsdkit/3b5c928bad85a739/out/precision_decimal-3b5c928bad85a739)
[INFO] [stdout] 
[INFO] [stdout] running 8 tests
[INFO] [stdout] test equality_is_numeric_and_ignores_the_scale ... ok
[INFO] [stdout] test the_scale_facets_bound_the_scale ... ok
[INFO] [stdout] test an_enumeration_matches_the_number_not_the_spelling ... ok
[INFO] [stdout] test the_scale_survives_parsing ... ok
[INFO] [stdout] test total_digits_applies_to_the_written_form ... ok
[INFO] [stdout] test total_digits_counts_written_digits ... ok
[INFO] [stdout] test the_lexical_space_is_floats_plus_a_signed_zero ... ok
[INFO] [stdout] test the_scale_facets_are_constrained_like_the_rest ... ok
[INFO] [stdout] 
[INFO] [stdout] test result: ok. 8 passed; 0 failed; 0 ignored; 0 measured; 0 filtered out; finished in 0.02s
[INFO] [stdout] 
[INFO] [stderr]      Running tests/real_world.rs (/opt/rustwide/target/debug/build/xsdkit/f3aa9541318a8827/out/real_world-f3aa9541318a8827)
[INFO] [stdout] 
[INFO] [stdout] running 14 tests
[INFO] [stdout] test appinfo_survives_a_real_schema ... ok
[INFO] [stdout] test an_extension_exposes_its_bases_children_in_a_real_schema ... ok
[INFO] [stdout] test content_models_compile_without_approximation ... ok
[INFO] [stdout] test identity_constraints_resolve ... ok
[INFO] [stdout] test an_internal_dtd_subset_is_accepted ... ok
[INFO] [stdout] test named_model_groups_resolve_through_references ... ok
[INFO] [stdout] test a_valid_schema_has_no_upa_violations ... ok
[INFO] [stdout] test recursive_types_do_not_hang ... ok
[INFO] [stdout] test a_compiled_schema_is_send_and_sync ... ok
[INFO] [stdout] test redeclaring_the_builtins_is_not_a_duplicate ... ok
[INFO] [stdout] test required_and_repeating_children_are_told_apart ... ok
[INFO] [stdout] test strict_mode_rejects_what_lax_accepts ... ok
[INFO] [stdout] test the_xml_prefix_resolves_without_an_import ... ok
[INFO] [stdout] test the_schema_for_schemas_loads ... ok
[INFO] [stdout] 
[INFO] [stdout] test result: ok. 14 passed; 0 failed; 0 ignored; 0 measured; 0 filtered out; finished in 1.12s
[INFO] [stdout] 
[INFO] [stderr]      Running tests/redefine.rs (/opt/rustwide/target/debug/build/xsdkit/334c1f0607138314/out/redefine-334c1f0607138314)
[INFO] [stdout] 
[INFO] [stdout] running 15 tests
[INFO] [stdout] test a_redefine_does_not_take_an_element ... ok
[INFO] [stdout] test a_redefined_simple_type_restricts_the_original ... ok
[INFO] [stdout] test a_redefined_group_references_the_original ... ok
[INFO] [stdout] test a_redefined_type_extends_the_original ... ok
[INFO] [stdout] test a_redefined_attribute_group_references_the_original ... ok
[INFO] [stdout] test a_redefinition_replaces_what_the_name_resolves_to ... ok
[INFO] [stdout] test a_missing_schema_location_is_reported ... ok
[INFO] [stdout] test an_override_replaces_a_group ... ok
[INFO] [stdout] test other_references_inside_a_redefinition_are_ordinary ... ok
[INFO] [stdout] test an_override_replaces_a_type_outright ... ok
[INFO] [stdout] test an_override_replaces_an_attribute_declaration ... ok
[INFO] [stdout] test an_override_replaces_an_element_declaration ... ok
[INFO] [stdout] test redefining_a_builtin_is_rejected ... ok
[INFO] [stdout] test untouched_components_survive ... ok
[INFO] [stderr]      Running tests/refs.rs (/opt/rustwide/target/debug/build/xsdkit/06cf7846fa1b468a/out/refs-06cf7846fa1b468a)
[INFO] [stdout] test redefinitions_no_longer_warn_as_unsupported ... ok
[INFO] [stdout] 
[INFO] [stdout] test result: ok. 15 passed; 0 failed; 0 ignored; 0 measured; 0 filtered out; finished in 0.05s
[INFO] [stdout] 
[INFO] [stdout] 
[INFO] [stdout] running 13 tests
[INFO] [stdout] test an_inline_type_has_no_name ... ok
[INFO] [stdout] test a_reference_is_two_words ... ok
[INFO] [stdout] test following_a_schema_needs_no_ids ... ok
[INFO] [stdout] test attributes_carry_the_use_not_just_the_declaration ... ok
[INFO] [stdout] test accepts_answers_yes_or_no_about_a_child_sequence ... ok
[INFO] [stdout] test substitutes_gives_the_closure_without_the_abstract_head ... ok
[INFO] [stdout] test a_name_lookup_gives_a_reference_and_the_id_beside_it ... ok
[INFO] [stdout] test the_base_chain_terminates ... ok
[INFO] [stdout] test simple_types_report_how_they_are_built ... ok
[INFO] [stdout] test the_two_layers_agree_everywhere ... ok
[INFO] [stdout] test references_from_different_schemas_are_never_equal ... ok
[INFO] [stdout] test block_separates_the_group_from_what_may_appear ... ok
[INFO] [stdout] test debug_prints_the_component ... ok
[INFO] [stdout] 
[INFO] [stdout] test result: ok. 13 passed; 0 failed; 0 ignored; 0 measured; 0 filtered out; finished in 0.08s
[INFO] [stdout] 
[INFO] [stderr]      Running tests/representation.rs (/opt/rustwide/target/debug/build/xsdkit/8b060597411de824/out/representation-8b060597411de824)
[INFO] [stdout] 
[INFO] [stdout] running 10 tests
[INFO] [stdout] test mixed_may_not_contradict_itself ... ok
[INFO] [stdout] test open_content_needs_a_wildcard_unless_its_mode_is_none ... ok
[INFO] [stdout] test a_group_definition_holds_exactly_one_model_group ... ok
[INFO] [stdout] test not_qname_entries_must_be_names_the_wildcard_admits ... ok
[INFO] [stdout] test block_and_final_only_name_derivation_methods ... ok
[INFO] [stdout] test a_declaration_cannot_have_both_default_and_fixed ... ok
[INFO] [stdout] test the_real_derivation_keywords_are_accepted ... ok
[INFO] [stdout] test open_content_with_mode_none_may_not_carry_a_wildcard ... ok
[INFO] [stdout] test a_ref_may_not_redescribe_what_it_points_at ... ok
[INFO] [stdout] test an_id_is_an_ncname_and_unique_in_its_document ... ok
[INFO] [stdout] 
[INFO] [stdout] test result: ok. 10 passed; 0 failed; 0 ignored; 0 measured; 0 filtered out; finished in 0.06s
[INFO] [stdout] 
[INFO] [stderr]      Running tests/restriction.rs (/opt/rustwide/target/debug/build/xsdkit/921ffaad36710d21/out/restriction-921ffaad36710d21)
[INFO] [stdout] 
[INFO] [stdout] running 11 tests
[INFO] [stdout] test mismatched_compositors_are_not_judged ... ok
[INFO] [stdout] test a_union_member_may_replace_the_union ... ok
[INFO] [stdout] test an_element_type_must_be_derived_from_the_one_it_replaces ... ok
[INFO] [stdout] test a_choice_may_drop_alternatives ... ok
[INFO] [stdout] test a_dropped_particle_must_have_been_optional ... ok
[INFO] [stdout] test a_restriction_cannot_introduce_a_name ... ok
[INFO] [stdout] test substituting_for_a_base_particle_is_not_judged ... ok
[INFO] [stdout] test an_unordered_base_matches_its_members_by_name ... ok
[INFO] [stdout] test the_base_is_its_whole_derivation_chain ... ok
[INFO] [stdout] test a_wildcard_may_only_narrow_and_may_not_replace_a_name ... ok
[INFO] [stdout] test occurrence_ranges_may_only_narrow ... ok
[INFO] [stdout] 
[INFO] [stdout] test result: ok. 11 passed; 0 failed; 0 ignored; 0 measured; 0 filtered out; finished in 0.05s
[INFO] [stdout] 
[INFO] [stderr]      Running tests/serde.rs (/opt/rustwide/target/debug/build/xsdkit/efcc6673795a7cb6/out/serde-efcc6673795a7cb6)
[INFO] [stderr]      Running tests/spec_rules/main.rs (/opt/rustwide/target/debug/build/xsdkit/2e3a30c3f02b9f0a/out/spec_rules-2e3a30c3f02b9f0a)
[INFO] [stdout] 
[INFO] [stdout] running 0 tests
[INFO] [stdout] 
[INFO] [stdout] test result: ok. 0 passed; 0 failed; 0 ignored; 0 measured; 0 filtered out; finished in 0.00s
[INFO] [stdout] 
[INFO] [stdout] 
[INFO] [stdout] running 38 tests
[INFO] [stdout] test fixtures::cos_all_limited_nests_an_all_only_in_1_1 ... ok
[INFO] [stdout] test fixtures::cos_all_limited_rejects_a_reference_to_a_sequence_group ... ok
[INFO] [stdout] test fixtures::cos_all_limited_rejects_a_repeated_all ... ok
[INFO] [stdout] test fixtures::cos_all_limited_accepts_an_all_group_referenced_once ... ok
[INFO] [stdout] test fixtures::cos_all_limited_accepts_a_repeating_member_in_1_1 ... ok
[INFO] [stdout] test fixtures::cos_all_limited_rejects_an_all_inside_a_choice ... ok
[INFO] [stdout] test fixtures::cos_all_limited_accepts_the_positions_it_allows ... ok
[INFO] [stdout] test fixtures::cos_all_limited_rejects_a_repeating_member_in_1_0 ... ok
[INFO] [stdout] test fixtures::cos_all_limited_rejects_a_repeated_nested_all ... ok
[INFO] [stdout] test fixtures::cos_all_limited_rejects_an_optional_reference_inside_an_all ... ok
[INFO] [stdout] test fixtures::cos_nonambig_resolves_an_element_against_a_wildcard_only_in_1_1 ... ok
[INFO] [stdout] test fixtures::sic_attr_decl_hands_over_the_governing_declaration ... ok
[INFO] [stdout] test fixtures::cos_nonambig_rejects_two_overlapping_wildcards_in_an_all ... ok
[INFO] [stdout] test fixtures::cos_all_limited_rejects_an_all_inside_a_sequence ... ok
[INFO] [stdout] test fixtures::cos_nonambig_accepts_distinct_all_members ... ok
[INFO] [stdout] test fixtures::cos_nonambig_rejects_two_all_members_with_one_name ... ok
[INFO] [stdout] test fixtures::cos_nonambig_rejects_an_all_member_reachable_by_substitution ... ok
[INFO] [stdout] test fixtures::sic_schema_resolves_the_ids_the_psvi_hands_out ... ok
[INFO] [stdout] test fixtures::sic_elt_decl_hands_over_the_governing_declaration ... ok
[INFO] [stdout] test fixtures::src_import_accepts_the_namespace_it_named ... ok
[INFO] [stdout] test fixtures::src_import_accepts_no_namespace_when_none_was_named ... ok
[INFO] [stdout] test fixtures::src_import_rejects_a_document_declaring_another_namespace ... ok
[INFO] [stdout] test fixtures::sic_elt_default_flags_content_the_schema_supplied ... ok
[INFO] [stdout] test fixtures::sic_attr_default_supplies_an_absent_attribute ... ok
[INFO] [stdout] test fixtures::sic_elt_type_reports_the_type_in_force_and_where_it_came_from ... ok
[INFO] [stdout] test fixtures::sic_elt_decl_closes_what_it_opened ... ok
[INFO] [stdout] test fixtures::src_include_accepts_neither_having_a_namespace ... ok
[INFO] [stdout] test fixtures::src_import_rejects_a_namespace_where_none_was_named ... ok
[INFO] [stdout] test fixtures::src_import_does_not_absorb_the_document_it_names ... ok
[INFO] [stdout] test fixtures::src_include_rejects_a_namespace_where_the_includer_has_none ... ok
[INFO] [stdout] test fixtures::src_include_accepts_a_chameleon ... ok
[INFO] [stdout] test fixtures::src_include_accepts_the_same_namespace ... ok
[INFO] [stdout] test fixtures::src_include_rejects_a_document_of_another_namespace ... ok
[INFO] [stdout] test every_diagnostic_code_is_attributable ... FAILED
[INFO] [stdout] test every_claim_names_a_site_that_exists ... FAILED
[INFO] [stdout] test the_header_counts_match_the_rows ... FAILED
[INFO] [stdout] test the_table_covers_every_named_rule ... FAILED
[INFO] [stdout] test the_fixture_corpus_matches_the_table ... FAILED
[INFO] [stdout] 
[INFO] [stdout] failures:
[INFO] [stdout] 
[INFO] [stdout] ---- every_diagnostic_code_is_attributable stdout ----
[INFO] [stdout] 
[INFO] [stdout] thread 'every_diagnostic_code_is_attributable' (1823) panicked at tests/spec_rules/main.rs:69:66:
[INFO] [stdout] /opt/rustwide/workdir/tests/conformance/spec-rules.tsv: No such file or directory (os error 2)
[INFO] [stdout] stack backtrace:
[INFO] [stdout]    0:     0x5fb1956f8e71 - std[617be2ca0a6fd877]::backtrace_rs::backtrace::libunwind::trace
[INFO] [stdout]                                at /rustc/e3feeb59cd1bdd011a2bfcc0747b55125d9b8527/library/std/src/../../backtrace/src/backtrace/libunwind.rs:117:9
[INFO] [stdout]    1:     0x5fb1956f8e71 - std[617be2ca0a6fd877]::backtrace_rs::backtrace::trace_unsynchronized::<std[617be2ca0a6fd877]::sys::backtrace::_print_fmt::{closure#1}>
[INFO] [stdout]                                at /rustc/e3feeb59cd1bdd011a2bfcc0747b55125d9b8527/library/std/src/../../backtrace/src/backtrace/mod.rs:66:14
[INFO] [stdout]    2:     0x5fb1956f8e71 - std[617be2ca0a6fd877]::sys::backtrace::_print_fmt
[INFO] [stdout]                                at /rustc/e3feeb59cd1bdd011a2bfcc0747b55125d9b8527/library/std/src/sys/backtrace.rs:74:9
[INFO] [stdout]    3:     0x5fb1956f8e71 - <<std[617be2ca0a6fd877]::sys::backtrace::BacktraceLock>::print::DisplayBacktrace as core[a373ad73a504971]::fmt::Display>::fmt
[INFO] [stdout]                                at /rustc/e3feeb59cd1bdd011a2bfcc0747b55125d9b8527/library/std/src/sys/backtrace.rs:44:26
[INFO] [stdout]    4:     0x5fb19570fd9a - <core[a373ad73a504971]::fmt::rt::Argument>::fmt
[INFO] [stdout]                                at /rustc/e3feeb59cd1bdd011a2bfcc0747b55125d9b8527/library/core/src/fmt/rt.rs:152:76
[INFO] [stdout]    5:     0x5fb19570fd9a - core[a373ad73a504971]::fmt::write
[INFO] [stdout]    6:     0x5fb1956fd37c - core[a373ad73a504971]::io::write::default_write_fmt::<alloc[2e1b2a31b91974c5]::vec::Vec<u8>>
[INFO] [stdout]                                at /rustc/e3feeb59cd1bdd011a2bfcc0747b55125d9b8527/library/core/src/io/write.rs:402:11
[INFO] [stdout]    7:     0x5fb1956fd37c - <alloc[2e1b2a31b91974c5]::vec::Vec<u8> as core[a373ad73a504971]::io::write::Write>::write_fmt
[INFO] [stdout]                                at /rustc/e3feeb59cd1bdd011a2bfcc0747b55125d9b8527/library/core/src/io/write.rs:335:13
[INFO] [stdout]    8:     0x5fb1956d4496 - <std[617be2ca0a6fd877]::sys::backtrace::BacktraceLock>::print
[INFO] [stdout]                                at /rustc/e3feeb59cd1bdd011a2bfcc0747b55125d9b8527/library/std/src/sys/backtrace.rs:47:9
[INFO] [stdout]    9:     0x5fb1956d4496 - std[617be2ca0a6fd877]::panicking::default_hook::{closure#0}
[INFO] [stdout]                                at /rustc/e3feeb59cd1bdd011a2bfcc0747b55125d9b8527/library/std/src/panicking.rs:289:27
[INFO] [stdout]   10:     0x5fb1956f0be9 - std[617be2ca0a6fd877]::panicking::default_hook
[INFO] [stdout]                                at /rustc/e3feeb59cd1bdd011a2bfcc0747b55125d9b8527/library/std/src/panicking.rs:313:9
[INFO] [stdout]   11:     0x5fb1952a9880 - <alloc[2e1b2a31b91974c5]::boxed::Box<dyn for<'a, 'b> core[a373ad73a504971]::ops::function::Fn<(&'a std[617be2ca0a6fd877]::panic::PanicHookInfo<'b>,), Output = ()> + core[a373ad73a504971]::marker::Sync + core[a373ad73a504971]::marker::Send> as core[a373ad73a504971]::ops::function::Fn<(&std[617be2ca0a6fd877]::panic::PanicHookInfo,)>>::call
[INFO] [stdout]                                at /rustc/e3feeb59cd1bdd011a2bfcc0747b55125d9b8527/library/alloc/src/boxed.rs:2328:9
[INFO] [stdout]   12:     0x5fb1952a9880 - test[aada8e7e76ba119b]::test_main_inner::{closure#0}
[INFO] [stdout]                                at /rustc/e3feeb59cd1bdd011a2bfcc0747b55125d9b8527/library/test/src/lib.rs:137:21
[INFO] [stdout]   13:     0x5fb1956f0da2 - <alloc[2e1b2a31b91974c5]::boxed::Box<dyn for<'a, 'b> core[a373ad73a504971]::ops::function::Fn<(&'a std[617be2ca0a6fd877]::panic::PanicHookInfo<'b>,), Output = ()> + core[a373ad73a504971]::marker::Sync + core[a373ad73a504971]::marker::Send> as core[a373ad73a504971]::ops::function::Fn<(&std[617be2ca0a6fd877]::panic::PanicHookInfo,)>>::call
[INFO] [stdout]                                at /rustc/e3feeb59cd1bdd011a2bfcc0747b55125d9b8527/library/alloc/src/boxed.rs:2328:9
[INFO] [stdout]   14:     0x5fb1956f0da2 - std[617be2ca0a6fd877]::panicking::panic_with_hook
[INFO] [stdout]                                at /rustc/e3feeb59cd1bdd011a2bfcc0747b55125d9b8527/library/std/src/panicking.rs:819:13
[INFO] [stdout]   15:     0x5fb1956d4542 - std[617be2ca0a6fd877]::panicking::panic_handler::{closure#0}
[INFO] [stdout]                                at /rustc/e3feeb59cd1bdd011a2bfcc0747b55125d9b8527/library/std/src/panicking.rs:685:13
[INFO] [stdout]   16:     0x5fb1956cd029 - std[617be2ca0a6fd877]::sys::backtrace::__rust_end_short_backtrace::<std[617be2ca0a6fd877]::panicking::panic_handler::{closure#0}, !>
[INFO] [stdout]                                at /rustc/e3feeb59cd1bdd011a2bfcc0747b55125d9b8527/library/std/src/sys/backtrace.rs:182:18
[INFO] [stdout]   17:     0x5fb1956d514d - __rustc[ea4f61d10b84890b]::rust_begin_unwind
[INFO] [stdout]                                at /rustc/e3feeb59cd1bdd011a2bfcc0747b55125d9b8527/library/std/src/panicking.rs:676:5
[INFO] [stdout]   18:     0x5fb19571063c - core[a373ad73a504971]::panicking::panic_fmt
[INFO] [stdout]                                at /rustc/e3feeb59cd1bdd011a2bfcc0747b55125d9b8527/library/core/src/panicking.rs:80:14
[INFO] [stdout]   19:     0x5fb1952907ec - spec_rules[c28df855ed5fa9f9]::rules::{closure#0}
[INFO] [stdout]                                at /opt/rustwide/workdir/tests/spec_rules/main.rs:69:66
[INFO] [stdout]   20:     0x5fb195276981 - <core[a373ad73a504971]::result::Result<alloc[2e1b2a31b91974c5]::string::String, core[a373ad73a504971]::io::error::Error>>::unwrap_or_else::<spec_rules[c28df855ed5fa9f9]::rules::{closure#0}>
[INFO] [stdout]                                at /rustc/e3feeb59cd1bdd011a2bfcc0747b55125d9b8527/library/core/src/result.rs:1619:23
[INFO] [stdout]   21:     0x5fb1952918f2 - spec_rules[c28df855ed5fa9f9]::rules
[INFO] [stdout]                                at /opt/rustwide/workdir/tests/spec_rules/main.rs:69:47
[INFO] [stdout]   22:     0x5fb195293af0 - spec_rules[c28df855ed5fa9f9]::every_diagnostic_code_is_attributable
[INFO] [stdout]                                at /opt/rustwide/workdir/tests/spec_rules/main.rs:235:17
[INFO] [stdout]   23:     0x5fb1952906b7 - spec_rules[c28df855ed5fa9f9]::every_diagnostic_code_is_attributable::{closure#0}
[INFO] [stdout]                                at /opt/rustwide/workdir/tests/spec_rules/main.rs:230:43
[INFO] [stdout]   24:     0x5fb19526b326 - <spec_rules[c28df855ed5fa9f9]::every_diagnostic_code_is_attributable::{closure#0} as core[a373ad73a504971]::ops::function::FnOnce<()>>::call_once
[INFO] [stdout]                                at /rustc/e3feeb59cd1bdd011a2bfcc0747b55125d9b8527/library/core/src/ops/function.rs:250:5
[INFO] [stdout]   25:     0x5fb19529cccb - <fn() -> core[a373ad73a504971]::result::Result<(), alloc[2e1b2a31b91974c5]::string::String> as core[a373ad73a504971]::ops::function::FnOnce<()>>::call_once
[INFO] [stdout]                                at /rustc/e3feeb59cd1bdd011a2bfcc0747b55125d9b8527/library/core/src/ops/function.rs:250:5
[INFO] [stdout]   26:     0x5fb19529cccb - test[aada8e7e76ba119b]::__rust_begin_short_backtrace::<core[a373ad73a504971]::result::Result<(), alloc[2e1b2a31b91974c5]::string::String>, fn() -> core[a373ad73a504971]::result::Result<(), alloc[2e1b2a31b91974c5]::string::String>>
[INFO] [stdout]                                at /rustc/e3feeb59cd1bdd011a2bfcc0747b55125d9b8527/library/test/src/lib.rs:701:18
[INFO] [stdout]   27:     0x5fb1952a9ea5 - test[aada8e7e76ba119b]::run_test_in_process::{closure#0}
[INFO] [stdout]                                at /rustc/e3feeb59cd1bdd011a2bfcc0747b55125d9b8527/library/test/src/lib.rs:724:74
[INFO] [stdout]   28:     0x5fb1952a9ea5 - <core[a373ad73a504971]::panic::unwind_safe::AssertUnwindSafe<test[aada8e7e76ba119b]::run_test_in_process::{closure#0}> as core[a373ad73a504971]::ops::function::FnOnce<()>>::call_once
[INFO] [stdout]                                at /rustc/e3feeb59cd1bdd011a2bfcc0747b55125d9b8527/library/core/src/panic/unwind_safe.rs:275:9
[INFO] [stdout]   29:     0x5fb1952a9ea5 - std[617be2ca0a6fd877]::panicking::catch_unwind::do_call::<core[a373ad73a504971]::panic::unwind_safe::AssertUnwindSafe<test[aada8e7e76ba119b]::run_test_in_process::{closure#0}>, core[a373ad73a504971]::result::Result<(), alloc[2e1b2a31b91974c5]::string::String>>
[INFO] [stdout]                                at /rustc/e3feeb59cd1bdd011a2bfcc0747b55125d9b8527/library/std/src/panicking.rs:573:43
[INFO] [stdout]   30:     0x5fb1952a9ea5 - std[617be2ca0a6fd877]::panicking::catch_unwind::<core[a373ad73a504971]::result::Result<(), alloc[2e1b2a31b91974c5]::string::String>, core[a373ad73a504971]::panic::unwind_safe::AssertUnwindSafe<test[aada8e7e76ba119b]::run_test_in_process::{closure#0}>>
[INFO] [stdout]                                at /rustc/e3feeb59cd1bdd011a2bfcc0747b55125d9b8527/library/std/src/panicking.rs:541:19
[INFO] [stdout]   31:     0x5fb1952a9ea5 - std[617be2ca0a6fd877]::panic::catch_unwind::<core[a373ad73a504971]::panic::unwind_safe::AssertUnwindSafe<test[aada8e7e76ba119b]::run_test_in_process::{closure#0}>, core[a373ad73a504971]::result::Result<(), alloc[2e1b2a31b91974c5]::string::String>>
[INFO] [stdout]                                at /rustc/e3feeb59cd1bdd011a2bfcc0747b55125d9b8527/library/std/src/panic.rs:359:14
[INFO] [stdout]   32:     0x5fb1952a9ea5 - test[aada8e7e76ba119b]::run_test_in_process
[INFO] [stdout]                                at /rustc/e3feeb59cd1bdd011a2bfcc0747b55125d9b8527/library/test/src/lib.rs:724:27
[INFO] [stdout]   33:     0x5fb1952a9ea5 - test[aada8e7e76ba119b]::run_test::{closure#0}
[INFO] [stdout]                                at /rustc/e3feeb59cd1bdd011a2bfcc0747b55125d9b8527/library/test/src/lib.rs:645:43
[INFO] [stdout]   34:     0x5fb1952a3794 - test[aada8e7e76ba119b]::run_test::{closure#1}
[INFO] [stdout]                                at /rustc/e3feeb59cd1bdd011a2bfcc0747b55125d9b8527/library/test/src/lib.rs:675:41
[INFO] [stdout]   35:     0x5fb1952a3794 - std[617be2ca0a6fd877]::sys::backtrace::__rust_begin_short_backtrace::<test[aada8e7e76ba119b]::run_test::{closure#1}, ()>
[INFO] [stdout]                                at /rustc/e3feeb59cd1bdd011a2bfcc0747b55125d9b8527/library/std/src/sys/backtrace.rs:166:18
[INFO] [stdout]   36:     0x5fb1952acf32 - std[617be2ca0a6fd877]::thread::lifecycle::spawn_unchecked::<test[aada8e7e76ba119b]::run_test::{closure#1}, ()>::{closure#1}::{closure#0}
[INFO] [stdout]                                at /rustc/e3feeb59cd1bdd011a2bfcc0747b55125d9b8527/library/std/src/thread/lifecycle.rs:70:13
[INFO] [stdout]   37:     0x5fb1952acf32 - <core[a373ad73a504971]::panic::unwind_safe::AssertUnwindSafe<std[617be2ca0a6fd877]::thread::lifecycle::spawn_unchecked<test[aada8e7e76ba119b]::run_test::{closure#1}, ()>::{closure#1}::{closure#0}> as core[a373ad73a504971]::ops::function::FnOnce<()>>::call_once
[INFO] [stdout]                                at /rustc/e3feeb59cd1bdd011a2bfcc0747b55125d9b8527/library/core/src/panic/unwind_safe.rs:275:9
[INFO] [stdout]   38:     0x5fb1952acf32 - std[617be2ca0a6fd877]::panicking::catch_unwind::do_call::<core[a373ad73a504971]::panic::unwind_safe::AssertUnwindSafe<std[617be2ca0a6fd877]::thread::lifecycle::spawn_unchecked<test[aada8e7e76ba119b]::run_test::{closure#1}, ()>::{closure#1}::{closure#0}>, ()>
[INFO] [stdout]                                at /rustc/e3feeb59cd1bdd011a2bfcc0747b55125d9b8527/library/std/src/panicking.rs:573:43
[INFO] [stdout]   39:     0x5fb1952acf32 - std[617be2ca0a6fd877]::panicking::catch_unwind::<(), core[a373ad73a504971]::panic::unwind_safe::AssertUnwindSafe<std[617be2ca0a6fd877]::thread::lifecycle::spawn_unchecked<test[aada8e7e76ba119b]::run_test::{closure#1}, ()>::{closure#1}::{closure#0}>>
[INFO] [stdout]                                at /rustc/e3feeb59cd1bdd011a2bfcc0747b55125d9b8527/library/std/src/panicking.rs:541:19
[INFO] [stdout]   40:     0x5fb1952acf32 - std[617be2ca0a6fd877]::panic::catch_unwind::<core[a373ad73a504971]::panic::unwind_safe::AssertUnwindSafe<std[617be2ca0a6fd877]::thread::lifecycle::spawn_unchecked<test[aada8e7e76ba119b]::run_test::{closure#1}, ()>::{closure#1}::{closure#0}>, ()>
[INFO] [stdout]                                at /rustc/e3feeb59cd1bdd011a2bfcc0747b55125d9b8527/library/std/src/panic.rs:359:14
[INFO] [stdout]   41:     0x5fb1952acf32 - std[617be2ca0a6fd877]::thread::lifecycle::spawn_unchecked::<test[aada8e7e76ba119b]::run_test::{closure#1}, ()>::{closure#1}
[INFO] [stdout]                                at /rustc/e3feeb59cd1bdd011a2bfcc0747b55125d9b8527/library/std/src/thread/lifecycle.rs:68:26
[INFO] [stdout]   42:     0x5fb1952acf32 - <std[617be2ca0a6fd877]::thread::lifecycle::spawn_unchecked<test[aada8e7e76ba119b]::run_test::{closure#1}, ()>::{closure#1} as core[a373ad73a504971]::ops::function::FnOnce<()>>::call_once::{shim:vtable#0}
[INFO] [stdout]                                at /rustc/e3feeb59cd1bdd011a2bfcc0747b55125d9b8527/library/core/src/ops/function.rs:250:5
[INFO] [stdout]   43:     0x5fb1956f805f - <alloc[2e1b2a31b91974c5]::boxed::Box<dyn core[a373ad73a504971]::ops::function::FnOnce<(), Output = ()> + core[a373ad73a504971]::marker::Send> as core[a373ad73a504971]::ops::function::FnOnce<()>>::call_once
[INFO] [stdout]                                at /rustc/e3feeb59cd1bdd011a2bfcc0747b55125d9b8527/library/alloc/src/boxed.rs:2314:9
[INFO] [stdout]   44:     0x5fb1956f805f - <std[617be2ca0a6fd877]::sys::thread::unix::Thread>::new::thread_start
[INFO] [stdout]                                at /rustc/e3feeb59cd1bdd011a2bfcc0747b55125d9b8527/library/std/src/sys/thread/unix.rs:127:17
[INFO] [stdout]   45:     0x714f599cbdfa - <unknown>
[INFO] [stdout]   46:     0x714f59a5f3d4 - clone
[INFO] [stdout]   47:                0x0 - <unknown>
[INFO] [stdout] 
[INFO] [stdout] ---- every_claim_names_a_site_that_exists stdout ----
[INFO] [stdout] 
[INFO] [stdout] thread 'every_claim_names_a_site_that_exists' (1822) panicked at tests/spec_rules/main.rs:69:66:
[INFO] [stdout] /opt/rustwide/workdir/tests/conformance/spec-rules.tsv: No such file or directory (os error 2)
[INFO] [stdout] stack backtrace:
[INFO] [stdout]    0:     0x5fb1956f8e71 - std[617be2ca0a6fd877]::backtrace_rs::backtrace::libunwind::trace
[INFO] [stdout]                                at /rustc/e3feeb59cd1bdd011a2bfcc0747b55125d9b8527/library/std/src/../../backtrace/src/backtrace/libunwind.rs:117:9
[INFO] [stdout]    1:     0x5fb1956f8e71 - std[617be2ca0a6fd877]::backtrace_rs::backtrace::trace_unsynchronized::<std[617be2ca0a6fd877]::sys::backtrace::_print_fmt::{closure#1}>
[INFO] [stdout]                                at /rustc/e3feeb59cd1bdd011a2bfcc0747b55125d9b8527/library/std/src/../../backtrace/src/backtrace/mod.rs:66:14
[INFO] [stdout]    2:     0x5fb1956f8e71 - std[617be2ca0a6fd877]::sys::backtrace::_print_fmt
[INFO] [stdout]                                at /rustc/e3feeb59cd1bdd011a2bfcc0747b55125d9b8527/library/std/src/sys/backtrace.rs:74:9
[INFO] [stdout]    3:     0x5fb1956f8e71 - <<std[617be2ca0a6fd877]::sys::backtrace::BacktraceLock>::print::DisplayBacktrace as core[a373ad73a504971]::fmt::Display>::fmt
[INFO] [stdout]                                at /rustc/e3feeb59cd1bdd011a2bfcc0747b55125d9b8527/library/std/src/sys/backtrace.rs:44:26
[INFO] [stdout]    4:     0x5fb19570fd9a - <core[a373ad73a504971]::fmt::rt::Argument>::fmt
[INFO] [stdout]                                at /rustc/e3feeb59cd1bdd011a2bfcc0747b55125d9b8527/library/core/src/fmt/rt.rs:152:76
[INFO] [stdout]    5:     0x5fb19570fd9a - core[a373ad73a504971]::fmt::write
[INFO] [stdout]    6:     0x5fb1956fd37c - core[a373ad73a504971]::io::write::default_write_fmt::<alloc[2e1b2a31b91974c5]::vec::Vec<u8>>
[INFO] [stdout]                                at /rustc/e3feeb59cd1bdd011a2bfcc0747b55125d9b8527/library/core/src/io/write.rs:402:11
[INFO] [stdout]    7:     0x5fb1956fd37c - <alloc[2e1b2a31b91974c5]::vec::Vec<u8> as core[a373ad73a504971]::io::write::Write>::write_fmt
[INFO] [stdout]                                at /rustc/e3feeb59cd1bdd011a2bfcc0747b55125d9b8527/library/core/src/io/write.rs:335:13
[INFO] [stdout]    8:     0x5fb1956d4496 - <std[617be2ca0a6fd877]::sys::backtrace::BacktraceLock>::print
[INFO] [stdout]                                at /rustc/e3feeb59cd1bdd011a2bfcc0747b55125d9b8527/library/std/src/sys/backtrace.rs:47:9
[INFO] [stdout]    9:     0x5fb1956d4496 - std[617be2ca0a6fd877]::panicking::default_hook::{closure#0}
[INFO] [stdout]                                at /rustc/e3feeb59cd1bdd011a2bfcc0747b55125d9b8527/library/std/src/panicking.rs:289:27
[INFO] [stdout]   10:     0x5fb1956f0be9 - std[617be2ca0a6fd877]::panicking::default_hook
[INFO] [stdout]                                at /rustc/e3feeb59cd1bdd011a2bfcc0747b55125d9b8527/library/std/src/panicking.rs:313:9
[INFO] [stdout]   11:     0x5fb1952a9880 - <alloc[2e1b2a31b91974c5]::boxed::Box<dyn for<'a, 'b> core[a373ad73a504971]::ops::function::Fn<(&'a std[617be2ca0a6fd877]::panic::PanicHookInfo<'b>,), Output = ()> + core[a373ad73a504971]::marker::Sync + core[a373ad73a504971]::marker::Send> as core[a373ad73a504971]::ops::function::Fn<(&std[617be2ca0a6fd877]::panic::PanicHookInfo,)>>::call
[INFO] [stdout]                                at /rustc/e3feeb59cd1bdd011a2bfcc0747b55125d9b8527/library/alloc/src/boxed.rs:2328:9
[INFO] [stdout]   12:     0x5fb1952a9880 - test[aada8e7e76ba119b]::test_main_inner::{closure#0}
[INFO] [stdout]                                at /rustc/e3feeb59cd1bdd011a2bfcc0747b55125d9b8527/library/test/src/lib.rs:137:21
[INFO] [stdout]   13:     0x5fb1956f0da2 - <alloc[2e1b2a31b91974c5]::boxed::Box<dyn for<'a, 'b> core[a373ad73a504971]::ops::function::Fn<(&'a std[617be2ca0a6fd877]::panic::PanicHookInfo<'b>,), Output = ()> + core[a373ad73a504971]::marker::Sync + core[a373ad73a504971]::marker::Send> as core[a373ad73a504971]::ops::function::Fn<(&std[617be2ca0a6fd877]::panic::PanicHookInfo,)>>::call
[INFO] [stdout]                                at /rustc/e3feeb59cd1bdd011a2bfcc0747b55125d9b8527/library/alloc/src/boxed.rs:2328:9
[INFO] [stdout]   14:     0x5fb1956f0da2 - std[617be2ca0a6fd877]::panicking::panic_with_hook
[INFO] [stdout]                                at /rustc/e3feeb59cd1bdd011a2bfcc0747b55125d9b8527/library/std/src/panicking.rs:819:13
[INFO] [stdout]   15:     0x5fb1956d4542 - std[617be2ca0a6fd877]::panicking::panic_handler::{closure#0}
[INFO] [stdout]                                at /rustc/e3feeb59cd1bdd011a2bfcc0747b55125d9b8527/library/std/src/panicking.rs:685:13
[INFO] [stdout]   16:     0x5fb1956cd029 - std[617be2ca0a6fd877]::sys::backtrace::__rust_end_short_backtrace::<std[617be2ca0a6fd877]::panicking::panic_handler::{closure#0}, !>
[INFO] [stdout]                                at /rustc/e3feeb59cd1bdd011a2bfcc0747b55125d9b8527/library/std/src/sys/backtrace.rs:182:18
[INFO] [stdout]   17:     0x5fb1956d514d - __rustc[ea4f61d10b84890b]::rust_begin_unwind
[INFO] [stdout]                                at /rustc/e3feeb59cd1bdd011a2bfcc0747b55125d9b8527/library/std/src/panicking.rs:676:5
[INFO] [stdout]   18:     0x5fb19571063c - core[a373ad73a504971]::panicking::panic_fmt
[INFO] [stdout]                                at /rustc/e3feeb59cd1bdd011a2bfcc0747b55125d9b8527/library/core/src/panicking.rs:80:14
[INFO] [stdout]   19:     0x5fb1952907ec - spec_rules[c28df855ed5fa9f9]::rules::{closure#0}
[INFO] [stdout]                                at /opt/rustwide/workdir/tests/spec_rules/main.rs:69:66
[INFO] [stdout]   20:     0x5fb195276981 - <core[a373ad73a504971]::result::Result<alloc[2e1b2a31b91974c5]::string::String, core[a373ad73a504971]::io::error::Error>>::unwrap_or_else::<spec_rules[c28df855ed5fa9f9]::rules::{closure#0}>
[INFO] [stdout]                                at /rustc/e3feeb59cd1bdd011a2bfcc0747b55125d9b8527/library/core/src/result.rs:1619:23
[INFO] [stdout]   21:     0x5fb1952918f2 - spec_rules[c28df855ed5fa9f9]::rules
[INFO] [stdout]                                at /opt/rustwide/workdir/tests/spec_rules/main.rs:69:47
[INFO] [stdout]   22:     0x5fb195292aa6 - spec_rules[c28df855ed5fa9f9]::every_claim_names_a_site_that_exists
[INFO] [stdout]                                at /opt/rustwide/workdir/tests/spec_rules/main.rs:190:14
[INFO] [stdout]   23:     0x5fb195290657 - spec_rules[c28df855ed5fa9f9]::every_claim_names_a_site_that_exists::{closure#0}
[INFO] [stdout]                                at /opt/rustwide/workdir/tests/spec_rules/main.rs:188:42
[INFO] [stdout]   24:     0x5fb19526b2e6 - <spec_rules[c28df855ed5fa9f9]::every_claim_names_a_site_that_exists::{closure#0} as core[a373ad73a504971]::ops::function::FnOnce<()>>::call_once
[INFO] [stdout]                                at /rustc/e3feeb59cd1bdd011a2bfcc0747b55125d9b8527/library/core/src/ops/function.rs:250:5
[INFO] [stdout]   25:     0x5fb19529cccb - <fn() -> core[a373ad73a504971]::result::Result<(), alloc[2e1b2a31b91974c5]::string::String> as core[a373ad73a504971]::ops::function::FnOnce<()>>::call_once
[INFO] [stdout]                                at /rustc/e3feeb59cd1bdd011a2bfcc0747b55125d9b8527/library/core/src/ops/function.rs:250:5
[INFO] [stdout]   26:     0x5fb19529cccb - test[aada8e7e76ba119b]::__rust_begin_short_backtrace::<core[a373ad73a504971]::result::Result<(), alloc[2e1b2a31b91974c5]::string::String>, fn() -> core[a373ad73a504971]::result::Result<(), alloc[2e1b2a31b91974c5]::string::String>>
[INFO] [stdout]                                at /rustc/e3feeb59cd1bdd011a2bfcc0747b55125d9b8527/library/test/src/lib.rs:701:18
[INFO] [stdout]   27:     0x5fb1952a9ea5 - test[aada8e7e76ba119b]::run_test_in_process::{closure#0}
[INFO] [stdout]                                at /rustc/e3feeb59cd1bdd011a2bfcc0747b55125d9b8527/library/test/src/lib.rs:724:74
[INFO] [stdout]   28:     0x5fb1952a9ea5 - <core[a373ad73a504971]::panic::unwind_safe::AssertUnwindSafe<test[aada8e7e76ba119b]::run_test_in_process::{closure#0}> as core[a373ad73a504971]::ops::function::FnOnce<()>>::call_once
[INFO] [stdout]                                at /rustc/e3feeb59cd1bdd011a2bfcc0747b55125d9b8527/library/core/src/panic/unwind_safe.rs:275:9
[INFO] [stdout]   29:     0x5fb1952a9ea5 - std[617be2ca0a6fd877]::panicking::catch_unwind::do_call::<core[a373ad73a504971]::panic::unwind_safe::AssertUnwindSafe<test[aada8e7e76ba119b]::run_test_in_process::{closure#0}>, core[a373ad73a504971]::result::Result<(), alloc[2e1b2a31b91974c5]::string::String>>
[INFO] [stdout]                                at /rustc/e3feeb59cd1bdd011a2bfcc0747b55125d9b8527/library/std/src/panicking.rs:573:43
[INFO] [stdout]   30:     0x5fb1952a9ea5 - std[617be2ca0a6fd877]::panicking::catch_unwind::<core[a373ad73a504971]::result::Result<(), alloc[2e1b2a31b91974c5]::string::String>, core[a373ad73a504971]::panic::unwind_safe::AssertUnwindSafe<test[aada8e7e76ba119b]::run_test_in_process::{closure#0}>>
[INFO] [stdout]                                at /rustc/e3feeb59cd1bdd011a2bfcc0747b55125d9b8527/library/std/src/panicking.rs:541:19
[INFO] [stdout]   31:     0x5fb1952a9ea5 - std[617be2ca0a6fd877]::panic::catch_unwind::<core[a373ad73a504971]::panic::unwind_safe::AssertUnwindSafe<test[aada8e7e76ba119b]::run_test_in_process::{closure#0}>, core[a373ad73a504971]::result::Result<(), alloc[2e1b2a31b91974c5]::string::String>>
[INFO] [stdout]                                at /rustc/e3feeb59cd1bdd011a2bfcc0747b55125d9b8527/library/std/src/panic.rs:359:14
[INFO] [stdout]   32:     0x5fb1952a9ea5 - test[aada8e7e76ba119b]::run_test_in_process
[INFO] [stdout]                                at /rustc/e3feeb59cd1bdd011a2bfcc0747b55125d9b8527/library/test/src/lib.rs:724:27
[INFO] [stdout]   33:     0x5fb1952a9ea5 - test[aada8e7e76ba119b]::run_test::{closure#0}
[INFO] [stdout]                                at /rustc/e3feeb59cd1bdd011a2bfcc0747b55125d9b8527/library/test/src/lib.rs:645:43
[INFO] [stdout]   34:     0x5fb1952a3794 - test[aada8e7e76ba119b]::run_test::{closure#1}
[INFO] [stdout]                                at /rustc/e3feeb59cd1bdd011a2bfcc0747b55125d9b8527/library/test/src/lib.rs:675:41
[INFO] [stdout]   35:     0x5fb1952a3794 - std[617be2ca0a6fd877]::sys::backtrace::__rust_begin_short_backtrace::<test[aada8e7e76ba119b]::run_test::{closure#1}, ()>
[INFO] [stdout]                                at /rustc/e3feeb59cd1bdd011a2bfcc0747b55125d9b8527/library/std/src/sys/backtrace.rs:166:18
[INFO] [stdout]   36:     0x5fb1952acf32 - std[617be2ca0a6fd877]::thread::lifecycle::spawn_unchecked::<test[aada8e7e76ba119b]::run_test::{closure#1}, ()>::{closure#1}::{closure#0}
[INFO] [stdout]                                at /rustc/e3feeb59cd1bdd011a2bfcc0747b55125d9b8527/library/std/src/thread/lifecycle.rs:70:13
[INFO] [stdout]   37:     0x5fb1952acf32 - <core[a373ad73a504971]::panic::unwind_safe::AssertUnwindSafe<std[617be2ca0a6fd877]::thread::lifecycle::spawn_unchecked<test[aada8e7e76ba119b]::run_test::{closure#1}, ()>::{closure#1}::{closure#0}> as core[a373ad73a504971]::ops::function::FnOnce<()>>::call_once
[INFO] [stdout]                                at /rustc/e3feeb59cd1bdd011a2bfcc0747b55125d9b8527/library/core/src/panic/unwind_safe.rs:275:9
[INFO] [stdout]   38:     0x5fb1952acf32 - std[617be2ca0a6fd877]::panicking::catch_unwind::do_call::<core[a373ad73a504971]::panic::unwind_safe::AssertUnwindSafe<std[617be2ca0a6fd877]::thread::lifecycle::spawn_unchecked<test[aada8e7e76ba119b]::run_test::{closure#1}, ()>::{closure#1}::{closure#0}>, ()>
[INFO] [stdout]                                at /rustc/e3feeb59cd1bdd011a2bfcc0747b55125d9b8527/library/std/src/panicking.rs:573:43
[INFO] [stdout]   39:     0x5fb1952acf32 - std[617be2ca0a6fd877]::panicking::catch_unwind::<(), core[a373ad73a504971]::panic::unwind_safe::AssertUnwindSafe<std[617be2ca0a6fd877]::thread::lifecycle::spawn_unchecked<test[aada8e7e76ba119b]::run_test::{closure#1}, ()>::{closure#1}::{closure#0}>>
[INFO] [stdout]                                at /rustc/e3feeb59cd1bdd011a2bfcc0747b55125d9b8527/library/std/src/panicking.rs:541:19
[INFO] [stdout]   40:     0x5fb1952acf32 - std[617be2ca0a6fd877]::panic::catch_unwind::<core[a373ad73a504971]::panic::unwind_safe::AssertUnwindSafe<std[617be2ca0a6fd877]::thread::lifecycle::spawn_unchecked<test[aada8e7e76ba119b]::run_test::{closure#1}, ()>::{closure#1}::{closure#0}>, ()>
[INFO] [stdout]                                at /rustc/e3feeb59cd1bdd011a2bfcc0747b55125d9b8527/library/std/src/panic.rs:359:14
[INFO] [stdout]   41:     0x5fb1952acf32 - std[617be2ca0a6fd877]::thread::lifecycle::spawn_unchecked::<test[aada8e7e76ba119b]::run_test::{closure#1}, ()>::{closure#1}
[INFO] [stdout]                                at /rustc/e3feeb59cd1bdd011a2bfcc0747b55125d9b8527/library/std/src/thread/lifecycle.rs:68:26
[INFO] [stdout]   42:     0x5fb1952acf32 - <std[617be2ca0a6fd877]::thread::lifecycle::spawn_unchecked<test[aada8e7e76ba119b]::run_test::{closure#1}, ()>::{closure#1} as core[a373ad73a504971]::ops::function::FnOnce<()>>::call_once::{shim:vtable#0}
[INFO] [stdout]                                at /rustc/e3feeb59cd1bdd011a2bfcc0747b55125d9b8527/library/core/src/ops/function.rs:250:5
[INFO] [stdout]   43:     0x5fb1956f805f - <alloc[2e1b2a31b91974c5]::boxed::Box<dyn core[a373ad73a504971]::ops::function::FnOnce<(), Output = ()> + core[a373ad73a504971]::marker::Send> as core[a373ad73a504971]::ops::function::FnOnce<()>>::call_once
[INFO] [stdout]                                at /rustc/e3feeb59cd1bdd011a2bfcc0747b55125d9b8527/library/alloc/src/boxed.rs:2314:9
[INFO] [stdout]   44:     0x5fb1956f805f - <std[617be2ca0a6fd877]::sys::thread::unix::Thread>::new::thread_start
[INFO] [stdout]                                at /rustc/e3feeb59cd1bdd011a2bfcc0747b55125d9b8527/library/std/src/sys/thread/unix.rs:127:17
[INFO] [stdout]   45:     0x714f599cbdfa - <unknown>
[INFO] [stdout]   46:     0x714f59a5f3d4 - clone
[INFO] [stdout]   47:                0x0 - <unknown>
[INFO] [stdout] 
[INFO] [stdout] ---- the_header_counts_match_the_rows stdout ----
[INFO] [stdout] 
[INFO] [stdout] thread 'the_header_counts_match_the_rows' (1858) panicked at tests/spec_rules/main.rs:367:46:
[INFO] [stdout] spec-rules.tsv: Os { code: 2, kind: NotFound, message: "No such file or directory" }
[INFO] [stdout] stack backtrace:
[INFO] [stdout]    0:     0x5fb1956f8e71 - std[617be2ca0a6fd877]::backtrace_rs::backtrace::libunwind::trace
[INFO] [stdout]                                at /rustc/e3feeb59cd1bdd011a2bfcc0747b55125d9b8527/library/std/src/../../backtrace/src/backtrace/libunwind.rs:117:9
[INFO] [stdout]    1:     0x5fb1956f8e71 - std[617be2ca0a6fd877]::backtrace_rs::backtrace::trace_unsynchronized::<std[617be2ca0a6fd877]::sys::backtrace::_print_fmt::{closure#1}>
[INFO] [stdout]                                at /rustc/e3feeb59cd1bdd011a2bfcc0747b55125d9b8527/library/std/src/../../backtrace/src/backtrace/mod.rs:66:14
[INFO] [stdout]    2:     0x5fb1956f8e71 - std[617be2ca0a6fd877]::sys::backtrace::_print_fmt
[INFO] [stdout]                                at /rustc/e3feeb59cd1bdd011a2bfcc0747b55125d9b8527/library/std/src/sys/backtrace.rs:74:9
[INFO] [stdout]    3:     0x5fb1956f8e71 - <<std[617be2ca0a6fd877]::sys::backtrace::BacktraceLock>::print::DisplayBacktrace as core[a373ad73a504971]::fmt::Display>::fmt
[INFO] [stdout]                                at /rustc/e3feeb59cd1bdd011a2bfcc0747b55125d9b8527/library/std/src/sys/backtrace.rs:44:26
[INFO] [stdout]    4:     0x5fb19570fd9a - <core[a373ad73a504971]::fmt::rt::Argument>::fmt
[INFO] [stdout]                                at /rustc/e3feeb59cd1bdd011a2bfcc0747b55125d9b8527/library/core/src/fmt/rt.rs:152:76
[INFO] [stdout]    5:     0x5fb19570fd9a - core[a373ad73a504971]::fmt::write
[INFO] [stdout]    6:     0x5fb1956fd37c - core[a373ad73a504971]::io::write::default_write_fmt::<alloc[2e1b2a31b91974c5]::vec::Vec<u8>>
[INFO] [stdout]                                at /rustc/e3feeb59cd1bdd011a2bfcc0747b55125d9b8527/library/core/src/io/write.rs:402:11
[INFO] [stdout]    7:     0x5fb1956fd37c - <alloc[2e1b2a31b91974c5]::vec::Vec<u8> as core[a373ad73a504971]::io::write::Write>::write_fmt
[INFO] [stdout]                                at /rustc/e3feeb59cd1bdd011a2bfcc0747b55125d9b8527/library/core/src/io/write.rs:335:13
[INFO] [stdout]    8:     0x5fb1956d4496 - <std[617be2ca0a6fd877]::sys::backtrace::BacktraceLock>::print
[INFO] [stdout]                                at /rustc/e3feeb59cd1bdd011a2bfcc0747b55125d9b8527/library/std/src/sys/backtrace.rs:47:9
[INFO] [stdout]    9:     0x5fb1956d4496 - std[617be2ca0a6fd877]::panicking::default_hook::{closure#0}
[INFO] [stdout]                                at /rustc/e3feeb59cd1bdd011a2bfcc0747b55125d9b8527/library/std/src/panicking.rs:289:27
[INFO] [stdout]   10:     0x5fb1956f0be9 - std[617be2ca0a6fd877]::panicking::default_hook
[INFO] [stdout]                                at /rustc/e3feeb59cd1bdd011a2bfcc0747b55125d9b8527/library/std/src/panicking.rs:313:9
[INFO] [stdout]   11:     0x5fb1952a9880 - <alloc[2e1b2a31b91974c5]::boxed::Box<dyn for<'a, 'b> core[a373ad73a504971]::ops::function::Fn<(&'a std[617be2ca0a6fd877]::panic::PanicHookInfo<'b>,), Output = ()> + core[a373ad73a504971]::marker::Sync + core[a373ad73a504971]::marker::Send> as core[a373ad73a504971]::ops::function::Fn<(&std[617be2ca0a6fd877]::panic::PanicHookInfo,)>>::call
[INFO] [stdout]                                at /rustc/e3feeb59cd1bdd011a2bfcc0747b55125d9b8527/library/alloc/src/boxed.rs:2328:9
[INFO] [stdout]   12:     0x5fb1952a9880 - test[aada8e7e76ba119b]::test_main_inner::{closure#0}
[INFO] [stdout]                                at /rustc/e3feeb59cd1bdd011a2bfcc0747b55125d9b8527/library/test/src/lib.rs:137:21
[INFO] [stdout]   13:     0x5fb1956f0da2 - <alloc[2e1b2a31b91974c5]::boxed::Box<dyn for<'a, 'b> core[a373ad73a504971]::ops::function::Fn<(&'a std[617be2ca0a6fd877]::panic::PanicHookInfo<'b>,), Output = ()> + core[a373ad73a504971]::marker::Sync + core[a373ad73a504971]::marker::Send> as core[a373ad73a504971]::ops::function::Fn<(&std[617be2ca0a6fd877]::panic::PanicHookInfo,)>>::call
[INFO] [stdout]                                at /rustc/e3feeb59cd1bdd011a2bfcc0747b55125d9b8527/library/alloc/src/boxed.rs:2328:9
[INFO] [stdout]   14:     0x5fb1956f0da2 - std[617be2ca0a6fd877]::panicking::panic_with_hook
[INFO] [stdout]                                at /rustc/e3feeb59cd1bdd011a2bfcc0747b55125d9b8527/library/std/src/panicking.rs:819:13
[INFO] [stdout]   15:     0x5fb1956d4542 - std[617be2ca0a6fd877]::panicking::panic_handler::{closure#0}
[INFO] [stdout]                                at /rustc/e3feeb59cd1bdd011a2bfcc0747b55125d9b8527/library/std/src/panicking.rs:685:13
[INFO] [stdout]   16:     0x5fb1956cd029 - std[617be2ca0a6fd877]::sys::backtrace::__rust_end_short_backtrace::<std[617be2ca0a6fd877]::panicking::panic_handler::{closure#0}, !>
[INFO] [stdout]                                at /rustc/e3feeb59cd1bdd011a2bfcc0747b55125d9b8527/library/std/src/sys/backtrace.rs:182:18
[INFO] [stdout]   17:     0x5fb1956d514d - __rustc[ea4f61d10b84890b]::rust_begin_unwind
[INFO] [stdout]                                at /rustc/e3feeb59cd1bdd011a2bfcc0747b55125d9b8527/library/std/src/panicking.rs:676:5
[INFO] [stdout]   18:     0x5fb19571063c - core[a373ad73a504971]::panicking::panic_fmt
[INFO] [stdout]                                at /rustc/e3feeb59cd1bdd011a2bfcc0747b55125d9b8527/library/core/src/panicking.rs:80:14
[INFO] [stdout]   19:     0x5fb195710392 - core[a373ad73a504971]::result::unwrap_failed
[INFO] [stdout]                                at /rustc/e3feeb59cd1bdd011a2bfcc0747b55125d9b8527/library/core/src/result.rs:1870:5
[INFO] [stdout]   20:     0x5fb1952789c3 - <core[a373ad73a504971]::result::Result<alloc[2e1b2a31b91974c5]::string::String, core[a373ad73a504971]::io::error::Error>>::expect
[INFO] [stdout]                                at /rustc/e3feeb59cd1bdd011a2bfcc0747b55125d9b8527/library/core/src/result.rs:1184:23
[INFO] [stdout]   21:     0x5fb195291c1a - spec_rules[c28df855ed5fa9f9]::the_header_counts_match_the_rows
[INFO] [stdout]                                at /opt/rustwide/workdir/tests/spec_rules/main.rs:367:46
[INFO] [stdout]   22:     0x5fb1952905f7 - spec_rules[c28df855ed5fa9f9]::the_header_counts_match_the_rows::{closure#0}
[INFO] [stdout]                                at /opt/rustwide/workdir/tests/spec_rules/main.rs:362:38
[INFO] [stdout]   23:     0x5fb19526b2a6 - <spec_rules[c28df855ed5fa9f9]::the_header_counts_match_the_rows::{closure#0} as core[a373ad73a504971]::ops::function::FnOnce<()>>::call_once
[INFO] [stdout]                                at /rustc/e3feeb59cd1bdd011a2bfcc0747b55125d9b8527/library/core/src/ops/function.rs:250:5
[INFO] [stdout]   24:     0x5fb19529cccb - <fn() -> core[a373ad73a504971]::result::Result<(), alloc[2e1b2a31b91974c5]::string::String> as core[a373ad73a504971]::ops::function::FnOnce<()>>::call_once
[INFO] [stdout]                                at /rustc/e3feeb59cd1bdd011a2bfcc0747b55125d9b8527/library/core/src/ops/function.rs:250:5
[INFO] [stdout]   25:     0x5fb19529cccb - test[aada8e7e76ba119b]::__rust_begin_short_backtrace::<core[a373ad73a504971]::result::Result<(), alloc[2e1b2a31b91974c5]::string::String>, fn() -> core[a373ad73a504971]::result::Result<(), alloc[2e1b2a31b91974c5]::string::String>>
[INFO] [stdout]                                at /rustc/e3feeb59cd1bdd011a2bfcc0747b55125d9b8527/library/test/src/lib.rs:701:18
[INFO] [stdout]   26:     0x5fb1952a9ea5 - test[aada8e7e76ba119b]::run_test_in_process::{closure#0}
[INFO] [stdout]                                at /rustc/e3feeb59cd1bdd011a2bfcc0747b55125d9b8527/library/test/src/lib.rs:724:74
[INFO] [stdout]   27:     0x5fb1952a9ea5 - <core[a373ad73a504971]::panic::unwind_safe::AssertUnwindSafe<test[aada8e7e76ba119b]::run_test_in_process::{closure#0}> as core[a373ad73a504971]::ops::function::FnOnce<()>>::call_once
[INFO] [stdout]                                at /rustc/e3feeb59cd1bdd011a2bfcc0747b55125d9b8527/library/core/src/panic/unwind_safe.rs:275:9
[INFO] [stdout]   28:     0x5fb1952a9ea5 - std[617be2ca0a6fd877]::panicking::catch_unwind::do_call::<core[a373ad73a504971]::panic::unwind_safe::AssertUnwindSafe<test[aada8e7e76ba119b]::run_test_in_process::{closure#0}>, core[a373ad73a504971]::result::Result<(), alloc[2e1b2a31b91974c5]::string::String>>
[INFO] [stdout]                                at /rustc/e3feeb59cd1bdd011a2bfcc0747b55125d9b8527/library/std/src/panicking.rs:573:43
[INFO] [stdout]   29:     0x5fb1952a9ea5 - std[617be2ca0a6fd877]::panicking::catch_unwind::<core[a373ad73a504971]::result::Result<(), alloc[2e1b2a31b91974c5]::string::String>, core[a373ad73a504971]::panic::unwind_safe::AssertUnwindSafe<test[aada8e7e76ba119b]::run_test_in_process::{closure#0}>>
[INFO] [stdout]                                at /rustc/e3feeb59cd1bdd011a2bfcc0747b55125d9b8527/library/std/src/panicking.rs:541:19
[INFO] [stdout]   30:     0x5fb1952a9ea5 - std[617be2ca0a6fd877]::panic::catch_unwind::<core[a373ad73a504971]::panic::unwind_safe::AssertUnwindSafe<test[aada8e7e76ba119b]::run_test_in_process::{closure#0}>, core[a373ad73a504971]::result::Result<(), alloc[2e1b2a31b91974c5]::string::String>>
[INFO] [stdout]                                at /rustc/e3feeb59cd1bdd011a2bfcc0747b55125d9b8527/library/std/src/panic.rs:359:14
[INFO] [stdout]   31:     0x5fb1952a9ea5 - test[aada8e7e76ba119b]::run_test_in_process
[INFO] [stdout]                                at /rustc/e3feeb59cd1bdd011a2bfcc0747b55125d9b8527/library/test/src/lib.rs:724:27
[INFO] [stdout]   32:     0x5fb1952a9ea5 - test[aada8e7e76ba119b]::run_test::{closure#0}
[INFO] [stdout]                                at /rustc/e3feeb59cd1bdd011a2bfcc0747b55125d9b8527/library/test/src/lib.rs:645:43
[INFO] [stdout]   33:     0x5fb1952a3794 - test[aada8e7e76ba119b]::run_test::{closure#1}
[INFO] [stdout]                                at /rustc/e3feeb59cd1bdd011a2bfcc0747b55125d9b8527/library/test/src/lib.rs:675:41
[INFO] [stdout]   34:     0x5fb1952a3794 - std[617be2ca0a6fd877]::sys::backtrace::__rust_begin_short_backtrace::<test[aada8e7e76ba119b]::run_test::{closure#1}, ()>
[INFO] [stdout]                                at /rustc/e3feeb59cd1bdd011a2bfcc0747b55125d9b8527/library/std/src/sys/backtrace.rs:166:18
[INFO] [stdout]   35:     0x5fb1952acf32 - std[617be2ca0a6fd877]::thread::lifecycle::spawn_unchecked::<test[aada8e7e76ba119b]::run_test::{closure#1}, ()>::{closure#1}::{closure#0}
[INFO] [stdout]                                at /rustc/e3feeb59cd1bdd011a2bfcc0747b55125d9b8527/library/std/src/thread/lifecycle.rs:70:13
[INFO] [stdout]   36:     0x5fb1952acf32 - <core[a373ad73a504971]::panic::unwind_safe::AssertUnwindSafe<std[617be2ca0a6fd877]::thread::lifecycle::spawn_unchecked<test[aada8e7e76ba119b]::run_test::{closure#1}, ()>::{closure#1}::{closure#0}> as core[a373ad73a504971]::ops::function::FnOnce<()>>::call_once
[INFO] [stdout]                                at /rustc/e3feeb59cd1bdd011a2bfcc0747b55125d9b8527/library/core/src/panic/unwind_safe.rs:275:9
[INFO] [stdout]   37:     0x5fb1952acf32 - std[617be2ca0a6fd877]::panicking::catch_unwind::do_call::<core[a373ad73a504971]::panic::unwind_safe::AssertUnwindSafe<std[617be2ca0a6fd877]::thread::lifecycle::spawn_unchecked<test[aada8e7e76ba119b]::run_test::{closure#1}, ()>::{closure#1}::{closure#0}>, ()>
[INFO] [stdout]                                at /rustc/e3feeb59cd1bdd011a2bfcc0747b55125d9b8527/library/std/src/panicking.rs:573:43
[INFO] [stdout]   38:     0x5fb1952acf32 - std[617be2ca0a6fd877]::panicking::catch_unwind::<(), core[a373ad73a504971]::panic::unwind_safe::AssertUnwindSafe<std[617be2ca0a6fd877]::thread::lifecycle::spawn_unchecked<test[aada8e7e76ba119b]::run_test::{closure#1}, ()>::{closure#1}::{closure#0}>>
[INFO] [stdout]                                at /rustc/e3feeb59cd1bdd011a2bfcc0747b55125d9b8527/library/std/src/panicking.rs:541:19
[INFO] [stdout]   39:     0x5fb1952acf32 - std[617be2ca0a6fd877]::panic::catch_unwind::<core[a373ad73a504971]::panic::unwind_safe::AssertUnwindSafe<std[617be2ca0a6fd877]::thread::lifecycle::spawn_unchecked<test[aada8e7e76ba119b]::run_test::{closure#1}, ()>::{closure#1}::{closure#0}>, ()>
[INFO] [stdout]                                at /rustc/e3feeb59cd1bdd011a2bfcc0747b55125d9b8527/library/std/src/panic.rs:359:14
[INFO] [stdout]   40:     0x5fb1952acf32 - std[617be2ca0a6fd877]::thread::lifecycle::spawn_unchecked::<test[aada8e7e76ba119b]::run_test::{closure#1}, ()>::{closure#1}
[INFO] [stdout]                                at /rustc/e3feeb59cd1bdd011a2bfcc0747b55125d9b8527/library/std/src/thread/lifecycle.rs:68:26
[INFO] [stdout]   41:     0x5fb1952acf32 - <std[617be2ca0a6fd877]::thread::lifecycle::spawn_unchecked<test[aada8e7e76ba119b]::run_test::{closure#1}, ()>::{closure#1} as core[a373ad73a504971]::ops::function::FnOnce<()>>::call_once::{shim:vtable#0}
[INFO] [stdout]                                at /rustc/e3feeb59cd1bdd011a2bfcc0747b55125d9b8527/library/core/src/ops/function.rs:250:5
[INFO] [stdout]   42:     0x5fb1956f805f - <alloc[2e1b2a31b91974c5]::boxed::Box<dyn core[a373ad73a504971]::ops::function::FnOnce<(), Output = ()> + core[a373ad73a504971]::marker::Send> as core[a373ad73a504971]::ops::function::FnOnce<()>>::call_once
[INFO] [stdout]                                at /rustc/e3feeb59cd1bdd011a2bfcc0747b55125d9b8527/library/alloc/src/boxed.rs:2314:9
[INFO] [stdout]   43:     0x5fb1956f805f - <std[617be2ca0a6fd877]::sys::thread::unix::Thread>::new::thread_start
[INFO] [stdout]                                at /rustc/e3feeb59cd1bdd011a2bfcc0747b55125d9b8527/library/std/src/sys/thread/unix.rs:127:17
[INFO] [stdout]   44:     0x714f599cbdfa - <unknown>
[INFO] [stdout]   45:     0x714f59a5f3d4 - clone
[INFO] [stdout]   46:                0x0 - <unknown>
[INFO] [stdout] 
[INFO] [stdout] ---- the_table_covers_every_named_rule stdout ----
[INFO] [stdout] 
[INFO] [stdout] thread 'the_table_covers_every_named_rule' (1859) panicked at tests/spec_rules/main.rs:69:66:
[INFO] [stdout] /opt/rustwide/workdir/tests/conformance/spec-rules.tsv: No such file or directory (os error 2)
[INFO] [stdout] stack backtrace:
[INFO] [stdout]    0:     0x5fb1956f8e71 - std[617be2ca0a6fd877]::backtrace_rs::backtrace::libunwind::trace
[INFO] [stdout]                                at /rustc/e3feeb59cd1bdd011a2bfcc0747b55125d9b8527/library/std/src/../../backtrace/src/backtrace/libunwind.rs:117:9
[INFO] [stdout]    1:     0x5fb1956f8e71 - std[617be2ca0a6fd877]::backtrace_rs::backtrace::trace_unsynchronized::<std[617be2ca0a6fd877]::sys::backtrace::_print_fmt::{closure#1}>
[INFO] [stdout]                                at /rustc/e3feeb59cd1bdd011a2bfcc0747b55125d9b8527/library/std/src/../../backtrace/src/backtrace/mod.rs:66:14
[INFO] [stdout]    2:     0x5fb1956f8e71 - std[617be2ca0a6fd877]::sys::backtrace::_print_fmt
[INFO] [stdout]                                at /rustc/e3feeb59cd1bdd011a2bfcc0747b55125d9b8527/library/std/src/sys/backtrace.rs:74:9
[INFO] [stdout]    3:     0x5fb1956f8e71 - <<std[617be2ca0a6fd877]::sys::backtrace::BacktraceLock>::print::DisplayBacktrace as core[a373ad73a504971]::fmt::Display>::fmt
[INFO] [stdout]                                at /rustc/e3feeb59cd1bdd011a2bfcc0747b55125d9b8527/library/std/src/sys/backtrace.rs:44:26
[INFO] [stdout]    4:     0x5fb19570fd9a - <core[a373ad73a504971]::fmt::rt::Argument>::fmt
[INFO] [stdout]                                at /rustc/e3feeb59cd1bdd011a2bfcc0747b55125d9b8527/library/core/src/fmt/rt.rs:152:76
[INFO] [stdout]    5:     0x5fb19570fd9a - core[a373ad73a504971]::fmt::write
[INFO] [stdout]    6:     0x5fb1956fd37c - core[a373ad73a504971]::io::write::default_write_fmt::<alloc[2e1b2a31b91974c5]::vec::Vec<u8>>
[INFO] [stdout]                                at /rustc/e3feeb59cd1bdd011a2bfcc0747b55125d9b8527/library/core/src/io/write.rs:402:11
[INFO] [stdout]    7:     0x5fb1956fd37c - <alloc[2e1b2a31b91974c5]::vec::Vec<u8> as core[a373ad73a504971]::io::write::Write>::write_fmt
[INFO] [stdout]                                at /rustc/e3feeb59cd1bdd011a2bfcc0747b55125d9b8527/library/core/src/io/write.rs:335:13
[INFO] [stdout]    8:     0x5fb1956d4496 - <std[617be2ca0a6fd877]::sys::backtrace::BacktraceLock>::print
[INFO] [stdout]                                at /rustc/e3feeb59cd1bdd011a2bfcc0747b55125d9b8527/library/std/src/sys/backtrace.rs:47:9
[INFO] [stdout]    9:     0x5fb1956d4496 - std[617be2ca0a6fd877]::panicking::default_hook::{closure#0}
[INFO] [stdout]                                at /rustc/e3feeb59cd1bdd011a2bfcc0747b55125d9b8527/library/std/src/panicking.rs:289:27
[INFO] [stdout]   10:     0x5fb1956f0be9 - std[617be2ca0a6fd877]::panicking::default_hook
[INFO] [stdout]                                at /rustc/e3feeb59cd1bdd011a2bfcc0747b55125d9b8527/library/std/src/panicking.rs:313:9
[INFO] [stdout]   11:     0x5fb1952a9880 - <alloc[2e1b2a31b91974c5]::boxed::Box<dyn for<'a, 'b> core[a373ad73a504971]::ops::function::Fn<(&'a std[617be2ca0a6fd877]::panic::PanicHookInfo<'b>,), Output = ()> + core[a373ad73a504971]::marker::Sync + core[a373ad73a504971]::marker::Send> as core[a373ad73a504971]::ops::function::Fn<(&std[617be2ca0a6fd877]::panic::PanicHookInfo,)>>::call
[INFO] [stdout]                                at /rustc/e3feeb59cd1bdd011a2bfcc0747b55125d9b8527/library/alloc/src/boxed.rs:2328:9
[INFO] [stdout]   12:     0x5fb1952a9880 - test[aada8e7e76ba119b]::test_main_inner::{closure#0}
[INFO] [stdout]                                at /rustc/e3feeb59cd1bdd011a2bfcc0747b55125d9b8527/library/test/src/lib.rs:137:21
[INFO] [stdout]   13:     0x5fb1956f0da2 - <alloc[2e1b2a31b91974c5]::boxed::Box<dyn for<'a, 'b> core[a373ad73a504971]::ops::function::Fn<(&'a std[617be2ca0a6fd877]::panic::PanicHookInfo<'b>,), Output = ()> + core[a373ad73a504971]::marker::Sync + core[a373ad73a504971]::marker::Send> as core[a373ad73a504971]::ops::function::Fn<(&std[617be2ca0a6fd877]::panic::PanicHookInfo,)>>::call
[INFO] [stdout]                                at /rustc/e3feeb59cd1bdd011a2bfcc0747b55125d9b8527/library/alloc/src/boxed.rs:2328:9
[INFO] [stdout]   14:     0x5fb1956f0da2 - std[617be2ca0a6fd877]::panicking::panic_with_hook
[INFO] [stdout]                                at /rustc/e3feeb59cd1bdd011a2bfcc0747b55125d9b8527/library/std/src/panicking.rs:819:13
[INFO] [stdout]   15:     0x5fb1956d4542 - std[617be2ca0a6fd877]::panicking::panic_handler::{closure#0}
[INFO] [stdout]                                at /rustc/e3feeb59cd1bdd011a2bfcc0747b55125d9b8527/library/std/src/panicking.rs:685:13
[INFO] [stdout]   16:     0x5fb1956cd029 - std[617be2ca0a6fd877]::sys::backtrace::__rust_end_short_backtrace::<std[617be2ca0a6fd877]::panicking::panic_handler::{closure#0}, !>
[INFO] [stdout]                                at /rustc/e3feeb59cd1bdd011a2bfcc0747b55125d9b8527/library/std/src/sys/backtrace.rs:182:18
[INFO] [stdout]   17:     0x5fb1956d514d - __rustc[ea4f61d10b84890b]::rust_begin_unwind
[INFO] [stdout]                                at /rustc/e3feeb59cd1bdd011a2bfcc0747b55125d9b8527/library/std/src/panicking.rs:676:5
[INFO] [stdout]   18:     0x5fb19571063c - core[a373ad73a504971]::panicking::panic_fmt
[INFO] [stdout]                                at /rustc/e3feeb59cd1bdd011a2bfcc0747b55125d9b8527/library/core/src/panicking.rs:80:14
[INFO] [stdout]   19:     0x5fb1952907ec - spec_rules[c28df855ed5fa9f9]::rules::{closure#0}
[INFO] [stdout]                                at /opt/rustwide/workdir/tests/spec_rules/main.rs:69:66
[INFO] [stdout]   20:     0x5fb195276981 - <core[a373ad73a504971]::result::Result<alloc[2e1b2a31b91974c5]::string::String, core[a373ad73a504971]::io::error::Error>>::unwrap_or_else::<spec_rules[c28df855ed5fa9f9]::rules::{closure#0}>
[INFO] [stdout]                                at /rustc/e3feeb59cd1bdd011a2bfcc0747b55125d9b8527/library/core/src/result.rs:1619:23
[INFO] [stdout]   21:     0x5fb1952918f2 - spec_rules[c28df855ed5fa9f9]::rules
[INFO] [stdout]                                at /opt/rustwide/workdir/tests/spec_rules/main.rs:69:47
[INFO] [stdout]   22:     0x5fb1952921fc - spec_rules[c28df855ed5fa9f9]::the_table_covers_every_named_rule
[INFO] [stdout]                                at /opt/rustwide/workdir/tests/spec_rules/main.rs:160:17
[INFO] [stdout]   23:     0x5fb195290627 - spec_rules[c28df855ed5fa9f9]::the_table_covers_every_named_rule::{closure#0}
[INFO] [stdout]                                at /opt/rustwide/workdir/tests/spec_rules/main.rs:159:39
[INFO] [stdout]   24:     0x5fb19526b2c6 - <spec_rules[c28df855ed5fa9f9]::the_table_covers_every_named_rule::{closure#0} as core[a373ad73a504971]::ops::function::FnOnce<()>>::call_once
[INFO] [stdout]                                at /rustc/e3feeb59cd1bdd011a2bfcc0747b55125d9b8527/library/core/src/ops/function.rs:250:5
[INFO] [stdout]   25:     0x5fb19529cccb - <fn() -> core[a373ad73a504971]::result::Result<(), alloc[2e1b2a31b91974c5]::string::String> as core[a373ad73a504971]::ops::function::FnOnce<()>>::call_once
[INFO] [stdout]                                at /rustc/e3feeb59cd1bdd011a2bfcc0747b55125d9b8527/library/core/src/ops/function.rs:250:5
[INFO] [stdout]   26:     0x5fb19529cccb - test[aada8e7e76ba119b]::__rust_begin_short_backtrace::<core[a373ad73a504971]::result::Result<(), alloc[2e1b2a31b91974c5]::string::String>, fn() -> core[a373ad73a504971]::result::Result<(), alloc[2e1b2a31b91974c5]::string::String>>
[INFO] [stdout]                                at /rustc/e3feeb59cd1bdd011a2bfcc0747b55125d9b8527/library/test/src/lib.rs:701:18
[INFO] [stdout]   27:     0x5fb1952a9ea5 - test[aada8e7e76ba119b]::run_test_in_process::{closure#0}
[INFO] [stdout]                                at /rustc/e3feeb59cd1bdd011a2bfcc0747b55125d9b8527/library/test/src/lib.rs:724:74
[INFO] [stdout]   28:     0x5fb1952a9ea5 - <core[a373ad73a504971]::panic::unwind_safe::AssertUnwindSafe<test[aada8e7e76ba119b]::run_test_in_process::{closure#0}> as core[a373ad73a504971]::ops::function::FnOnce<()>>::call_once
[INFO] [stdout]                                at /rustc/e3feeb59cd1bdd011a2bfcc0747b55125d9b8527/library/core/src/panic/unwind_safe.rs:275:9
[INFO] [stdout]   29:     0x5fb1952a9ea5 - std[617be2ca0a6fd877]::panicking::catch_unwind::do_call::<core[a373ad73a504971]::panic::unwind_safe::AssertUnwindSafe<test[aada8e7e76ba119b]::run_test_in_process::{closure#0}>, core[a373ad73a504971]::result::Result<(), alloc[2e1b2a31b91974c5]::string::String>>
[INFO] [stdout]                                at /rustc/e3feeb59cd1bdd011a2bfcc0747b55125d9b8527/library/std/src/panicking.rs:573:43
[INFO] [stdout]   30:     0x5fb1952a9ea5 - std[617be2ca0a6fd877]::panicking::catch_unwind::<core[a373ad73a504971]::result::Result<(), alloc[2e1b2a31b91974c5]::string::String>, core[a373ad73a504971]::panic::unwind_safe::AssertUnwindSafe<test[aada8e7e76ba119b]::run_test_in_process::{closure#0}>>
[INFO] [stdout]                                at /rustc/e3feeb59cd1bdd011a2bfcc0747b55125d9b8527/library/std/src/panicking.rs:541:19
[INFO] [stdout]   31:     0x5fb1952a9ea5 - std[617be2ca0a6fd877]::panic::catch_unwind::<core[a373ad73a504971]::panic::unwind_safe::AssertUnwindSafe<test[aada8e7e76ba119b]::run_test_in_process::{closure#0}>, core[a373ad73a504971]::result::Result<(), alloc[2e1b2a31b91974c5]::string::String>>
[INFO] [stdout]                                at /rustc/e3feeb59cd1bdd011a2bfcc0747b55125d9b8527/library/std/src/panic.rs:359:14
[INFO] [stdout]   32:     0x5fb1952a9ea5 - test[aada8e7e76ba119b]::run_test_in_process
[INFO] [stdout]                                at /rustc/e3feeb59cd1bdd011a2bfcc0747b55125d9b8527/library/test/src/lib.rs:724:27
[INFO] [stdout]   33:     0x5fb1952a9ea5 - test[aada8e7e76ba119b]::run_test::{closure#0}
[INFO] [stdout]                                at /rustc/e3feeb59cd1bdd011a2bfcc0747b55125d9b8527/library/test/src/lib.rs:645:43
[INFO] [stdout]   34:     0x5fb1952a3794 - test[aada8e7e76ba119b]::run_test::{closure#1}
[INFO] [stdout]                                at /rustc/e3feeb59cd1bdd011a2bfcc0747b55125d9b8527/library/test/src/lib.rs:675:41
[INFO] [stdout]   35:     0x5fb1952a3794 - std[617be2ca0a6fd877]::sys::backtrace::__rust_begin_short_backtrace::<test[aada8e7e76ba119b]::run_test::{closure#1}, ()>
[INFO] [stdout]                                at /rustc/e3feeb59cd1bdd011a2bfcc0747b55125d9b8527/library/std/src/sys/backtrace.rs:166:18
[INFO] [stdout]   36:     0x5fb1952acf32 - std[617be2ca0a6fd877]::thread::lifecycle::spawn_unchecked::<test[aada8e7e76ba119b]::run_test::{closure#1}, ()>::{closure#1}::{closure#0}
[INFO] [stdout]                                at /rustc/e3feeb59cd1bdd011a2bfcc0747b55125d9b8527/library/std/src/thread/lifecycle.rs:70:13
[INFO] [stdout]   37:     0x5fb1952acf32 - <core[a373ad73a504971]::panic::unwind_safe::AssertUnwindSafe<std[617be2ca0a6fd877]::thread::lifecycle::spawn_unchecked<test[aada8e7e76ba119b]::run_test::{closure#1}, ()>::{closure#1}::{closure#0}> as core[a373ad73a504971]::ops::function::FnOnce<()>>::call_once
[INFO] [stdout]                                at /rustc/e3feeb59cd1bdd011a2bfcc0747b55125d9b8527/library/core/src/panic/unwind_safe.rs:275:9
[INFO] [stdout]   38:     0x5fb1952acf32 - std[617be2ca0a6fd877]::panicking::catch_unwind::do_call::<core[a373ad73a504971]::panic::unwind_safe::AssertUnwindSafe<std[617be2ca0a6fd877]::thread::lifecycle::spawn_unchecked<test[aada8e7e76ba119b]::run_test::{closure#1}, ()>::{closure#1}::{closure#0}>, ()>
[INFO] [stdout]                                at /rustc/e3feeb59cd1bdd011a2bfcc0747b55125d9b8527/library/std/src/panicking.rs:573:43
[INFO] [stdout]   39:     0x5fb1952acf32 - std[617be2ca0a6fd877]::panicking::catch_unwind::<(), core[a373ad73a504971]::panic::unwind_safe::AssertUnwindSafe<std[617be2ca0a6fd877]::thread::lifecycle::spawn_unchecked<test[aada8e7e76ba119b]::run_test::{closure#1}, ()>::{closure#1}::{closure#0}>>
[INFO] [stdout]                                at /rustc/e3feeb59cd1bdd011a2bfcc0747b55125d9b8527/library/std/src/panicking.rs:541:19
[INFO] [stdout]   40:     0x5fb1952acf32 - std[617be2ca0a6fd877]::panic::catch_unwind::<core[a373ad73a504971]::panic::unwind_safe::AssertUnwindSafe<std[617be2ca0a6fd877]::thread::lifecycle::spawn_unchecked<test[aada8e7e76ba119b]::run_test::{closure#1}, ()>::{closure#1}::{closure#0}>, ()>
[INFO] [stdout]                                at /rustc/e3feeb59cd1bdd011a2bfcc0747b55125d9b8527/library/std/src/panic.rs:359:14
[INFO] [stdout]   41:     0x5fb1952acf32 - std[617be2ca0a6fd877]::thread::lifecycle::spawn_unchecked::<test[aada8e7e76ba119b]::run_test::{closure#1}, ()>::{closure#1}
[INFO] [stdout]                                at /rustc/e3feeb59cd1bdd011a2bfcc0747b55125d9b8527/library/std/src/thread/lifecycle.rs:68:26
[INFO] [stdout]   42:     0x5fb1952acf32 - <std[617be2ca0a6fd877]::thread::lifecycle::spawn_unchecked<test[aada8e7e76ba119b]::run_test::{closure#1}, ()>::{closure#1} as core[a373ad73a504971]::ops::function::FnOnce<()>>::call_once::{shim:vtable#0}
[INFO] [stdout]                                at /rustc/e3feeb59cd1bdd011a2bfcc0747b55125d9b8527/library/core/src/ops/function.rs:250:5
[INFO] [stdout]   43:     0x5fb1956f805f - <alloc[2e1b2a31b91974c5]::boxed::Box<dyn core[a373ad73a504971]::ops::function::FnOnce<(), Output = ()> + core[a373ad73a504971]::marker::Send> as core[a373ad73a504971]::ops::function::FnOnce<()>>::call_once
[INFO] [stdout]                                at /rustc/e3feeb59cd1bdd011a2bfcc0747b55125d9b8527/library/alloc/src/boxed.rs:2314:9
[INFO] [stdout]   44:     0x5fb1956f805f - <std[617be2ca0a6fd877]::sys::thread::unix::Thread>::new::thread_start
[INFO] [stdout]                                at /rustc/e3feeb59cd1bdd011a2bfcc0747b55125d9b8527/library/std/src/sys/thread/unix.rs:127:17
[INFO] [stdout]   45:     0x714f599cbdfa - <unknown>
[INFO] [stdout]   46:     0x714f59a5f3d4 - clone
[INFO] [stdout]   47:                0x0 - <unknown>
[INFO] [stdout] 
[INFO] [stdout] ---- the_fixture_corpus_matches_the_table stdout ----
[INFO] [stdout] 
[INFO] [stdout] thread 'the_fixture_corpus_matches_the_table' (1857) panicked at tests/spec_rules/main.rs:69:66:
[INFO] [stdout] /opt/rustwide/workdir/tests/conformance/spec-rules.tsv: No such file or directory (os error 2)
[INFO] [stdout] stack backtrace:
[INFO] [stdout]    0:     0x5fb1956f8e71 - std[617be2ca0a6fd877]::backtrace_rs::backtrace::libunwind::trace
[INFO] [stdout]                                at /rustc/e3feeb59cd1bdd011a2bfcc0747b55125d9b8527/library/std/src/../../backtrace/src/backtrace/libunwind.rs:117:9
[INFO] [stdout]    1:     0x5fb1956f8e71 - std[617be2ca0a6fd877]::backtrace_rs::backtrace::trace_unsynchronized::<std[617be2ca0a6fd877]::sys::backtrace::_print_fmt::{closure#1}>
[INFO] [stdout]                                at /rustc/e3feeb59cd1bdd011a2bfcc0747b55125d9b8527/library/std/src/../../backtrace/src/backtrace/mod.rs:66:14
[INFO] [stdout]    2:     0x5fb1956f8e71 - std[617be2ca0a6fd877]::sys::backtrace::_print_fmt
[INFO] [stdout]                                at /rustc/e3feeb59cd1bdd011a2bfcc0747b55125d9b8527/library/std/src/sys/backtrace.rs:74:9
[INFO] [stdout]    3:     0x5fb1956f8e71 - <<std[617be2ca0a6fd877]::sys::backtrace::BacktraceLock>::print::DisplayBacktrace as core[a373ad73a504971]::fmt::Display>::fmt
[INFO] [stdout]                                at /rustc/e3feeb59cd1bdd011a2bfcc0747b55125d9b8527/library/std/src/sys/backtrace.rs:44:26
[INFO] [stdout]    4:     0x5fb19570fd9a - <core[a373ad73a504971]::fmt::rt::Argument>::fmt
[INFO] [stdout]                                at /rustc/e3feeb59cd1bdd011a2bfcc0747b55125d9b8527/library/core/src/fmt/rt.rs:152:76
[INFO] [stdout]    5:     0x5fb19570fd9a - core[a373ad73a504971]::fmt::write
[INFO] [stdout]    6:     0x5fb1956fd37c - core[a373ad73a504971]::io::write::default_write_fmt::<alloc[2e1b2a31b91974c5]::vec::Vec<u8>>
[INFO] [stdout]                                at /rustc/e3feeb59cd1bdd011a2bfcc0747b55125d9b8527/library/core/src/io/write.rs:402:11
[INFO] [stdout]    7:     0x5fb1956fd37c - <alloc[2e1b2a31b91974c5]::vec::Vec<u8> as core[a373ad73a504971]::io::write::Write>::write_fmt
[INFO] [stdout]                                at /rustc/e3feeb59cd1bdd011a2bfcc0747b55125d9b8527/library/core/src/io/write.rs:335:13
[INFO] [stdout]    8:     0x5fb1956d4496 - <std[617be2ca0a6fd877]::sys::backtrace::BacktraceLock>::print
[INFO] [stdout]                                at /rustc/e3feeb59cd1bdd011a2bfcc0747b55125d9b8527/library/std/src/sys/backtrace.rs:47:9
[INFO] [stdout]    9:     0x5fb1956d4496 - std[617be2ca0a6fd877]::panicking::default_hook::{closure#0}
[INFO] [stdout]                                at /rustc/e3feeb59cd1bdd011a2bfcc0747b55125d9b8527/library/std/src/panicking.rs:289:27
[INFO] [stdout]   10:     0x5fb1956f0be9 - std[617be2ca0a6fd877]::panicking::default_hook
[INFO] [stdout]                                at /rustc/e3feeb59cd1bdd011a2bfcc0747b55125d9b8527/library/std/src/panicking.rs:313:9
[INFO] [stdout]   11:     0x5fb1952a9880 - <alloc[2e1b2a31b91974c5]::boxed::Box<dyn for<'a, 'b> core[a373ad73a504971]::ops::function::Fn<(&'a std[617be2ca0a6fd877]::panic::PanicHookInfo<'b>,), Output = ()> + core[a373ad73a504971]::marker::Sync + core[a373ad73a504971]::marker::Send> as core[a373ad73a504971]::ops::function::Fn<(&std[617be2ca0a6fd877]::panic::PanicHookInfo,)>>::call
[INFO] [stdout]                                at /rustc/e3feeb59cd1bdd011a2bfcc0747b55125d9b8527/library/alloc/src/boxed.rs:2328:9
[INFO] [stdout]   12:     0x5fb1952a9880 - test[aada8e7e76ba119b]::test_main_inner::{closure#0}
[INFO] [stdout]                                at /rustc/e3feeb59cd1bdd011a2bfcc0747b55125d9b8527/library/test/src/lib.rs:137:21
[INFO] [stdout]   13:     0x5fb1956f0da2 - <alloc[2e1b2a31b91974c5]::boxed::Box<dyn for<'a, 'b> core[a373ad73a504971]::ops::function::Fn<(&'a std[617be2ca0a6fd877]::panic::PanicHookInfo<'b>,), Output = ()> + core[a373ad73a504971]::marker::Sync + core[a373ad73a504971]::marker::Send> as core[a373ad73a504971]::ops::function::Fn<(&std[617be2ca0a6fd877]::panic::PanicHookInfo,)>>::call
[INFO] [stdout]                                at /rustc/e3feeb59cd1bdd011a2bfcc0747b55125d9b8527/library/alloc/src/boxed.rs:2328:9
[INFO] [stdout]   14:     0x5fb1956f0da2 - std[617be2ca0a6fd877]::panicking::panic_with_hook
[INFO] [stdout]                                at /rustc/e3feeb59cd1bdd011a2bfcc0747b55125d9b8527/library/std/src/panicking.rs:819:13
[INFO] [stdout]   15:     0x5fb1956d4542 - std[617be2ca0a6fd877]::panicking::panic_handler::{closure#0}
[INFO] [stdout]                                at /rustc/e3feeb59cd1bdd011a2bfcc0747b55125d9b8527/library/std/src/panicking.rs:685:13
[INFO] [stdout]   16:     0x5fb1956cd029 - std[617be2ca0a6fd877]::sys::backtrace::__rust_end_short_backtrace::<std[617be2ca0a6fd877]::panicking::panic_handler::{closure#0}, !>
[INFO] [stdout]                                at /rustc/e3feeb59cd1bdd011a2bfcc0747b55125d9b8527/library/std/src/sys/backtrace.rs:182:18
[INFO] [stdout]   17:     0x5fb1956d514d - __rustc[ea4f61d10b84890b]::rust_begin_unwind
[INFO] [stdout]                                at /rustc/e3feeb59cd1bdd011a2bfcc0747b55125d9b8527/library/std/src/panicking.rs:676:5
[INFO] [stdout]   18:     0x5fb19571063c - core[a373ad73a504971]::panicking::panic_fmt
[INFO] [stdout]                                at /rustc/e3feeb59cd1bdd011a2bfcc0747b55125d9b8527/library/core/src/panicking.rs:80:14
[INFO] [stdout]   19:     0x5fb1952907ec - spec_rules[c28df855ed5fa9f9]::rules::{closure#0}
[INFO] [stdout]                                at /opt/rustwide/workdir/tests/spec_rules/main.rs:69:66
[INFO] [stdout]   20:     0x5fb195276981 - <core[a373ad73a504971]::result::Result<alloc[2e1b2a31b91974c5]::string::String, core[a373ad73a504971]::io::error::Error>>::unwrap_or_else::<spec_rules[c28df855ed5fa9f9]::rules::{closure#0}>
[INFO] [stdout]                                at /rustc/e3feeb59cd1bdd011a2bfcc0747b55125d9b8527/library/core/src/result.rs:1619:23
[INFO] [stdout]   21:     0x5fb1952918f2 - spec_rules[c28df855ed5fa9f9]::rules
[INFO] [stdout]                                at /opt/rustwide/workdir/tests/spec_rules/main.rs:69:47
[INFO] [stdout]   22:     0x5fb195293444 - spec_rules[c28df855ed5fa9f9]::the_fixture_corpus_matches_the_table
[INFO] [stdout]                                at /opt/rustwide/workdir/tests/spec_rules/main.rs:319:17
[INFO] [stdout]   23:     0x5fb195290687 - spec_rules[c28df855ed5fa9f9]::the_fixture_corpus_matches_the_table::{closure#0}
[INFO] [stdout]                                at /opt/rustwide/workdir/tests/spec_rules/main.rs:318:42
[INFO] [stdout]   24:     0x5fb19526b306 - <spec_rules[c28df855ed5fa9f9]::the_fixture_corpus_matches_the_table::{closure#0} as core[a373ad73a504971]::ops::function::FnOnce<()>>::call_once
[INFO] [stdout]                                at /rustc/e3feeb59cd1bdd011a2bfcc0747b55125d9b8527/library/core/src/ops/function.rs:250:5
[INFO] [stdout]   25:     0x5fb19529cccb - <fn() -> core[a373ad73a504971]::result::Result<(), alloc[2e1b2a31b91974c5]::string::String> as core[a373ad73a504971]::ops::function::FnOnce<()>>::call_once
[INFO] [stdout]                                at /rustc/e3feeb59cd1bdd011a2bfcc0747b55125d9b8527/library/core/src/ops/function.rs:250:5
[INFO] [stdout]   26:     0x5fb19529cccb - test[aada8e7e76ba119b]::__rust_begin_short_backtrace::<core[a373ad73a504971]::result::Result<(), alloc[2e1b2a31b91974c5]::string::String>, fn() -> core[a373ad73a504971]::result::Result<(), alloc[2e1b2a31b91974c5]::string::String>>
[INFO] [stdout]                                at /rustc/e3feeb59cd1bdd011a2bfcc0747b55125d9b8527/library/test/src/lib.rs:701:18
[INFO] [stdout]   27:     0x5fb1952a9ea5 - test[aada8e7e76ba119b]::run_test_in_process::{closure#0}
[INFO] [stdout]                                at /rustc/e3feeb59cd1bdd011a2bfcc0747b55125d9b8527/library/test/src/lib.rs:724:74
[INFO] [stdout]   28:     0x5fb1952a9ea5 - <core[a373ad73a504971]::panic::unwind_safe::AssertUnwindSafe<test[aada8e7e76ba119b]::run_test_in_process::{closure#0}> as core[a373ad73a504971]::ops::function::FnOnce<()>>::call_once
[INFO] [stdout]                                at /rustc/e3feeb59cd1bdd011a2bfcc0747b55125d9b8527/library/core/src/panic/unwind_safe.rs:275:9
[INFO] [stdout]   29:     0x5fb1952a9ea5 - std[617be2ca0a6fd877]::panicking::catch_unwind::do_call::<core[a373ad73a504971]::panic::unwind_safe::AssertUnwindSafe<test[aada8e7e76ba119b]::run_test_in_process::{closure#0}>, core[a373ad73a504971]::result::Result<(), alloc[2e1b2a31b91974c5]::string::String>>
[INFO] [stdout]                                at /rustc/e3feeb59cd1bdd011a2bfcc0747b55125d9b8527/library/std/src/panicking.rs:573:43
[INFO] [stdout]   30:     0x5fb1952a9ea5 - std[617be2ca0a6fd877]::panicking::catch_unwind::<core[a373ad73a504971]::result::Result<(), alloc[2e1b2a31b91974c5]::string::String>, core[a373ad73a504971]::panic::unwind_safe::AssertUnwindSafe<test[aada8e7e76ba119b]::run_test_in_process::{closure#0}>>
[INFO] [stdout]                                at /rustc/e3feeb59cd1bdd011a2bfcc0747b55125d9b8527/library/std/src/panicking.rs:541:19
[INFO] [stdout]   31:     0x5fb1952a9ea5 - std[617be2ca0a6fd877]::panic::catch_unwind::<core[a373ad73a504971]::panic::unwind_safe::AssertUnwindSafe<test[aada8e7e76ba119b]::run_test_in_process::{closure#0}>, core[a373ad73a504971]::result::Result<(), alloc[2e1b2a31b91974c5]::string::String>>
[INFO] [stdout]                                at /rustc/e3feeb59cd1bdd011a2bfcc0747b55125d9b8527/library/std/src/panic.rs:359:14
[INFO] [stdout]   32:     0x5fb1952a9ea5 - test[aada8e7e76ba119b]::run_test_in_process
[INFO] [stdout]                                at /rustc/e3feeb59cd1bdd011a2bfcc0747b55125d9b8527/library/test/src/lib.rs:724:27
[INFO] [stdout]   33:     0x5fb1952a9ea5 - test[aada8e7e76ba119b]::run_test::{closure#0}
[INFO] [stdout]                                at /rustc/e3feeb59cd1bdd011a2bfcc0747b55125d9b8527/library/test/src/lib.rs:645:43
[INFO] [stdout]   34:     0x5fb1952a3794 - test[aada8e7e76ba119b]::run_test::{closure#1}
[INFO] [stdout]                                at /rustc/e3feeb59cd1bdd011a2bfcc0747b55125d9b8527/library/test/src/lib.rs:675:41
[INFO] [stdout]   35:     0x5fb1952a3794 - std[617be2ca0a6fd877]::sys::backtrace::__rust_begin_short_backtrace::<test[aada8e7e76ba119b]::run_test::{closure#1}, ()>
[INFO] [stdout]                                at /rustc/e3feeb59cd1bdd011a2bfcc0747b55125d9b8527/library/std/src/sys/backtrace.rs:166:18
[INFO] [stdout]   36:     0x5fb1952acf32 - std[617be2ca0a6fd877]::thread::lifecycle::spawn_unchecked::<test[aada8e7e76ba119b]::run_test::{closure#1}, ()>::{closure#1}::{closure#0}
[INFO] [stdout]                                at /rustc/e3feeb59cd1bdd011a2bfcc0747b55125d9b8527/library/std/src/thread/lifecycle.rs:70:13
[INFO] [stdout]   37:     0x5fb1952acf32 - <core[a373ad73a504971]::panic::unwind_safe::AssertUnwindSafe<std[617be2ca0a6fd877]::thread::lifecycle::spawn_unchecked<test[aada8e7e76ba119b]::run_test::{closure#1}, ()>::{closure#1}::{closure#0}> as core[a373ad73a504971]::ops::function::FnOnce<()>>::call_once
[INFO] [stdout]                                at /rustc/e3feeb59cd1bdd011a2bfcc0747b55125d9b8527/library/core/src/panic/unwind_safe.rs:275:9
[INFO] [stdout]   38:     0x5fb1952acf32 - std[617be2ca0a6fd877]::panicking::catch_unwind::do_call::<core[a373ad73a504971]::panic::unwind_safe::AssertUnwindSafe<std[617be2ca0a6fd877]::thread::lifecycle::spawn_unchecked<test[aada8e7e76ba119b]::run_test::{closure#1}, ()>::{closure#1}::{closure#0}>, ()>
[INFO] [stdout]                                at /rustc/e3feeb59cd1bdd011a2bfcc0747b55125d9b8527/library/std/src/panicking.rs:573:43
[INFO] [stdout]   39:     0x5fb1952acf32 - std[617be2ca0a6fd877]::panicking::catch_unwind::<(), core[a373ad73a504971]::panic::unwind_safe::AssertUnwindSafe<std[617be2ca0a6fd877]::thread::lifecycle::spawn_unchecked<test[aada8e7e76ba119b]::run_test::{closure#1}, ()>::{closure#1}::{closure#0}>>
[INFO] [stdout]                                at /rustc/e3feeb59cd1bdd011a2bfcc0747b55125d9b8527/library/std/src/panicking.rs:541:19
[INFO] [stdout]   40:     0x5fb1952acf32 - std[617be2ca0a6fd877]::panic::catch_unwind::<core[a373ad73a504971]::panic::unwind_safe::AssertUnwindSafe<std[617be2ca0a6fd877]::thread::lifecycle::spawn_unchecked<test[aada8e7e76ba119b]::run_test::{closure#1}, ()>::{closure#1}::{closure#0}>, ()>
[INFO] [stdout]                                at /rustc/e3feeb59cd1bdd011a2bfcc0747b55125d9b8527/library/std/src/panic.rs:359:14
[INFO] [stdout]   41:     0x5fb1952acf32 - std[617be2ca0a6fd877]::thread::lifecycle::spawn_unchecked::<test[aada8e7e76ba119b]::run_test::{closure#1}, ()>::{closure#1}
[INFO] [stdout]                                at /rustc/e3feeb59cd1bdd011a2bfcc0747b55125d9b8527/library/std/src/thread/lifecycle.rs:68:26
[INFO] [stdout]   42:     0x5fb1952acf32 - <std[617be2ca0a6fd877]::thread::lifecycle::spawn_unchecked<test[aada8e7e76ba119b]::run_test::{closure#1}, ()>::{closure#1} as core[a373ad73a504971]::ops::function::FnOnce<()>>::call_once::{shim:vtable#0}
[INFO] [stdout]                                at /rustc/e3feeb59cd1bdd011a2bfcc0747b55125d9b8527/library/core/src/ops/function.rs:250:5
[INFO] [stdout]   43:     0x5fb1956f805f - <alloc[2e1b2a31b91974c5]::boxed::Box<dyn core[a373ad73a504971]::ops::function::FnOnce<(), Output = ()> + core[a373ad73a504971]::marker::Send> as core[a373ad73a504971]::ops::function::FnOnce<()>>::call_once
[INFO] [stdout]                                at /rustc/e3feeb59cd1bdd011a2bfcc0747b55125d9b8527/library/alloc/src/boxed.rs:2314:9
[INFO] [stdout]   44:     0x5fb1956f805f - <std[617be2ca0a6fd877]::sys::thread::unix::Thread>::new::thread_start
[INFO] [stdout]                                at /rustc/e3feeb59cd1bdd011a2bfcc0747b55125d9b8527/library/std/src/sys/thread/unix.rs:127:17
[INFO] [stdout]   45:     0x714f599cbdfa - <unknown>
[INFO] [stdout]   46:     0x714f59a5f3d4 - clone
[INFO] [stdout]   47:                0x0 - <unknown>
[INFO] [stdout] 
[INFO] [stdout] 
[INFO] [stdout] failures:
[INFO] [stdout]     every_claim_names_a_site_that_exists
[INFO] [stdout]     every_diagnostic_code_is_attributable
[INFO] [stdout]     the_fixture_corpus_matches_the_table
[INFO] [stdout]     the_header_counts_match_the_rows
[INFO] [stdout]     the_table_covers_every_named_rule
[INFO] [stdout] 
[INFO] [stdout] test result: FAILED. 33 passed; 5 failed; 0 ignored; 0 measured; 0 filtered out; finished in 0.15s
[INFO] [stdout] 
[INFO] [stderr] error: test failed, to rerun pass `--test spec_rules`
[INFO] running `Command { std: "docker" "inspect" "0340b6898acf3d65c457ffae57c83dd2bae4ad0d61bf7db1520d79e11f64ea23", kill_on_drop: false }`
[INFO] running `Command { std: "docker" "rm" "-f" "0340b6898acf3d65c457ffae57c83dd2bae4ad0d61bf7db1520d79e11f64ea23", kill_on_drop: false }`
[INFO] [stdout] 0340b6898acf3d65c457ffae57c83dd2bae4ad0d61bf7db1520d79e11f64ea23
