[INFO] fetching crate xlsx-handlebars 0.2.2...
[INFO] testing xlsx-handlebars-0.2.2 against 1.99.0-beta.8 for beta-1.100-2
[INFO] extracting crate xlsx-handlebars 0.2.2 into /workspace/builds/worker-5-tc1/source
[INFO] started tweaking crates.io crate xlsx-handlebars 0.2.2
[INFO] finished tweaking crates.io crate xlsx-handlebars 0.2.2
[INFO] tweaked toml for crates.io crate xlsx-handlebars 0.2.2 written to /workspace/builds/worker-5-tc1/source/Cargo.toml
[INFO] validating manifest of crates.io crate xlsx-handlebars 0.2.2 on toolchain 1.99.0-beta.8
[INFO] running `Command { std: CARGO_HOME="/workspace/cargo-home" RUSTUP_HOME="/workspace/rustup-home" "/workspace/cargo-home/bin/cargo" "+1.99.0-beta.8" "metadata" "--manifest-path" "Cargo.toml" "--no-deps", kill_on_drop: false }`
[INFO] crate crates.io crate xlsx-handlebars 0.2.2 already has a lockfile, it will not be regenerated
[INFO] running `Command { std: CARGO_HOME="/workspace/cargo-home" RUSTUP_HOME="/workspace/rustup-home" "/workspace/cargo-home/bin/cargo" "+1.99.0-beta.8" "fetch" "--manifest-path" "Cargo.toml", kill_on_drop: false }`
[INFO] [stderr]     Blocking waiting for file lock on package cache
[INFO] [stderr]     Updating crates.io index
[INFO] [stderr]  Downloading crates ...
[INFO] [stderr]   Downloaded zopfli v0.8.2
[INFO] [stderr]   Downloaded zip v6.0.0
[INFO] [stderr]   Downloaded derive_arbitrary v1.4.1
[INFO] [stderr]   Downloaded libz-rs-sys v0.5.1
[INFO] [stderr]   Downloaded zlib-rs v0.5.1
[INFO] [stderr]   Downloaded pest_generator v2.8.1
[INFO] [stderr]   Downloaded pest_meta v2.8.1
[INFO] [stderr]   Downloaded pest_derive v2.8.1
[INFO] [stderr]   Downloaded quick-xml v0.38.3
[INFO] [stderr]   Downloaded handlebars v6.3.2
[INFO] [stderr]   Downloaded pest v2.8.1
[INFO] [stderr]   Downloaded num-order v1.2.0
[INFO] [stderr]   Downloaded num-modular v0.6.1
[INFO] running `Command { std: "docker" "create" "-v" "/var/lib/crater-agent-workspace/builds/worker-5-tc1/source:/opt/rustwide/workdir:ro,Z" "-v" "/var/lib/crater-agent-workspace/builds/worker-5-tc1/target:/opt/rustwide/target:rw,Z" "-v" "/var/lib/crater-agent-workspace/cargo-home:/opt/rustwide/cargo-home:ro,Z" "-v" "/var/lib/crater-agent-workspace/rustup-home:/opt/rustwide/rustup-home:ro,Z" "-m" "1610612736" "--network" "none" "ghcr.io/rust-lang/crates-build-env/linux@sha256:3111399a4047eeb3a02b7a90e478d715f38a8c6669b5c4b49d30a17385265909" "sleep" "infinity", kill_on_drop: false }`
[INFO] [stdout] e2c694bab149c7b64d2bcf5af9c95bd04c0df08bf64ff4c5e4063c2d46059624
[INFO] running `Command { std: "docker" "start" "e2c694bab149c7b64d2bcf5af9c95bd04c0df08bf64ff4c5e4063c2d46059624", kill_on_drop: false }`
[INFO] running `Command { std: "docker" "inspect" "e2c694bab149c7b64d2bcf5af9c95bd04c0df08bf64ff4c5e4063c2d46059624", kill_on_drop: false }`
[INFO] running `Command { std: "docker" "exec" "-e" "SOURCE_DIR=/opt/rustwide/workdir" "-e" "CARGO_HOME=/opt/rustwide/cargo-home" "-e" "RUSTUP_HOME=/opt/rustwide/rustup-home" "-e" "CARGO_TARGET_DIR=/opt/rustwide/target" "-w" "/opt/rustwide/workdir" "--user" "0:0" "e2c694bab149c7b64d2bcf5af9c95bd04c0df08bf64ff4c5e4063c2d46059624" "/opt/rustwide/cargo-home/bin/cargo" "+1.99.0-beta.8" "metadata" "--no-deps" "--format-version=1", kill_on_drop: false }`
[INFO] running `Command { std: "docker" "inspect" "e2c694bab149c7b64d2bcf5af9c95bd04c0df08bf64ff4c5e4063c2d46059624", kill_on_drop: false }`
[INFO] running `Command { std: "docker" "exec" "-e" "SOURCE_DIR=/opt/rustwide/workdir" "-e" "CARGO_HOME=/opt/rustwide/cargo-home" "-e" "RUSTUP_HOME=/opt/rustwide/rustup-home" "-e" "CARGO_TARGET_DIR=/opt/rustwide/target" "-e" "CARGO_INCREMENTAL=0" "-e" "RUST_BACKTRACE=full" "-e" "RUSTFLAGS=--cap-lints=warn" "-e" "RUSTDOCFLAGS=--cap-lints=warn" "-w" "/opt/rustwide/workdir" "--user" "0:0" "e2c694bab149c7b64d2bcf5af9c95bd04c0df08bf64ff4c5e4063c2d46059624" "/opt/rustwide/cargo-home/bin/cargo" "+1.99.0-beta.8" "build" "--frozen" "--message-format=json", kill_on_drop: false }`
[INFO] [stderr]    Compiling memchr v2.7.5
[INFO] [stderr]    Compiling libc v0.2.174
[INFO] [stderr]    Compiling getrandom v0.3.3
[INFO] [stderr]    Compiling zlib-rs v0.5.1
[INFO] [stderr]    Compiling serde_json v1.0.145
[INFO] [stderr]    Compiling bumpalo v3.19.0
[INFO] [stderr]    Compiling simd-adler32 v0.3.7
[INFO] [stderr]    Compiling hashbrown v0.15.4
[INFO] [stderr]    Compiling crc32fast v1.5.0
[INFO] [stderr]    Compiling num-modular v0.6.1
[INFO] [stderr]    Compiling syn v2.0.104
[INFO] [stderr]    Compiling zopfli v0.8.2
[INFO] [stderr]    Compiling quick-xml v0.38.3
[INFO] [stderr]    Compiling num-order v1.2.0
[INFO] [stderr]    Compiling uuid v1.18.1
[INFO] [stderr]    Compiling indexmap v2.10.0
[INFO] [stderr]    Compiling darling_core v0.20.11
[INFO] [stderr]    Compiling thiserror-impl v2.0.17
[INFO] [stderr]    Compiling serde_derive v1.0.228
[INFO] [stderr]    Compiling libz-rs-sys v0.5.1
[INFO] [stderr]    Compiling flate2 v1.1.2
[INFO] [stderr]    Compiling zip v6.0.0
[INFO] [stderr]    Compiling thiserror v2.0.17
[INFO] [stderr]    Compiling darling_macro v0.20.11
[INFO] [stderr]    Compiling darling v0.20.11
[INFO] [stderr]    Compiling derive_builder_core v0.20.2
[INFO] [stderr]    Compiling pest v2.8.1
[INFO] [stderr]    Compiling derive_builder_macro v0.20.2
[INFO] [stderr]    Compiling derive_builder v0.20.2
[INFO] [stderr]    Compiling serde v1.0.228
[INFO] [stderr]    Compiling pest_meta v2.8.1
[INFO] [stderr]    Compiling pest_generator v2.8.1
[INFO] [stderr]    Compiling pest_derive v2.8.1
[INFO] [stderr]    Compiling handlebars v6.3.2
[INFO] [stderr]    Compiling xlsx-handlebars v0.2.2 (/opt/rustwide/workdir)
[INFO] [stderr]     Finished `dev` profile [unoptimized + debuginfo] target(s) in 21.07s
[INFO] running `Command { std: "docker" "inspect" "e2c694bab149c7b64d2bcf5af9c95bd04c0df08bf64ff4c5e4063c2d46059624", kill_on_drop: false }`
[INFO] running `Command { std: "docker" "exec" "-e" "SOURCE_DIR=/opt/rustwide/workdir" "-e" "CARGO_HOME=/opt/rustwide/cargo-home" "-e" "RUSTUP_HOME=/opt/rustwide/rustup-home" "-e" "CARGO_TARGET_DIR=/opt/rustwide/target" "-e" "CARGO_INCREMENTAL=0" "-e" "RUST_BACKTRACE=full" "-e" "RUSTFLAGS=--cap-lints=warn" "-e" "RUSTDOCFLAGS=--cap-lints=warn" "-w" "/opt/rustwide/workdir" "--user" "0:0" "e2c694bab149c7b64d2bcf5af9c95bd04c0df08bf64ff4c5e4063c2d46059624" "/opt/rustwide/cargo-home/bin/cargo" "+1.99.0-beta.8" "test" "--frozen" "--no-run" "--message-format=json", kill_on_drop: false }`
[INFO] [stderr]    Compiling xlsx-handlebars v0.2.2 (/opt/rustwide/workdir)
[INFO] [stderr]     Finished `test` profile [unoptimized + debuginfo] target(s) in 0.77s
[INFO] running `Command { std: "docker" "inspect" "e2c694bab149c7b64d2bcf5af9c95bd04c0df08bf64ff4c5e4063c2d46059624", kill_on_drop: false }`
[INFO] running `Command { std: "docker" "exec" "-e" "SOURCE_DIR=/opt/rustwide/workdir" "-e" "CARGO_HOME=/opt/rustwide/cargo-home" "-e" "RUSTUP_HOME=/opt/rustwide/rustup-home" "-e" "CARGO_TARGET_DIR=/opt/rustwide/target" "-e" "CARGO_INCREMENTAL=0" "-e" "RUST_BACKTRACE=full" "-e" "RUSTFLAGS=--cap-lints=warn" "-e" "RUSTDOCFLAGS=--cap-lints=warn" "-w" "/opt/rustwide/workdir" "--user" "0:0" "e2c694bab149c7b64d2bcf5af9c95bd04c0df08bf64ff4c5e4063c2d46059624" "/opt/rustwide/cargo-home/bin/cargo" "+1.99.0-beta.8" "test" "--frozen", kill_on_drop: false }`
[INFO] [stderr]     Finished `test` profile [unoptimized + debuginfo] target(s) in 0.04s
[INFO] [stderr]      Running unittests src/lib.rs (/opt/rustwide/target/debug/deps/xlsx_handlebars-175690100ed7b653)
[INFO] [stdout] 
[INFO] [stdout] running 6 tests
[INFO] [stdout] test utils::tests::test_excel_column_index ... ok
[INFO] [stdout] test utils::tests::test_excel_column_name_and_index ... ok
[INFO] [stdout] test utils::tests::test_excel_date_conversion ... ok
[INFO] [stdout] test utils::tests::test_excel_column_name ... ok
[INFO] [stdout] test utils::tests::test_replace_shared_string_si_with_handlebars ... ok
[INFO] [stdout] test utils::tests::test_extract_and_remove_merge_cells_and_hyperlinks ... ok
[INFO] [stdout] 
[INFO] [stdout] test result: ok. 6 passed; 0 failed; 0 ignored; 0 measured; 0 filtered out; finished in 0.00s
[INFO] [stdout] 
[INFO] [stderr]    Doc-tests xlsx_handlebars
[INFO] [stdout] 
[INFO] [stdout] running 5 tests
[INFO] [stdout] test src/imagesize.rs - imagesize::get_image_dimensions (line 168) ... FAILED
[INFO] [stdout] test src/imagesize.rs - imagesize::get_image_dimensions (line 182) ... FAILED
[INFO] [stdout] test src/utils.rs - utils::post_process_xml (line 1390) ... ok
[INFO] [stdout] test src/utils.rs - utils::timestamp_to_excel_date (line 1062) ... ok
[INFO] [stdout] test src/utils.rs - utils::excel_date_to_timestamp (line 1102) ... ok
[INFO] [stdout] 
[INFO] [stdout] failures:
[INFO] [stdout] 
[INFO] [stdout] ---- src/imagesize.rs - imagesize::get_image_dimensions (line 168) stdout ----
[INFO] [stdout] error[E0432]: unresolved import `xlsx_handlebars::get_image_dimensions`
[INFO] [stdout]    --> src/imagesize.rs:170:5
[INFO] [stdout]     |
[INFO] [stdout] 170 | use xlsx_handlebars::get_image_dimensions;
[INFO] [stdout]     |     ^^^^^^^^^^^^^^^^^--------------------
[INFO] [stdout]     |                      |
[INFO] [stdout]     |                      no `get_image_dimensions` in the root
[INFO] [stdout] 
[INFO] [stdout] error: aborting due to 1 previous error
[INFO] [stdout] 
[INFO] [stdout] For more information about this error, try `rustc --explain E0432`.
[INFO] [stdout] Couldn't compile the test.
[INFO] [stdout] ---- src/imagesize.rs - imagesize::get_image_dimensions (line 182) stdout ----
[INFO] [stdout] error[E0432]: unresolved import `xlsx_handlebars::get_image_dimensions`
[INFO] [stdout]    --> src/imagesize.rs:184:5
[INFO] [stdout]     |
[INFO] [stdout] 184 | use xlsx_handlebars::get_image_dimensions;
[INFO] [stdout]     |     ^^^^^^^^^^^^^^^^^--------------------
[INFO] [stdout]     |                      |
[INFO] [stdout]     |                      no `get_image_dimensions` in the root
[INFO] [stdout] 
[INFO] [stdout] error: aborting due to 1 previous error
[INFO] [stdout] 
[INFO] [stdout] For more information about this error, try `rustc --explain E0432`.
[INFO] [stdout] Couldn't compile the test.
[INFO] [stdout] 
[INFO] [stdout] failures:
[INFO] [stdout]     src/imagesize.rs - imagesize::get_image_dimensions (line 168)
[INFO] [stdout]     src/imagesize.rs - imagesize::get_image_dimensions (line 182)
[INFO] [stdout] 
[INFO] [stdout] test result: FAILED. 3 passed; 2 failed; 0 ignored; 0 measured; 0 filtered out; finished in 0.26s
[INFO] [stdout] 
[INFO] [stdout] all doctests ran in 0.33s; merged doctests compilation took 0.08s
[INFO] [stderr] error: doctest failed, to rerun pass `--doc`
[INFO] running `Command { std: "docker" "inspect" "e2c694bab149c7b64d2bcf5af9c95bd04c0df08bf64ff4c5e4063c2d46059624", kill_on_drop: false }`
[INFO] running `Command { std: "docker" "rm" "-f" "e2c694bab149c7b64d2bcf5af9c95bd04c0df08bf64ff4c5e4063c2d46059624", kill_on_drop: false }`
[INFO] [stdout] e2c694bab149c7b64d2bcf5af9c95bd04c0df08bf64ff4c5e4063c2d46059624
