[INFO] fetching crate xendit 0.0.2...
[INFO] testing xendit-0.0.2 against 1.100.0-beta.1 for beta-1.100-2
[INFO] extracting crate xendit 0.0.2 into /workspace/builds/worker-5-tc2/source
[INFO] started tweaking crates.io crate xendit 0.0.2
[INFO] removed 0 missing tests
[INFO] finished tweaking crates.io crate xendit 0.0.2
[INFO] tweaked toml for crates.io crate xendit 0.0.2 written to /workspace/builds/worker-5-tc2/source/Cargo.toml
[INFO] validating manifest of crates.io crate xendit 0.0.2 on toolchain 1.100.0-beta.1
[INFO] running `Command { std: CARGO_HOME="/workspace/cargo-home" RUSTUP_HOME="/workspace/rustup-home" "/workspace/cargo-home/bin/cargo" "+1.100.0-beta.1" "metadata" "--manifest-path" "Cargo.toml" "--no-deps", kill_on_drop: false }`
[INFO] crate crates.io crate xendit 0.0.2 already has a lockfile, it will not be regenerated
[INFO] running `Command { std: CARGO_HOME="/workspace/cargo-home" RUSTUP_HOME="/workspace/rustup-home" "/workspace/cargo-home/bin/cargo" "+1.100.0-beta.1" "fetch" "--manifest-path" "Cargo.toml", kill_on_drop: false }`
[INFO] running `Command { std: "docker" "create" "-v" "/var/lib/crater-agent-workspace/builds/worker-5-tc2/source:/opt/rustwide/workdir:ro,Z" "-v" "/var/lib/crater-agent-workspace/builds/worker-5-tc2/target:/opt/rustwide/target:rw,Z" "-v" "/var/lib/crater-agent-workspace/cargo-home:/opt/rustwide/cargo-home:ro,Z" "-v" "/var/lib/crater-agent-workspace/rustup-home:/opt/rustwide/rustup-home:ro,Z" "-m" "1610612736" "--network" "none" "ghcr.io/rust-lang/crates-build-env/linux@sha256:3111399a4047eeb3a02b7a90e478d715f38a8c6669b5c4b49d30a17385265909" "sleep" "infinity", kill_on_drop: false }`
[INFO] [stdout] bd943de6bdc5045e4e8b1c853550875945b90a33ea89b6c6ba84aed7de9d942c
[INFO] running `Command { std: "docker" "start" "bd943de6bdc5045e4e8b1c853550875945b90a33ea89b6c6ba84aed7de9d942c", kill_on_drop: false }`
[INFO] running `Command { std: "docker" "inspect" "bd943de6bdc5045e4e8b1c853550875945b90a33ea89b6c6ba84aed7de9d942c", kill_on_drop: false }`
[INFO] running `Command { std: "docker" "exec" "-e" "SOURCE_DIR=/opt/rustwide/workdir" "-e" "CARGO_HOME=/opt/rustwide/cargo-home" "-e" "RUSTUP_HOME=/opt/rustwide/rustup-home" "-e" "CARGO_TARGET_DIR=/opt/rustwide/target" "-w" "/opt/rustwide/workdir" "--user" "0:0" "bd943de6bdc5045e4e8b1c853550875945b90a33ea89b6c6ba84aed7de9d942c" "/opt/rustwide/cargo-home/bin/cargo" "+1.100.0-beta.1" "metadata" "--no-deps" "--format-version=1", kill_on_drop: false }`
[INFO] running `Command { std: "docker" "inspect" "bd943de6bdc5045e4e8b1c853550875945b90a33ea89b6c6ba84aed7de9d942c", kill_on_drop: false }`
[INFO] running `Command { std: "docker" "exec" "-e" "SOURCE_DIR=/opt/rustwide/workdir" "-e" "CARGO_HOME=/opt/rustwide/cargo-home" "-e" "RUSTUP_HOME=/opt/rustwide/rustup-home" "-e" "CARGO_TARGET_DIR=/opt/rustwide/target" "-e" "CARGO_INCREMENTAL=0" "-e" "RUST_BACKTRACE=full" "-e" "RUSTFLAGS=--cap-lints=warn" "-e" "RUSTDOCFLAGS=--cap-lints=warn" "-w" "/opt/rustwide/workdir" "--user" "0:0" "bd943de6bdc5045e4e8b1c853550875945b90a33ea89b6c6ba84aed7de9d942c" "/opt/rustwide/cargo-home/bin/cargo" "+1.100.0-beta.1" "build" "--frozen" "--message-format=json", kill_on_drop: false }`
[INFO] [stderr]    Compiling proc-macro2 v1.0.86
[INFO] [stderr]    Compiling unicode-ident v1.0.12
[INFO] [stderr]    Compiling autocfg v1.3.0
[INFO] [stderr]    Compiling libc v0.2.155
[INFO] [stderr]    Compiling cfg-if v1.0.0
[INFO] [stderr]    Compiling fnv v1.0.7
[INFO] [stderr]    Compiling bytes v1.6.1
[INFO] [stderr]    Compiling pin-project-lite v0.2.14
[INFO] [stderr]    Compiling parking_lot_core v0.9.10
[INFO] [stderr]    Compiling scopeguard v1.2.0
[INFO] [stderr]    Compiling smallvec v1.13.2
[INFO] [stderr]    Compiling vcpkg v0.2.15
[INFO] [stderr]    Compiling pkg-config v0.3.30
[INFO] [stderr]    Compiling futures-core v0.3.30
[INFO] [stderr]    Compiling itoa v1.0.11
[INFO] [stderr]    Compiling cc v1.1.6
[INFO] [stderr]    Compiling once_cell v1.19.0
[INFO] [stderr]    Compiling serde v1.0.204
[INFO] [stderr]    Compiling futures-task v0.3.30
[INFO] [stderr]    Compiling pin-utils v0.1.0
[INFO] [stderr]    Compiling httparse v1.9.4
[INFO] [stderr]    Compiling equivalent v1.0.1
[INFO] [stderr]    Compiling openssl v0.10.66
[INFO] [stderr]    Compiling hashbrown v0.14.5
[INFO] [stderr]    Compiling tracing-core v0.1.32
[INFO] [stderr]    Compiling foreign-types-shared v0.1.1
[INFO] [stderr]    Compiling futures-sink v0.3.30
[INFO] [stderr]    Compiling try-lock v0.2.5
[INFO] [stderr]    Compiling futures-util v0.3.30
[INFO] [stderr]    Compiling foreign-types v0.3.2
[INFO] [stderr]    Compiling percent-encoding v2.3.1
[INFO] [stderr]    Compiling atomic-waker v1.1.2
[INFO] [stderr]    Compiling native-tls v0.2.12
[INFO] [stderr]    Compiling ident_case v1.0.1
[INFO] [stderr]    Compiling bitflags v2.6.0
[INFO] [stderr]    Compiling tinyvec_macros v0.1.1
[INFO] [stderr]    Compiling http v1.1.0
[INFO] [stderr]    Compiling strsim v0.11.1
[INFO] [stderr]    Compiling tinyvec v1.8.0
[INFO] [stderr]    Compiling lock_api v0.4.12
[INFO] [stderr]    Compiling slab v0.4.9
[INFO] [stderr]    Compiling want v0.3.1
[INFO] [stderr]    Compiling quote v1.0.36
[INFO] [stderr]    Compiling tracing v0.1.40
[INFO] [stderr]    Compiling futures-channel v0.3.30
[INFO] [stderr]    Compiling log v0.4.22
[INFO] [stderr]    Compiling syn v2.0.72
[INFO] [stderr]    Compiling openssl-probe v0.1.5
[INFO] [stderr]    Compiling tower-layer v0.3.2
[INFO] [stderr]    Compiling tower-service v0.3.2
[INFO] [stderr]    Compiling num-traits v0.2.19
[INFO] [stderr]    Compiling form_urlencoded v1.2.1
[INFO] [stderr]    Compiling thiserror v1.0.63
[INFO] [stderr]    Compiling socket2 v0.5.7
[INFO] [stderr]    Compiling mio v1.0.1
[INFO] [stderr]    Compiling signal-hook-registry v1.4.2
[INFO] [stderr]    Compiling indexmap v2.2.6
[INFO] [stderr]    Compiling unicode-normalization v0.1.23
[INFO] [stderr]    Compiling serde_json v1.0.120
[INFO] [stderr]    Compiling ryu v1.0.18
[INFO] [stderr]    Compiling http-body v1.0.1
[INFO] [stderr]    Compiling unicode-bidi v0.3.15
[INFO] [stderr]    Compiling rustls-pki-types v1.7.0
[INFO] [stderr]    Compiling encoding_rs v0.8.34
[INFO] [stderr]    Compiling parking_lot v0.12.3
[INFO] [stderr]    Compiling mime v0.3.17
[INFO] [stderr]    Compiling ipnet v2.9.0
[INFO] [stderr]    Compiling idna v0.5.0
[INFO] [stderr]    Compiling rustls-pemfile v2.1.2
[INFO] [stderr]    Compiling iana-time-zone v0.1.60
[INFO] [stderr]    Compiling sync_wrapper v1.0.1
[INFO] [stderr]    Compiling data-encoding v2.6.0
[INFO] [stderr]    Compiling openssl-sys v0.9.103
[INFO] [stderr]    Compiling url v2.5.2
[INFO] [stderr]    Compiling http-body-util v0.1.2
[INFO] [stderr]    Compiling darling_core v0.20.10
[INFO] [stderr]    Compiling tokio-macros v2.4.0
[INFO] [stderr]    Compiling serde_derive v1.0.204
[INFO] [stderr]    Compiling pin-project-internal v1.1.5
[INFO] [stderr]    Compiling openssl-macros v0.1.1
[INFO] [stderr]    Compiling thiserror-impl v1.0.63
[INFO] [stderr]    Compiling tokio v1.39.1
[INFO] [stderr]    Compiling pin-project v1.1.5
[INFO] [stderr]    Compiling darling_macro v0.20.10
[INFO] [stderr]    Compiling darling v0.20.10
[INFO] [stderr]    Compiling serde_with_macros v3.9.0
[INFO] [stderr]    Compiling serde_urlencoded v0.7.1
[INFO] [stderr]    Compiling serde_with v3.9.0
[INFO] [stderr]    Compiling serde_qs v0.13.0
[INFO] [stderr]    Compiling chrono v0.4.38
[INFO] [stderr]    Compiling tokio-util v0.7.11
[INFO] [stderr]    Compiling tower v0.4.13
[INFO] [stderr]    Compiling tokio-native-tls v0.3.1
[INFO] [stderr]    Compiling h2 v0.4.5
[INFO] [stderr]    Compiling hyper v1.4.1
[INFO] [stderr]    Compiling hyper-util v0.1.6
[INFO] [stderr]    Compiling hyper-tls v0.6.0
[INFO] [stderr]    Compiling reqwest v0.12.5
[INFO] [stderr]    Compiling xendit v0.0.2 (/opt/rustwide/workdir)
[INFO] [stderr]     Finished `dev` profile [unoptimized + debuginfo] target(s) in 24.12s
[INFO] running `Command { std: "docker" "inspect" "bd943de6bdc5045e4e8b1c853550875945b90a33ea89b6c6ba84aed7de9d942c", kill_on_drop: false }`
[INFO] running `Command { std: "docker" "exec" "-e" "SOURCE_DIR=/opt/rustwide/workdir" "-e" "CARGO_HOME=/opt/rustwide/cargo-home" "-e" "RUSTUP_HOME=/opt/rustwide/rustup-home" "-e" "CARGO_TARGET_DIR=/opt/rustwide/target" "-e" "CARGO_INCREMENTAL=0" "-e" "RUST_BACKTRACE=full" "-e" "RUSTFLAGS=--cap-lints=warn" "-e" "RUSTDOCFLAGS=--cap-lints=warn" "-w" "/opt/rustwide/workdir" "--user" "0:0" "bd943de6bdc5045e4e8b1c853550875945b90a33ea89b6c6ba84aed7de9d942c" "/opt/rustwide/cargo-home/bin/cargo" "+1.100.0-beta.1" "test" "--frozen" "--no-run" "--message-format=json", kill_on_drop: false }`
[INFO] [stderr]    Compiling dotenv v0.15.0
[INFO] [stderr]    Compiling xendit v0.0.2 (/opt/rustwide/workdir)
[INFO] [stderr]     Finished `test` profile [unoptimized + debuginfo] target(s) in 5.73s
[INFO] running `Command { std: "docker" "inspect" "bd943de6bdc5045e4e8b1c853550875945b90a33ea89b6c6ba84aed7de9d942c", kill_on_drop: false }`
[INFO] running `Command { std: "docker" "exec" "-e" "SOURCE_DIR=/opt/rustwide/workdir" "-e" "CARGO_HOME=/opt/rustwide/cargo-home" "-e" "RUSTUP_HOME=/opt/rustwide/rustup-home" "-e" "CARGO_TARGET_DIR=/opt/rustwide/target" "-e" "CARGO_INCREMENTAL=0" "-e" "RUST_BACKTRACE=full" "-e" "RUSTFLAGS=--cap-lints=warn" "-e" "RUSTDOCFLAGS=--cap-lints=warn" "-w" "/opt/rustwide/workdir" "--user" "0:0" "bd943de6bdc5045e4e8b1c853550875945b90a33ea89b6c6ba84aed7de9d942c" "/opt/rustwide/cargo-home/bin/cargo" "+1.100.0-beta.1" "test" "--frozen", kill_on_drop: false }`
[INFO] [stderr]     Finished `test` profile [unoptimized + debuginfo] target(s) in 0.09s
[INFO] [stderr]      Running unittests src/lib.rs (/opt/rustwide/target/debug/build/xendit/040b38dea43ef4b8/out/xendit-040b38dea43ef4b8)
[INFO] [stdout] 
[INFO] [stdout] running 0 tests
[INFO] [stdout] 
[INFO] [stdout] test result: ok. 0 passed; 0 failed; 0 ignored; 0 measured; 0 filtered out; finished in 0.00s
[INFO] [stdout] 
[INFO] [stderr]      Running unittests src/main.rs (/opt/rustwide/target/debug/build/xendit/b2b48ad5b8fa790e/out/xendit-b2b48ad5b8fa790e)
[INFO] [stdout] 
[INFO] [stdout] running 0 tests
[INFO] [stdout] 
[INFO] [stdout] test result: ok. 0 passed; 0 failed; 0 ignored; 0 measured; 0 filtered out; finished in 0.00s
[INFO] [stdout] 
[INFO] [stderr]      Running tests/balance.rs (/opt/rustwide/target/debug/build/xendit/ad0b35e15402224c/out/balance-ad0b35e15402224c)
[INFO] [stdout] 
[INFO] [stdout] running 2 tests
[INFO] [stdout] test tests::test_get_balance_with_holding_account_type ... FAILED
[INFO] [stdout] test tests::test_get_balance_default ... FAILED
[INFO] [stdout] 
[INFO] [stdout] failures:
[INFO] [stdout] 
[INFO] [stdout] ---- tests::test_get_balance_with_holding_account_type stdout ----
[INFO] [stdout] Error: error sending request for url (https://api.xendit.co//balance?account_type=HOLDING&currency=IDR)
[INFO] [stdout] 
[INFO] [stdout] thread 'tests::test_get_balance_with_holding_account_type' (1919) panicked at tests/balance.rs:26:9:
[INFO] [stdout] assertion failed: match BalanceClient::new(&client).get_balance(GetBalanceRequestParams::new().set_account_type("HOLDING").set_currency(Currency::IDR).build(),
[INFO] [stdout]             None).await {
[INFO] [stdout]     Ok(_) => true,
[INFO] [stdout]     Err(e) => { println!("Error: {}", e); false }
[INFO] [stdout] }
[INFO] [stdout] stack backtrace:
[INFO] [stdout]    0:     0x63128e716e31 - std[617be2ca0a6fd877]::backtrace_rs::backtrace::libunwind::trace
[INFO] [stdout]                                at /rustc/e3feeb59cd1bdd011a2bfcc0747b55125d9b8527/library/std/src/../../backtrace/src/backtrace/libunwind.rs:117:9
[INFO] [stdout]    1:     0x63128e716e31 - std[617be2ca0a6fd877]::backtrace_rs::backtrace::trace_unsynchronized::<std[617be2ca0a6fd877]::sys::backtrace::_print_fmt::{closure#1}>
[INFO] [stdout]                                at /rustc/e3feeb59cd1bdd011a2bfcc0747b55125d9b8527/library/std/src/../../backtrace/src/backtrace/mod.rs:66:14
[INFO] [stdout]    2:     0x63128e716e31 - std[617be2ca0a6fd877]::sys::backtrace::_print_fmt
[INFO] [stdout]                                at /rustc/e3feeb59cd1bdd011a2bfcc0747b55125d9b8527/library/std/src/sys/backtrace.rs:74:9
[INFO] [stdout]    3:     0x63128e716e31 - <<std[617be2ca0a6fd877]::sys::backtrace::BacktraceLock>::print::DisplayBacktrace as core[a373ad73a504971]::fmt::Display>::fmt
[INFO] [stdout]                                at /rustc/e3feeb59cd1bdd011a2bfcc0747b55125d9b8527/library/std/src/sys/backtrace.rs:44:26
[INFO] [stdout]    4:     0x63128e72cfda - <core[a373ad73a504971]::fmt::rt::Argument>::fmt
[INFO] [stdout]                                at /rustc/e3feeb59cd1bdd011a2bfcc0747b55125d9b8527/library/core/src/fmt/rt.rs:152:76
[INFO] [stdout]    5:     0x63128e72cfda - core[a373ad73a504971]::fmt::write
[INFO] [stdout]    6:     0x63128e71b71c - core[a373ad73a504971]::io::write::default_write_fmt::<alloc[2e1b2a31b91974c5]::vec::Vec<u8>>
[INFO] [stdout]                                at /rustc/e3feeb59cd1bdd011a2bfcc0747b55125d9b8527/library/core/src/io/write.rs:402:11
[INFO] [stdout]    7:     0x63128e71b71c - <alloc[2e1b2a31b91974c5]::vec::Vec<u8> as core[a373ad73a504971]::io::write::Write>::write_fmt
[INFO] [stdout]                                at /rustc/e3feeb59cd1bdd011a2bfcc0747b55125d9b8527/library/core/src/io/write.rs:335:13
[INFO] [stdout]    8:     0x63128e6f1e96 - <std[617be2ca0a6fd877]::sys::backtrace::BacktraceLock>::print
[INFO] [stdout]                                at /rustc/e3feeb59cd1bdd011a2bfcc0747b55125d9b8527/library/std/src/sys/backtrace.rs:47:9
[INFO] [stdout]    9:     0x63128e6f1e96 - std[617be2ca0a6fd877]::panicking::default_hook::{closure#0}
[INFO] [stdout]                                at /rustc/e3feeb59cd1bdd011a2bfcc0747b55125d9b8527/library/std/src/panicking.rs:289:27
[INFO] [stdout]   10:     0x63128e70ed39 - std[617be2ca0a6fd877]::panicking::default_hook
[INFO] [stdout]                                at /rustc/e3feeb59cd1bdd011a2bfcc0747b55125d9b8527/library/std/src/panicking.rs:313:9
[INFO] [stdout]   11:     0x63128e330620 - <alloc[2e1b2a31b91974c5]::boxed::Box<dyn for<'a, 'b> core[a373ad73a504971]::ops::function::Fn<(&'a std[617be2ca0a6fd877]::panic::PanicHookInfo<'b>,), Output = ()> + core[a373ad73a504971]::marker::Sync + core[a373ad73a504971]::marker::Send> as core[a373ad73a504971]::ops::function::Fn<(&std[617be2ca0a6fd877]::panic::PanicHookInfo,)>>::call
[INFO] [stdout]                                at /rustc/e3feeb59cd1bdd011a2bfcc0747b55125d9b8527/library/alloc/src/boxed.rs:2328:9
[INFO] [stdout]   12:     0x63128e330620 - test[aada8e7e76ba119b]::test_main_inner::{closure#0}
[INFO] [stdout]                                at /rustc/e3feeb59cd1bdd011a2bfcc0747b55125d9b8527/library/test/src/lib.rs:137:21
[INFO] [stdout]   13:     0x63128e70f062 - <alloc[2e1b2a31b91974c5]::boxed::Box<dyn for<'a, 'b> core[a373ad73a504971]::ops::function::Fn<(&'a std[617be2ca0a6fd877]::panic::PanicHookInfo<'b>,), Output = ()> + core[a373ad73a504971]::marker::Sync + core[a373ad73a504971]::marker::Send> as core[a373ad73a504971]::ops::function::Fn<(&std[617be2ca0a6fd877]::panic::PanicHookInfo,)>>::call
[INFO] [stdout]                                at /rustc/e3feeb59cd1bdd011a2bfcc0747b55125d9b8527/library/alloc/src/boxed.rs:2328:9
[INFO] [stdout]   14:     0x63128e70f062 - std[617be2ca0a6fd877]::panicking::panic_with_hook
[INFO] [stdout]                                at /rustc/e3feeb59cd1bdd011a2bfcc0747b55125d9b8527/library/std/src/panicking.rs:819:13
[INFO] [stdout]   15:     0x63128e6f1f74 - std[617be2ca0a6fd877]::panicking::panic_handler::{closure#0}
[INFO] [stdout]                                at /rustc/e3feeb59cd1bdd011a2bfcc0747b55125d9b8527/library/std/src/panicking.rs:678:13
[INFO] [stdout]   16:     0x63128e6ea939 - std[617be2ca0a6fd877]::sys::backtrace::__rust_end_short_backtrace::<std[617be2ca0a6fd877]::panicking::panic_handler::{closure#0}, !>
[INFO] [stdout]                                at /rustc/e3feeb59cd1bdd011a2bfcc0747b55125d9b8527/library/std/src/sys/backtrace.rs:182:18
[INFO] [stdout]   17:     0x63128e6f2ddd - __rustc[ea4f61d10b84890b]::rust_begin_unwind
[INFO] [stdout]                                at /rustc/e3feeb59cd1bdd011a2bfcc0747b55125d9b8527/library/std/src/panicking.rs:676:5
[INFO] [stdout]   18:     0x63128e72d7fc - core[a373ad73a504971]::panicking::panic_fmt
[INFO] [stdout]                                at /rustc/e3feeb59cd1bdd011a2bfcc0747b55125d9b8527/library/core/src/panicking.rs:80:14
[INFO] [stdout]   19:     0x63128e72d7c2 - core[a373ad73a504971]::panicking::panic
[INFO] [stdout]                                at /rustc/e3feeb59cd1bdd011a2bfcc0747b55125d9b8527/library/core/src/panicking.rs:150:5
[INFO] [stdout]   20:     0x63128e320f47 - balance[692ed591f0545ce5]::tests::test_get_balance_with_holding_account_type::{closure#0}
[INFO] [stdout]                                at /opt/rustwide/workdir/tests/balance.rs:26:9
[INFO] [stdout]   21:     0x63128e31cd92 - <core[a373ad73a504971]::pin::Pin<&mut dyn core[a373ad73a504971]::future::future::Future<Output = ()>> as core[a373ad73a504971]::future::future::Future>::poll
[INFO] [stdout]                                at /rustc/e3feeb59cd1bdd011a2bfcc0747b55125d9b8527/library/core/src/future/future.rs:133:9
[INFO] [stdout]   22:     0x63128e31ce0d - <core[a373ad73a504971]::pin::Pin<&mut core[a373ad73a504971]::pin::Pin<&mut dyn core[a373ad73a504971]::future::future::Future<Output = ()>>> as core[a373ad73a504971]::future::future::Future>::poll
[INFO] [stdout]                                at /rustc/e3feeb59cd1bdd011a2bfcc0747b55125d9b8527/library/core/src/future/future.rs:133:9
[INFO] [stdout]   23:     0x63128e30ccbd - <tokio[52471a4803bcef45]::runtime::scheduler::current_thread::CoreGuard>::block_on::<core[a373ad73a504971]::pin::Pin<&mut core[a373ad73a504971]::pin::Pin<&mut dyn core[a373ad73a504971]::future::future::Future<Output = ()>>>>::{closure#0}::{closure#0}::{closure#0}
[INFO] [stdout]                                at /opt/rustwide/cargo-home/registry/src/index.crates.io-1949cf8c6b5b557f/tokio-1.39.1/src/runtime/scheduler/current_thread/mod.rs:673:73
[INFO] [stdout]   24:     0x63128e30cbe5 - tokio[52471a4803bcef45]::runtime::coop::with_budget::<core[a373ad73a504971]::task::poll::Poll<()>, <tokio[52471a4803bcef45]::runtime::scheduler::current_thread::CoreGuard>::block_on<core[a373ad73a504971]::pin::Pin<&mut core[a373ad73a504971]::pin::Pin<&mut dyn core[a373ad73a504971]::future::future::Future<Output = ()>>>>::{closure#0}::{closure#0}::{closure#0}>
[INFO] [stdout]                                at /opt/rustwide/cargo-home/registry/src/index.crates.io-1949cf8c6b5b557f/tokio-1.39.1/src/runtime/coop.rs:107:5
[INFO] [stdout]   25:     0x63128e30cbe5 - tokio[52471a4803bcef45]::runtime::coop::budget::<core[a373ad73a504971]::task::poll::Poll<()>, <tokio[52471a4803bcef45]::runtime::scheduler::current_thread::CoreGuard>::block_on<core[a373ad73a504971]::pin::Pin<&mut core[a373ad73a504971]::pin::Pin<&mut dyn core[a373ad73a504971]::future::future::Future<Output = ()>>>>::{closure#0}::{closure#0}::{closure#0}>
[INFO] [stdout]                                at /opt/rustwide/cargo-home/registry/src/index.crates.io-1949cf8c6b5b557f/tokio-1.39.1/src/runtime/coop.rs:73:5
[INFO] [stdout]   26:     0x63128e30cbe5 - <tokio[52471a4803bcef45]::runtime::scheduler::current_thread::CoreGuard>::block_on::<core[a373ad73a504971]::pin::Pin<&mut core[a373ad73a504971]::pin::Pin<&mut dyn core[a373ad73a504971]::future::future::Future<Output = ()>>>>::{closure#0}::{closure#0}
[INFO] [stdout]                                at /opt/rustwide/cargo-home/registry/src/index.crates.io-1949cf8c6b5b557f/tokio-1.39.1/src/runtime/scheduler/current_thread/mod.rs:673:25
[INFO] [stdout]   27:     0x63128e3071d2 - <tokio[52471a4803bcef45]::runtime::scheduler::current_thread::Context>::enter::<core[a373ad73a504971]::task::poll::Poll<()>, <tokio[52471a4803bcef45]::runtime::scheduler::current_thread::CoreGuard>::block_on<core[a373ad73a504971]::pin::Pin<&mut core[a373ad73a504971]::pin::Pin<&mut dyn core[a373ad73a504971]::future::future::Future<Output = ()>>>>::{closure#0}::{closure#0}>
[INFO] [stdout]                                at /opt/rustwide/cargo-home/registry/src/index.crates.io-1949cf8c6b5b557f/tokio-1.39.1/src/runtime/scheduler/current_thread/mod.rs:412:19
[INFO] [stdout]   28:     0x63128e30c040 - <tokio[52471a4803bcef45]::runtime::scheduler::current_thread::CoreGuard>::block_on::<core[a373ad73a504971]::pin::Pin<&mut core[a373ad73a504971]::pin::Pin<&mut dyn core[a373ad73a504971]::future::future::Future<Output = ()>>>>::{closure#0}
[INFO] [stdout]                                at /opt/rustwide/cargo-home/registry/src/index.crates.io-1949cf8c6b5b557f/tokio-1.39.1/src/runtime/scheduler/current_thread/mod.rs:672:44
[INFO] [stdout]   29:     0x63128e30b324 - <tokio[52471a4803bcef45]::runtime::scheduler::current_thread::CoreGuard>::enter::<<tokio[52471a4803bcef45]::runtime::scheduler::current_thread::CoreGuard>::block_on<core[a373ad73a504971]::pin::Pin<&mut core[a373ad73a504971]::pin::Pin<&mut dyn core[a373ad73a504971]::future::future::Future<Output = ()>>>>::{closure#0}, core[a373ad73a504971]::option::Option<()>>::{closure#0}
[INFO] [stdout]                                at /opt/rustwide/cargo-home/registry/src/index.crates.io-1949cf8c6b5b557f/tokio-1.39.1/src/runtime/scheduler/current_thread/mod.rs:751:68
[INFO] [stdout]   30:     0x63128e30f38b - <tokio[52471a4803bcef45]::runtime::context::scoped::Scoped<tokio[52471a4803bcef45]::runtime::scheduler::Context>>::set::<<tokio[52471a4803bcef45]::runtime::scheduler::current_thread::CoreGuard>::enter<<tokio[52471a4803bcef45]::runtime::scheduler::current_thread::CoreGuard>::block_on<core[a373ad73a504971]::pin::Pin<&mut core[a373ad73a504971]::pin::Pin<&mut dyn core[a373ad73a504971]::future::future::Future<Output = ()>>>>::{closure#0}, core[a373ad73a504971]::option::Option<()>>::{closure#0}, (alloc[2e1b2a31b91974c5]::boxed::Box<tokio[52471a4803bcef45]::runtime::scheduler::current_thread::Core>, core[a373ad73a504971]::option::Option<()>)>
[INFO] [stdout]                                at /opt/rustwide/cargo-home/registry/src/index.crates.io-1949cf8c6b5b557f/tokio-1.39.1/src/runtime/context/scoped.rs:40:9
[INFO] [stdout]   31:     0x63128e31fef9 - tokio[52471a4803bcef45]::runtime::context::set_scheduler::<(alloc[2e1b2a31b91974c5]::boxed::Box<tokio[52471a4803bcef45]::runtime::scheduler::current_thread::Core>, core[a373ad73a504971]::option::Option<()>), <tokio[52471a4803bcef45]::runtime::scheduler::current_thread::CoreGuard>::enter<<tokio[52471a4803bcef45]::runtime::scheduler::current_thread::CoreGuard>::block_on<core[a373ad73a504971]::pin::Pin<&mut core[a373ad73a504971]::pin::Pin<&mut dyn core[a373ad73a504971]::future::future::Future<Output = ()>>>>::{closure#0}, core[a373ad73a504971]::option::Option<()>>::{closure#0}>::{closure#0}
[INFO] [stdout]                                at /opt/rustwide/cargo-home/registry/src/index.crates.io-1949cf8c6b5b557f/tokio-1.39.1/src/runtime/context.rs:180:38
[INFO] [stdout]   32:     0x63128e317b6f - <std[617be2ca0a6fd877]::thread::local::LocalKey<tokio[52471a4803bcef45]::runtime::context::Context>>::try_with::<tokio[52471a4803bcef45]::runtime::context::set_scheduler<(alloc[2e1b2a31b91974c5]::boxed::Box<tokio[52471a4803bcef45]::runtime::scheduler::current_thread::Core>, core[a373ad73a504971]::option::Option<()>), <tokio[52471a4803bcef45]::runtime::scheduler::current_thread::CoreGuard>::enter<<tokio[52471a4803bcef45]::runtime::scheduler::current_thread::CoreGuard>::block_on<core[a373ad73a504971]::pin::Pin<&mut core[a373ad73a504971]::pin::Pin<&mut dyn core[a373ad73a504971]::future::future::Future<Output = ()>>>>::{closure#0}, core[a373ad73a504971]::option::Option<()>>::{closure#0}>::{closure#0}, (alloc[2e1b2a31b91974c5]::boxed::Box<tokio[52471a4803bcef45]::runtime::scheduler::current_thread::Core>, core[a373ad73a504971]::option::Option<()>)>
[INFO] [stdout]                                at /rustc/e3feeb59cd1bdd011a2bfcc0747b55125d9b8527/library/std/src/thread/local.rs:463:12
[INFO] [stdout]   33:     0x63128e31771e - <std[617be2ca0a6fd877]::thread::local::LocalKey<tokio[52471a4803bcef45]::runtime::context::Context>>::with::<tokio[52471a4803bcef45]::runtime::context::set_scheduler<(alloc[2e1b2a31b91974c5]::boxed::Box<tokio[52471a4803bcef45]::runtime::scheduler::current_thread::Core>, core[a373ad73a504971]::option::Option<()>), <tokio[52471a4803bcef45]::runtime::scheduler::current_thread::CoreGuard>::enter<<tokio[52471a4803bcef45]::runtime::scheduler::current_thread::CoreGuard>::block_on<core[a373ad73a504971]::pin::Pin<&mut core[a373ad73a504971]::pin::Pin<&mut dyn core[a373ad73a504971]::future::future::Future<Output = ()>>>>::{closure#0}, core[a373ad73a504971]::option::Option<()>>::{closure#0}>::{closure#0}, (alloc[2e1b2a31b91974c5]::boxed::Box<tokio[52471a4803bcef45]::runtime::scheduler::current_thread::Core>, core[a373ad73a504971]::option::Option<()>)>
[INFO] [stdout]                                at /rustc/e3feeb59cd1bdd011a2bfcc0747b55125d9b8527/library/std/src/thread/local.rs:427:20
[INFO] [stdout]   34:     0x63128e31ecdd - tokio[52471a4803bcef45]::runtime::context::set_scheduler::<(alloc[2e1b2a31b91974c5]::boxed::Box<tokio[52471a4803bcef45]::runtime::scheduler::current_thread::Core>, core[a373ad73a504971]::option::Option<()>), <tokio[52471a4803bcef45]::runtime::scheduler::current_thread::CoreGuard>::enter<<tokio[52471a4803bcef45]::runtime::scheduler::current_thread::CoreGuard>::block_on<core[a373ad73a504971]::pin::Pin<&mut core[a373ad73a504971]::pin::Pin<&mut dyn core[a373ad73a504971]::future::future::Future<Output = ()>>>>::{closure#0}, core[a373ad73a504971]::option::Option<()>>::{closure#0}>
[INFO] [stdout]                                at /opt/rustwide/cargo-home/registry/src/index.crates.io-1949cf8c6b5b557f/tokio-1.39.1/src/runtime/context.rs:180:17
[INFO] [stdout]   35:     0x63128e308240 - <tokio[52471a4803bcef45]::runtime::scheduler::current_thread::CoreGuard>::enter::<<tokio[52471a4803bcef45]::runtime::scheduler::current_thread::CoreGuard>::block_on<core[a373ad73a504971]::pin::Pin<&mut core[a373ad73a504971]::pin::Pin<&mut dyn core[a373ad73a504971]::future::future::Future<Output = ()>>>>::{closure#0}, core[a373ad73a504971]::option::Option<()>>
[INFO] [stdout]                                at /opt/rustwide/cargo-home/registry/src/index.crates.io-1949cf8c6b5b557f/tokio-1.39.1/src/runtime/scheduler/current_thread/mod.rs:751:27
[INFO] [stdout]   36:     0x63128e308536 - <tokio[52471a4803bcef45]::runtime::scheduler::current_thread::CoreGuard>::block_on::<core[a373ad73a504971]::pin::Pin<&mut core[a373ad73a504971]::pin::Pin<&mut dyn core[a373ad73a504971]::future::future::Future<Output = ()>>>>
[INFO] [stdout]                                at /opt/rustwide/cargo-home/registry/src/index.crates.io-1949cf8c6b5b557f/tokio-1.39.1/src/runtime/scheduler/current_thread/mod.rs:660:24
[INFO] [stdout]   37:     0x63128e30aec3 - <tokio[52471a4803bcef45]::runtime::scheduler::current_thread::CurrentThread>::block_on::<core[a373ad73a504971]::pin::Pin<&mut dyn core[a373ad73a504971]::future::future::Future<Output = ()>>>::{closure#0}
[INFO] [stdout]                                at /opt/rustwide/cargo-home/registry/src/index.crates.io-1949cf8c6b5b557f/tokio-1.39.1/src/runtime/scheduler/current_thread/mod.rs:180:33
[INFO] [stdout]   38:     0x63128e31a068 - tokio[52471a4803bcef45]::runtime::context::runtime::enter_runtime::<<tokio[52471a4803bcef45]::runtime::scheduler::current_thread::CurrentThread>::block_on<core[a373ad73a504971]::pin::Pin<&mut dyn core[a373ad73a504971]::future::future::Future<Output = ()>>>::{closure#0}, ()>
[INFO] [stdout]                                at /opt/rustwide/cargo-home/registry/src/index.crates.io-1949cf8c6b5b557f/tokio-1.39.1/src/runtime/context/runtime.rs:65:16
[INFO] [stdout]   39:     0x63128e306b94 - <tokio[52471a4803bcef45]::runtime::scheduler::current_thread::CurrentThread>::block_on::<core[a373ad73a504971]::pin::Pin<&mut dyn core[a373ad73a504971]::future::future::Future<Output = ()>>>
[INFO] [stdout]                                at /opt/rustwide/cargo-home/registry/src/index.crates.io-1949cf8c6b5b557f/tokio-1.39.1/src/runtime/scheduler/current_thread/mod.rs:168:9
[INFO] [stdout]   40:     0x63128e317505 - <tokio[52471a4803bcef45]::runtime::runtime::Runtime>::block_on_inner::<core[a373ad73a504971]::pin::Pin<&mut dyn core[a373ad73a504971]::future::future::Future<Output = ()>>>
[INFO] [stdout]                                at /opt/rustwide/cargo-home/registry/src/index.crates.io-1949cf8c6b5b557f/tokio-1.39.1/src/runtime/runtime.rs:361:52
[INFO] [stdout]   41:     0x63128e3175bc - <tokio[52471a4803bcef45]::runtime::runtime::Runtime>::block_on::<core[a373ad73a504971]::pin::Pin<&mut dyn core[a373ad73a504971]::future::future::Future<Output = ()>>>
[INFO] [stdout]                                at /opt/rustwide/cargo-home/registry/src/index.crates.io-1949cf8c6b5b557f/tokio-1.39.1/src/runtime/runtime.rs:335:18
[INFO] [stdout]   42:     0x63128e322421 - balance[692ed591f0545ce5]::tests::test_get_balance_with_holding_account_type
[INFO] [stdout]                                at /opt/rustwide/workdir/tests/balance.rs:26:16
[INFO] [stdout]   43:     0x63128e320527 - balance[692ed591f0545ce5]::tests::test_get_balance_with_holding_account_type::{closure#0}
[INFO] [stdout]                                at /opt/rustwide/workdir/tests/balance.rs:23:58
[INFO] [stdout]   44:     0x63128e31d056 - <balance[692ed591f0545ce5]::tests::test_get_balance_with_holding_account_type::{closure#0} as core[a373ad73a504971]::ops::function::FnOnce<()>>::call_once
[INFO] [stdout]                                at /rustc/e3feeb59cd1bdd011a2bfcc0747b55125d9b8527/library/core/src/ops/function.rs:250:5
[INFO] [stdout]   45:     0x63128e323a6b - <fn() -> core[a373ad73a504971]::result::Result<(), alloc[2e1b2a31b91974c5]::string::String> as core[a373ad73a504971]::ops::function::FnOnce<()>>::call_once
[INFO] [stdout]                                at /rustc/e3feeb59cd1bdd011a2bfcc0747b55125d9b8527/library/core/src/ops/function.rs:250:5
[INFO] [stdout]   46:     0x63128e323a6b - test[aada8e7e76ba119b]::__rust_begin_short_backtrace::<core[a373ad73a504971]::result::Result<(), alloc[2e1b2a31b91974c5]::string::String>, fn() -> core[a373ad73a504971]::result::Result<(), alloc[2e1b2a31b91974c5]::string::String>>
[INFO] [stdout]                                at /rustc/e3feeb59cd1bdd011a2bfcc0747b55125d9b8527/library/test/src/lib.rs:701:18
[INFO] [stdout]   47:     0x63128e330c45 - test[aada8e7e76ba119b]::run_test_in_process::{closure#0}
[INFO] [stdout]                                at /rustc/e3feeb59cd1bdd011a2bfcc0747b55125d9b8527/library/test/src/lib.rs:724:74
[INFO] [stdout]   48:     0x63128e330c45 - <core[a373ad73a504971]::panic::unwind_safe::AssertUnwindSafe<test[aada8e7e76ba119b]::run_test_in_process::{closure#0}> as core[a373ad73a504971]::ops::function::FnOnce<()>>::call_once
[INFO] [stdout]                                at /rustc/e3feeb59cd1bdd011a2bfcc0747b55125d9b8527/library/core/src/panic/unwind_safe.rs:275:9
[INFO] [stdout]   49:     0x63128e330c45 - std[617be2ca0a6fd877]::panicking::catch_unwind::do_call::<core[a373ad73a504971]::panic::unwind_safe::AssertUnwindSafe<test[aada8e7e76ba119b]::run_test_in_process::{closure#0}>, core[a373ad73a504971]::result::Result<(), alloc[2e1b2a31b91974c5]::string::String>>
[INFO] [stdout]                                at /rustc/e3feeb59cd1bdd011a2bfcc0747b55125d9b8527/library/std/src/panicking.rs:573:43
[INFO] [stdout]   50:     0x63128e330c45 - std[617be2ca0a6fd877]::panicking::catch_unwind::<core[a373ad73a504971]::result::Result<(), alloc[2e1b2a31b91974c5]::string::String>, core[a373ad73a504971]::panic::unwind_safe::AssertUnwindSafe<test[aada8e7e76ba119b]::run_test_in_process::{closure#0}>>
[INFO] [stdout]                                at /rustc/e3feeb59cd1bdd011a2bfcc0747b55125d9b8527/library/std/src/panicking.rs:541:19
[INFO] [stdout]   51:     0x63128e330c45 - std[617be2ca0a6fd877]::panic::catch_unwind::<core[a373ad73a504971]::panic::unwind_safe::AssertUnwindSafe<test[aada8e7e76ba119b]::run_test_in_process::{closure#0}>, core[a373ad73a504971]::result::Result<(), alloc[2e1b2a31b91974c5]::string::String>>
[INFO] [stdout]                                at /rustc/e3feeb59cd1bdd011a2bfcc0747b55125d9b8527/library/std/src/panic.rs:359:14
[INFO] [stdout]   52:     0x63128e330c45 - test[aada8e7e76ba119b]::run_test_in_process
[INFO] [stdout]                                at /rustc/e3feeb59cd1bdd011a2bfcc0747b55125d9b8527/library/test/src/lib.rs:724:27
[INFO] [stdout]   53:     0x63128e330c45 - test[aada8e7e76ba119b]::run_test::{closure#0}
[INFO] [stdout]                                at /rustc/e3feeb59cd1bdd011a2bfcc0747b55125d9b8527/library/test/src/lib.rs:645:43
[INFO] [stdout]   54:     0x63128e32a534 - test[aada8e7e76ba119b]::run_test::{closure#1}
[INFO] [stdout]                                at /rustc/e3feeb59cd1bdd011a2bfcc0747b55125d9b8527/library/test/src/lib.rs:675:41
[INFO] [stdout]   55:     0x63128e32a534 - std[617be2ca0a6fd877]::sys::backtrace::__rust_begin_short_backtrace::<test[aada8e7e76ba119b]::run_test::{closure#1}, ()>
[INFO] [stdout]                                at /rustc/e3feeb59cd1bdd011a2bfcc0747b55125d9b8527/library/std/src/sys/backtrace.rs:166:18
[INFO] [stdout]   56:     0x63128e333cd2 - std[617be2ca0a6fd877]::thread::lifecycle::spawn_unchecked::<test[aada8e7e76ba119b]::run_test::{closure#1}, ()>::{closure#1}::{closure#0}
[INFO] [stdout]                                at /rustc/e3feeb59cd1bdd011a2bfcc0747b55125d9b8527/library/std/src/thread/lifecycle.rs:70:13
[INFO] [stdout]   57:     0x63128e333cd2 - <core[a373ad73a504971]::panic::unwind_safe::AssertUnwindSafe<std[617be2ca0a6fd877]::thread::lifecycle::spawn_unchecked<test[aada8e7e76ba119b]::run_test::{closure#1}, ()>::{closure#1}::{closure#0}> as core[a373ad73a504971]::ops::function::FnOnce<()>>::call_once
[INFO] [stdout]                                at /rustc/e3feeb59cd1bdd011a2bfcc0747b55125d9b8527/library/core/src/panic/unwind_safe.rs:275:9
[INFO] [stdout]   58:     0x63128e333cd2 - std[617be2ca0a6fd877]::panicking::catch_unwind::do_call::<core[a373ad73a504971]::panic::unwind_safe::AssertUnwindSafe<std[617be2ca0a6fd877]::thread::lifecycle::spawn_unchecked<test[aada8e7e76ba119b]::run_test::{closure#1}, ()>::{closure#1}::{closure#0}>, ()>
[INFO] [stdout]                                at /rustc/e3feeb59cd1bdd011a2bfcc0747b55125d9b8527/library/std/src/panicking.rs:573:43
[INFO] [stdout]   59:     0x63128e333cd2 - std[617be2ca0a6fd877]::panicking::catch_unwind::<(), core[a373ad73a504971]::panic::unwind_safe::AssertUnwindSafe<std[617be2ca0a6fd877]::thread::lifecycle::spawn_unchecked<test[aada8e7e76ba119b]::run_test::{closure#1}, ()>::{closure#1}::{closure#0}>>
[INFO] [stdout]                                at /rustc/e3feeb59cd1bdd011a2bfcc0747b55125d9b8527/library/std/src/panicking.rs:541:19
[INFO] [stdout]   60:     0x63128e333cd2 - std[617be2ca0a6fd877]::panic::catch_unwind::<core[a373ad73a504971]::panic::unwind_safe::AssertUnwindSafe<std[617be2ca0a6fd877]::thread::lifecycle::spawn_unchecked<test[aada8e7e76ba119b]::run_test::{closure#1}, ()>::{closure#1}::{closure#0}>, ()>
[INFO] [stdout]                                at /rustc/e3feeb59cd1bdd011a2bfcc0747b55125d9b8527/library/std/src/panic.rs:359:14
[INFO] [stdout]   61:     0x63128e333cd2 - std[617be2ca0a6fd877]::thread::lifecycle::spawn_unchecked::<test[aada8e7e76ba119b]::run_test::{closure#1}, ()>::{closure#1}
[INFO] [stdout]                                at /rustc/e3feeb59cd1bdd011a2bfcc0747b55125d9b8527/library/std/src/thread/lifecycle.rs:68:26
[INFO] [stdout]   62:     0x63128e333cd2 - <std[617be2ca0a6fd877]::thread::lifecycle::spawn_unchecked<test[aada8e7e76ba119b]::run_test::{closure#1}, ()>::{closure#1} as core[a373ad73a504971]::ops::function::FnOnce<()>>::call_once::{shim:vtable#0}
[INFO] [stdout]                                at /rustc/e3feeb59cd1bdd011a2bfcc0747b55125d9b8527/library/core/src/ops/function.rs:250:5
[INFO] [stdout]   63:     0x63128e7162df - <alloc[2e1b2a31b91974c5]::boxed::Box<dyn core[a373ad73a504971]::ops::function::FnOnce<(), Output = ()> + core[a373ad73a504971]::marker::Send> as core[a373ad73a504971]::ops::function::FnOnce<()>>::call_once
[INFO] [stdout]                                at /rustc/e3feeb59cd1bdd011a2bfcc0747b55125d9b8527/library/alloc/src/boxed.rs:2314:9
[INFO] [stdout]   64:     0x63128e7162df - <std[617be2ca0a6fd877]::sys::thread::unix::Thread>::new::thread_start
[INFO] [stdout]                                at /rustc/e3feeb59cd1bdd011a2bfcc0747b55125d9b8527/library/std/src/sys/thread/unix.rs:127:17
[INFO] [stdout]   65:     0x7f1c03bdadfa - <unknown>
[INFO] [stdout]   66:     0x7f1c03c6e3d4 - clone
[INFO] [stdout]   67:                0x0 - <unknown>
[INFO] [stdout] 
[INFO] [stdout] ---- tests::test_get_balance_default stdout ----
[INFO] [stdout] Error: error sending request for url (https://api.xendit.co//balance?account_type=CASH)
[INFO] [stdout] 
[INFO] [stdout] thread 'tests::test_get_balance_default' (1918) panicked at tests/balance.rs:11:9:
[INFO] [stdout] assertion failed: match BalanceClient::new(&client).get_balance(GetBalanceRequestParams::new(),
[INFO] [stdout]             None).await {
[INFO] [stdout]     Ok(_) => true,
[INFO] [stdout]     Err(e) => { println!("Error: {}", e); false }
[INFO] [stdout] }
[INFO] [stdout] stack backtrace:
[INFO] [stdout]    0:     0x63128e716e31 - std[617be2ca0a6fd877]::backtrace_rs::backtrace::libunwind::trace
[INFO] [stdout]                                at /rustc/e3feeb59cd1bdd011a2bfcc0747b55125d9b8527/library/std/src/../../backtrace/src/backtrace/libunwind.rs:117:9
[INFO] [stdout]    1:     0x63128e716e31 - std[617be2ca0a6fd877]::backtrace_rs::backtrace::trace_unsynchronized::<std[617be2ca0a6fd877]::sys::backtrace::_print_fmt::{closure#1}>
[INFO] [stdout]                                at /rustc/e3feeb59cd1bdd011a2bfcc0747b55125d9b8527/library/std/src/../../backtrace/src/backtrace/mod.rs:66:14
[INFO] [stdout]    2:     0x63128e716e31 - std[617be2ca0a6fd877]::sys::backtrace::_print_fmt
[INFO] [stdout]                                at /rustc/e3feeb59cd1bdd011a2bfcc0747b55125d9b8527/library/std/src/sys/backtrace.rs:74:9
[INFO] [stdout]    3:     0x63128e716e31 - <<std[617be2ca0a6fd877]::sys::backtrace::BacktraceLock>::print::DisplayBacktrace as core[a373ad73a504971]::fmt::Display>::fmt
[INFO] [stdout]                                at /rustc/e3feeb59cd1bdd011a2bfcc0747b55125d9b8527/library/std/src/sys/backtrace.rs:44:26
[INFO] [stdout]    4:     0x63128e72cfda - <core[a373ad73a504971]::fmt::rt::Argument>::fmt
[INFO] [stdout]                                at /rustc/e3feeb59cd1bdd011a2bfcc0747b55125d9b8527/library/core/src/fmt/rt.rs:152:76
[INFO] [stdout]    5:     0x63128e72cfda - core[a373ad73a504971]::fmt::write
[INFO] [stdout]    6:     0x63128e71b71c - core[a373ad73a504971]::io::write::default_write_fmt::<alloc[2e1b2a31b91974c5]::vec::Vec<u8>>
[INFO] [stdout]                                at /rustc/e3feeb59cd1bdd011a2bfcc0747b55125d9b8527/library/core/src/io/write.rs:402:11
[INFO] [stdout]    7:     0x63128e71b71c - <alloc[2e1b2a31b91974c5]::vec::Vec<u8> as core[a373ad73a504971]::io::write::Write>::write_fmt
[INFO] [stdout]                                at /rustc/e3feeb59cd1bdd011a2bfcc0747b55125d9b8527/library/core/src/io/write.rs:335:13
[INFO] [stdout]    8:     0x63128e6f1e96 - <std[617be2ca0a6fd877]::sys::backtrace::BacktraceLock>::print
[INFO] [stdout]                                at /rustc/e3feeb59cd1bdd011a2bfcc0747b55125d9b8527/library/std/src/sys/backtrace.rs:47:9
[INFO] [stdout]    9:     0x63128e6f1e96 - std[617be2ca0a6fd877]::panicking::default_hook::{closure#0}
[INFO] [stdout]                                at /rustc/e3feeb59cd1bdd011a2bfcc0747b55125d9b8527/library/std/src/panicking.rs:289:27
[INFO] [stdout]   10:     0x63128e70ed39 - std[617be2ca0a6fd877]::panicking::default_hook
[INFO] [stdout]                                at /rustc/e3feeb59cd1bdd011a2bfcc0747b55125d9b8527/library/std/src/panicking.rs:313:9
[INFO] [stdout]   11:     0x63128e330620 - <alloc[2e1b2a31b91974c5]::boxed::Box<dyn for<'a, 'b> core[a373ad73a504971]::ops::function::Fn<(&'a std[617be2ca0a6fd877]::panic::PanicHookInfo<'b>,), Output = ()> + core[a373ad73a504971]::marker::Sync + core[a373ad73a504971]::marker::Send> as core[a373ad73a504971]::ops::function::Fn<(&std[617be2ca0a6fd877]::panic::PanicHookInfo,)>>::call
[INFO] [stdout]                                at /rustc/e3feeb59cd1bdd011a2bfcc0747b55125d9b8527/library/alloc/src/boxed.rs:2328:9
[INFO] [stdout]   12:     0x63128e330620 - test[aada8e7e76ba119b]::test_main_inner::{closure#0}
[INFO] [stdout]                                at /rustc/e3feeb59cd1bdd011a2bfcc0747b55125d9b8527/library/test/src/lib.rs:137:21
[INFO] [stdout]   13:     0x63128e70f062 - <alloc[2e1b2a31b91974c5]::boxed::Box<dyn for<'a, 'b> core[a373ad73a504971]::ops::function::Fn<(&'a std[617be2ca0a6fd877]::panic::PanicHookInfo<'b>,), Output = ()> + core[a373ad73a504971]::marker::Sync + core[a373ad73a504971]::marker::Send> as core[a373ad73a504971]::ops::function::Fn<(&std[617be2ca0a6fd877]::panic::PanicHookInfo,)>>::call
[INFO] [stdout]                                at /rustc/e3feeb59cd1bdd011a2bfcc0747b55125d9b8527/library/alloc/src/boxed.rs:2328:9
[INFO] [stdout]   14:     0x63128e70f062 - std[617be2ca0a6fd877]::panicking::panic_with_hook
[INFO] [stdout]                                at /rustc/e3feeb59cd1bdd011a2bfcc0747b55125d9b8527/library/std/src/panicking.rs:819:13
[INFO] [stdout]   15:     0x63128e6f1f74 - std[617be2ca0a6fd877]::panicking::panic_handler::{closure#0}
[INFO] [stdout]                                at /rustc/e3feeb59cd1bdd011a2bfcc0747b55125d9b8527/library/std/src/panicking.rs:678:13
[INFO] [stdout]   16:     0x63128e6ea939 - std[617be2ca0a6fd877]::sys::backtrace::__rust_end_short_backtrace::<std[617be2ca0a6fd877]::panicking::panic_handler::{closure#0}, !>
[INFO] [stdout]                                at /rustc/e3feeb59cd1bdd011a2bfcc0747b55125d9b8527/library/std/src/sys/backtrace.rs:182:18
[INFO] [stdout]   17:     0x63128e6f2ddd - __rustc[ea4f61d10b84890b]::rust_begin_unwind
[INFO] [stdout]                                at /rustc/e3feeb59cd1bdd011a2bfcc0747b55125d9b8527/library/std/src/panicking.rs:676:5
[INFO] [stdout]   18:     0x63128e72d7fc - core[a373ad73a504971]::panicking::panic_fmt
[INFO] [stdout]                                at /rustc/e3feeb59cd1bdd011a2bfcc0747b55125d9b8527/library/core/src/panicking.rs:80:14
[INFO] [stdout]   19:     0x63128e72d7c2 - core[a373ad73a504971]::panicking::panic
[INFO] [stdout]                                at /rustc/e3feeb59cd1bdd011a2bfcc0747b55125d9b8527/library/core/src/panicking.rs:150:5
[INFO] [stdout]   20:     0x63128e3209db - balance[692ed591f0545ce5]::tests::test_get_balance_default::{closure#0}
[INFO] [stdout]                                at /opt/rustwide/workdir/tests/balance.rs:11:9
[INFO] [stdout]   21:     0x63128e31cd92 - <core[a373ad73a504971]::pin::Pin<&mut dyn core[a373ad73a504971]::future::future::Future<Output = ()>> as core[a373ad73a504971]::future::future::Future>::poll
[INFO] [stdout]                                at /rustc/e3feeb59cd1bdd011a2bfcc0747b55125d9b8527/library/core/src/future/future.rs:133:9
[INFO] [stdout]   22:     0x63128e31ce0d - <core[a373ad73a504971]::pin::Pin<&mut core[a373ad73a504971]::pin::Pin<&mut dyn core[a373ad73a504971]::future::future::Future<Output = ()>>> as core[a373ad73a504971]::future::future::Future>::poll
[INFO] [stdout]                                at /rustc/e3feeb59cd1bdd011a2bfcc0747b55125d9b8527/library/core/src/future/future.rs:133:9
[INFO] [stdout]   23:     0x63128e30ccbd - <tokio[52471a4803bcef45]::runtime::scheduler::current_thread::CoreGuard>::block_on::<core[a373ad73a504971]::pin::Pin<&mut core[a373ad73a504971]::pin::Pin<&mut dyn core[a373ad73a504971]::future::future::Future<Output = ()>>>>::{closure#0}::{closure#0}::{closure#0}
[INFO] [stdout]                                at /opt/rustwide/cargo-home/registry/src/index.crates.io-1949cf8c6b5b557f/tokio-1.39.1/src/runtime/scheduler/current_thread/mod.rs:673:73
[INFO] [stdout]   24:     0x63128e30cbe5 - tokio[52471a4803bcef45]::runtime::coop::with_budget::<core[a373ad73a504971]::task::poll::Poll<()>, <tokio[52471a4803bcef45]::runtime::scheduler::current_thread::CoreGuard>::block_on<core[a373ad73a504971]::pin::Pin<&mut core[a373ad73a504971]::pin::Pin<&mut dyn core[a373ad73a504971]::future::future::Future<Output = ()>>>>::{closure#0}::{closure#0}::{closure#0}>
[INFO] [stdout]                                at /opt/rustwide/cargo-home/registry/src/index.crates.io-1949cf8c6b5b557f/tokio-1.39.1/src/runtime/coop.rs:107:5
[INFO] [stdout]   25:     0x63128e30cbe5 - tokio[52471a4803bcef45]::runtime::coop::budget::<core[a373ad73a504971]::task::poll::Poll<()>, <tokio[52471a4803bcef45]::runtime::scheduler::current_thread::CoreGuard>::block_on<core[a373ad73a504971]::pin::Pin<&mut core[a373ad73a504971]::pin::Pin<&mut dyn core[a373ad73a504971]::future::future::Future<Output = ()>>>>::{closure#0}::{closure#0}::{closure#0}>
[INFO] [stdout]                                at /opt/rustwide/cargo-home/registry/src/index.crates.io-1949cf8c6b5b557f/tokio-1.39.1/src/runtime/coop.rs:73:5
[INFO] [stdout]   26:     0x63128e30cbe5 - <tokio[52471a4803bcef45]::runtime::scheduler::current_thread::CoreGuard>::block_on::<core[a373ad73a504971]::pin::Pin<&mut core[a373ad73a504971]::pin::Pin<&mut dyn core[a373ad73a504971]::future::future::Future<Output = ()>>>>::{closure#0}::{closure#0}
[INFO] [stdout]                                at /opt/rustwide/cargo-home/registry/src/index.crates.io-1949cf8c6b5b557f/tokio-1.39.1/src/runtime/scheduler/current_thread/mod.rs:673:25
[INFO] [stdout]   27:     0x63128e3071d2 - <tokio[52471a4803bcef45]::runtime::scheduler::current_thread::Context>::enter::<core[a373ad73a504971]::task::poll::Poll<()>, <tokio[52471a4803bcef45]::runtime::scheduler::current_thread::CoreGuard>::block_on<core[a373ad73a504971]::pin::Pin<&mut core[a373ad73a504971]::pin::Pin<&mut dyn core[a373ad73a504971]::future::future::Future<Output = ()>>>>::{closure#0}::{closure#0}>
[INFO] [stdout]                                at /opt/rustwide/cargo-home/registry/src/index.crates.io-1949cf8c6b5b557f/tokio-1.39.1/src/runtime/scheduler/current_thread/mod.rs:412:19
[INFO] [stdout]   28:     0x63128e30c040 - <tokio[52471a4803bcef45]::runtime::scheduler::current_thread::CoreGuard>::block_on::<core[a373ad73a504971]::pin::Pin<&mut core[a373ad73a504971]::pin::Pin<&mut dyn core[a373ad73a504971]::future::future::Future<Output = ()>>>>::{closure#0}
[INFO] [stdout]                                at /opt/rustwide/cargo-home/registry/src/index.crates.io-1949cf8c6b5b557f/tokio-1.39.1/src/runtime/scheduler/current_thread/mod.rs:672:44
[INFO] [stdout]   29:     0x63128e30b324 - <tokio[52471a4803bcef45]::runtime::scheduler::current_thread::CoreGuard>::enter::<<tokio[52471a4803bcef45]::runtime::scheduler::current_thread::CoreGuard>::block_on<core[a373ad73a504971]::pin::Pin<&mut core[a373ad73a504971]::pin::Pin<&mut dyn core[a373ad73a504971]::future::future::Future<Output = ()>>>>::{closure#0}, core[a373ad73a504971]::option::Option<()>>::{closure#0}
[INFO] [stdout]                                at /opt/rustwide/cargo-home/registry/src/index.crates.io-1949cf8c6b5b557f/tokio-1.39.1/src/runtime/scheduler/current_thread/mod.rs:751:68
[INFO] [stdout]   30:     0x63128e30f38b - <tokio[52471a4803bcef45]::runtime::context::scoped::Scoped<tokio[52471a4803bcef45]::runtime::scheduler::Context>>::set::<<tokio[52471a4803bcef45]::runtime::scheduler::current_thread::CoreGuard>::enter<<tokio[52471a4803bcef45]::runtime::scheduler::current_thread::CoreGuard>::block_on<core[a373ad73a504971]::pin::Pin<&mut core[a373ad73a504971]::pin::Pin<&mut dyn core[a373ad73a504971]::future::future::Future<Output = ()>>>>::{closure#0}, core[a373ad73a504971]::option::Option<()>>::{closure#0}, (alloc[2e1b2a31b91974c5]::boxed::Box<tokio[52471a4803bcef45]::runtime::scheduler::current_thread::Core>, core[a373ad73a504971]::option::Option<()>)>
[INFO] [stdout]                                at /opt/rustwide/cargo-home/registry/src/index.crates.io-1949cf8c6b5b557f/tokio-1.39.1/src/runtime/context/scoped.rs:40:9
[INFO] [stdout]   31:     0x63128e31fef9 - tokio[52471a4803bcef45]::runtime::context::set_scheduler::<(alloc[2e1b2a31b91974c5]::boxed::Box<tokio[52471a4803bcef45]::runtime::scheduler::current_thread::Core>, core[a373ad73a504971]::option::Option<()>), <tokio[52471a4803bcef45]::runtime::scheduler::current_thread::CoreGuard>::enter<<tokio[52471a4803bcef45]::runtime::scheduler::current_thread::CoreGuard>::block_on<core[a373ad73a504971]::pin::Pin<&mut core[a373ad73a504971]::pin::Pin<&mut dyn core[a373ad73a504971]::future::future::Future<Output = ()>>>>::{closure#0}, core[a373ad73a504971]::option::Option<()>>::{closure#0}>::{closure#0}
[INFO] [stdout]                                at /opt/rustwide/cargo-home/registry/src/index.crates.io-1949cf8c6b5b557f/tokio-1.39.1/src/runtime/context.rs:180:38
[INFO] [stdout]   32:     0x63128e317b6f - <std[617be2ca0a6fd877]::thread::local::LocalKey<tokio[52471a4803bcef45]::runtime::context::Context>>::try_with::<tokio[52471a4803bcef45]::runtime::context::set_scheduler<(alloc[2e1b2a31b91974c5]::boxed::Box<tokio[52471a4803bcef45]::runtime::scheduler::current_thread::Core>, core[a373ad73a504971]::option::Option<()>), <tokio[52471a4803bcef45]::runtime::scheduler::current_thread::CoreGuard>::enter<<tokio[52471a4803bcef45]::runtime::scheduler::current_thread::CoreGuard>::block_on<core[a373ad73a504971]::pin::Pin<&mut core[a373ad73a504971]::pin::Pin<&mut dyn core[a373ad73a504971]::future::future::Future<Output = ()>>>>::{closure#0}, core[a373ad73a504971]::option::Option<()>>::{closure#0}>::{closure#0}, (alloc[2e1b2a31b91974c5]::boxed::Box<tokio[52471a4803bcef45]::runtime::scheduler::current_thread::Core>, core[a373ad73a504971]::option::Option<()>)>
[INFO] [stdout]                                at /rustc/e3feeb59cd1bdd011a2bfcc0747b55125d9b8527/library/std/src/thread/local.rs:463:12
[INFO] [stdout]   33:     0x63128e31771e - <std[617be2ca0a6fd877]::thread::local::LocalKey<tokio[52471a4803bcef45]::runtime::context::Context>>::with::<tokio[52471a4803bcef45]::runtime::context::set_scheduler<(alloc[2e1b2a31b91974c5]::boxed::Box<tokio[52471a4803bcef45]::runtime::scheduler::current_thread::Core>, core[a373ad73a504971]::option::Option<()>), <tokio[52471a4803bcef45]::runtime::scheduler::current_thread::CoreGuard>::enter<<tokio[52471a4803bcef45]::runtime::scheduler::current_thread::CoreGuard>::block_on<core[a373ad73a504971]::pin::Pin<&mut core[a373ad73a504971]::pin::Pin<&mut dyn core[a373ad73a504971]::future::future::Future<Output = ()>>>>::{closure#0}, core[a373ad73a504971]::option::Option<()>>::{closure#0}>::{closure#0}, (alloc[2e1b2a31b91974c5]::boxed::Box<tokio[52471a4803bcef45]::runtime::scheduler::current_thread::Core>, core[a373ad73a504971]::option::Option<()>)>
[INFO] [stdout]                                at /rustc/e3feeb59cd1bdd011a2bfcc0747b55125d9b8527/library/std/src/thread/local.rs:427:20
[INFO] [stdout]   34:     0x63128e31ecdd - tokio[52471a4803bcef45]::runtime::context::set_scheduler::<(alloc[2e1b2a31b91974c5]::boxed::Box<tokio[52471a4803bcef45]::runtime::scheduler::current_thread::Core>, core[a373ad73a504971]::option::Option<()>), <tokio[52471a4803bcef45]::runtime::scheduler::current_thread::CoreGuard>::enter<<tokio[52471a4803bcef45]::runtime::scheduler::current_thread::CoreGuard>::block_on<core[a373ad73a504971]::pin::Pin<&mut core[a373ad73a504971]::pin::Pin<&mut dyn core[a373ad73a504971]::future::future::Future<Output = ()>>>>::{closure#0}, core[a373ad73a504971]::option::Option<()>>::{closure#0}>
[INFO] [stdout]                                at /opt/rustwide/cargo-home/registry/src/index.crates.io-1949cf8c6b5b557f/tokio-1.39.1/src/runtime/context.rs:180:17
[INFO] [stdout]   35:     0x63128e308240 - <tokio[52471a4803bcef45]::runtime::scheduler::current_thread::CoreGuard>::enter::<<tokio[52471a4803bcef45]::runtime::scheduler::current_thread::CoreGuard>::block_on<core[a373ad73a504971]::pin::Pin<&mut core[a373ad73a504971]::pin::Pin<&mut dyn core[a373ad73a504971]::future::future::Future<Output = ()>>>>::{closure#0}, core[a373ad73a504971]::option::Option<()>>
[INFO] [stdout]                                at /opt/rustwide/cargo-home/registry/src/index.crates.io-1949cf8c6b5b557f/tokio-1.39.1/src/runtime/scheduler/current_thread/mod.rs:751:27
[INFO] [stdout]   36:     0x63128e308536 - <tokio[52471a4803bcef45]::runtime::scheduler::current_thread::CoreGuard>::block_on::<core[a373ad73a504971]::pin::Pin<&mut core[a373ad73a504971]::pin::Pin<&mut dyn core[a373ad73a504971]::future::future::Future<Output = ()>>>>
[INFO] [stdout]                                at /opt/rustwide/cargo-home/registry/src/index.crates.io-1949cf8c6b5b557f/tokio-1.39.1/src/runtime/scheduler/current_thread/mod.rs:660:24
[INFO] [stdout]   37:     0x63128e30aec3 - <tokio[52471a4803bcef45]::runtime::scheduler::current_thread::CurrentThread>::block_on::<core[a373ad73a504971]::pin::Pin<&mut dyn core[a373ad73a504971]::future::future::Future<Output = ()>>>::{closure#0}
[INFO] [stdout]                                at /opt/rustwide/cargo-home/registry/src/index.crates.io-1949cf8c6b5b557f/tokio-1.39.1/src/runtime/scheduler/current_thread/mod.rs:180:33
[INFO] [stdout]   38:     0x63128e31a068 - tokio[52471a4803bcef45]::runtime::context::runtime::enter_runtime::<<tokio[52471a4803bcef45]::runtime::scheduler::current_thread::CurrentThread>::block_on<core[a373ad73a504971]::pin::Pin<&mut dyn core[a373ad73a504971]::future::future::Future<Output = ()>>>::{closure#0}, ()>
[INFO] [stdout]                                at /opt/rustwide/cargo-home/registry/src/index.crates.io-1949cf8c6b5b557f/tokio-1.39.1/src/runtime/context/runtime.rs:65:16
[INFO] [stdout]   39:     0x63128e306b94 - <tokio[52471a4803bcef45]::runtime::scheduler::current_thread::CurrentThread>::block_on::<core[a373ad73a504971]::pin::Pin<&mut dyn core[a373ad73a504971]::future::future::Future<Output = ()>>>
[INFO] [stdout]                                at /opt/rustwide/cargo-home/registry/src/index.crates.io-1949cf8c6b5b557f/tokio-1.39.1/src/runtime/scheduler/current_thread/mod.rs:168:9
[INFO] [stdout]   40:     0x63128e317505 - <tokio[52471a4803bcef45]::runtime::runtime::Runtime>::block_on_inner::<core[a373ad73a504971]::pin::Pin<&mut dyn core[a373ad73a504971]::future::future::Future<Output = ()>>>
[INFO] [stdout]                                at /opt/rustwide/cargo-home/registry/src/index.crates.io-1949cf8c6b5b557f/tokio-1.39.1/src/runtime/runtime.rs:361:52
[INFO] [stdout]   41:     0x63128e3175bc - <tokio[52471a4803bcef45]::runtime::runtime::Runtime>::block_on::<core[a373ad73a504971]::pin::Pin<&mut dyn core[a373ad73a504971]::future::future::Future<Output = ()>>>
[INFO] [stdout]                                at /opt/rustwide/cargo-home/registry/src/index.crates.io-1949cf8c6b5b557f/tokio-1.39.1/src/runtime/runtime.rs:335:18
[INFO] [stdout]   42:     0x63128e322261 - balance[692ed591f0545ce5]::tests::test_get_balance_default
[INFO] [stdout]                                at /opt/rustwide/workdir/tests/balance.rs:11:16
[INFO] [stdout]   43:     0x63128e3204f7 - balance[692ed591f0545ce5]::tests::test_get_balance_default::{closure#0}
[INFO] [stdout]                                at /opt/rustwide/workdir/tests/balance.rs:8:40
[INFO] [stdout]   44:     0x63128e31d036 - <balance[692ed591f0545ce5]::tests::test_get_balance_default::{closure#0} as core[a373ad73a504971]::ops::function::FnOnce<()>>::call_once
[INFO] [stdout]                                at /rustc/e3feeb59cd1bdd011a2bfcc0747b55125d9b8527/library/core/src/ops/function.rs:250:5
[INFO] [stdout]   45:     0x63128e323a6b - <fn() -> core[a373ad73a504971]::result::Result<(), alloc[2e1b2a31b91974c5]::string::String> as core[a373ad73a504971]::ops::function::FnOnce<()>>::call_once
[INFO] [stdout]                                at /rustc/e3feeb59cd1bdd011a2bfcc0747b55125d9b8527/library/core/src/ops/function.rs:250:5
[INFO] [stdout]   46:     0x63128e323a6b - test[aada8e7e76ba119b]::__rust_begin_short_backtrace::<core[a373ad73a504971]::result::Result<(), alloc[2e1b2a31b91974c5]::string::String>, fn() -> core[a373ad73a504971]::result::Result<(), alloc[2e1b2a31b91974c5]::string::String>>
[INFO] [stdout]                                at /rustc/e3feeb59cd1bdd011a2bfcc0747b55125d9b8527/library/test/src/lib.rs:701:18
[INFO] [stdout]   47:     0x63128e330c45 - test[aada8e7e76ba119b]::run_test_in_process::{closure#0}
[INFO] [stdout]                                at /rustc/e3feeb59cd1bdd011a2bfcc0747b55125d9b8527/library/test/src/lib.rs:724:74
[INFO] [stdout]   48:     0x63128e330c45 - <core[a373ad73a504971]::panic::unwind_safe::AssertUnwindSafe<test[aada8e7e76ba119b]::run_test_in_process::{closure#0}> as core[a373ad73a504971]::ops::function::FnOnce<()>>::call_once
[INFO] [stdout]                                at /rustc/e3feeb59cd1bdd011a2bfcc0747b55125d9b8527/library/core/src/panic/unwind_safe.rs:275:9
[INFO] [stdout]   49:     0x63128e330c45 - std[617be2ca0a6fd877]::panicking::catch_unwind::do_call::<core[a373ad73a504971]::panic::unwind_safe::AssertUnwindSafe<test[aada8e7e76ba119b]::run_test_in_process::{closure#0}>, core[a373ad73a504971]::result::Result<(), alloc[2e1b2a31b91974c5]::string::String>>
[INFO] [stdout]                                at /rustc/e3feeb59cd1bdd011a2bfcc0747b55125d9b8527/library/std/src/panicking.rs:573:43
[INFO] [stdout]   50:     0x63128e330c45 - std[617be2ca0a6fd877]::panicking::catch_unwind::<core[a373ad73a504971]::result::Result<(), alloc[2e1b2a31b91974c5]::string::String>, core[a373ad73a504971]::panic::unwind_safe::AssertUnwindSafe<test[aada8e7e76ba119b]::run_test_in_process::{closure#0}>>
[INFO] [stdout]                                at /rustc/e3feeb59cd1bdd011a2bfcc0747b55125d9b8527/library/std/src/panicking.rs:541:19
[INFO] [stdout]   51:     0x63128e330c45 - std[617be2ca0a6fd877]::panic::catch_unwind::<core[a373ad73a504971]::panic::unwind_safe::AssertUnwindSafe<test[aada8e7e76ba119b]::run_test_in_process::{closure#0}>, core[a373ad73a504971]::result::Result<(), alloc[2e1b2a31b91974c5]::string::String>>
[INFO] [stdout]                                at /rustc/e3feeb59cd1bdd011a2bfcc0747b55125d9b8527/library/std/src/panic.rs:359:14
[INFO] [stdout]   52:     0x63128e330c45 - test[aada8e7e76ba119b]::run_test_in_process
[INFO] [stdout]                                at /rustc/e3feeb59cd1bdd011a2bfcc0747b55125d9b8527/library/test/src/lib.rs:724:27
[INFO] [stdout]   53:     0x63128e330c45 - test[aada8e7e76ba119b]::run_test::{closure#0}
[INFO] [stdout]                                at /rustc/e3feeb59cd1bdd011a2bfcc0747b55125d9b8527/library/test/src/lib.rs:645:43
[INFO] [stdout]   54:     0x63128e32a534 - test[aada8e7e76ba119b]::run_test::{closure#1}
[INFO] [stdout]                                at /rustc/e3feeb59cd1bdd011a2bfcc0747b55125d9b8527/library/test/src/lib.rs:675:41
[INFO] [stdout]   55:     0x63128e32a534 - std[617be2ca0a6fd877]::sys::backtrace::__rust_begin_short_backtrace::<test[aada8e7e76ba119b]::run_test::{closure#1}, ()>
[INFO] [stdout]                                at /rustc/e3feeb59cd1bdd011a2bfcc0747b55125d9b8527/library/std/src/sys/backtrace.rs:166:18
[INFO] [stdout]   56:     0x63128e333cd2 - std[617be2ca0a6fd877]::thread::lifecycle::spawn_unchecked::<test[aada8e7e76ba119b]::run_test::{closure#1}, ()>::{closure#1}::{closure#0}
[INFO] [stdout]                                at /rustc/e3feeb59cd1bdd011a2bfcc0747b55125d9b8527/library/std/src/thread/lifecycle.rs:70:13
[INFO] [stdout]   57:     0x63128e333cd2 - <core[a373ad73a504971]::panic::unwind_safe::AssertUnwindSafe<std[617be2ca0a6fd877]::thread::lifecycle::spawn_unchecked<test[aada8e7e76ba119b]::run_test::{closure#1}, ()>::{closure#1}::{closure#0}> as core[a373ad73a504971]::ops::function::FnOnce<()>>::call_once
[INFO] [stdout]                                at /rustc/e3feeb59cd1bdd011a2bfcc0747b55125d9b8527/library/core/src/panic/unwind_safe.rs:275:9
[INFO] [stdout]   58:     0x63128e333cd2 - std[617be2ca0a6fd877]::panicking::catch_unwind::do_call::<core[a373ad73a504971]::panic::unwind_safe::AssertUnwindSafe<std[617be2ca0a6fd877]::thread::lifecycle::spawn_unchecked<test[aada8e7e76ba119b]::run_test::{closure#1}, ()>::{closure#1}::{closure#0}>, ()>
[INFO] [stdout]                                at /rustc/e3feeb59cd1bdd011a2bfcc0747b55125d9b8527/library/std/src/panicking.rs:573:43
[INFO] [stdout]   59:     0x63128e333cd2 - std[617be2ca0a6fd877]::panicking::catch_unwind::<(), core[a373ad73a504971]::panic::unwind_safe::AssertUnwindSafe<std[617be2ca0a6fd877]::thread::lifecycle::spawn_unchecked<test[aada8e7e76ba119b]::run_test::{closure#1}, ()>::{closure#1}::{closure#0}>>
[INFO] [stdout]                                at /rustc/e3feeb59cd1bdd011a2bfcc0747b55125d9b8527/library/std/src/panicking.rs:541:19
[INFO] [stdout]   60:     0x63128e333cd2 - std[617be2ca0a6fd877]::panic::catch_unwind::<core[a373ad73a504971]::panic::unwind_safe::AssertUnwindSafe<std[617be2ca0a6fd877]::thread::lifecycle::spawn_unchecked<test[aada8e7e76ba119b]::run_test::{closure#1}, ()>::{closure#1}::{closure#0}>, ()>
[INFO] [stdout]                                at /rustc/e3feeb59cd1bdd011a2bfcc0747b55125d9b8527/library/std/src/panic.rs:359:14
[INFO] [stdout]   61:     0x63128e333cd2 - std[617be2ca0a6fd877]::thread::lifecycle::spawn_unchecked::<test[aada8e7e76ba119b]::run_test::{closure#1}, ()>::{closure#1}
[INFO] [stdout]                                at /rustc/e3feeb59cd1bdd011a2bfcc0747b55125d9b8527/library/std/src/thread/lifecycle.rs:68:26
[INFO] [stdout]   62:     0x63128e333cd2 - <std[617be2ca0a6fd877]::thread::lifecycle::spawn_unchecked<test[aada8e7e76ba119b]::run_test::{closure#1}, ()>::{closure#1} as core[a373ad73a504971]::ops::function::FnOnce<()>>::call_once::{shim:vtable#0}
[INFO] [stdout]                                at /rustc/e3feeb59cd1bdd011a2bfcc0747b55125d9b8527/library/core/src/ops/function.rs:250:5
[INFO] [stdout]   63:     0x63128e7162df - <alloc[2e1b2a31b91974c5]::boxed::Box<dyn core[a373ad73a504971]::ops::function::FnOnce<(), Output = ()> + core[a373ad73a504971]::marker::Send> as core[a373ad73a504971]::ops::function::FnOnce<()>>::call_once
[INFO] [stdout]                                at /rustc/e3feeb59cd1bdd011a2bfcc0747b55125d9b8527/library/alloc/src/boxed.rs:2314:9
[INFO] [stdout]   64:     0x63128e7162df - <std[617be2ca0a6fd877]::sys::thread::unix::Thread>::new::thread_start
[INFO] [stdout]                                at /rustc/e3feeb59cd1bdd011a2bfcc0747b55125d9b8527/library/std/src/sys/thread/unix.rs:127:17
[INFO] [stdout]   65:     0x7f1c03bdadfa - <unknown>
[INFO] [stdout]   66:     0x7f1c03c6e3d4 - clone
[INFO] [stdout]   67:                0x0 - <unknown>
[INFO] [stdout] 
[INFO] [stdout] 
[INFO] [stdout] failures:
[INFO] [stdout]     tests::test_get_balance_default
[INFO] [stdout]     tests::test_get_balance_with_holding_account_type
[INFO] [stdout] 
[INFO] [stdout] test result: FAILED. 0 passed; 2 failed; 0 ignored; 0 measured; 0 filtered out; finished in 0.05s
[INFO] [stdout] 
[INFO] [stderr] error: test failed, to rerun pass `--test balance`
[INFO] running `Command { std: "docker" "inspect" "bd943de6bdc5045e4e8b1c853550875945b90a33ea89b6c6ba84aed7de9d942c", kill_on_drop: false }`
[INFO] running `Command { std: "docker" "rm" "-f" "bd943de6bdc5045e4e8b1c853550875945b90a33ea89b6c6ba84aed7de9d942c", kill_on_drop: false }`
[INFO] [stdout] bd943de6bdc5045e4e8b1c853550875945b90a33ea89b6c6ba84aed7de9d942c
