[INFO] fetching crate xchecker-receipt 1.2.0...
[INFO] testing xchecker-receipt-1.2.0 against 1.99.0-beta.8 for beta-1.100-2
[INFO] extracting crate xchecker-receipt 1.2.0 into /workspace/builds/worker-5-tc1/source
[INFO] started tweaking crates.io crate xchecker-receipt 1.2.0
[INFO] finished tweaking crates.io crate xchecker-receipt 1.2.0
[INFO] tweaked toml for crates.io crate xchecker-receipt 1.2.0 written to /workspace/builds/worker-5-tc1/source/Cargo.toml
[INFO] validating manifest of crates.io crate xchecker-receipt 1.2.0 on toolchain 1.99.0-beta.8
[INFO] running `Command { std: CARGO_HOME="/workspace/cargo-home" RUSTUP_HOME="/workspace/rustup-home" "/workspace/cargo-home/bin/cargo" "+1.99.0-beta.8" "metadata" "--manifest-path" "Cargo.toml" "--no-deps", kill_on_drop: false }`
[INFO] crate crates.io crate xchecker-receipt 1.2.0 already has a lockfile, it will not be regenerated
[INFO] running `Command { std: CARGO_HOME="/workspace/cargo-home" RUSTUP_HOME="/workspace/rustup-home" "/workspace/cargo-home/bin/cargo" "+1.99.0-beta.8" "fetch" "--manifest-path" "Cargo.toml", kill_on_drop: false }`
[INFO] [stderr]     Updating crates.io index
[INFO] [stderr]  Downloading crates ...
[INFO] [stderr]   Downloaded xchecker-runner v1.2.0
[INFO] [stderr]   Downloaded zmij v1.0.17
[INFO] [stderr]   Downloaded xchecker-utils v1.2.0
[INFO] [stderr]   Downloaded xchecker-redaction v1.2.0
[INFO] [stderr]   Downloaded xchecker-lock v1.2.0
[INFO] [stderr]   Downloaded camino v1.2.2
[INFO] [stderr]   Downloaded serde_json_canonicalizer v0.3.1
[INFO] [stderr]   Downloaded find-msvc-tools v0.1.8
[INFO] [stderr]   Downloaded serde_yaml_ng v0.10.0
[INFO] [stderr]   Downloaded ryu-js v1.0.2
[INFO] [stderr]   Downloaded cc v1.2.54
[INFO] [stderr]   Downloaded ntapi v0.4.2
[INFO] [stderr]   Downloaded chrono v0.4.43
[INFO] [stderr]   Downloaded sysinfo v0.38.0
[INFO] [stderr]   Downloaded objc2-io-kit v0.3.2
[INFO] [stderr]   Downloaded nix v0.31.1
[INFO] running `Command { std: "docker" "create" "-v" "/var/lib/crater-agent-workspace/builds/worker-5-tc1/source:/opt/rustwide/workdir:ro,Z" "-v" "/var/lib/crater-agent-workspace/builds/worker-5-tc1/target:/opt/rustwide/target:rw,Z" "-v" "/var/lib/crater-agent-workspace/cargo-home:/opt/rustwide/cargo-home:ro,Z" "-v" "/var/lib/crater-agent-workspace/rustup-home:/opt/rustwide/rustup-home:ro,Z" "-m" "1610612736" "--network" "none" "ghcr.io/rust-lang/crates-build-env/linux@sha256:3111399a4047eeb3a02b7a90e478d715f38a8c6669b5c4b49d30a17385265909" "sleep" "infinity", kill_on_drop: false }`
[INFO] [stdout] 5dfa3ea7abaf3570f0d96ab0b553a7915eb3765be0642544a27ab9375a5abb9d
[INFO] running `Command { std: "docker" "start" "5dfa3ea7abaf3570f0d96ab0b553a7915eb3765be0642544a27ab9375a5abb9d", kill_on_drop: false }`
[INFO] running `Command { std: "docker" "inspect" "5dfa3ea7abaf3570f0d96ab0b553a7915eb3765be0642544a27ab9375a5abb9d", kill_on_drop: false }`
[INFO] running `Command { std: "docker" "exec" "-e" "SOURCE_DIR=/opt/rustwide/workdir" "-e" "CARGO_HOME=/opt/rustwide/cargo-home" "-e" "RUSTUP_HOME=/opt/rustwide/rustup-home" "-e" "CARGO_TARGET_DIR=/opt/rustwide/target" "-w" "/opt/rustwide/workdir" "--user" "0:0" "5dfa3ea7abaf3570f0d96ab0b553a7915eb3765be0642544a27ab9375a5abb9d" "/opt/rustwide/cargo-home/bin/cargo" "+1.99.0-beta.8" "metadata" "--no-deps" "--format-version=1", kill_on_drop: false }`
[INFO] running `Command { std: "docker" "inspect" "5dfa3ea7abaf3570f0d96ab0b553a7915eb3765be0642544a27ab9375a5abb9d", kill_on_drop: false }`
[INFO] running `Command { std: "docker" "exec" "-e" "SOURCE_DIR=/opt/rustwide/workdir" "-e" "CARGO_HOME=/opt/rustwide/cargo-home" "-e" "RUSTUP_HOME=/opt/rustwide/rustup-home" "-e" "CARGO_TARGET_DIR=/opt/rustwide/target" "-e" "CARGO_INCREMENTAL=0" "-e" "RUST_BACKTRACE=full" "-e" "RUSTFLAGS=--cap-lints=warn" "-e" "RUSTDOCFLAGS=--cap-lints=warn" "-w" "/opt/rustwide/workdir" "--user" "0:0" "5dfa3ea7abaf3570f0d96ab0b553a7915eb3765be0642544a27ab9375a5abb9d" "/opt/rustwide/cargo-home/bin/cargo" "+1.99.0-beta.8" "build" "--frozen" "--message-format=json", kill_on_drop: false }`
[INFO] [stderr]    Compiling unicode-ident v1.0.22
[INFO] [stderr]    Compiling libc v0.2.180
[INFO] [stderr]    Compiling log v0.4.29
[INFO] [stderr]    Compiling zmij v1.0.17
[INFO] [stderr]    Compiling serde_json v1.0.149
[INFO] [stderr]    Compiling rustix v1.1.3
[INFO] [stderr]    Compiling smallvec v1.15.1
[INFO] [stderr]    Compiling aho-corasick v1.1.4
[INFO] [stderr]    Compiling num-traits v0.2.19
[INFO] [stderr]    Compiling anyhow v1.0.100
[INFO] [stderr]    Compiling tracing-core v0.1.36
[INFO] [stderr]    Compiling signal-hook v0.3.18
[INFO] [stderr]    Compiling find-msvc-tools v0.1.8
[INFO] [stderr]    Compiling cfg_aliases v0.2.1
[INFO] [stderr]    Compiling convert_case v0.10.0
[INFO] [stderr]    Compiling camino v1.2.2
[INFO] [stderr]    Compiling proc-macro2 v1.0.106
[INFO] [stderr]    Compiling getrandom v0.3.4
[INFO] [stderr]    Compiling nix v0.31.1
[INFO] [stderr]    Compiling hashbrown v0.16.1
[INFO] [stderr]    Compiling bytes v1.11.0
[INFO] [stderr]    Compiling cc v1.2.54
[INFO] [stderr]    Compiling tinyvec_macros v0.1.1
[INFO] [stderr]    Compiling rayon-core v1.13.0
[INFO] [stderr]    Compiling thread_local v1.1.9
[INFO] [stderr]    Compiling tracing-log v0.2.0
[INFO] [stderr]    Compiling tinyvec v1.10.0
[INFO] [stderr]    Compiling ryu v1.0.22
[INFO] [stderr]    Compiling quote v1.0.44
[INFO] [stderr]    Compiling ryu-js v1.0.2
[INFO] [stderr]    Compiling arrayvec v0.7.6
[INFO] [stderr]    Compiling unsafe-libyaml v0.2.11
[INFO] [stderr]    Compiling syn v2.0.114
[INFO] [stderr]    Compiling indexmap v2.13.0
[INFO] [stderr]    Compiling constant_time_eq v0.4.2
[INFO] [stderr]    Compiling arrayref v0.3.9
[INFO] [stderr]    Compiling unicode-normalization v0.1.25
[INFO] [stderr]    Compiling blake3 v1.8.3
[INFO] [stderr]    Compiling regex-automata v0.4.13
[INFO] [stderr]    Compiling errno v0.3.14
[INFO] [stderr]    Compiling mio v1.1.1
[INFO] [stderr]    Compiling parking_lot_core v0.9.12
[INFO] [stderr]    Compiling socket2 v0.6.2
[INFO] [stderr]    Compiling signal-hook-registry v1.4.8
[INFO] [stderr]    Compiling sysinfo v0.38.0
[INFO] [stderr]    Compiling parking_lot v0.12.5
[INFO] [stderr]    Compiling signal-hook-mio v0.2.5
[INFO] [stderr]    Compiling fd-lock v4.0.4
[INFO] [stderr]    Compiling tempfile v3.24.0
[INFO] [stderr]    Compiling serde_derive v1.0.228
[INFO] [stderr]    Compiling thiserror-impl v2.0.18
[INFO] [stderr]    Compiling tracing-attributes v0.1.31
[INFO] [stderr]    Compiling tokio-macros v2.6.0
[INFO] [stderr]    Compiling derive_more-impl v2.1.1
[INFO] [stderr]    Compiling derive_more v2.1.1
[INFO] [stderr]    Compiling crossterm v0.29.0
[INFO] [stderr]    Compiling tokio v1.49.0
[INFO] [stderr]    Compiling thiserror v2.0.18
[INFO] [stderr]    Compiling tracing v0.1.44
[INFO] [stderr]    Compiling matchers v0.2.0
[INFO] [stderr]    Compiling regex v1.12.2
[INFO] [stderr]    Compiling xchecker-redaction v1.2.0
[INFO] [stderr]    Compiling serde v1.0.228
[INFO] [stderr]    Compiling chrono v0.4.43
[INFO] [stderr]    Compiling tracing-serde v0.2.0
[INFO] [stderr]    Compiling serde_json_canonicalizer v0.3.1
[INFO] [stderr]    Compiling serde_yaml_ng v0.10.0
[INFO] [stderr]    Compiling tracing-subscriber v0.3.22
[INFO] [stderr]    Compiling xchecker-lock v1.2.0
[INFO] [stderr]    Compiling xchecker-runner v1.2.0
[INFO] [stderr]    Compiling xchecker-utils v1.2.0
[INFO] [stderr]    Compiling xchecker-receipt v1.2.0 (/opt/rustwide/workdir)
[INFO] [stderr]     Finished `dev` profile [unoptimized + debuginfo] target(s) in 39.55s
[INFO] running `Command { std: "docker" "inspect" "5dfa3ea7abaf3570f0d96ab0b553a7915eb3765be0642544a27ab9375a5abb9d", kill_on_drop: false }`
[INFO] running `Command { std: "docker" "exec" "-e" "SOURCE_DIR=/opt/rustwide/workdir" "-e" "CARGO_HOME=/opt/rustwide/cargo-home" "-e" "RUSTUP_HOME=/opt/rustwide/rustup-home" "-e" "CARGO_TARGET_DIR=/opt/rustwide/target" "-e" "CARGO_INCREMENTAL=0" "-e" "RUST_BACKTRACE=full" "-e" "RUSTFLAGS=--cap-lints=warn" "-e" "RUSTDOCFLAGS=--cap-lints=warn" "-w" "/opt/rustwide/workdir" "--user" "0:0" "5dfa3ea7abaf3570f0d96ab0b553a7915eb3765be0642544a27ab9375a5abb9d" "/opt/rustwide/cargo-home/bin/cargo" "+1.99.0-beta.8" "test" "--frozen" "--no-run" "--message-format=json", kill_on_drop: false }`
[INFO] [stderr]    Compiling strum_macros v0.27.2
[INFO] [stderr]    Compiling xchecker-lock v1.2.0
[INFO] [stderr]    Compiling strum v0.27.2
[INFO] [stderr]    Compiling xchecker-utils v1.2.0
[INFO] [stderr]    Compiling xchecker-receipt v1.2.0 (/opt/rustwide/workdir)
[INFO] [stderr]     Finished `test` profile [unoptimized + debuginfo] target(s) in 8.72s
[INFO] running `Command { std: "docker" "inspect" "5dfa3ea7abaf3570f0d96ab0b553a7915eb3765be0642544a27ab9375a5abb9d", kill_on_drop: false }`
[INFO] running `Command { std: "docker" "exec" "-e" "SOURCE_DIR=/opt/rustwide/workdir" "-e" "CARGO_HOME=/opt/rustwide/cargo-home" "-e" "RUSTUP_HOME=/opt/rustwide/rustup-home" "-e" "CARGO_TARGET_DIR=/opt/rustwide/target" "-e" "CARGO_INCREMENTAL=0" "-e" "RUST_BACKTRACE=full" "-e" "RUSTFLAGS=--cap-lints=warn" "-e" "RUSTDOCFLAGS=--cap-lints=warn" "-w" "/opt/rustwide/workdir" "--user" "0:0" "5dfa3ea7abaf3570f0d96ab0b553a7915eb3765be0642544a27ab9375a5abb9d" "/opt/rustwide/cargo-home/bin/cargo" "+1.99.0-beta.8" "test" "--frozen", kill_on_drop: false }`
[INFO] [stderr]     Finished `test` profile [unoptimized + debuginfo] target(s) in 0.14s
[INFO] [stderr]      Running unittests src/lib.rs (/opt/rustwide/target/debug/deps/xchecker_receipt-b6d1a637a7e5fe2d)
[INFO] [stdout] 
[INFO] [stdout] running 56 tests
[INFO] [stdout] test dossier::tests::new_empty_preserves_run_id ... ok
[INFO] [stdout] test route::tests::builder_full ... ok
[INFO] [stdout] test dossier::tests::recommended_action_serde_roundtrip ... ok
[INFO] [stdout] test dossier::tests::to_markdown_empty_dossier ... ok
[INFO] [stdout] test dossier::tests::to_markdown_contains_title ... ok
[INFO] [stdout] test dossier::tests::to_markdown_includes_evidence ... ok
[INFO] [stdout] test route::tests::builder_evidence_all ... ok
[INFO] [stdout] test dossier::tests::recommended_action_serializes_snake_case ... ok
[INFO] [stdout] test route::tests::builder_minimal ... ok
[INFO] [stdout] test route::tests::confidence_clamped ... ok
[INFO] [stdout] test route::tests::display_all_route_kinds ... ok
[INFO] [stdout] test dossier::tests::to_json_empty_dossier ... ok
[INFO] [stdout] test route::tests::serde_route_kind_variants ... ok
[INFO] [stdout] test tests::test_add_rename_retry_warning ... ok
[INFO] [stdout] test route::tests::summary_line_custom_kind ... ok
[INFO] [stdout] test tests::test_create_file_hash ... ok
[INFO] [stdout] test dossier::tests::to_json_roundtrips ... ok
[INFO] [stdout] test dossier::tests::new_empty_has_schema_version ... ok
[INFO] [stdout] test dossier::tests::to_markdown_includes_repro_bundle ... ok
[INFO] [stdout] test route::tests::summary_line_format ... ok
[INFO] [stdout] test route::tests::to_json_is_canonical ... ok
[INFO] [stdout] test route::tests::to_json_roundtrip ... ok
[INFO] [stdout] test tests::test_no_receipt_exists ... ok
[INFO] [stdout] test dossier::tests::to_markdown_lists_failures ... ok
[INFO] [stdout] test tests::test_create_file_hash_with_empty_content ... ok
[INFO] [stdout] test dossier::tests::to_markdown_contains_summary_section ... ok
[INFO] [stdout] test tests::test_error_kind_mapping ... ok
[INFO] [stdout] test tests::test_receipt_deserialization_with_missing_fields ... ok
[INFO] [stdout] test tests::test_create_file_hash_with_large_content ... ok
[INFO] [stdout] test tests::test_diff_context_in_receipt ... ok
[INFO] [stdout] test tests::test_create_receipt ... ok
[INFO] [stdout] test tests::test_jcs_emission_byte_identical ... ok
[INFO] [stdout] test tests::test_optional_fields_in_receipt ... ok
[INFO] [stdout] test tests::test_error_receipt_with_different_error_kinds ... ok
[INFO] [stdout] test tests::test_receipt_with_empty_strings ... ok
[INFO] [stdout] test tests::test_error_receipt_creation ... ok
[INFO] [stdout] test tests::test_new_fields_serialization ... ok
[INFO] [stdout] test tests::test_receipt_serialization_with_null_values ... ok
[INFO] [stdout] test tests::test_integration_with_canonicalization ... ok
[INFO] [stdout] test tests::test_receipt_with_large_exit_code ... ok
[INFO] [stdout] test tests::test_receipt_edge_case_special_characters_in_fields ... ok
[INFO] [stdout] test tests::test_receipt_with_unicode_content ... ok
[INFO] [stdout] test tests::test_receipt_edge_case_empty_outputs ... ok
[INFO] [stdout] test tests::test_receipt_with_negative_exit_code ... ok
[INFO] [stdout] test tests::test_receipt_json_serialization ... ok
[INFO] [stdout] test tests::test_receipt_with_missing_optional_fields ... ok
[INFO] [stdout] test tests::test_atomic_write_creates_file ... ok
[INFO] [stdout] test tests::test_receipt_with_maximum_outputs ... ok
[INFO] [stdout] test tests::test_list_receipts ... ok
[INFO] [stdout] test tests::test_receipt_with_special_characters ... ok
[INFO] [stdout] test tests::test_receipt_edge_case_large_warnings_list ... ok
[INFO] [stdout] test tests::test_write_and_read_receipt ... ok
[INFO] [stdout] test tests::test_receipt_with_very_long_strings ... ok
[INFO] [stdout] test tests::test_receipt_listing_chronological_order ... ok
[INFO] [stdout] test tests::test_read_latest_receipt_returns_most_recent ... ok
[INFO] [stdout] test tests::test_receipt_with_all_error_kinds ... ok
[INFO] [stdout] 
[INFO] [stdout] test result: ok. 56 passed; 0 failed; 0 ignored; 0 measured; 0 filtered out; finished in 0.23s
[INFO] [stdout] 
[INFO] [stderr]    Doc-tests xchecker_receipt
[INFO] [stdout] 
[INFO] [stdout] running 2 tests
[INFO] [stdout] test src/writer.rs - writer::add_rename_retry_warning (line 127) ... FAILED
[INFO] [stdout] test src/route.rs - route::RouteReceiptBuilder (line 138) ... ok
[INFO] [stdout] 
[INFO] [stdout] failures:
[INFO] [stdout] 
[INFO] [stdout] ---- src/writer.rs - writer::add_rename_retry_warning (line 127) stdout ----
[INFO] [stdout] error[E0433]: cannot find module or crate `xchecker_engine` in this scope
[INFO] [stdout]    --> src/writer.rs:129:1
[INFO] [stdout]     |
[INFO] [stdout] 129 | xchecker_engine::receipt::add_rename_retry_warning(&mut warnings, Some(3));
[INFO] [stdout]     | ^^^^^^^^^^^^^^^ use of unresolved module or unlinked crate `xchecker_engine`
[INFO] [stdout]     |
[INFO] [stdout] help: there is a crate or module with a similar name
[INFO] [stdout]     |
[INFO] [stdout] 129 - xchecker_engine::receipt::add_rename_retry_warning(&mut warnings, Some(3));
[INFO] [stdout] 129 + xchecker_receipt::receipt::add_rename_retry_warning(&mut warnings, Some(3));
[INFO] [stdout]     |
[INFO] [stdout] 
[INFO] [stdout] error[E0433]: cannot find module or crate `xchecker_engine` in this scope
[INFO] [stdout]    --> src/writer.rs:134:1
[INFO] [stdout]     |
[INFO] [stdout] 134 | xchecker_engine::receipt::add_rename_retry_warning(&mut warnings2, None);
[INFO] [stdout]     | ^^^^^^^^^^^^^^^ use of unresolved module or unlinked crate `xchecker_engine`
[INFO] [stdout]     |
[INFO] [stdout] help: there is a crate or module with a similar name
[INFO] [stdout]     |
[INFO] [stdout] 134 - xchecker_engine::receipt::add_rename_retry_warning(&mut warnings2, None);
[INFO] [stdout] 134 + xchecker_receipt::receipt::add_rename_retry_warning(&mut warnings2, None);
[INFO] [stdout]     |
[INFO] [stdout] 
[INFO] [stdout] error: aborting due to 2 previous errors
[INFO] [stdout] 
[INFO] [stdout] For more information about this error, try `rustc --explain E0433`.
[INFO] [stdout] Couldn't compile the test.
[INFO] [stdout] 
[INFO] [stdout] failures:
[INFO] [stdout]     src/writer.rs - writer::add_rename_retry_warning (line 127)
[INFO] [stdout] 
[INFO] [stdout] test result: FAILED. 1 passed; 1 failed; 0 ignored; 0 measured; 0 filtered out; finished in 0.68s
[INFO] [stdout] 
[INFO] [stdout] all doctests ran in 0.79s; merged doctests compilation took 0.11s
[INFO] [stderr] error: doctest failed, to rerun pass `--doc`
[INFO] running `Command { std: "docker" "inspect" "5dfa3ea7abaf3570f0d96ab0b553a7915eb3765be0642544a27ab9375a5abb9d", kill_on_drop: false }`
[INFO] running `Command { std: "docker" "rm" "-f" "5dfa3ea7abaf3570f0d96ab0b553a7915eb3765be0642544a27ab9375a5abb9d", kill_on_drop: false }`
[INFO] [stdout] 5dfa3ea7abaf3570f0d96ab0b553a7915eb3765be0642544a27ab9375a5abb9d
