[INFO] fetching crate xcfg-rs 0.4.0...
[INFO] testing xcfg-rs-0.4.0 against 1.99.0-beta.8 for beta-1.100-2
[INFO] extracting crate xcfg-rs 0.4.0 into /workspace/builds/worker-4-tc1/source
[INFO] started tweaking crates.io crate xcfg-rs 0.4.0
[INFO] removed 0 missing examples
[INFO] removed 0 missing tests
[INFO] finished tweaking crates.io crate xcfg-rs 0.4.0
[INFO] tweaked toml for crates.io crate xcfg-rs 0.4.0 written to /workspace/builds/worker-4-tc1/source/Cargo.toml
[INFO] validating manifest of crates.io crate xcfg-rs 0.4.0 on toolchain 1.99.0-beta.8
[INFO] running `Command { std: CARGO_HOME="/workspace/cargo-home" RUSTUP_HOME="/workspace/rustup-home" "/workspace/cargo-home/bin/cargo" "+1.99.0-beta.8" "metadata" "--manifest-path" "Cargo.toml" "--no-deps", kill_on_drop: false }`
[INFO] crate crates.io crate xcfg-rs 0.4.0 already has a lockfile, it will not be regenerated
[INFO] running `Command { std: CARGO_HOME="/workspace/cargo-home" RUSTUP_HOME="/workspace/rustup-home" "/workspace/cargo-home/bin/cargo" "+1.99.0-beta.8" "fetch" "--manifest-path" "Cargo.toml", kill_on_drop: false }`
[INFO] [stderr]     Updating crates.io index
[INFO] [stderr]  Downloading crates ...
[INFO] [stderr]   Downloaded rustc-hash v2.1.2
[INFO] [stderr]   Downloaded serde_spanned v1.1.1
[INFO] [stderr]   Downloaded xcfg-derive v0.2.0
[INFO] [stderr]   Downloaded quote v1.0.46
[INFO] [stderr]   Downloaded serde_yml v0.0.13
[INFO] [stderr]   Downloaded toml_datetime v0.7.5+spec-1.1.0
[INFO] [stderr]   Downloaded toml_writer v1.1.1+spec-1.1.0
[INFO] [stderr]   Downloaded toml v0.9.12+spec-1.1.0
[INFO] [stderr]   Downloaded toml_parser v1.1.2+spec-1.1.0
[INFO] [stderr]   Downloaded memchr v2.8.2
[INFO] [stderr]   Downloaded winnow v0.7.15
[INFO] [stderr]   Downloaded winnow v1.0.3
[INFO] [stderr]   Downloaded syn v2.0.118
[INFO] [stderr]   Downloaded noyalib v0.0.5
[INFO] running `Command { std: "docker" "create" "-v" "/var/lib/crater-agent-workspace/builds/worker-4-tc1/source:/opt/rustwide/workdir:ro,Z" "-v" "/var/lib/crater-agent-workspace/builds/worker-4-tc1/target:/opt/rustwide/target:rw,Z" "-v" "/var/lib/crater-agent-workspace/cargo-home:/opt/rustwide/cargo-home:ro,Z" "-v" "/var/lib/crater-agent-workspace/rustup-home:/opt/rustwide/rustup-home:ro,Z" "-m" "1610612736" "--network" "none" "ghcr.io/rust-lang/crates-build-env/linux@sha256:3111399a4047eeb3a02b7a90e478d715f38a8c6669b5c4b49d30a17385265909" "sleep" "infinity", kill_on_drop: false }`
[INFO] [stdout] 377fa3f30f1051754a75393b96e067e1a93a24191cbc480a762ad63661698b30
[INFO] running `Command { std: "docker" "start" "377fa3f30f1051754a75393b96e067e1a93a24191cbc480a762ad63661698b30", kill_on_drop: false }`
[INFO] running `Command { std: "docker" "inspect" "377fa3f30f1051754a75393b96e067e1a93a24191cbc480a762ad63661698b30", kill_on_drop: false }`
[INFO] running `Command { std: "docker" "exec" "-e" "SOURCE_DIR=/opt/rustwide/workdir" "-e" "CARGO_HOME=/opt/rustwide/cargo-home" "-e" "RUSTUP_HOME=/opt/rustwide/rustup-home" "-e" "CARGO_TARGET_DIR=/opt/rustwide/target" "-w" "/opt/rustwide/workdir" "--user" "0:0" "377fa3f30f1051754a75393b96e067e1a93a24191cbc480a762ad63661698b30" "/opt/rustwide/cargo-home/bin/cargo" "+1.99.0-beta.8" "metadata" "--no-deps" "--format-version=1", kill_on_drop: false }`
[INFO] running `Command { std: "docker" "inspect" "377fa3f30f1051754a75393b96e067e1a93a24191cbc480a762ad63661698b30", kill_on_drop: false }`
[INFO] running `Command { std: "docker" "exec" "-e" "SOURCE_DIR=/opt/rustwide/workdir" "-e" "CARGO_HOME=/opt/rustwide/cargo-home" "-e" "RUSTUP_HOME=/opt/rustwide/rustup-home" "-e" "CARGO_TARGET_DIR=/opt/rustwide/target" "-e" "CARGO_INCREMENTAL=0" "-e" "RUST_BACKTRACE=full" "-e" "RUSTFLAGS=--cap-lints=warn" "-e" "RUSTDOCFLAGS=--cap-lints=warn" "-w" "/opt/rustwide/workdir" "--user" "0:0" "377fa3f30f1051754a75393b96e067e1a93a24191cbc480a762ad63661698b30" "/opt/rustwide/cargo-home/bin/cargo" "+1.99.0-beta.8" "build" "--frozen" "--message-format=json", kill_on_drop: false }`
[INFO] [stderr]    Compiling serde_core v1.0.228
[INFO] [stderr]    Compiling quote v1.0.46
[INFO] [stderr]    Compiling winnow v1.0.3
[INFO] [stderr]    Compiling serde v1.0.228
[INFO] [stderr]    Compiling winnow v0.7.15
[INFO] [stderr]    Compiling toml_writer v1.1.1+spec-1.1.0
[INFO] [stderr]    Compiling toml_parser v1.1.2+spec-1.1.0
[INFO] [stderr]    Compiling syn v2.0.118
[INFO] [stderr]    Compiling thiserror-impl v2.0.18
[INFO] [stderr]    Compiling serde_spanned v1.1.1
[INFO] [stderr]    Compiling toml_datetime v0.7.5+spec-1.1.0
[INFO] [stderr]    Compiling thiserror v2.0.18
[INFO] [stderr]    Compiling toml v0.9.12+spec-1.1.0
[INFO] [stderr]    Compiling xcfg-rs v0.4.0 (/opt/rustwide/workdir)
[INFO] [stderr]     Finished `dev` profile [unoptimized + debuginfo] target(s) in 8.09s
[INFO] running `Command { std: "docker" "inspect" "377fa3f30f1051754a75393b96e067e1a93a24191cbc480a762ad63661698b30", kill_on_drop: false }`
[INFO] running `Command { std: "docker" "exec" "-e" "SOURCE_DIR=/opt/rustwide/workdir" "-e" "CARGO_HOME=/opt/rustwide/cargo-home" "-e" "RUSTUP_HOME=/opt/rustwide/rustup-home" "-e" "CARGO_TARGET_DIR=/opt/rustwide/target" "-e" "CARGO_INCREMENTAL=0" "-e" "RUST_BACKTRACE=full" "-e" "RUSTFLAGS=--cap-lints=warn" "-e" "RUSTDOCFLAGS=--cap-lints=warn" "-w" "/opt/rustwide/workdir" "--user" "0:0" "377fa3f30f1051754a75393b96e067e1a93a24191cbc480a762ad63661698b30" "/opt/rustwide/cargo-home/bin/cargo" "+1.99.0-beta.8" "test" "--frozen" "--no-run" "--message-format=json", kill_on_drop: false }`
[INFO] [stderr]    Compiling scopeguard v1.2.0
[INFO] [stderr]    Compiling serde_derive v1.0.228
[INFO] [stderr]    Compiling serde v1.0.228
[INFO] [stderr]    Compiling xcfg-rs v0.4.0 (/opt/rustwide/workdir)
[INFO] [stderr]     Finished `test` profile [unoptimized + debuginfo] target(s) in 4.11s
[INFO] running `Command { std: "docker" "inspect" "377fa3f30f1051754a75393b96e067e1a93a24191cbc480a762ad63661698b30", kill_on_drop: false }`
[INFO] running `Command { std: "docker" "exec" "-e" "SOURCE_DIR=/opt/rustwide/workdir" "-e" "CARGO_HOME=/opt/rustwide/cargo-home" "-e" "RUSTUP_HOME=/opt/rustwide/rustup-home" "-e" "CARGO_TARGET_DIR=/opt/rustwide/target" "-e" "CARGO_INCREMENTAL=0" "-e" "RUST_BACKTRACE=full" "-e" "RUSTFLAGS=--cap-lints=warn" "-e" "RUSTDOCFLAGS=--cap-lints=warn" "-w" "/opt/rustwide/workdir" "--user" "0:0" "377fa3f30f1051754a75393b96e067e1a93a24191cbc480a762ad63661698b30" "/opt/rustwide/cargo-home/bin/cargo" "+1.99.0-beta.8" "test" "--frozen", kill_on_drop: false }`
[INFO] [stderr]     Finished `test` profile [unoptimized + debuginfo] target(s) in 0.06s
[INFO] [stderr]      Running unittests src/lib.rs (/opt/rustwide/target/debug/deps/xcfg-e20b30a5a60b68a4)
[INFO] [stderr]    Doc-tests xcfg
[INFO] [stdout] 
[INFO] [stdout] running 1 test
[INFO] [stdout] test file::tests::test_load_fmt ... ok
[INFO] [stdout] 
[INFO] [stdout] test result: ok. 1 passed; 0 failed; 0 ignored; 0 measured; 0 filtered out; finished in 0.00s
[INFO] [stdout] 
[INFO] [stdout] 
[INFO] [stdout] running 5 tests
[INFO] [stdout] test src/xcfg.rs - xcfg::XCfg::load (line 43) - compile ... FAILED
[INFO] [stdout] test src/xcfg.rs - xcfg::XCfg::fmt_to_string (line 193) ... FAILED
[INFO] [stdout] test src/lib.rs - (line 5) - compile ... FAILED
[INFO] [stdout] test src/xcfg.rs - xcfg::XCfg::load_or_default (line 90) - compile ... FAILED
[INFO] [stdout] test src/xcfg.rs - xcfg::XCfg::save (line 158) - compile ... FAILED
[INFO] [stdout] 
[INFO] [stdout] failures:
[INFO] [stdout] 
[INFO] [stdout] ---- src/xcfg.rs - xcfg::XCfg::load (line 43) stdout ----
[INFO] [stdout] error: cannot find derive macro `XCfg` in this scope
[INFO] [stdout]   --> src/xcfg.rs:47:10
[INFO] [stdout]    |
[INFO] [stdout] 47 | #[derive(XCfg, Serialize, Deserialize, PartialEq, Debug, Clone)]
[INFO] [stdout]    |          ^^^^
[INFO] [stdout]    |
[INFO] [stdout] note: `XCfg` is a trait, not a derive macro
[INFO] [stdout]   --> src/xcfg.rs:13:1
[INFO] [stdout]    |
[INFO] [stdout] 13 | pub trait XCfg {
[INFO] [stdout]    | ^^^^^^^^^^^^^^
[INFO] [stdout]    = help: consider implementing `XCfg` for your type manually
[INFO] [stdout] 
[INFO] [stdout] error[E0599]: no method named `save` found for struct `Test` in the current scope
[INFO] [stdout]   --> src/xcfg.rs:67:6
[INFO] [stdout]    |
[INFO] [stdout] 48 | pub struct Test {
[INFO] [stdout]    | --------------- method `save` not found for this struct
[INFO] [stdout] ...
[INFO] [stdout] 67 | test.save(path).unwrap();
[INFO] [stdout]    |      ^^^^ method not found in `Test`
[INFO] [stdout]    |
[INFO] [stdout]    = help: items from traits can only be used if the trait is implemented and in scope
[INFO] [stdout]    = note: the following trait defines an item `save`, perhaps you need to implement it:
[INFO] [stdout]            candidate #1: `XCfg`
[INFO] [stdout] 
[INFO] [stdout] error[E0599]: no associated function or constant named `load` found for struct `Test` in the current scope
[INFO] [stdout]   --> src/xcfg.rs:68:18
[INFO] [stdout]    |
[INFO] [stdout] 48 | pub struct Test {
[INFO] [stdout]    | --------------- associated function or constant `load` not found for this struct
[INFO] [stdout] ...
[INFO] [stdout] 68 | assert_eq!(Test::load(path).unwrap().into_inner(), test);
[INFO] [stdout]    |                  ^^^^ associated function or constant not found in `Test`
[INFO] [stdout]    |
[INFO] [stdout]    = help: items from traits can only be used if the trait is implemented and in scope
[INFO] [stdout]    = note: the following trait defines an item `load`, perhaps you need to implement it:
[INFO] [stdout]            candidate #1: `XCfg`
[INFO] [stdout] 
[INFO] [stdout] error: aborting due to 3 previous errors
[INFO] [stdout] 
[INFO] [stdout] For more information about this error, try `rustc --explain E0599`.
[INFO] [stdout] Couldn't compile the test.
[INFO] [stdout] ---- src/xcfg.rs - xcfg::XCfg::fmt_to_string (line 193) stdout ----
[INFO] [stdout] error: cannot find derive macro `XCfg` in this scope
[INFO] [stdout]    --> src/xcfg.rs:197:10
[INFO] [stdout]     |
[INFO] [stdout] 197 | #[derive(XCfg, Serialize, Deserialize, PartialEq, Debug, Clone)]
[INFO] [stdout]     |          ^^^^
[INFO] [stdout]     |
[INFO] [stdout] note: `XCfg` is a trait, not a derive macro
[INFO] [stdout]    --> src/xcfg.rs:13:1
[INFO] [stdout]     |
[INFO] [stdout]  13 | pub trait XCfg {
[INFO] [stdout]     | ^^^^^^^^^^^^^^
[INFO] [stdout]     = help: consider implementing `XCfg` for your type manually
[INFO] [stdout] 
[INFO] [stdout] error[E0599]: no method named `fmt_to_string` found for struct `Test` in the current scope
[INFO] [stdout]    --> src/xcfg.rs:220:17
[INFO] [stdout]     |
[INFO] [stdout] 198 | pub struct Test {
[INFO] [stdout]     | --------------- method `fmt_to_string` not found for this struct
[INFO] [stdout] ...
[INFO] [stdout] 220 | assert_eq!(test.fmt_to_string(Format::Toml).unwrap(), right);
[INFO] [stdout]     |                 ^^^^^^^^^^^^^ method not found in `Test`
[INFO] [stdout]     |
[INFO] [stdout]     = help: items from traits can only be used if the trait is implemented and in scope
[INFO] [stdout]     = note: the following trait defines an item `fmt_to_string`, perhaps you need to implement it:
[INFO] [stdout]             candidate #1: `XCfg`
[INFO] [stdout] 
[INFO] [stdout] error: aborting due to 2 previous errors
[INFO] [stdout] 
[INFO] [stdout] For more information about this error, try `rustc --explain E0599`.
[INFO] [stdout] Couldn't compile the test.
[INFO] [stdout] ---- src/lib.rs - (line 5) stdout ----
[INFO] [stdout] error: cannot find derive macro `XCfg` in this scope
[INFO] [stdout]   --> src/lib.rs:9:10
[INFO] [stdout]    |
[INFO] [stdout]  9 | #[derive(XCfg, Serialize, Deserialize, PartialEq, Debug, Clone)]
[INFO] [stdout]    |          ^^^^
[INFO] [stdout]    |
[INFO] [stdout] note: `XCfg` is a trait, not a derive macro
[INFO] [stdout]   --> src/xcfg.rs:13:1
[INFO] [stdout]    |
[INFO] [stdout] 13 | pub trait XCfg {
[INFO] [stdout]    | ^^^^^^^^^^^^^^
[INFO] [stdout]    = help: consider implementing `XCfg` for your type manually
[INFO] [stdout] 
[INFO] [stdout] error[E0599]: no method named `save` found for struct `Test` in the current scope
[INFO] [stdout]   --> src/lib.rs:27:6
[INFO] [stdout]    |
[INFO] [stdout] 10 | pub struct Test {
[INFO] [stdout]    | --------------- method `save` not found for this struct
[INFO] [stdout] ...
[INFO] [stdout] 27 | test.save(path).unwrap();
[INFO] [stdout]    |      ^^^^ method not found in `Test`
[INFO] [stdout]    |
[INFO] [stdout]    = help: items from traits can only be used if the trait is implemented and in scope
[INFO] [stdout]    = note: the following trait defines an item `save`, perhaps you need to implement it:
[INFO] [stdout]            candidate #1: `XCfg`
[INFO] [stdout] 
[INFO] [stdout] error[E0599]: no associated function or constant named `load` found for struct `Test` in the current scope
[INFO] [stdout]   --> src/lib.rs:28:18
[INFO] [stdout]    |
[INFO] [stdout] 10 | pub struct Test {
[INFO] [stdout]    | --------------- associated function or constant `load` not found for this struct
[INFO] [stdout] ...
[INFO] [stdout] 28 | assert_eq!(Test::load(path).unwrap().into_inner(), test);
[INFO] [stdout]    |                  ^^^^ associated function or constant not found in `Test`
[INFO] [stdout]    |
[INFO] [stdout]    = help: items from traits can only be used if the trait is implemented and in scope
[INFO] [stdout]    = note: the following trait defines an item `load`, perhaps you need to implement it:
[INFO] [stdout]            candidate #1: `XCfg`
[INFO] [stdout] 
[INFO] [stdout] error: aborting due to 3 previous errors
[INFO] [stdout] 
[INFO] [stdout] For more information about this error, try `rustc --explain E0599`.
[INFO] [stdout] Couldn't compile the test.
[INFO] [stdout] ---- src/xcfg.rs - xcfg::XCfg::load_or_default (line 90) stdout ----
[INFO] [stdout] error: cannot find derive macro `XCfg` in this scope
[INFO] [stdout]   --> src/xcfg.rs:94:10
[INFO] [stdout]    |
[INFO] [stdout] 94 | #[derive(XCfg, Serialize, Deserialize, PartialEq, Debug, Clone)]
[INFO] [stdout]    |          ^^^^
[INFO] [stdout]    |
[INFO] [stdout] note: `XCfg` is a trait, not a derive macro
[INFO] [stdout]   --> src/xcfg.rs:13:1
[INFO] [stdout]    |
[INFO] [stdout] 13 | pub trait XCfg {
[INFO] [stdout]    | ^^^^^^^^^^^^^^
[INFO] [stdout]    = help: consider implementing `XCfg` for your type manually
[INFO] [stdout] 
[INFO] [stdout] error[E0599]: no associated function or constant named `load_or_default` found for struct `Test` in the current scope
[INFO] [stdout]    --> src/xcfg.rs:128:19
[INFO] [stdout]     |
[INFO] [stdout]  95 | pub struct Test {
[INFO] [stdout]     | --------------- associated function or constant `load_or_default` not found for this struct
[INFO] [stdout] ...
[INFO] [stdout] 128 | let mut f = Test::load_or_default(path).unwrap();
[INFO] [stdout]     |                   ^^^^^^^^^^^^^^^ associated function or constant not found in `Test`
[INFO] [stdout]     |
[INFO] [stdout]     = help: items from traits can only be used if the trait is implemented and in scope
[INFO] [stdout]     = note: the following trait defines an item `load_or_default`, perhaps you need to implement it:
[INFO] [stdout]             candidate #1: `XCfg`
[INFO] [stdout] 
[INFO] [stdout] error[E0599]: no associated function or constant named `load` found for struct `Test` in the current scope
[INFO] [stdout]    --> src/xcfg.rs:132:18
[INFO] [stdout]     |
[INFO] [stdout]  95 | pub struct Test {
[INFO] [stdout]     | --------------- associated function or constant `load` not found for this struct
[INFO] [stdout] ...
[INFO] [stdout] 132 | assert_eq!(Test::load(path).unwrap().into_inner(), test);
[INFO] [stdout]     |                  ^^^^ associated function or constant not found in `Test`
[INFO] [stdout]     |
[INFO] [stdout]     = help: items from traits can only be used if the trait is implemented and in scope
[INFO] [stdout]     = note: the following trait defines an item `load`, perhaps you need to implement it:
[INFO] [stdout]             candidate #1: `XCfg`
[INFO] [stdout] 
[INFO] [stdout] error: aborting due to 3 previous errors
[INFO] [stdout] 
[INFO] [stdout] For more information about this error, try `rustc --explain E0599`.
[INFO] [stdout] Couldn't compile the test.
[INFO] [stdout] ---- src/xcfg.rs - xcfg::XCfg::save (line 158) stdout ----
[INFO] [stdout] error: cannot find derive macro `XCfg` in this scope
[INFO] [stdout]    --> src/xcfg.rs:162:10
[INFO] [stdout]     |
[INFO] [stdout] 162 | #[derive(XCfg, Serialize, Deserialize, PartialEq, Debug, Clone)]
[INFO] [stdout]     |          ^^^^
[INFO] [stdout]     |
[INFO] [stdout] note: `XCfg` is a trait, not a derive macro
[INFO] [stdout]    --> src/xcfg.rs:13:1
[INFO] [stdout]     |
[INFO] [stdout]  13 | pub trait XCfg {
[INFO] [stdout]     | ^^^^^^^^^^^^^^
[INFO] [stdout]     = help: consider implementing `XCfg` for your type manually
[INFO] [stdout] 
[INFO] [stdout] error[E0599]: no method named `save` found for struct `Test` in the current scope
[INFO] [stdout]    --> src/xcfg.rs:182:6
[INFO] [stdout]     |
[INFO] [stdout] 163 | pub struct Test {
[INFO] [stdout]     | --------------- method `save` not found for this struct
[INFO] [stdout] ...
[INFO] [stdout] 182 | test.save(path).unwrap();
[INFO] [stdout]     |      ^^^^ method not found in `Test`
[INFO] [stdout]     |
[INFO] [stdout]     = help: items from traits can only be used if the trait is implemented and in scope
[INFO] [stdout]     = note: the following trait defines an item `save`, perhaps you need to implement it:
[INFO] [stdout]             candidate #1: `XCfg`
[INFO] [stdout] 
[INFO] [stdout] error: aborting due to 2 previous errors
[INFO] [stdout] 
[INFO] [stdout] For more information about this error, try `rustc --explain E0599`.
[INFO] [stdout] Couldn't compile the test.
[INFO] [stdout] 
[INFO] [stdout] failures:
[INFO] [stdout]     src/lib.rs - (line 5)
[INFO] [stdout]     src/xcfg.rs - xcfg::XCfg::fmt_to_string (line 193)
[INFO] [stdout]     src/xcfg.rs - xcfg::XCfg::load (line 43)
[INFO] [stdout]     src/xcfg.rs - xcfg::XCfg::load_or_default (line 90)
[INFO] [stdout]     src/xcfg.rs - xcfg::XCfg::save (line 158)
[INFO] [stdout] 
[INFO] [stdout] test result: FAILED. 0 passed; 5 failed; 0 ignored; 0 measured; 0 filtered out; finished in 0.36s
[INFO] [stdout] 
[INFO] [stdout] all doctests ran in 0.72s; merged doctests compilation took 0.36s
[INFO] [stderr] error: doctest failed, to rerun pass `--doc`
[INFO] running `Command { std: "docker" "inspect" "377fa3f30f1051754a75393b96e067e1a93a24191cbc480a762ad63661698b30", kill_on_drop: false }`
[INFO] running `Command { std: "docker" "rm" "-f" "377fa3f30f1051754a75393b96e067e1a93a24191cbc480a762ad63661698b30", kill_on_drop: false }`
[INFO] [stdout] 377fa3f30f1051754a75393b96e067e1a93a24191cbc480a762ad63661698b30
