[INFO] fetching crate xberg-ttf-parser 1.1.0...
[INFO] testing xberg-ttf-parser-1.1.0 against 1.100.0-beta.1 for beta-1.100-2
[INFO] extracting crate xberg-ttf-parser 1.1.0 into /workspace/builds/worker-5-tc2/source
[INFO] started tweaking crates.io crate xberg-ttf-parser 1.1.0
[INFO] finished tweaking crates.io crate xberg-ttf-parser 1.1.0
[INFO] tweaked toml for crates.io crate xberg-ttf-parser 1.1.0 written to /workspace/builds/worker-5-tc2/source/Cargo.toml
[INFO] validating manifest of crates.io crate xberg-ttf-parser 1.1.0 on toolchain 1.100.0-beta.1
[INFO] running `Command { std: CARGO_HOME="/workspace/cargo-home" RUSTUP_HOME="/workspace/rustup-home" "/workspace/cargo-home/bin/cargo" "+1.100.0-beta.1" "metadata" "--manifest-path" "Cargo.toml" "--no-deps", kill_on_drop: false }`
[INFO] crate crates.io crate xberg-ttf-parser 1.1.0 already has a lockfile, it will not be regenerated
[INFO] running `Command { std: CARGO_HOME="/workspace/cargo-home" RUSTUP_HOME="/workspace/rustup-home" "/workspace/cargo-home/bin/cargo" "+1.100.0-beta.1" "fetch" "--manifest-path" "Cargo.toml", kill_on_drop: false }`
[INFO] running `Command { std: "docker" "create" "-v" "/var/lib/crater-agent-workspace/builds/worker-5-tc2/source:/opt/rustwide/workdir:ro,Z" "-v" "/var/lib/crater-agent-workspace/builds/worker-5-tc2/target:/opt/rustwide/target:rw,Z" "-v" "/var/lib/crater-agent-workspace/cargo-home:/opt/rustwide/cargo-home:ro,Z" "-v" "/var/lib/crater-agent-workspace/rustup-home:/opt/rustwide/rustup-home:ro,Z" "-m" "1610612736" "--network" "none" "ghcr.io/rust-lang/crates-build-env/linux@sha256:3111399a4047eeb3a02b7a90e478d715f38a8c6669b5c4b49d30a17385265909" "sleep" "infinity", kill_on_drop: false }`
[INFO] [stdout] 1ad30faca0757fc195009b388f8afd26f0d2951cbaf3b80f6696f67f7851b283
[INFO] running `Command { std: "docker" "start" "1ad30faca0757fc195009b388f8afd26f0d2951cbaf3b80f6696f67f7851b283", kill_on_drop: false }`
[INFO] running `Command { std: "docker" "inspect" "1ad30faca0757fc195009b388f8afd26f0d2951cbaf3b80f6696f67f7851b283", kill_on_drop: false }`
[INFO] running `Command { std: "docker" "exec" "-e" "SOURCE_DIR=/opt/rustwide/workdir" "-e" "CARGO_HOME=/opt/rustwide/cargo-home" "-e" "RUSTUP_HOME=/opt/rustwide/rustup-home" "-e" "CARGO_TARGET_DIR=/opt/rustwide/target" "-w" "/opt/rustwide/workdir" "--user" "0:0" "1ad30faca0757fc195009b388f8afd26f0d2951cbaf3b80f6696f67f7851b283" "/opt/rustwide/cargo-home/bin/cargo" "+1.100.0-beta.1" "metadata" "--no-deps" "--format-version=1", kill_on_drop: false }`
[INFO] running `Command { std: "docker" "inspect" "1ad30faca0757fc195009b388f8afd26f0d2951cbaf3b80f6696f67f7851b283", kill_on_drop: false }`
[INFO] running `Command { std: "docker" "exec" "-e" "SOURCE_DIR=/opt/rustwide/workdir" "-e" "CARGO_HOME=/opt/rustwide/cargo-home" "-e" "RUSTUP_HOME=/opt/rustwide/rustup-home" "-e" "CARGO_TARGET_DIR=/opt/rustwide/target" "-e" "CARGO_INCREMENTAL=0" "-e" "RUST_BACKTRACE=full" "-e" "RUSTFLAGS=--cap-lints=warn" "-e" "RUSTDOCFLAGS=--cap-lints=warn" "-w" "/opt/rustwide/workdir" "--user" "0:0" "1ad30faca0757fc195009b388f8afd26f0d2951cbaf3b80f6696f67f7851b283" "/opt/rustwide/cargo-home/bin/cargo" "+1.100.0-beta.1" "build" "--frozen" "--message-format=json", kill_on_drop: false }`
[INFO] [stderr]    Compiling xberg-ttf-parser v1.1.0 (/opt/rustwide/workdir)
[INFO] [stderr]     Finished `dev` profile [unoptimized + debuginfo] target(s) in 2.02s
[INFO] running `Command { std: "docker" "inspect" "1ad30faca0757fc195009b388f8afd26f0d2951cbaf3b80f6696f67f7851b283", kill_on_drop: false }`
[INFO] running `Command { std: "docker" "exec" "-e" "SOURCE_DIR=/opt/rustwide/workdir" "-e" "CARGO_HOME=/opt/rustwide/cargo-home" "-e" "RUSTUP_HOME=/opt/rustwide/rustup-home" "-e" "CARGO_TARGET_DIR=/opt/rustwide/target" "-e" "CARGO_INCREMENTAL=0" "-e" "RUST_BACKTRACE=full" "-e" "RUSTFLAGS=--cap-lints=warn" "-e" "RUSTDOCFLAGS=--cap-lints=warn" "-w" "/opt/rustwide/workdir" "--user" "0:0" "1ad30faca0757fc195009b388f8afd26f0d2951cbaf3b80f6696f67f7851b283" "/opt/rustwide/cargo-home/bin/cargo" "+1.100.0-beta.1" "test" "--frozen" "--no-run" "--message-format=json", kill_on_drop: false }`
[INFO] [stderr]    Compiling arrayref v0.3.9
[INFO] [stderr]    Compiling bytemuck v1.25.2
[INFO] [stderr]    Compiling strict-num v0.1.1
[INFO] [stderr]    Compiling base64 v0.23.1
[INFO] [stderr]    Compiling xmlwriter v0.1.0
[INFO] [stderr]    Compiling pico-args v0.5.0
[INFO] [stderr]    Compiling tiny-skia-path v0.12.0
[INFO] [stderr]    Compiling xberg-ttf-parser v1.1.0 (/opt/rustwide/workdir)
[INFO] [stderr]     Finished `test` profile [unoptimized + debuginfo] target(s) in 2.15s
[INFO] running `Command { std: "docker" "inspect" "1ad30faca0757fc195009b388f8afd26f0d2951cbaf3b80f6696f67f7851b283", kill_on_drop: false }`
[INFO] running `Command { std: "docker" "exec" "-e" "SOURCE_DIR=/opt/rustwide/workdir" "-e" "CARGO_HOME=/opt/rustwide/cargo-home" "-e" "RUSTUP_HOME=/opt/rustwide/rustup-home" "-e" "CARGO_TARGET_DIR=/opt/rustwide/target" "-e" "CARGO_INCREMENTAL=0" "-e" "RUST_BACKTRACE=full" "-e" "RUSTFLAGS=--cap-lints=warn" "-e" "RUSTDOCFLAGS=--cap-lints=warn" "-w" "/opt/rustwide/workdir" "--user" "0:0" "1ad30faca0757fc195009b388f8afd26f0d2951cbaf3b80f6696f67f7851b283" "/opt/rustwide/cargo-home/bin/cargo" "+1.100.0-beta.1" "test" "--frozen", kill_on_drop: false }`
[INFO] [stderr]     Finished `test` profile [unoptimized + debuginfo] target(s) in 0.01s
[INFO] [stderr]      Running unittests src/lib.rs (/opt/rustwide/target/debug/build/xberg-ttf-parser/7284f9ba7fb0f653/out/xberg_ttf_parser-7284f9ba7fb0f653)
[INFO] [stdout] 
[INFO] [stdout] running 37 tests
[INFO] [stdout] test tables::cff::cff1::tests::negative_private_dict_offset_and_size ... ok
[INFO] [stdout] test tables::cff::cff1::tests::private_dict_negative_char_strings_offset ... ok
[INFO] [stdout] test tables::cff::cff1::tests::private_dict_no_char_strings_offset_operand ... ok
[INFO] [stdout] test tables::cff::dict::tests::parse_dict_number ... ok
[INFO] [stdout] test tables::cff::cff1::tests::private_dict_size_overflow ... ok
[INFO] [stdout] test tables::gvar::packed_deltas::tests::delta_after_zeros ... ok
[INFO] [stdout] test tables::gvar::packed_deltas::tests::empty ... ok
[INFO] [stdout] test tables::cff::index::tests::parse_offset_size ... ok
[INFO] [stdout] test tables::gvar::packed_deltas::tests::invalid_number_of_pairs ... ok
[INFO] [stdout] test tables::gvar::packed_deltas::tests::mixed_runs ... ok
[INFO] [stdout] test tables::gvar::packed_deltas::tests::non_default_scalar ... ok
[INFO] [stdout] test tables::gvar::packed_deltas::tests::single_delta ... ok
[INFO] [stdout] test tables::gvar::packed_deltas::tests::single_long_delta ... ok
[INFO] [stdout] test tables::gvar::packed_deltas::tests::single_run ... ok
[INFO] [stdout] test tables::gvar::packed_deltas::tests::too_many_pairs ... ok
[INFO] [stdout] test tables::gvar::packed_deltas::tests::two_deltas ... ok
[INFO] [stdout] test tables::gvar::packed_deltas::tests::unexpected_end_of_data_1 ... ok
[INFO] [stdout] test tables::gvar::packed_deltas::tests::unexpected_end_of_data_2 ... ok
[INFO] [stdout] test tables::gvar::packed_deltas::tests::unexpected_end_of_data_3 ... ok
[INFO] [stdout] test tables::gvar::packed_deltas::tests::unexpected_end_of_data_4 ... ok
[INFO] [stdout] test tables::gvar::packed_deltas::tests::unexpected_end_of_data_6 ... ok
[INFO] [stdout] test tables::gvar::packed_deltas::tests::unexpected_end_of_data_7 ... ok
[INFO] [stdout] test tables::gvar::packed_deltas::tests::zero_runs ... ok
[INFO] [stdout] test tables::gvar::packed_deltas::tests::zero_words ... ok
[INFO] [stdout] test tables::gvar::packed_deltas::tests::zeros ... ok
[INFO] [stdout] test tables::gvar::packed_points::tests::empty ... ok
[INFO] [stdout] test tables::gvar::packed_points::tests::long_points ... ok
[INFO] [stdout] test tables::gvar::packed_points::tests::more_than_127_points ... ok
[INFO] [stdout] test tables::gvar::packed_points::tests::multiple_runs ... ok
[INFO] [stdout] test tables::gvar::packed_points::tests::set_0_and_2 ... ok
[INFO] [stdout] test tables::gvar::packed_points::tests::set_1_and_2 ... ok
[INFO] [stdout] test tables::gvar::packed_points::tests::set_1_and_3 ... ok
[INFO] [stdout] test tables::gvar::packed_points::tests::set_2_5_7 ... ok
[INFO] [stdout] test tables::gvar::packed_points::tests::single_point ... ok
[INFO] [stdout] test tables::gvar::packed_points::tests::single_zero_control ... ok
[INFO] [stdout] test tables::gvar::packed_points::tests::runs_overflow ... ok
[INFO] [stdout] test tables::gvar::packed_deltas::tests::runs_overflow ... ok
[INFO] [stdout] 
[INFO] [stdout] test result: ok. 37 passed; 0 failed; 0 ignored; 0 measured; 0 filtered out; finished in 0.00s
[INFO] [stdout] 
[INFO] [stderr]    Doc-tests xberg_ttf_parser
[INFO] [stdout] 
[INFO] [stdout] running 3 tests
[INFO] [stdout] test src/lib.rs - Variation (line 212) ... FAILED
[INFO] [stdout] test src/lib.rs - Face<'a>::outline_glyph (line 2053) ... FAILED
[INFO] [stdout] test src/lib.rs - Tag::from_bytes (line 235) ... FAILED
[INFO] [stdout] 
[INFO] [stdout] failures:
[INFO] [stdout] 
[INFO] [stdout] ---- src/lib.rs - Variation (line 212) stdout ----
[INFO] [stdout] error[E0432]: unresolved import `ttf_parser`
[INFO] [stdout]    --> src/lib.rs:213:5
[INFO] [stdout]     |
[INFO] [stdout] 213 | use ttf_parser::{Variation, Tag};
[INFO] [stdout]     |     ^^^^^^^^^^ use of unresolved module or unlinked crate `ttf_parser`
[INFO] [stdout]     |
[INFO] [stdout]     = help: if you wanted to use a crate named `ttf_parser`, use `cargo add ttf_parser` to add it to your `Cargo.toml`
[INFO] [stdout] 
[INFO] [stdout] error: aborting due to 1 previous error
[INFO] [stdout] 
[INFO] [stdout] For more information about this error, try `rustc --explain E0432`.
[INFO] [stdout] Couldn't compile the test.
[INFO] [stdout] ---- src/lib.rs - Face<'a>::outline_glyph (line 2053) stdout ----
[INFO] [stdout] error[E0432]: unresolved import `ttf_parser`
[INFO] [stdout]     --> src/lib.rs:2055:5
[INFO] [stdout]      |
[INFO] [stdout] 2055 | use ttf_parser;
[INFO] [stdout]      |     ^^^^^^^^^^ no external crate `ttf_parser`
[INFO] [stdout] 
[INFO] [stdout] error: aborting due to 1 previous error
[INFO] [stdout] 
[INFO] [stdout] For more information about this error, try `rustc --explain E0432`.
[INFO] [stdout] Couldn't compile the test.
[INFO] [stdout] ---- src/lib.rs - Tag::from_bytes (line 235) stdout ----
[INFO] [stdout] error[E0433]: cannot find module or crate `ttf_parser` in this scope
[INFO] [stdout]    --> src/lib.rs:236:16
[INFO] [stdout]     |
[INFO] [stdout] 236 | println!("{}", ttf_parser::Tag::from_bytes(b"name"));
[INFO] [stdout]     |                ^^^^^^^^^^ use of unresolved module or unlinked crate `ttf_parser`
[INFO] [stdout]     |
[INFO] [stdout]     = help: if you wanted to use a crate named `ttf_parser`, use `cargo add ttf_parser` to add it to your `Cargo.toml`
[INFO] [stdout] 
[INFO] [stdout] error: aborting due to 1 previous error
[INFO] [stdout] 
[INFO] [stdout] For more information about this error, try `rustc --explain E0433`.
[INFO] [stdout] Couldn't compile the test.
[INFO] [stdout] 
[INFO] [stdout] failures:
[INFO] [stdout]     src/lib.rs - Face<'a>::outline_glyph (line 2053)
[INFO] [stdout]     src/lib.rs - Tag::from_bytes (line 235)
[INFO] [stdout]     src/lib.rs - Variation (line 212)
[INFO] [stdout] 
[INFO] [stdout] test result: FAILED. 0 passed; 3 failed; 0 ignored; 0 measured; 0 filtered out; finished in 0.04s
[INFO] [stdout] 
[INFO] [stdout] all doctests ran in 0.07s; merged doctests compilation took 0.04s
[INFO] [stderr] error: doctest failed, to rerun pass `--doc`
[INFO] running `Command { std: "docker" "inspect" "1ad30faca0757fc195009b388f8afd26f0d2951cbaf3b80f6696f67f7851b283", kill_on_drop: false }`
[INFO] running `Command { std: "docker" "rm" "-f" "1ad30faca0757fc195009b388f8afd26f0d2951cbaf3b80f6696f67f7851b283", kill_on_drop: false }`
[INFO] [stdout] 1ad30faca0757fc195009b388f8afd26f0d2951cbaf3b80f6696f67f7851b283
