[INFO] fetching crate xark-aes 0.2.1...
[INFO] testing xark-aes-0.2.1 against 1.99.0-beta.8 for beta-1.100-2
[INFO] extracting crate xark-aes 0.2.1 into /workspace/builds/worker-1-tc1/source
[INFO] started tweaking crates.io crate xark-aes 0.2.1
[INFO] removed 0 missing tests
[INFO] finished tweaking crates.io crate xark-aes 0.2.1
[INFO] tweaked toml for crates.io crate xark-aes 0.2.1 written to /workspace/builds/worker-1-tc1/source/Cargo.toml
[INFO] validating manifest of crates.io crate xark-aes 0.2.1 on toolchain 1.99.0-beta.8
[INFO] running `Command { std: CARGO_HOME="/workspace/cargo-home" RUSTUP_HOME="/workspace/rustup-home" "/workspace/cargo-home/bin/cargo" "+1.99.0-beta.8" "metadata" "--manifest-path" "Cargo.toml" "--no-deps", kill_on_drop: false }`
[INFO] crate crates.io crate xark-aes 0.2.1 already has a lockfile, it will not be regenerated
[INFO] running `Command { std: CARGO_HOME="/workspace/cargo-home" RUSTUP_HOME="/workspace/rustup-home" "/workspace/cargo-home/bin/cargo" "+1.99.0-beta.8" "fetch" "--manifest-path" "Cargo.toml", kill_on_drop: false }`
[INFO] [stderr]     Updating crates.io index
[INFO] [stderr]  Downloading crates ...
[INFO] [stderr]   Downloaded wincode-derive v0.4.6
[INFO] [stderr]   Downloaded xark-test-harness v0.2.1
[INFO] [stderr]   Downloaded xark-macros v0.2.1
[INFO] [stderr]   Downloaded wincode v0.5.5
[INFO] [stderr]   Downloaded ark-bn254 v0.6.0
[INFO] [stderr]   Downloaded xark v0.2.1
[INFO] [stderr]   Downloaded xark-ir v0.2.1
[INFO] [stderr]   Downloaded ark-poly v0.6.0
[INFO] [stderr]   Downloaded ark-ec v0.6.0
[INFO] running `Command { std: "docker" "create" "-v" "/var/lib/crater-agent-workspace/builds/worker-1-tc1/source:/opt/rustwide/workdir:ro,Z" "-v" "/var/lib/crater-agent-workspace/builds/worker-1-tc1/target:/opt/rustwide/target:rw,Z" "-v" "/var/lib/crater-agent-workspace/cargo-home:/opt/rustwide/cargo-home:ro,Z" "-v" "/var/lib/crater-agent-workspace/rustup-home:/opt/rustwide/rustup-home:ro,Z" "-m" "1610612736" "--network" "none" "ghcr.io/rust-lang/crates-build-env/linux@sha256:3111399a4047eeb3a02b7a90e478d715f38a8c6669b5c4b49d30a17385265909" "sleep" "infinity", kill_on_drop: false }`
[INFO] [stdout] 018651a50d8ade1c76f4faff13041f2b502e69f93d1775b9131e152d1630de4a
[INFO] running `Command { std: "docker" "start" "018651a50d8ade1c76f4faff13041f2b502e69f93d1775b9131e152d1630de4a", kill_on_drop: false }`
[INFO] running `Command { std: "docker" "inspect" "018651a50d8ade1c76f4faff13041f2b502e69f93d1775b9131e152d1630de4a", kill_on_drop: false }`
[INFO] running `Command { std: "docker" "exec" "-e" "SOURCE_DIR=/opt/rustwide/workdir" "-e" "CARGO_HOME=/opt/rustwide/cargo-home" "-e" "RUSTUP_HOME=/opt/rustwide/rustup-home" "-e" "CARGO_TARGET_DIR=/opt/rustwide/target" "-w" "/opt/rustwide/workdir" "--user" "0:0" "018651a50d8ade1c76f4faff13041f2b502e69f93d1775b9131e152d1630de4a" "/opt/rustwide/cargo-home/bin/cargo" "+1.99.0-beta.8" "metadata" "--no-deps" "--format-version=1", kill_on_drop: false }`
[INFO] running `Command { std: "docker" "inspect" "018651a50d8ade1c76f4faff13041f2b502e69f93d1775b9131e152d1630de4a", kill_on_drop: false }`
[INFO] running `Command { std: "docker" "exec" "-e" "SOURCE_DIR=/opt/rustwide/workdir" "-e" "CARGO_HOME=/opt/rustwide/cargo-home" "-e" "RUSTUP_HOME=/opt/rustwide/rustup-home" "-e" "CARGO_TARGET_DIR=/opt/rustwide/target" "-e" "CARGO_INCREMENTAL=0" "-e" "RUST_BACKTRACE=full" "-e" "RUSTFLAGS=--cap-lints=warn" "-e" "RUSTDOCFLAGS=--cap-lints=warn" "-w" "/opt/rustwide/workdir" "--user" "0:0" "018651a50d8ade1c76f4faff13041f2b502e69f93d1775b9131e152d1630de4a" "/opt/rustwide/cargo-home/bin/cargo" "+1.99.0-beta.8" "build" "--frozen" "--message-format=json", kill_on_drop: false }`
[INFO] [stderr]    Compiling syn v2.0.118
[INFO] [stderr]    Compiling num-traits v0.2.19
[INFO] [stderr]    Compiling generic-array v0.14.9
[INFO] [stderr]    Compiling typenum v1.20.1
[INFO] [stderr]    Compiling ahash v0.8.12
[INFO] [stderr]    Compiling zeroize v1.9.0
[INFO] [stderr]    Compiling once_cell v1.21.4
[INFO] [stderr]    Compiling either v1.16.0
[INFO] [stderr]    Compiling hashbrown v0.17.1
[INFO] [stderr]    Compiling ppv-lite86 v0.2.21
[INFO] [stderr]    Compiling itertools v0.14.0
[INFO] [stderr]    Compiling rand_chacha v0.3.1
[INFO] [stderr]    Compiling rand v0.8.6
[INFO] [stderr]    Compiling num-integer v0.1.46
[INFO] [stderr]    Compiling ark-std v0.6.0
[INFO] [stderr]    Compiling num-bigint v0.4.8
[INFO] [stderr]    Compiling crypto-common v0.1.6
[INFO] [stderr]    Compiling digest v0.10.7
[INFO] [stderr]    Compiling enum-ordinalize-derive v4.4.1
[INFO] [stderr]    Compiling ark-serialize-derive v0.6.0
[INFO] [stderr]    Compiling ark-ff-macros v0.6.0
[INFO] [stderr]    Compiling ark-ff-asm v0.6.0
[INFO] [stderr]    Compiling xark-macros v0.2.1
[INFO] [stderr]    Compiling ark-serialize v0.6.0
[INFO] [stderr]    Compiling enum-ordinalize v4.4.1
[INFO] [stderr]    Compiling educe v0.6.0
[INFO] [stderr]    Compiling ark-ff v0.6.0
[INFO] [stderr]    Compiling ark-poly v0.6.0
[INFO] [stderr]    Compiling ark-ec v0.6.0
[INFO] [stderr]    Compiling ark-bn254 v0.6.0
[INFO] [stderr]    Compiling xark v0.2.1
[INFO] [stderr]    Compiling xark-aes v0.2.1 (/opt/rustwide/workdir)
[INFO] [stderr]     Finished `dev` profile [unoptimized + debuginfo] target(s) in 18.27s
[INFO] running `Command { std: "docker" "inspect" "018651a50d8ade1c76f4faff13041f2b502e69f93d1775b9131e152d1630de4a", kill_on_drop: false }`
[INFO] running `Command { std: "docker" "exec" "-e" "SOURCE_DIR=/opt/rustwide/workdir" "-e" "CARGO_HOME=/opt/rustwide/cargo-home" "-e" "RUSTUP_HOME=/opt/rustwide/rustup-home" "-e" "CARGO_TARGET_DIR=/opt/rustwide/target" "-e" "CARGO_INCREMENTAL=0" "-e" "RUST_BACKTRACE=full" "-e" "RUSTFLAGS=--cap-lints=warn" "-e" "RUSTDOCFLAGS=--cap-lints=warn" "-w" "/opt/rustwide/workdir" "--user" "0:0" "018651a50d8ade1c76f4faff13041f2b502e69f93d1775b9131e152d1630de4a" "/opt/rustwide/cargo-home/bin/cargo" "+1.99.0-beta.8" "test" "--frozen" "--no-run" "--message-format=json", kill_on_drop: false }`
[INFO] [stderr]    Compiling syn v2.0.118
[INFO] [stderr]    Compiling num-traits v0.2.19
[INFO] [stderr]    Compiling thiserror v2.0.18
[INFO] [stderr]    Compiling wincode v0.5.5
[INFO] [stderr]    Compiling pastey v0.2.3
[INFO] [stderr]    Compiling num-integer v0.1.46
[INFO] [stderr]    Compiling universal-hash v0.5.1
[INFO] [stderr]    Compiling rayon v1.12.0
[INFO] [stderr]    Compiling polyval v0.6.2
[INFO] [stderr]    Compiling ghash v0.5.1
[INFO] [stderr]    Compiling num-bigint v0.4.8
[INFO] [stderr]    Compiling ark-std v0.6.0
[INFO] [stderr]    Compiling darling_core v0.23.0
[INFO] [stderr]    Compiling enum-ordinalize-derive v4.4.1
[INFO] [stderr]    Compiling ark-serialize-derive v0.6.0
[INFO] [stderr]    Compiling ark-ff-asm v0.6.0
[INFO] [stderr]    Compiling ark-ff-macros v0.6.0
[INFO] [stderr]    Compiling thiserror-impl v2.0.18
[INFO] [stderr]    Compiling serde_derive v1.0.228
[INFO] [stderr]    Compiling xark-macros v0.2.1
[INFO] [stderr]    Compiling ark-serialize v0.6.0
[INFO] [stderr]    Compiling enum-ordinalize v4.4.1
[INFO] [stderr]    Compiling educe v0.6.0
[INFO] [stderr]    Compiling darling_macro v0.23.0
[INFO] [stderr]    Compiling darling v0.23.0
[INFO] [stderr]    Compiling wincode-derive v0.4.6
[INFO] [stderr]    Compiling ark-ff v0.6.0
[INFO] [stderr]    Compiling serde v1.0.228
[INFO] [stderr]    Compiling ark-poly v0.6.0
[INFO] [stderr]    Compiling ark-ec v0.6.0
[INFO] [stderr]    Compiling ark-bn254 v0.6.0
[INFO] [stderr]    Compiling xark-ir v0.2.1
[INFO] [stderr]    Compiling xark v0.2.1
[INFO] [stderr]    Compiling xark-aes v0.2.1 (/opt/rustwide/workdir)
[INFO] [stderr]    Compiling xark-test-harness v0.2.1
[INFO] [stderr]     Finished `test` profile [unoptimized + debuginfo] target(s) in 28.13s
[INFO] running `Command { std: "docker" "inspect" "018651a50d8ade1c76f4faff13041f2b502e69f93d1775b9131e152d1630de4a", kill_on_drop: false }`
[INFO] running `Command { std: "docker" "exec" "-e" "SOURCE_DIR=/opt/rustwide/workdir" "-e" "CARGO_HOME=/opt/rustwide/cargo-home" "-e" "RUSTUP_HOME=/opt/rustwide/rustup-home" "-e" "CARGO_TARGET_DIR=/opt/rustwide/target" "-e" "CARGO_INCREMENTAL=0" "-e" "RUST_BACKTRACE=full" "-e" "RUSTFLAGS=--cap-lints=warn" "-e" "RUSTDOCFLAGS=--cap-lints=warn" "-w" "/opt/rustwide/workdir" "--user" "0:0" "018651a50d8ade1c76f4faff13041f2b502e69f93d1775b9131e152d1630de4a" "/opt/rustwide/cargo-home/bin/cargo" "+1.99.0-beta.8" "test" "--frozen", kill_on_drop: false }`
[INFO] [stderr]     Finished `test` profile [unoptimized + debuginfo] target(s) in 0.13s
[INFO] [stderr]      Running unittests src/lib.rs (/opt/rustwide/target/debug/deps/xark_aes-929ab2b71bd810ac)
[INFO] [stdout] 
[INFO] [stdout] running 0 tests
[INFO] [stdout] 
[INFO] [stdout] test result: ok. 0 passed; 0 failed; 0 ignored; 0 measured; 0 filtered out; finished in 0.00s
[INFO] [stdout] 
[INFO] [stderr]      Running tests/vec.rs (/opt/rustwide/target/debug/deps/vec-7f1214f7cb2fde86)
[INFO] [stdout] 
[INFO] [stdout] running 6 tests
[INFO] [stdout] test aes128_matches_fips_kat ... FAILED
[INFO] [stdout] test aes256_matches_fips_kat ... FAILED
[INFO] [stdout] test sbox_matches_fips_table ... FAILED
[INFO] [stdout] test gf_mul_matches_known_products ... FAILED
[INFO] [stdout] test key_schedule_matches_fips ... FAILED
[INFO] [stdout] test gf128_mul_matches_ghash ... FAILED
[INFO] [stdout] 
[INFO] [stdout] failures:
[INFO] [stdout] 
[INFO] [stdout] ---- aes128_matches_fips_kat stdout ----
[INFO] [stdout] 
[INFO] [stdout] thread 'aes128_matches_fips_kat' (1328) panicked at /opt/rustwide/cargo-home/registry/src/index.crates.io-1949cf8c6b5b557f/xark-test-harness-0.2.1/src/lib.rs:175:14:
[INFO] [stdout] run cargo build (compiler): Os { code: 2, kind: NotFound, message: "No such file or directory" }
[INFO] [stdout] stack backtrace:
[INFO] [stdout]    0:     0x650ffd09a1a1 - std[70759c8f55707aa4]::backtrace_rs::backtrace::libunwind::trace
[INFO] [stdout]                                at /rustc/dfb0accb7f508ae8be965d8629557221c889dd98/library/std/src/../../backtrace/src/backtrace/libunwind.rs:117:9
[INFO] [stdout]    1:     0x650ffd09a1a1 - std[70759c8f55707aa4]::backtrace_rs::backtrace::trace_unsynchronized::<std[70759c8f55707aa4]::sys::backtrace::_print_fmt::{closure#1}>
[INFO] [stdout]                                at /rustc/dfb0accb7f508ae8be965d8629557221c889dd98/library/std/src/../../backtrace/src/backtrace/mod.rs:66:14
[INFO] [stdout]    2:     0x650ffd09a1a1 - std[70759c8f55707aa4]::sys::backtrace::_print_fmt
[INFO] [stdout]                                at /rustc/dfb0accb7f508ae8be965d8629557221c889dd98/library/std/src/sys/backtrace.rs:74:9
[INFO] [stdout]    3:     0x650ffd09a1a1 - <<std[70759c8f55707aa4]::sys::backtrace::BacktraceLock>::print::DisplayBacktrace as core[df12db4294e9bfd3]::fmt::Display>::fmt
[INFO] [stdout]                                at /rustc/dfb0accb7f508ae8be965d8629557221c889dd98/library/std/src/sys/backtrace.rs:44:26
[INFO] [stdout]    4:     0x650ffd0af1da - <core[df12db4294e9bfd3]::fmt::rt::Argument>::fmt
[INFO] [stdout]                                at /rustc/dfb0accb7f508ae8be965d8629557221c889dd98/library/core/src/fmt/rt.rs:152:76
[INFO] [stdout]    5:     0x650ffd0af1da - core[df12db4294e9bfd3]::fmt::write
[INFO] [stdout]    6:     0x650ffd09e97c - core[df12db4294e9bfd3]::io::write::default_write_fmt::<alloc[2182bb758b4b3781]::vec::Vec<u8>>
[INFO] [stdout]                                at /rustc/dfb0accb7f508ae8be965d8629557221c889dd98/library/core/src/io/write.rs:402:11
[INFO] [stdout]    7:     0x650ffd09e97c - <alloc[2182bb758b4b3781]::vec::Vec<u8> as core[df12db4294e9bfd3]::io::write::Write>::write_fmt
[INFO] [stdout]                                at /rustc/dfb0accb7f508ae8be965d8629557221c889dd98/library/core/src/io/write.rs:335:13
[INFO] [stdout]    8:     0x650ffd074816 - <std[70759c8f55707aa4]::sys::backtrace::BacktraceLock>::print
[INFO] [stdout]                                at /rustc/dfb0accb7f508ae8be965d8629557221c889dd98/library/std/src/sys/backtrace.rs:47:9
[INFO] [stdout]    9:     0x650ffd074816 - std[70759c8f55707aa4]::panicking::default_hook::{closure#0}
[INFO] [stdout]                                at /rustc/dfb0accb7f508ae8be965d8629557221c889dd98/library/std/src/panicking.rs:292:27
[INFO] [stdout]   10:     0x650ffd0918a9 - std[70759c8f55707aa4]::panicking::default_hook
[INFO] [stdout]                                at /rustc/dfb0accb7f508ae8be965d8629557221c889dd98/library/std/src/panicking.rs:316:9
[INFO] [stdout]   11:     0x650ffce905c0 - <alloc[2182bb758b4b3781]::boxed::Box<dyn for<'a, 'b> core[df12db4294e9bfd3]::ops::function::Fn<(&'a std[70759c8f55707aa4]::panic::PanicHookInfo<'b>,), Output = ()> + core[df12db4294e9bfd3]::marker::Send + core[df12db4294e9bfd3]::marker::Sync> as core[df12db4294e9bfd3]::ops::function::Fn<(&std[70759c8f55707aa4]::panic::PanicHookInfo,)>>::call
[INFO] [stdout]                                at /rustc/dfb0accb7f508ae8be965d8629557221c889dd98/library/alloc/src/boxed.rs:2334:9
[INFO] [stdout]   12:     0x650ffce905c0 - test[9d35eded1c95d3be]::test_main_inner::<test[9d35eded1c95d3be]::test_main_static::{closure#0}>::{closure#0}
[INFO] [stdout]                                at /rustc/dfb0accb7f508ae8be965d8629557221c889dd98/library/test/src/lib.rs:155:21
[INFO] [stdout]   13:     0x650ffd091bd2 - <alloc[2182bb758b4b3781]::boxed::Box<dyn for<'a, 'b> core[df12db4294e9bfd3]::ops::function::Fn<(&'a std[70759c8f55707aa4]::panic::PanicHookInfo<'b>,), Output = ()> + core[df12db4294e9bfd3]::marker::Send + core[df12db4294e9bfd3]::marker::Sync> as core[df12db4294e9bfd3]::ops::function::Fn<(&std[70759c8f55707aa4]::panic::PanicHookInfo,)>>::call
[INFO] [stdout]                                at /rustc/dfb0accb7f508ae8be965d8629557221c889dd98/library/alloc/src/boxed.rs:2334:9
[INFO] [stdout]   14:     0x650ffd091bd2 - std[70759c8f55707aa4]::panicking::panic_with_hook
[INFO] [stdout]                                at /rustc/dfb0accb7f508ae8be965d8629557221c889dd98/library/std/src/panicking.rs:823:13
[INFO] [stdout]   15:     0x650ffd0748c2 - std[70759c8f55707aa4]::panicking::panic_handler::{closure#0}
[INFO] [stdout]                                at /rustc/dfb0accb7f508ae8be965d8629557221c889dd98/library/std/src/panicking.rs:688:13
[INFO] [stdout]   16:     0x650ffd06d369 - std[70759c8f55707aa4]::sys::backtrace::__rust_end_short_backtrace::<std[70759c8f55707aa4]::panicking::panic_handler::{closure#0}, !>
[INFO] [stdout]                                at /rustc/dfb0accb7f508ae8be965d8629557221c889dd98/library/std/src/sys/backtrace.rs:182:18
[INFO] [stdout]   17:     0x650ffd0754bd - __rustc[8fa7c3cbc660c2b3]::rust_begin_unwind
[INFO] [stdout]                                at /rustc/dfb0accb7f508ae8be965d8629557221c889dd98/library/std/src/panicking.rs:679:5
[INFO] [stdout]   18:     0x650ffd0af9cc - core[df12db4294e9bfd3]::panicking::panic_fmt
[INFO] [stdout]                                at /rustc/dfb0accb7f508ae8be965d8629557221c889dd98/library/core/src/panicking.rs:80:14
[INFO] [stdout]   19:     0x650ffd0af722 - core[df12db4294e9bfd3]::result::unwrap_failed
[INFO] [stdout]                                at /rustc/dfb0accb7f508ae8be965d8629557221c889dd98/library/core/src/result.rs:1871:5
[INFO] [stdout]   20:     0x650ffce74b0e - <core[df12db4294e9bfd3]::result::Result<std[70759c8f55707aa4]::process::ExitStatus, core[df12db4294e9bfd3]::io::error::Error>>::expect
[INFO] [stdout]                                at /rustc/dfb0accb7f508ae8be965d8629557221c889dd98/library/core/src/result.rs:1184:23
[INFO] [stdout]   21:     0x650ffce5d007 - xark_test_harness[9dd41a4a3d0636bd]::built::{closure#0}
[INFO] [stdout]                                at /opt/rustwide/cargo-home/registry/src/index.crates.io-1949cf8c6b5b557f/xark-test-harness-0.2.1/src/lib.rs:175:14
[INFO] [stdout]   22:     0x650ffce7b2a7 - <std[70759c8f55707aa4]::sync::once_lock::OnceLock<(std[70759c8f55707aa4]::path::PathBuf, std[70759c8f55707aa4]::path::PathBuf)>>::get_or_init::<xark_test_harness[9dd41a4a3d0636bd]::built::{closure#0}>::{closure#0}
[INFO] [stdout]                                at /rustc/dfb0accb7f508ae8be965d8629557221c889dd98/library/std/src/sync/once_lock.rs:350:50
[INFO] [stdout]   23:     0x650ffce7b203 - <std[70759c8f55707aa4]::sync::once_lock::OnceLock<(std[70759c8f55707aa4]::path::PathBuf, std[70759c8f55707aa4]::path::PathBuf)>>::initialize::<<std[70759c8f55707aa4]::sync::once_lock::OnceLock<(std[70759c8f55707aa4]::path::PathBuf, std[70759c8f55707aa4]::path::PathBuf)>>::get_or_init<xark_test_harness[9dd41a4a3d0636bd]::built::{closure#0}>::{closure#0}, !>::{closure#0}
[INFO] [stdout]                                at /rustc/dfb0accb7f508ae8be965d8629557221c889dd98/library/std/src/sync/once_lock.rs:572:19
[INFO] [stdout]   24:     0x650ffce74532 - <std[70759c8f55707aa4]::sync::once::Once>::call_once_force::<<std[70759c8f55707aa4]::sync::once_lock::OnceLock<(std[70759c8f55707aa4]::path::PathBuf, std[70759c8f55707aa4]::path::PathBuf)>>::initialize<<std[70759c8f55707aa4]::sync::once_lock::OnceLock<(std[70759c8f55707aa4]::path::PathBuf, std[70759c8f55707aa4]::path::PathBuf)>>::get_or_init<xark_test_harness[9dd41a4a3d0636bd]::built::{closure#0}>::{closure#0}, !>::{closure#0}>::{closure#0}
[INFO] [stdout]                                at /rustc/dfb0accb7f508ae8be965d8629557221c889dd98/library/std/src/sync/once.rs:226:40
[INFO] [stdout]   25:     0x650ffd07a4e9 - <std[70759c8f55707aa4]::sys::sync::once::futex::Once>::call
[INFO] [stdout]                                at /rustc/dfb0accb7f508ae8be965d8629557221c889dd98/library/std/src/sys/sync/once/futex.rs:183:21
[INFO] [stdout]   26:     0x650ffce739da - <std[70759c8f55707aa4]::sync::once::Once>::call_once_force::<<std[70759c8f55707aa4]::sync::once_lock::OnceLock<(std[70759c8f55707aa4]::path::PathBuf, std[70759c8f55707aa4]::path::PathBuf)>>::initialize<<std[70759c8f55707aa4]::sync::once_lock::OnceLock<(std[70759c8f55707aa4]::path::PathBuf, std[70759c8f55707aa4]::path::PathBuf)>>::get_or_init<xark_test_harness[9dd41a4a3d0636bd]::built::{closure#0}>::{closure#0}, !>::{closure#0}>
[INFO] [stdout]                                at /rustc/dfb0accb7f508ae8be965d8629557221c889dd98/library/std/src/sync/once.rs:226:20
[INFO] [stdout]   27:     0x650ffce7ad77 - <std[70759c8f55707aa4]::sync::once_lock::OnceLock<(std[70759c8f55707aa4]::path::PathBuf, std[70759c8f55707aa4]::path::PathBuf)>>::initialize::<<std[70759c8f55707aa4]::sync::once_lock::OnceLock<(std[70759c8f55707aa4]::path::PathBuf, std[70759c8f55707aa4]::path::PathBuf)>>::get_or_init<xark_test_harness[9dd41a4a3d0636bd]::built::{closure#0}>::{closure#0}, !>
[INFO] [stdout]                                at /rustc/dfb0accb7f508ae8be965d8629557221c889dd98/library/std/src/sync/once_lock.rs:571:19
[INFO] [stdout]   28:     0x650ffce7adee - <std[70759c8f55707aa4]::sync::once_lock::OnceLock<(std[70759c8f55707aa4]::path::PathBuf, std[70759c8f55707aa4]::path::PathBuf)>>::get_or_try_init::<<std[70759c8f55707aa4]::sync::once_lock::OnceLock<(std[70759c8f55707aa4]::path::PathBuf, std[70759c8f55707aa4]::path::PathBuf)>>::get_or_init<xark_test_harness[9dd41a4a3d0636bd]::built::{closure#0}>::{closure#0}, !>
[INFO] [stdout]                                at /rustc/dfb0accb7f508ae8be965d8629557221c889dd98/library/std/src/sync/once_lock.rs:439:14
[INFO] [stdout]   29:     0x650ffce7ad8e - <std[70759c8f55707aa4]::sync::once_lock::OnceLock<(std[70759c8f55707aa4]::path::PathBuf, std[70759c8f55707aa4]::path::PathBuf)>>::get_or_init::<xark_test_harness[9dd41a4a3d0636bd]::built::{closure#0}>
[INFO] [stdout]                                at /rustc/dfb0accb7f508ae8be965d8629557221c889dd98/library/std/src/sync/once_lock.rs:350:20
[INFO] [stdout]   30:     0x650ffce5eefe - xark_test_harness[9dd41a4a3d0636bd]::built
[INFO] [stdout]                                at /opt/rustwide/cargo-home/registry/src/index.crates.io-1949cf8c6b5b557f/xark-test-harness-0.2.1/src/lib.rs:158:11
[INFO] [stdout]   31:     0x650ffce5df2e - xark_test_harness[9dd41a4a3d0636bd]::compile_file
[INFO] [stdout]                                at /opt/rustwide/cargo-home/registry/src/index.crates.io-1949cf8c6b5b557f/xark-test-harness-0.2.1/src/lib.rs:277:23
[INFO] [stdout]   32:     0x650ffce5ea5f - xark_test_harness[9dd41a4a3d0636bd]::compile_source
[INFO] [stdout]                                at /opt/rustwide/cargo-home/registry/src/index.crates.io-1949cf8c6b5b557f/xark-test-harness-0.2.1/src/lib.rs:325:5
[INFO] [stdout]   33:     0x650ffce5469f - vec[87b65510d4917c52]::compile
[INFO] [stdout]                                at /opt/rustwide/workdir/tests/vec.rs:22:13
[INFO] [stdout]   34:     0x650ffce54d00 - vec[87b65510d4917c52]::aes128_matches_fips_kat
[INFO] [stdout]                                at /opt/rustwide/workdir/tests/vec.rs:381:13
[INFO] [stdout]   35:     0x650ffce54037 - vec[87b65510d4917c52]::aes128_matches_fips_kat::{closure#0}
[INFO] [stdout]                                at /opt/rustwide/workdir/tests/vec.rs:351:29
[INFO] [stdout]   36:     0x650ffce5ba46 - <vec[87b65510d4917c52]::aes128_matches_fips_kat::{closure#0} as core[df12db4294e9bfd3]::ops::function::FnOnce<()>>::call_once
[INFO] [stdout]                                at /rustc/dfb0accb7f508ae8be965d8629557221c889dd98/library/core/src/ops/function.rs:250:5
[INFO] [stdout]   37:     0x650ffce838ab - <fn() -> core[df12db4294e9bfd3]::result::Result<(), alloc[2182bb758b4b3781]::string::String> as core[df12db4294e9bfd3]::ops::function::FnOnce<()>>::call_once
[INFO] [stdout]                                at /rustc/dfb0accb7f508ae8be965d8629557221c889dd98/library/core/src/ops/function.rs:250:5
[INFO] [stdout]   38:     0x650ffce838ab - test[9d35eded1c95d3be]::__rust_begin_short_backtrace::<core[df12db4294e9bfd3]::result::Result<(), alloc[2182bb758b4b3781]::string::String>, fn() -> core[df12db4294e9bfd3]::result::Result<(), alloc[2182bb758b4b3781]::string::String>>
[INFO] [stdout]                                at /rustc/dfb0accb7f508ae8be965d8629557221c889dd98/library/test/src/lib.rs:733:18
[INFO] [stdout]   39:     0x650ffce90f15 - test[9d35eded1c95d3be]::run_test_in_process::{closure#0}
[INFO] [stdout]                                at /rustc/dfb0accb7f508ae8be965d8629557221c889dd98/library/test/src/lib.rs:756:74
[INFO] [stdout]   40:     0x650ffce90f15 - <core[df12db4294e9bfd3]::panic::unwind_safe::AssertUnwindSafe<test[9d35eded1c95d3be]::run_test_in_process::{closure#0}> as core[df12db4294e9bfd3]::ops::function::FnOnce<()>>::call_once
[INFO] [stdout]                                at /rustc/dfb0accb7f508ae8be965d8629557221c889dd98/library/core/src/panic/unwind_safe.rs:275:9
[INFO] [stdout]   41:     0x650ffce90f15 - std[70759c8f55707aa4]::panicking::catch_unwind::do_call::<core[df12db4294e9bfd3]::panic::unwind_safe::AssertUnwindSafe<test[9d35eded1c95d3be]::run_test_in_process::{closure#0}>, core[df12db4294e9bfd3]::result::Result<(), alloc[2182bb758b4b3781]::string::String>>
[INFO] [stdout]                                at /rustc/dfb0accb7f508ae8be965d8629557221c889dd98/library/std/src/panicking.rs:576:43
[INFO] [stdout]   42:     0x650ffce90f15 - std[70759c8f55707aa4]::panicking::catch_unwind::<core[df12db4294e9bfd3]::result::Result<(), alloc[2182bb758b4b3781]::string::String>, core[df12db4294e9bfd3]::panic::unwind_safe::AssertUnwindSafe<test[9d35eded1c95d3be]::run_test_in_process::{closure#0}>>
[INFO] [stdout]                                at /rustc/dfb0accb7f508ae8be965d8629557221c889dd98/library/std/src/panicking.rs:544:19
[INFO] [stdout]   43:     0x650ffce90f15 - std[70759c8f55707aa4]::panic::catch_unwind::<core[df12db4294e9bfd3]::panic::unwind_safe::AssertUnwindSafe<test[9d35eded1c95d3be]::run_test_in_process::{closure#0}>, core[df12db4294e9bfd3]::result::Result<(), alloc[2182bb758b4b3781]::string::String>>
[INFO] [stdout]                                at /rustc/dfb0accb7f508ae8be965d8629557221c889dd98/library/std/src/panic.rs:359:14
[INFO] [stdout]   44:     0x650ffce90f15 - test[9d35eded1c95d3be]::run_test_in_process
[INFO] [stdout]                                at /rustc/dfb0accb7f508ae8be965d8629557221c889dd98/library/test/src/lib.rs:756:27
[INFO] [stdout]   45:     0x650ffce90f15 - test[9d35eded1c95d3be]::run_test::{closure#0}
[INFO] [stdout]                                at /rustc/dfb0accb7f508ae8be965d8629557221c889dd98/library/test/src/lib.rs:677:43
[INFO] [stdout]   46:     0x650ffce8a7d4 - test[9d35eded1c95d3be]::run_test::{closure#1}
[INFO] [stdout]                                at /rustc/dfb0accb7f508ae8be965d8629557221c889dd98/library/test/src/lib.rs:707:41
[INFO] [stdout]   47:     0x650ffce8a7d4 - std[70759c8f55707aa4]::sys::backtrace::__rust_begin_short_backtrace::<test[9d35eded1c95d3be]::run_test::{closure#1}, ()>
[INFO] [stdout]                                at /rustc/dfb0accb7f508ae8be965d8629557221c889dd98/library/std/src/sys/backtrace.rs:166:18
[INFO] [stdout]   48:     0x650ffce94072 - std[70759c8f55707aa4]::thread::lifecycle::spawn_unchecked::<test[9d35eded1c95d3be]::run_test::{closure#1}, ()>::{closure#1}::{closure#0}
[INFO] [stdout]                                at /rustc/dfb0accb7f508ae8be965d8629557221c889dd98/library/std/src/thread/lifecycle.rs:70:13
[INFO] [stdout]   49:     0x650ffce94072 - <core[df12db4294e9bfd3]::panic::unwind_safe::AssertUnwindSafe<std[70759c8f55707aa4]::thread::lifecycle::spawn_unchecked<test[9d35eded1c95d3be]::run_test::{closure#1}, ()>::{closure#1}::{closure#0}> as core[df12db4294e9bfd3]::ops::function::FnOnce<()>>::call_once
[INFO] [stdout]                                at /rustc/dfb0accb7f508ae8be965d8629557221c889dd98/library/core/src/panic/unwind_safe.rs:275:9
[INFO] [stdout]   50:     0x650ffce94072 - std[70759c8f55707aa4]::panicking::catch_unwind::do_call::<core[df12db4294e9bfd3]::panic::unwind_safe::AssertUnwindSafe<std[70759c8f55707aa4]::thread::lifecycle::spawn_unchecked<test[9d35eded1c95d3be]::run_test::{closure#1}, ()>::{closure#1}::{closure#0}>, ()>
[INFO] [stdout]                                at /rustc/dfb0accb7f508ae8be965d8629557221c889dd98/library/std/src/panicking.rs:576:43
[INFO] [stdout]   51:     0x650ffce94072 - std[70759c8f55707aa4]::panicking::catch_unwind::<(), core[df12db4294e9bfd3]::panic::unwind_safe::AssertUnwindSafe<std[70759c8f55707aa4]::thread::lifecycle::spawn_unchecked<test[9d35eded1c95d3be]::run_test::{closure#1}, ()>::{closure#1}::{closure#0}>>
[INFO] [stdout]                                at /rustc/dfb0accb7f508ae8be965d8629557221c889dd98/library/std/src/panicking.rs:544:19
[INFO] [stdout]   52:     0x650ffce94072 - std[70759c8f55707aa4]::panic::catch_unwind::<core[df12db4294e9bfd3]::panic::unwind_safe::AssertUnwindSafe<std[70759c8f55707aa4]::thread::lifecycle::spawn_unchecked<test[9d35eded1c95d3be]::run_test::{closure#1}, ()>::{closure#1}::{closure#0}>, ()>
[INFO] [stdout]                                at /rustc/dfb0accb7f508ae8be965d8629557221c889dd98/library/std/src/panic.rs:359:14
[INFO] [stdout]   53:     0x650ffce94072 - std[70759c8f55707aa4]::thread::lifecycle::spawn_unchecked::<test[9d35eded1c95d3be]::run_test::{closure#1}, ()>::{closure#1}
[INFO] [stdout]                                at /rustc/dfb0accb7f508ae8be965d8629557221c889dd98/library/std/src/thread/lifecycle.rs:68:26
[INFO] [stdout]   54:     0x650ffce94072 - <std[70759c8f55707aa4]::thread::lifecycle::spawn_unchecked<test[9d35eded1c95d3be]::run_test::{closure#1}, ()>::{closure#1} as core[df12db4294e9bfd3]::ops::function::FnOnce<()>>::call_once::{shim:vtable#0}
[INFO] [stdout]                                at /rustc/dfb0accb7f508ae8be965d8629557221c889dd98/library/core/src/ops/function.rs:250:5
[INFO] [stdout]   55:     0x650ffd099509 - <alloc[2182bb758b4b3781]::boxed::Box<dyn core[df12db4294e9bfd3]::ops::function::FnOnce<(), Output = ()> + core[df12db4294e9bfd3]::marker::Send> as core[df12db4294e9bfd3]::ops::function::FnOnce<()>>::call_once
[INFO] [stdout]                                at /rustc/dfb0accb7f508ae8be965d8629557221c889dd98/library/alloc/src/boxed.rs:2320:9
[INFO] [stdout]   56:     0x650ffd099509 - <std[70759c8f55707aa4]::sys::thread::unix::Thread>::new::thread_start
[INFO] [stdout]                                at /rustc/dfb0accb7f508ae8be965d8629557221c889dd98/library/std/src/sys/thread/unix.rs:123:17
[INFO] [stdout]   57:     0x7b915a873dfa - <unknown>
[INFO] [stdout]   58:     0x7b915a9073d4 - clone
[INFO] [stdout]   59:                0x0 - <unknown>
[INFO] [stdout] 
[INFO] [stdout] ---- aes256_matches_fips_kat stdout ----
[INFO] [stdout] 
[INFO] [stdout] thread 'aes256_matches_fips_kat' (1329) panicked at /opt/rustwide/cargo-home/registry/src/index.crates.io-1949cf8c6b5b557f/xark-test-harness-0.2.1/src/lib.rs:175:14:
[INFO] [stdout] run cargo build (compiler): Os { code: 2, kind: NotFound, message: "No such file or directory" }
[INFO] [stdout] stack backtrace:
[INFO] [stdout]    0:     0x650ffd09a1a1 - std[70759c8f55707aa4]::backtrace_rs::backtrace::libunwind::trace
[INFO] [stdout]                                at /rustc/dfb0accb7f508ae8be965d8629557221c889dd98/library/std/src/../../backtrace/src/backtrace/libunwind.rs:117:9
[INFO] [stdout]    1:     0x650ffd09a1a1 - std[70759c8f55707aa4]::backtrace_rs::backtrace::trace_unsynchronized::<std[70759c8f55707aa4]::sys::backtrace::_print_fmt::{closure#1}>
[INFO] [stdout]                                at /rustc/dfb0accb7f508ae8be965d8629557221c889dd98/library/std/src/../../backtrace/src/backtrace/mod.rs:66:14
[INFO] [stdout]    2:     0x650ffd09a1a1 - std[70759c8f55707aa4]::sys::backtrace::_print_fmt
[INFO] [stdout]                                at /rustc/dfb0accb7f508ae8be965d8629557221c889dd98/library/std/src/sys/backtrace.rs:74:9
[INFO] [stdout]    3:     0x650ffd09a1a1 - <<std[70759c8f55707aa4]::sys::backtrace::BacktraceLock>::print::DisplayBacktrace as core[df12db4294e9bfd3]::fmt::Display>::fmt
[INFO] [stdout]                                at /rustc/dfb0accb7f508ae8be965d8629557221c889dd98/library/std/src/sys/backtrace.rs:44:26
[INFO] [stdout]    4:     0x650ffd0af1da - <core[df12db4294e9bfd3]::fmt::rt::Argument>::fmt
[INFO] [stdout]                                at /rustc/dfb0accb7f508ae8be965d8629557221c889dd98/library/core/src/fmt/rt.rs:152:76
[INFO] [stdout]    5:     0x650ffd0af1da - core[df12db4294e9bfd3]::fmt::write
[INFO] [stdout]    6:     0x650ffd09e97c - core[df12db4294e9bfd3]::io::write::default_write_fmt::<alloc[2182bb758b4b3781]::vec::Vec<u8>>
[INFO] [stdout]                                at /rustc/dfb0accb7f508ae8be965d8629557221c889dd98/library/core/src/io/write.rs:402:11
[INFO] [stdout]    7:     0x650ffd09e97c - <alloc[2182bb758b4b3781]::vec::Vec<u8> as core[df12db4294e9bfd3]::io::write::Write>::write_fmt
[INFO] [stdout]                                at /rustc/dfb0accb7f508ae8be965d8629557221c889dd98/library/core/src/io/write.rs:335:13
[INFO] [stdout]    8:     0x650ffd074816 - <std[70759c8f55707aa4]::sys::backtrace::BacktraceLock>::print
[INFO] [stdout]                                at /rustc/dfb0accb7f508ae8be965d8629557221c889dd98/library/std/src/sys/backtrace.rs:47:9
[INFO] [stdout]    9:     0x650ffd074816 - std[70759c8f55707aa4]::panicking::default_hook::{closure#0}
[INFO] [stdout]                                at /rustc/dfb0accb7f508ae8be965d8629557221c889dd98/library/std/src/panicking.rs:292:27
[INFO] [stdout]   10:     0x650ffd0918a9 - std[70759c8f55707aa4]::panicking::default_hook
[INFO] [stdout]                                at /rustc/dfb0accb7f508ae8be965d8629557221c889dd98/library/std/src/panicking.rs:316:9
[INFO] [stdout]   11:     0x650ffce905c0 - <alloc[2182bb758b4b3781]::boxed::Box<dyn for<'a, 'b> core[df12db4294e9bfd3]::ops::function::Fn<(&'a std[70759c8f55707aa4]::panic::PanicHookInfo<'b>,), Output = ()> + core[df12db4294e9bfd3]::marker::Send + core[df12db4294e9bfd3]::marker::Sync> as core[df12db4294e9bfd3]::ops::function::Fn<(&std[70759c8f55707aa4]::panic::PanicHookInfo,)>>::call
[INFO] [stdout]                                at /rustc/dfb0accb7f508ae8be965d8629557221c889dd98/library/alloc/src/boxed.rs:2334:9
[INFO] [stdout]   12:     0x650ffce905c0 - test[9d35eded1c95d3be]::test_main_inner::<test[9d35eded1c95d3be]::test_main_static::{closure#0}>::{closure#0}
[INFO] [stdout]                                at /rustc/dfb0accb7f508ae8be965d8629557221c889dd98/library/test/src/lib.rs:155:21
[INFO] [stdout]   13:     0x650ffd091bd2 - <alloc[2182bb758b4b3781]::boxed::Box<dyn for<'a, 'b> core[df12db4294e9bfd3]::ops::function::Fn<(&'a std[70759c8f55707aa4]::panic::PanicHookInfo<'b>,), Output = ()> + core[df12db4294e9bfd3]::marker::Send + core[df12db4294e9bfd3]::marker::Sync> as core[df12db4294e9bfd3]::ops::function::Fn<(&std[70759c8f55707aa4]::panic::PanicHookInfo,)>>::call
[INFO] [stdout]                                at /rustc/dfb0accb7f508ae8be965d8629557221c889dd98/library/alloc/src/boxed.rs:2334:9
[INFO] [stdout]   14:     0x650ffd091bd2 - std[70759c8f55707aa4]::panicking::panic_with_hook
[INFO] [stdout]                                at /rustc/dfb0accb7f508ae8be965d8629557221c889dd98/library/std/src/panicking.rs:823:13
[INFO] [stdout]   15:     0x650ffd0748c2 - std[70759c8f55707aa4]::panicking::panic_handler::{closure#0}
[INFO] [stdout]                                at /rustc/dfb0accb7f508ae8be965d8629557221c889dd98/library/std/src/panicking.rs:688:13
[INFO] [stdout]   16:     0x650ffd06d369 - std[70759c8f55707aa4]::sys::backtrace::__rust_end_short_backtrace::<std[70759c8f55707aa4]::panicking::panic_handler::{closure#0}, !>
[INFO] [stdout]                                at /rustc/dfb0accb7f508ae8be965d8629557221c889dd98/library/std/src/sys/backtrace.rs:182:18
[INFO] [stdout]   17:     0x650ffd0754bd - __rustc[8fa7c3cbc660c2b3]::rust_begin_unwind
[INFO] [stdout]                                at /rustc/dfb0accb7f508ae8be965d8629557221c889dd98/library/std/src/panicking.rs:679:5
[INFO] [stdout]   18:     0x650ffd0af9cc - core[df12db4294e9bfd3]::panicking::panic_fmt
[INFO] [stdout]                                at /rustc/dfb0accb7f508ae8be965d8629557221c889dd98/library/core/src/panicking.rs:80:14
[INFO] [stdout]   19:     0x650ffd0af722 - core[df12db4294e9bfd3]::result::unwrap_failed
[INFO] [stdout]                                at /rustc/dfb0accb7f508ae8be965d8629557221c889dd98/library/core/src/result.rs:1871:5
[INFO] [stdout]   20:     0x650ffce74b0e - <core[df12db4294e9bfd3]::result::Result<std[70759c8f55707aa4]::process::ExitStatus, core[df12db4294e9bfd3]::io::error::Error>>::expect
[INFO] [stdout]                                at /rustc/dfb0accb7f508ae8be965d8629557221c889dd98/library/core/src/result.rs:1184:23
[INFO] [stdout]   21:     0x650ffce5d007 - xark_test_harness[9dd41a4a3d0636bd]::built::{closure#0}
[INFO] [stdout]                                at /opt/rustwide/cargo-home/registry/src/index.crates.io-1949cf8c6b5b557f/xark-test-harness-0.2.1/src/lib.rs:175:14
[INFO] [stdout]   22:     0x650ffce7b2a7 - <std[70759c8f55707aa4]::sync::once_lock::OnceLock<(std[70759c8f55707aa4]::path::PathBuf, std[70759c8f55707aa4]::path::PathBuf)>>::get_or_init::<xark_test_harness[9dd41a4a3d0636bd]::built::{closure#0}>::{closure#0}
[INFO] [stdout]                                at /rustc/dfb0accb7f508ae8be965d8629557221c889dd98/library/std/src/sync/once_lock.rs:350:50
[INFO] [stdout]   23:     0x650ffce7b203 - <std[70759c8f55707aa4]::sync::once_lock::OnceLock<(std[70759c8f55707aa4]::path::PathBuf, std[70759c8f55707aa4]::path::PathBuf)>>::initialize::<<std[70759c8f55707aa4]::sync::once_lock::OnceLock<(std[70759c8f55707aa4]::path::PathBuf, std[70759c8f55707aa4]::path::PathBuf)>>::get_or_init<xark_test_harness[9dd41a4a3d0636bd]::built::{closure#0}>::{closure#0}, !>::{closure#0}
[INFO] [stdout]                                at /rustc/dfb0accb7f508ae8be965d8629557221c889dd98/library/std/src/sync/once_lock.rs:572:19
[INFO] [stdout]   24:     0x650ffce74532 - <std[70759c8f55707aa4]::sync::once::Once>::call_once_force::<<std[70759c8f55707aa4]::sync::once_lock::OnceLock<(std[70759c8f55707aa4]::path::PathBuf, std[70759c8f55707aa4]::path::PathBuf)>>::initialize<<std[70759c8f55707aa4]::sync::once_lock::OnceLock<(std[70759c8f55707aa4]::path::PathBuf, std[70759c8f55707aa4]::path::PathBuf)>>::get_or_init<xark_test_harness[9dd41a4a3d0636bd]::built::{closure#0}>::{closure#0}, !>::{closure#0}>::{closure#0}
[INFO] [stdout]                                at /rustc/dfb0accb7f508ae8be965d8629557221c889dd98/library/std/src/sync/once.rs:226:40
[INFO] [stdout]   25:     0x650ffd07a4e9 - <std[70759c8f55707aa4]::sys::sync::once::futex::Once>::call
[INFO] [stdout]                                at /rustc/dfb0accb7f508ae8be965d8629557221c889dd98/library/std/src/sys/sync/once/futex.rs:183:21
[INFO] [stdout]   26:     0x650ffce739da - <std[70759c8f55707aa4]::sync::once::Once>::call_once_force::<<std[70759c8f55707aa4]::sync::once_lock::OnceLock<(std[70759c8f55707aa4]::path::PathBuf, std[70759c8f55707aa4]::path::PathBuf)>>::initialize<<std[70759c8f55707aa4]::sync::once_lock::OnceLock<(std[70759c8f55707aa4]::path::PathBuf, std[70759c8f55707aa4]::path::PathBuf)>>::get_or_init<xark_test_harness[9dd41a4a3d0636bd]::built::{closure#0}>::{closure#0}, !>::{closure#0}>
[INFO] [stdout]                                at /rustc/dfb0accb7f508ae8be965d8629557221c889dd98/library/std/src/sync/once.rs:226:20
[INFO] [stdout]   27:     0x650ffce7ad77 - <std[70759c8f55707aa4]::sync::once_lock::OnceLock<(std[70759c8f55707aa4]::path::PathBuf, std[70759c8f55707aa4]::path::PathBuf)>>::initialize::<<std[70759c8f55707aa4]::sync::once_lock::OnceLock<(std[70759c8f55707aa4]::path::PathBuf, std[70759c8f55707aa4]::path::PathBuf)>>::get_or_init<xark_test_harness[9dd41a4a3d0636bd]::built::{closure#0}>::{closure#0}, !>
[INFO] [stdout]                                at /rustc/dfb0accb7f508ae8be965d8629557221c889dd98/library/std/src/sync/once_lock.rs:571:19
[INFO] [stdout]   28:     0x650ffce7adee - <std[70759c8f55707aa4]::sync::once_lock::OnceLock<(std[70759c8f55707aa4]::path::PathBuf, std[70759c8f55707aa4]::path::PathBuf)>>::get_or_try_init::<<std[70759c8f55707aa4]::sync::once_lock::OnceLock<(std[70759c8f55707aa4]::path::PathBuf, std[70759c8f55707aa4]::path::PathBuf)>>::get_or_init<xark_test_harness[9dd41a4a3d0636bd]::built::{closure#0}>::{closure#0}, !>
[INFO] [stdout]                                at /rustc/dfb0accb7f508ae8be965d8629557221c889dd98/library/std/src/sync/once_lock.rs:439:14
[INFO] [stdout]   29:     0x650ffce7ad8e - <std[70759c8f55707aa4]::sync::once_lock::OnceLock<(std[70759c8f55707aa4]::path::PathBuf, std[70759c8f55707aa4]::path::PathBuf)>>::get_or_init::<xark_test_harness[9dd41a4a3d0636bd]::built::{closure#0}>
[INFO] [stdout]                                at /rustc/dfb0accb7f508ae8be965d8629557221c889dd98/library/std/src/sync/once_lock.rs:350:20
[INFO] [stdout]   30:     0x650ffce5eefe - xark_test_harness[9dd41a4a3d0636bd]::built
[INFO] [stdout]                                at /opt/rustwide/cargo-home/registry/src/index.crates.io-1949cf8c6b5b557f/xark-test-harness-0.2.1/src/lib.rs:158:11
[INFO] [stdout]   31:     0x650ffce5df2e - xark_test_harness[9dd41a4a3d0636bd]::compile_file
[INFO] [stdout]                                at /opt/rustwide/cargo-home/registry/src/index.crates.io-1949cf8c6b5b557f/xark-test-harness-0.2.1/src/lib.rs:277:23
[INFO] [stdout]   32:     0x650ffce5ea5f - xark_test_harness[9dd41a4a3d0636bd]::compile_source
[INFO] [stdout]                                at /opt/rustwide/cargo-home/registry/src/index.crates.io-1949cf8c6b5b557f/xark-test-harness-0.2.1/src/lib.rs:325:5
[INFO] [stdout]   33:     0x650ffce5469f - vec[87b65510d4917c52]::compile
[INFO] [stdout]                                at /opt/rustwide/workdir/tests/vec.rs:22:13
[INFO] [stdout]   34:     0x650ffce564b0 - vec[87b65510d4917c52]::aes256_matches_fips_kat
[INFO] [stdout]                                at /opt/rustwide/workdir/tests/vec.rs:204:13
[INFO] [stdout]   35:     0x650ffce54067 - vec[87b65510d4917c52]::aes256_matches_fips_kat::{closure#0}
[INFO] [stdout]                                at /opt/rustwide/workdir/tests/vec.rs:174:29
[INFO] [stdout]   36:     0x650ffce5ba66 - <vec[87b65510d4917c52]::aes256_matches_fips_kat::{closure#0} as core[df12db4294e9bfd3]::ops::function::FnOnce<()>>::call_once
[INFO] [stdout]                                at /rustc/dfb0accb7f508ae8be965d8629557221c889dd98/library/core/src/ops/function.rs:250:5
[INFO] [stdout]   37:     0x650ffce838ab - <fn() -> core[df12db4294e9bfd3]::result::Result<(), alloc[2182bb758b4b3781]::string::String> as core[df12db4294e9bfd3]::ops::function::FnOnce<()>>::call_once
[INFO] [stdout]                                at /rustc/dfb0accb7f508ae8be965d8629557221c889dd98/library/core/src/ops/function.rs:250:5
[INFO] [stdout]   38:     0x650ffce838ab - test[9d35eded1c95d3be]::__rust_begin_short_backtrace::<core[df12db4294e9bfd3]::result::Result<(), alloc[2182bb758b4b3781]::string::String>, fn() -> core[df12db4294e9bfd3]::result::Result<(), alloc[2182bb758b4b3781]::string::String>>
[INFO] [stdout]                                at /rustc/dfb0accb7f508ae8be965d8629557221c889dd98/library/test/src/lib.rs:733:18
[INFO] [stdout]   39:     0x650ffce90f15 - test[9d35eded1c95d3be]::run_test_in_process::{closure#0}
[INFO] [stdout]                                at /rustc/dfb0accb7f508ae8be965d8629557221c889dd98/library/test/src/lib.rs:756:74
[INFO] [stdout]   40:     0x650ffce90f15 - <core[df12db4294e9bfd3]::panic::unwind_safe::AssertUnwindSafe<test[9d35eded1c95d3be]::run_test_in_process::{closure#0}> as core[df12db4294e9bfd3]::ops::function::FnOnce<()>>::call_once
[INFO] [stdout]                                at /rustc/dfb0accb7f508ae8be965d8629557221c889dd98/library/core/src/panic/unwind_safe.rs:275:9
[INFO] [stdout]   41:     0x650ffce90f15 - std[70759c8f55707aa4]::panicking::catch_unwind::do_call::<core[df12db4294e9bfd3]::panic::unwind_safe::AssertUnwindSafe<test[9d35eded1c95d3be]::run_test_in_process::{closure#0}>, core[df12db4294e9bfd3]::result::Result<(), alloc[2182bb758b4b3781]::string::String>>
[INFO] [stdout]                                at /rustc/dfb0accb7f508ae8be965d8629557221c889dd98/library/std/src/panicking.rs:576:43
[INFO] [stdout]   42:     0x650ffce90f15 - std[70759c8f55707aa4]::panicking::catch_unwind::<core[df12db4294e9bfd3]::result::Result<(), alloc[2182bb758b4b3781]::string::String>, core[df12db4294e9bfd3]::panic::unwind_safe::AssertUnwindSafe<test[9d35eded1c95d3be]::run_test_in_process::{closure#0}>>
[INFO] [stdout]                                at /rustc/dfb0accb7f508ae8be965d8629557221c889dd98/library/std/src/panicking.rs:544:19
[INFO] [stdout]   43:     0x650ffce90f15 - std[70759c8f55707aa4]::panic::catch_unwind::<core[df12db4294e9bfd3]::panic::unwind_safe::AssertUnwindSafe<test[9d35eded1c95d3be]::run_test_in_process::{closure#0}>, core[df12db4294e9bfd3]::result::Result<(), alloc[2182bb758b4b3781]::string::String>>
[INFO] [stdout]                                at /rustc/dfb0accb7f508ae8be965d8629557221c889dd98/library/std/src/panic.rs:359:14
[INFO] [stdout]   44:     0x650ffce90f15 - test[9d35eded1c95d3be]::run_test_in_process
[INFO] [stdout]                                at /rustc/dfb0accb7f508ae8be965d8629557221c889dd98/library/test/src/lib.rs:756:27
[INFO] [stdout]   45:     0x650ffce90f15 - test[9d35eded1c95d3be]::run_test::{closure#0}
[INFO] [stdout]                                at /rustc/dfb0accb7f508ae8be965d8629557221c889dd98/library/test/src/lib.rs:677:43
[INFO] [stdout]   46:     0x650ffce8a7d4 - test[9d35eded1c95d3be]::run_test::{closure#1}
[INFO] [stdout]                                at /rustc/dfb0accb7f508ae8be965d8629557221c889dd98/library/test/src/lib.rs:707:41
[INFO] [stdout]   47:     0x650ffce8a7d4 - std[70759c8f55707aa4]::sys::backtrace::__rust_begin_short_backtrace::<test[9d35eded1c95d3be]::run_test::{closure#1}, ()>
[INFO] [stdout]                                at /rustc/dfb0accb7f508ae8be965d8629557221c889dd98/library/std/src/sys/backtrace.rs:166:18
[INFO] [stdout]   48:     0x650ffce94072 - std[70759c8f55707aa4]::thread::lifecycle::spawn_unchecked::<test[9d35eded1c95d3be]::run_test::{closure#1}, ()>::{closure#1}::{closure#0}
[INFO] [stdout]                                at /rustc/dfb0accb7f508ae8be965d8629557221c889dd98/library/std/src/thread/lifecycle.rs:70:13
[INFO] [stdout]   49:     0x650ffce94072 - <core[df12db4294e9bfd3]::panic::unwind_safe::AssertUnwindSafe<std[70759c8f55707aa4]::thread::lifecycle::spawn_unchecked<test[9d35eded1c95d3be]::run_test::{closure#1}, ()>::{closure#1}::{closure#0}> as core[df12db4294e9bfd3]::ops::function::FnOnce<()>>::call_once
[INFO] [stdout]                                at /rustc/dfb0accb7f508ae8be965d8629557221c889dd98/library/core/src/panic/unwind_safe.rs:275:9
[INFO] [stdout]   50:     0x650ffce94072 - std[70759c8f55707aa4]::panicking::catch_unwind::do_call::<core[df12db4294e9bfd3]::panic::unwind_safe::AssertUnwindSafe<std[70759c8f55707aa4]::thread::lifecycle::spawn_unchecked<test[9d35eded1c95d3be]::run_test::{closure#1}, ()>::{closure#1}::{closure#0}>, ()>
[INFO] [stdout]                                at /rustc/dfb0accb7f508ae8be965d8629557221c889dd98/library/std/src/panicking.rs:576:43
[INFO] [stdout]   51:     0x650ffce94072 - std[70759c8f55707aa4]::panicking::catch_unwind::<(), core[df12db4294e9bfd3]::panic::unwind_safe::AssertUnwindSafe<std[70759c8f55707aa4]::thread::lifecycle::spawn_unchecked<test[9d35eded1c95d3be]::run_test::{closure#1}, ()>::{closure#1}::{closure#0}>>
[INFO] [stdout]                                at /rustc/dfb0accb7f508ae8be965d8629557221c889dd98/library/std/src/panicking.rs:544:19
[INFO] [stdout]   52:     0x650ffce94072 - std[70759c8f55707aa4]::panic::catch_unwind::<core[df12db4294e9bfd3]::panic::unwind_safe::AssertUnwindSafe<std[70759c8f55707aa4]::thread::lifecycle::spawn_unchecked<test[9d35eded1c95d3be]::run_test::{closure#1}, ()>::{closure#1}::{closure#0}>, ()>
[INFO] [stdout]                                at /rustc/dfb0accb7f508ae8be965d8629557221c889dd98/library/std/src/panic.rs:359:14
[INFO] [stdout]   53:     0x650ffce94072 - std[70759c8f55707aa4]::thread::lifecycle::spawn_unchecked::<test[9d35eded1c95d3be]::run_test::{closure#1}, ()>::{closure#1}
[INFO] [stdout]                                at /rustc/dfb0accb7f508ae8be965d8629557221c889dd98/library/std/src/thread/lifecycle.rs:68:26
[INFO] [stdout]   54:     0x650ffce94072 - <std[70759c8f55707aa4]::thread::lifecycle::spawn_unchecked<test[9d35eded1c95d3be]::run_test::{closure#1}, ()>::{closure#1} as core[df12db4294e9bfd3]::ops::function::FnOnce<()>>::call_once::{shim:vtable#0}
[INFO] [stdout]                                at /rustc/dfb0accb7f508ae8be965d8629557221c889dd98/library/core/src/ops/function.rs:250:5
[INFO] [stdout]   55:     0x650ffd099509 - <alloc[2182bb758b4b3781]::boxed::Box<dyn core[df12db4294e9bfd3]::ops::function::FnOnce<(), Output = ()> + core[df12db4294e9bfd3]::marker::Send> as core[df12db4294e9bfd3]::ops::function::FnOnce<()>>::call_once
[INFO] [stdout]                                at /rustc/dfb0accb7f508ae8be965d8629557221c889dd98/library/alloc/src/boxed.rs:2320:9
[INFO] [stdout]   56:     0x650ffd099509 - <std[70759c8f55707aa4]::sys::thread::unix::Thread>::new::thread_start
[INFO] [stdout]                                at /rustc/dfb0accb7f508ae8be965d8629557221c889dd98/library/std/src/sys/thread/unix.rs:123:17
[INFO] [stdout]   57:     0x7b915a873dfa - <unknown>
[INFO] [stdout]   58:     0x7b915a9073d4 - clone
[INFO] [stdout]   59:                0x0 - <unknown>
[INFO] [stdout] 
[INFO] [stdout] ---- sbox_matches_fips_table stdout ----
[INFO] [stdout] 
[INFO] [stdout] thread 'sbox_matches_fips_table' (1333) panicked at /opt/rustwide/cargo-home/registry/src/index.crates.io-1949cf8c6b5b557f/xark-test-harness-0.2.1/src/lib.rs:175:14:
[INFO] [stdout] run cargo build (compiler): Os { code: 2, kind: NotFound, message: "No such file or directory" }
[INFO] [stdout] stack backtrace:
[INFO] [stdout]    0:     0x650ffd09a1a1 - std[70759c8f55707aa4]::backtrace_rs::backtrace::libunwind::trace
[INFO] [stdout]                                at /rustc/dfb0accb7f508ae8be965d8629557221c889dd98/library/std/src/../../backtrace/src/backtrace/libunwind.rs:117:9
[INFO] [stdout]    1:     0x650ffd09a1a1 - std[70759c8f55707aa4]::backtrace_rs::backtrace::trace_unsynchronized::<std[70759c8f55707aa4]::sys::backtrace::_print_fmt::{closure#1}>
[INFO] [stdout]                                at /rustc/dfb0accb7f508ae8be965d8629557221c889dd98/library/std/src/../../backtrace/src/backtrace/mod.rs:66:14
[INFO] [stdout]    2:     0x650ffd09a1a1 - std[70759c8f55707aa4]::sys::backtrace::_print_fmt
[INFO] [stdout]                                at /rustc/dfb0accb7f508ae8be965d8629557221c889dd98/library/std/src/sys/backtrace.rs:74:9
[INFO] [stdout]    3:     0x650ffd09a1a1 - <<std[70759c8f55707aa4]::sys::backtrace::BacktraceLock>::print::DisplayBacktrace as core[df12db4294e9bfd3]::fmt::Display>::fmt
[INFO] [stdout]                                at /rustc/dfb0accb7f508ae8be965d8629557221c889dd98/library/std/src/sys/backtrace.rs:44:26
[INFO] [stdout]    4:     0x650ffd0af1da - <core[df12db4294e9bfd3]::fmt::rt::Argument>::fmt
[INFO] [stdout]                                at /rustc/dfb0accb7f508ae8be965d8629557221c889dd98/library/core/src/fmt/rt.rs:152:76
[INFO] [stdout]    5:     0x650ffd0af1da - core[df12db4294e9bfd3]::fmt::write
[INFO] [stdout]    6:     0x650ffd09e97c - core[df12db4294e9bfd3]::io::write::default_write_fmt::<alloc[2182bb758b4b3781]::vec::Vec<u8>>
[INFO] [stdout]                                at /rustc/dfb0accb7f508ae8be965d8629557221c889dd98/library/core/src/io/write.rs:402:11
[INFO] [stdout]    7:     0x650ffd09e97c - <alloc[2182bb758b4b3781]::vec::Vec<u8> as core[df12db4294e9bfd3]::io::write::Write>::write_fmt
[INFO] [stdout]                                at /rustc/dfb0accb7f508ae8be965d8629557221c889dd98/library/core/src/io/write.rs:335:13
[INFO] [stdout]    8:     0x650ffd074816 - <std[70759c8f55707aa4]::sys::backtrace::BacktraceLock>::print
[INFO] [stdout]                                at /rustc/dfb0accb7f508ae8be965d8629557221c889dd98/library/std/src/sys/backtrace.rs:47:9
[INFO] [stdout]    9:     0x650ffd074816 - std[70759c8f55707aa4]::panicking::default_hook::{closure#0}
[INFO] [stdout]                                at /rustc/dfb0accb7f508ae8be965d8629557221c889dd98/library/std/src/panicking.rs:292:27
[INFO] [stdout]   10:     0x650ffd0918a9 - std[70759c8f55707aa4]::panicking::default_hook
[INFO] [stdout]                                at /rustc/dfb0accb7f508ae8be965d8629557221c889dd98/library/std/src/panicking.rs:316:9
[INFO] [stdout]   11:     0x650ffce905c0 - <alloc[2182bb758b4b3781]::boxed::Box<dyn for<'a, 'b> core[df12db4294e9bfd3]::ops::function::Fn<(&'a std[70759c8f55707aa4]::panic::PanicHookInfo<'b>,), Output = ()> + core[df12db4294e9bfd3]::marker::Send + core[df12db4294e9bfd3]::marker::Sync> as core[df12db4294e9bfd3]::ops::function::Fn<(&std[70759c8f55707aa4]::panic::PanicHookInfo,)>>::call
[INFO] [stdout]                                at /rustc/dfb0accb7f508ae8be965d8629557221c889dd98/library/alloc/src/boxed.rs:2334:9
[INFO] [stdout]   12:     0x650ffce905c0 - test[9d35eded1c95d3be]::test_main_inner::<test[9d35eded1c95d3be]::test_main_static::{closure#0}>::{closure#0}
[INFO] [stdout]                                at /rustc/dfb0accb7f508ae8be965d8629557221c889dd98/library/test/src/lib.rs:155:21
[INFO] [stdout]   13:     0x650ffd091bd2 - <alloc[2182bb758b4b3781]::boxed::Box<dyn for<'a, 'b> core[df12db4294e9bfd3]::ops::function::Fn<(&'a std[70759c8f55707aa4]::panic::PanicHookInfo<'b>,), Output = ()> + core[df12db4294e9bfd3]::marker::Send + core[df12db4294e9bfd3]::marker::Sync> as core[df12db4294e9bfd3]::ops::function::Fn<(&std[70759c8f55707aa4]::panic::PanicHookInfo,)>>::call
[INFO] [stdout]                                at /rustc/dfb0accb7f508ae8be965d8629557221c889dd98/library/alloc/src/boxed.rs:2334:9
[INFO] [stdout]   14:     0x650ffd091bd2 - std[70759c8f55707aa4]::panicking::panic_with_hook
[INFO] [stdout]                                at /rustc/dfb0accb7f508ae8be965d8629557221c889dd98/library/std/src/panicking.rs:823:13
[INFO] [stdout]   15:     0x650ffd0748c2 - std[70759c8f55707aa4]::panicking::panic_handler::{closure#0}
[INFO] [stdout]                                at /rustc/dfb0accb7f508ae8be965d8629557221c889dd98/library/std/src/panicking.rs:688:13
[INFO] [stdout]   16:     0x650ffd06d369 - std[70759c8f55707aa4]::sys::backtrace::__rust_end_short_backtrace::<std[70759c8f55707aa4]::panicking::panic_handler::{closure#0}, !>
[INFO] [stdout]                                at /rustc/dfb0accb7f508ae8be965d8629557221c889dd98/library/std/src/sys/backtrace.rs:182:18
[INFO] [stdout]   17:     0x650ffd0754bd - __rustc[8fa7c3cbc660c2b3]::rust_begin_unwind
[INFO] [stdout]                                at /rustc/dfb0accb7f508ae8be965d8629557221c889dd98/library/std/src/panicking.rs:679:5
[INFO] [stdout]   18:     0x650ffd0af9cc - core[df12db4294e9bfd3]::panicking::panic_fmt
[INFO] [stdout]                                at /rustc/dfb0accb7f508ae8be965d8629557221c889dd98/library/core/src/panicking.rs:80:14
[INFO] [stdout]   19:     0x650ffd0af722 - core[df12db4294e9bfd3]::result::unwrap_failed
[INFO] [stdout]                                at /rustc/dfb0accb7f508ae8be965d8629557221c889dd98/library/core/src/result.rs:1871:5
[INFO] [stdout]   20:     0x650ffce74b0e - <core[df12db4294e9bfd3]::result::Result<std[70759c8f55707aa4]::process::ExitStatus, core[df12db4294e9bfd3]::io::error::Error>>::expect
[INFO] [stdout]                                at /rustc/dfb0accb7f508ae8be965d8629557221c889dd98/library/core/src/result.rs:1184:23
[INFO] [stdout]   21:     0x650ffce5d007 - xark_test_harness[9dd41a4a3d0636bd]::built::{closure#0}
[INFO] [stdout]                                at /opt/rustwide/cargo-home/registry/src/index.crates.io-1949cf8c6b5b557f/xark-test-harness-0.2.1/src/lib.rs:175:14
[INFO] [stdout]   22:     0x650ffce7b2a7 - <std[70759c8f55707aa4]::sync::once_lock::OnceLock<(std[70759c8f55707aa4]::path::PathBuf, std[70759c8f55707aa4]::path::PathBuf)>>::get_or_init::<xark_test_harness[9dd41a4a3d0636bd]::built::{closure#0}>::{closure#0}
[INFO] [stdout]                                at /rustc/dfb0accb7f508ae8be965d8629557221c889dd98/library/std/src/sync/once_lock.rs:350:50
[INFO] [stdout]   23:     0x650ffce7b203 - <std[70759c8f55707aa4]::sync::once_lock::OnceLock<(std[70759c8f55707aa4]::path::PathBuf, std[70759c8f55707aa4]::path::PathBuf)>>::initialize::<<std[70759c8f55707aa4]::sync::once_lock::OnceLock<(std[70759c8f55707aa4]::path::PathBuf, std[70759c8f55707aa4]::path::PathBuf)>>::get_or_init<xark_test_harness[9dd41a4a3d0636bd]::built::{closure#0}>::{closure#0}, !>::{closure#0}
[INFO] [stdout]                                at /rustc/dfb0accb7f508ae8be965d8629557221c889dd98/library/std/src/sync/once_lock.rs:572:19
[INFO] [stdout]   24:     0x650ffce74532 - <std[70759c8f55707aa4]::sync::once::Once>::call_once_force::<<std[70759c8f55707aa4]::sync::once_lock::OnceLock<(std[70759c8f55707aa4]::path::PathBuf, std[70759c8f55707aa4]::path::PathBuf)>>::initialize<<std[70759c8f55707aa4]::sync::once_lock::OnceLock<(std[70759c8f55707aa4]::path::PathBuf, std[70759c8f55707aa4]::path::PathBuf)>>::get_or_init<xark_test_harness[9dd41a4a3d0636bd]::built::{closure#0}>::{closure#0}, !>::{closure#0}>::{closure#0}
[INFO] [stdout]                                at /rustc/dfb0accb7f508ae8be965d8629557221c889dd98/library/std/src/sync/once.rs:226:40
[INFO] [stdout]   25:     0x650ffd07a4e9 - <std[70759c8f55707aa4]::sys::sync::once::futex::Once>::call
[INFO] [stdout]                                at /rustc/dfb0accb7f508ae8be965d8629557221c889dd98/library/std/src/sys/sync/once/futex.rs:183:21
[INFO] [stdout]   26:     0x650ffce739da - <std[70759c8f55707aa4]::sync::once::Once>::call_once_force::<<std[70759c8f55707aa4]::sync::once_lock::OnceLock<(std[70759c8f55707aa4]::path::PathBuf, std[70759c8f55707aa4]::path::PathBuf)>>::initialize<<std[70759c8f55707aa4]::sync::once_lock::OnceLock<(std[70759c8f55707aa4]::path::PathBuf, std[70759c8f55707aa4]::path::PathBuf)>>::get_or_init<xark_test_harness[9dd41a4a3d0636bd]::built::{closure#0}>::{closure#0}, !>::{closure#0}>
[INFO] [stdout]                                at /rustc/dfb0accb7f508ae8be965d8629557221c889dd98/library/std/src/sync/once.rs:226:20
[INFO] [stdout]   27:     0x650ffce7ad77 - <std[70759c8f55707aa4]::sync::once_lock::OnceLock<(std[70759c8f55707aa4]::path::PathBuf, std[70759c8f55707aa4]::path::PathBuf)>>::initialize::<<std[70759c8f55707aa4]::sync::once_lock::OnceLock<(std[70759c8f55707aa4]::path::PathBuf, std[70759c8f55707aa4]::path::PathBuf)>>::get_or_init<xark_test_harness[9dd41a4a3d0636bd]::built::{closure#0}>::{closure#0}, !>
[INFO] [stdout]                                at /rustc/dfb0accb7f508ae8be965d8629557221c889dd98/library/std/src/sync/once_lock.rs:571:19
[INFO] [stdout]   28:     0x650ffce7adee - <std[70759c8f55707aa4]::sync::once_lock::OnceLock<(std[70759c8f55707aa4]::path::PathBuf, std[70759c8f55707aa4]::path::PathBuf)>>::get_or_try_init::<<std[70759c8f55707aa4]::sync::once_lock::OnceLock<(std[70759c8f55707aa4]::path::PathBuf, std[70759c8f55707aa4]::path::PathBuf)>>::get_or_init<xark_test_harness[9dd41a4a3d0636bd]::built::{closure#0}>::{closure#0}, !>
[INFO] [stdout]                                at /rustc/dfb0accb7f508ae8be965d8629557221c889dd98/library/std/src/sync/once_lock.rs:439:14
[INFO] [stdout]   29:     0x650ffce7ad8e - <std[70759c8f55707aa4]::sync::once_lock::OnceLock<(std[70759c8f55707aa4]::path::PathBuf, std[70759c8f55707aa4]::path::PathBuf)>>::get_or_init::<xark_test_harness[9dd41a4a3d0636bd]::built::{closure#0}>
[INFO] [stdout]                                at /rustc/dfb0accb7f508ae8be965d8629557221c889dd98/library/std/src/sync/once_lock.rs:350:20
[INFO] [stdout]   30:     0x650ffce5eefe - xark_test_harness[9dd41a4a3d0636bd]::built
[INFO] [stdout]                                at /opt/rustwide/cargo-home/registry/src/index.crates.io-1949cf8c6b5b557f/xark-test-harness-0.2.1/src/lib.rs:158:11
[INFO] [stdout]   31:     0x650ffce5df2e - xark_test_harness[9dd41a4a3d0636bd]::compile_file
[INFO] [stdout]                                at /opt/rustwide/cargo-home/registry/src/index.crates.io-1949cf8c6b5b557f/xark-test-harness-0.2.1/src/lib.rs:277:23
[INFO] [stdout]   32:     0x650ffce5ea5f - xark_test_harness[9dd41a4a3d0636bd]::compile_source
[INFO] [stdout]                                at /opt/rustwide/cargo-home/registry/src/index.crates.io-1949cf8c6b5b557f/xark-test-harness-0.2.1/src/lib.rs:325:5
[INFO] [stdout]   33:     0x650ffce5469f - vec[87b65510d4917c52]::compile
[INFO] [stdout]                                at /opt/rustwide/workdir/tests/vec.rs:22:13
[INFO] [stdout]   34:     0x650ffce590d3 - vec[87b65510d4917c52]::sbox_matches_fips_table
[INFO] [stdout]                                at /opt/rustwide/workdir/tests/vec.rs:252:13
[INFO] [stdout]   35:     0x650ffce540c7 - vec[87b65510d4917c52]::sbox_matches_fips_table::{closure#0}
[INFO] [stdout]                                at /opt/rustwide/workdir/tests/vec.rs:245:29
[INFO] [stdout]   36:     0x650ffce5baa6 - <vec[87b65510d4917c52]::sbox_matches_fips_table::{closure#0} as core[df12db4294e9bfd3]::ops::function::FnOnce<()>>::call_once
[INFO] [stdout]                                at /rustc/dfb0accb7f508ae8be965d8629557221c889dd98/library/core/src/ops/function.rs:250:5
[INFO] [stdout]   37:     0x650ffce838ab - <fn() -> core[df12db4294e9bfd3]::result::Result<(), alloc[2182bb758b4b3781]::string::String> as core[df12db4294e9bfd3]::ops::function::FnOnce<()>>::call_once
[INFO] [stdout]                                at /rustc/dfb0accb7f508ae8be965d8629557221c889dd98/library/core/src/ops/function.rs:250:5
[INFO] [stdout]   38:     0x650ffce838ab - test[9d35eded1c95d3be]::__rust_begin_short_backtrace::<core[df12db4294e9bfd3]::result::Result<(), alloc[2182bb758b4b3781]::string::String>, fn() -> core[df12db4294e9bfd3]::result::Result<(), alloc[2182bb758b4b3781]::string::String>>
[INFO] [stdout]                                at /rustc/dfb0accb7f508ae8be965d8629557221c889dd98/library/test/src/lib.rs:733:18
[INFO] [stdout]   39:     0x650ffce90f15 - test[9d35eded1c95d3be]::run_test_in_process::{closure#0}
[INFO] [stdout]                                at /rustc/dfb0accb7f508ae8be965d8629557221c889dd98/library/test/src/lib.rs:756:74
[INFO] [stdout]   40:     0x650ffce90f15 - <core[df12db4294e9bfd3]::panic::unwind_safe::AssertUnwindSafe<test[9d35eded1c95d3be]::run_test_in_process::{closure#0}> as core[df12db4294e9bfd3]::ops::function::FnOnce<()>>::call_once
[INFO] [stdout]                                at /rustc/dfb0accb7f508ae8be965d8629557221c889dd98/library/core/src/panic/unwind_safe.rs:275:9
[INFO] [stdout]   41:     0x650ffce90f15 - std[70759c8f55707aa4]::panicking::catch_unwind::do_call::<core[df12db4294e9bfd3]::panic::unwind_safe::AssertUnwindSafe<test[9d35eded1c95d3be]::run_test_in_process::{closure#0}>, core[df12db4294e9bfd3]::result::Result<(), alloc[2182bb758b4b3781]::string::String>>
[INFO] [stdout]                                at /rustc/dfb0accb7f508ae8be965d8629557221c889dd98/library/std/src/panicking.rs:576:43
[INFO] [stdout]   42:     0x650ffce90f15 - std[70759c8f55707aa4]::panicking::catch_unwind::<core[df12db4294e9bfd3]::result::Result<(), alloc[2182bb758b4b3781]::string::String>, core[df12db4294e9bfd3]::panic::unwind_safe::AssertUnwindSafe<test[9d35eded1c95d3be]::run_test_in_process::{closure#0}>>
[INFO] [stdout]                                at /rustc/dfb0accb7f508ae8be965d8629557221c889dd98/library/std/src/panicking.rs:544:19
[INFO] [stdout]   43:     0x650ffce90f15 - std[70759c8f55707aa4]::panic::catch_unwind::<core[df12db4294e9bfd3]::panic::unwind_safe::AssertUnwindSafe<test[9d35eded1c95d3be]::run_test_in_process::{closure#0}>, core[df12db4294e9bfd3]::result::Result<(), alloc[2182bb758b4b3781]::string::String>>
[INFO] [stdout]                                at /rustc/dfb0accb7f508ae8be965d8629557221c889dd98/library/std/src/panic.rs:359:14
[INFO] [stdout]   44:     0x650ffce90f15 - test[9d35eded1c95d3be]::run_test_in_process
[INFO] [stdout]                                at /rustc/dfb0accb7f508ae8be965d8629557221c889dd98/library/test/src/lib.rs:756:27
[INFO] [stdout]   45:     0x650ffce90f15 - test[9d35eded1c95d3be]::run_test::{closure#0}
[INFO] [stdout]                                at /rustc/dfb0accb7f508ae8be965d8629557221c889dd98/library/test/src/lib.rs:677:43
[INFO] [stdout]   46:     0x650ffce8a7d4 - test[9d35eded1c95d3be]::run_test::{closure#1}
[INFO] [stdout]                                at /rustc/dfb0accb7f508ae8be965d8629557221c889dd98/library/test/src/lib.rs:707:41
[INFO] [stdout]   47:     0x650ffce8a7d4 - std[70759c8f55707aa4]::sys::backtrace::__rust_begin_short_backtrace::<test[9d35eded1c95d3be]::run_test::{closure#1}, ()>
[INFO] [stdout]                                at /rustc/dfb0accb7f508ae8be965d8629557221c889dd98/library/std/src/sys/backtrace.rs:166:18
[INFO] [stdout]   48:     0x650ffce94072 - std[70759c8f55707aa4]::thread::lifecycle::spawn_unchecked::<test[9d35eded1c95d3be]::run_test::{closure#1}, ()>::{closure#1}::{closure#0}
[INFO] [stdout]                                at /rustc/dfb0accb7f508ae8be965d8629557221c889dd98/library/std/src/thread/lifecycle.rs:70:13
[INFO] [stdout]   49:     0x650ffce94072 - <core[df12db4294e9bfd3]::panic::unwind_safe::AssertUnwindSafe<std[70759c8f55707aa4]::thread::lifecycle::spawn_unchecked<test[9d35eded1c95d3be]::run_test::{closure#1}, ()>::{closure#1}::{closure#0}> as core[df12db4294e9bfd3]::ops::function::FnOnce<()>>::call_once
[INFO] [stdout]                                at /rustc/dfb0accb7f508ae8be965d8629557221c889dd98/library/core/src/panic/unwind_safe.rs:275:9
[INFO] [stdout]   50:     0x650ffce94072 - std[70759c8f55707aa4]::panicking::catch_unwind::do_call::<core[df12db4294e9bfd3]::panic::unwind_safe::AssertUnwindSafe<std[70759c8f55707aa4]::thread::lifecycle::spawn_unchecked<test[9d35eded1c95d3be]::run_test::{closure#1}, ()>::{closure#1}::{closure#0}>, ()>
[INFO] [stdout]                                at /rustc/dfb0accb7f508ae8be965d8629557221c889dd98/library/std/src/panicking.rs:576:43
[INFO] [stdout]   51:     0x650ffce94072 - std[70759c8f55707aa4]::panicking::catch_unwind::<(), core[df12db4294e9bfd3]::panic::unwind_safe::AssertUnwindSafe<std[70759c8f55707aa4]::thread::lifecycle::spawn_unchecked<test[9d35eded1c95d3be]::run_test::{closure#1}, ()>::{closure#1}::{closure#0}>>
[INFO] [stdout]                                at /rustc/dfb0accb7f508ae8be965d8629557221c889dd98/library/std/src/panicking.rs:544:19
[INFO] [stdout]   52:     0x650ffce94072 - std[70759c8f55707aa4]::panic::catch_unwind::<core[df12db4294e9bfd3]::panic::unwind_safe::AssertUnwindSafe<std[70759c8f55707aa4]::thread::lifecycle::spawn_unchecked<test[9d35eded1c95d3be]::run_test::{closure#1}, ()>::{closure#1}::{closure#0}>, ()>
[INFO] [stdout]                                at /rustc/dfb0accb7f508ae8be965d8629557221c889dd98/library/std/src/panic.rs:359:14
[INFO] [stdout]   53:     0x650ffce94072 - std[70759c8f55707aa4]::thread::lifecycle::spawn_unchecked::<test[9d35eded1c95d3be]::run_test::{closure#1}, ()>::{closure#1}
[INFO] [stdout]                                at /rustc/dfb0accb7f508ae8be965d8629557221c889dd98/library/std/src/thread/lifecycle.rs:68:26
[INFO] [stdout]   54:     0x650ffce94072 - <std[70759c8f55707aa4]::thread::lifecycle::spawn_unchecked<test[9d35eded1c95d3be]::run_test::{closure#1}, ()>::{closure#1} as core[df12db4294e9bfd3]::ops::function::FnOnce<()>>::call_once::{shim:vtable#0}
[INFO] [stdout]                                at /rustc/dfb0accb7f508ae8be965d8629557221c889dd98/library/core/src/ops/function.rs:250:5
[INFO] [stdout]   55:     0x650ffd099509 - <alloc[2182bb758b4b3781]::boxed::Box<dyn core[df12db4294e9bfd3]::ops::function::FnOnce<(), Output = ()> + core[df12db4294e9bfd3]::marker::Send> as core[df12db4294e9bfd3]::ops::function::FnOnce<()>>::call_once
[INFO] [stdout]                                at /rustc/dfb0accb7f508ae8be965d8629557221c889dd98/library/alloc/src/boxed.rs:2320:9
[INFO] [stdout]   56:     0x650ffd099509 - <std[70759c8f55707aa4]::sys::thread::unix::Thread>::new::thread_start
[INFO] [stdout]                                at /rustc/dfb0accb7f508ae8be965d8629557221c889dd98/library/std/src/sys/thread/unix.rs:123:17
[INFO] [stdout]   57:     0x7b915a873dfa - <unknown>
[INFO] [stdout]   58:     0x7b915a9073d4 - clone
[INFO] [stdout]   59:                0x0 - <unknown>
[INFO] [stdout] 
[INFO] [stdout] ---- gf_mul_matches_known_products stdout ----
[INFO] [stdout] 
[INFO] [stdout] thread 'gf_mul_matches_known_products' (1331) panicked at /opt/rustwide/cargo-home/registry/src/index.crates.io-1949cf8c6b5b557f/xark-test-harness-0.2.1/src/lib.rs:175:14:
[INFO] [stdout] run cargo build (compiler): Os { code: 2, kind: NotFound, message: "No such file or directory" }
[INFO] [stdout] stack backtrace:
[INFO] [stdout]    0:     0x650ffd09a1a1 - std[70759c8f55707aa4]::backtrace_rs::backtrace::libunwind::trace
[INFO] [stdout]                                at /rustc/dfb0accb7f508ae8be965d8629557221c889dd98/library/std/src/../../backtrace/src/backtrace/libunwind.rs:117:9
[INFO] [stdout]    1:     0x650ffd09a1a1 - std[70759c8f55707aa4]::backtrace_rs::backtrace::trace_unsynchronized::<std[70759c8f55707aa4]::sys::backtrace::_print_fmt::{closure#1}>
[INFO] [stdout]                                at /rustc/dfb0accb7f508ae8be965d8629557221c889dd98/library/std/src/../../backtrace/src/backtrace/mod.rs:66:14
[INFO] [stdout]    2:     0x650ffd09a1a1 - std[70759c8f55707aa4]::sys::backtrace::_print_fmt
[INFO] [stdout]                                at /rustc/dfb0accb7f508ae8be965d8629557221c889dd98/library/std/src/sys/backtrace.rs:74:9
[INFO] [stdout]    3:     0x650ffd09a1a1 - <<std[70759c8f55707aa4]::sys::backtrace::BacktraceLock>::print::DisplayBacktrace as core[df12db4294e9bfd3]::fmt::Display>::fmt
[INFO] [stdout]                                at /rustc/dfb0accb7f508ae8be965d8629557221c889dd98/library/std/src/sys/backtrace.rs:44:26
[INFO] [stdout]    4:     0x650ffd0af1da - <core[df12db4294e9bfd3]::fmt::rt::Argument>::fmt
[INFO] [stdout]                                at /rustc/dfb0accb7f508ae8be965d8629557221c889dd98/library/core/src/fmt/rt.rs:152:76
[INFO] [stdout]    5:     0x650ffd0af1da - core[df12db4294e9bfd3]::fmt::write
[INFO] [stdout]    6:     0x650ffd09e97c - core[df12db4294e9bfd3]::io::write::default_write_fmt::<alloc[2182bb758b4b3781]::vec::Vec<u8>>
[INFO] [stdout]                                at /rustc/dfb0accb7f508ae8be965d8629557221c889dd98/library/core/src/io/write.rs:402:11
[INFO] [stdout]    7:     0x650ffd09e97c - <alloc[2182bb758b4b3781]::vec::Vec<u8> as core[df12db4294e9bfd3]::io::write::Write>::write_fmt
[INFO] [stdout]                                at /rustc/dfb0accb7f508ae8be965d8629557221c889dd98/library/core/src/io/write.rs:335:13
[INFO] [stdout]    8:     0x650ffd074816 - <std[70759c8f55707aa4]::sys::backtrace::BacktraceLock>::print
[INFO] [stdout]                                at /rustc/dfb0accb7f508ae8be965d8629557221c889dd98/library/std/src/sys/backtrace.rs:47:9
[INFO] [stdout]    9:     0x650ffd074816 - std[70759c8f55707aa4]::panicking::default_hook::{closure#0}
[INFO] [stdout]                                at /rustc/dfb0accb7f508ae8be965d8629557221c889dd98/library/std/src/panicking.rs:292:27
[INFO] [stdout]   10:     0x650ffd0918a9 - std[70759c8f55707aa4]::panicking::default_hook
[INFO] [stdout]                                at /rustc/dfb0accb7f508ae8be965d8629557221c889dd98/library/std/src/panicking.rs:316:9
[INFO] [stdout]   11:     0x650ffce905c0 - <alloc[2182bb758b4b3781]::boxed::Box<dyn for<'a, 'b> core[df12db4294e9bfd3]::ops::function::Fn<(&'a std[70759c8f55707aa4]::panic::PanicHookInfo<'b>,), Output = ()> + core[df12db4294e9bfd3]::marker::Send + core[df12db4294e9bfd3]::marker::Sync> as core[df12db4294e9bfd3]::ops::function::Fn<(&std[70759c8f55707aa4]::panic::PanicHookInfo,)>>::call
[INFO] [stdout]                                at /rustc/dfb0accb7f508ae8be965d8629557221c889dd98/library/alloc/src/boxed.rs:2334:9
[INFO] [stdout]   12:     0x650ffce905c0 - test[9d35eded1c95d3be]::test_main_inner::<test[9d35eded1c95d3be]::test_main_static::{closure#0}>::{closure#0}
[INFO] [stdout]                                at /rustc/dfb0accb7f508ae8be965d8629557221c889dd98/library/test/src/lib.rs:155:21
[INFO] [stdout]   13:     0x650ffd091bd2 - <alloc[2182bb758b4b3781]::boxed::Box<dyn for<'a, 'b> core[df12db4294e9bfd3]::ops::function::Fn<(&'a std[70759c8f55707aa4]::panic::PanicHookInfo<'b>,), Output = ()> + core[df12db4294e9bfd3]::marker::Send + core[df12db4294e9bfd3]::marker::Sync> as core[df12db4294e9bfd3]::ops::function::Fn<(&std[70759c8f55707aa4]::panic::PanicHookInfo,)>>::call
[INFO] [stdout]                                at /rustc/dfb0accb7f508ae8be965d8629557221c889dd98/library/alloc/src/boxed.rs:2334:9
[INFO] [stdout]   14:     0x650ffd091bd2 - std[70759c8f55707aa4]::panicking::panic_with_hook
[INFO] [stdout]                                at /rustc/dfb0accb7f508ae8be965d8629557221c889dd98/library/std/src/panicking.rs:823:13
[INFO] [stdout]   15:     0x650ffd0748c2 - std[70759c8f55707aa4]::panicking::panic_handler::{closure#0}
[INFO] [stdout]                                at /rustc/dfb0accb7f508ae8be965d8629557221c889dd98/library/std/src/panicking.rs:688:13
[INFO] [stdout]   16:     0x650ffd06d369 - std[70759c8f55707aa4]::sys::backtrace::__rust_end_short_backtrace::<std[70759c8f55707aa4]::panicking::panic_handler::{closure#0}, !>
[INFO] [stdout]                                at /rustc/dfb0accb7f508ae8be965d8629557221c889dd98/library/std/src/sys/backtrace.rs:182:18
[INFO] [stdout]   17:     0x650ffd0754bd - __rustc[8fa7c3cbc660c2b3]::rust_begin_unwind
[INFO] [stdout]                                at /rustc/dfb0accb7f508ae8be965d8629557221c889dd98/library/std/src/panicking.rs:679:5
[INFO] [stdout]   18:     0x650ffd0af9cc - core[df12db4294e9bfd3]::panicking::panic_fmt
[INFO] [stdout]                                at /rustc/dfb0accb7f508ae8be965d8629557221c889dd98/library/core/src/panicking.rs:80:14
[INFO] [stdout]   19:     0x650ffd0af722 - core[df12db4294e9bfd3]::result::unwrap_failed
[INFO] [stdout]                                at /rustc/dfb0accb7f508ae8be965d8629557221c889dd98/library/core/src/result.rs:1871:5
[INFO] [stdout]   20:     0x650ffce74b0e - <core[df12db4294e9bfd3]::result::Result<std[70759c8f55707aa4]::process::ExitStatus, core[df12db4294e9bfd3]::io::error::Error>>::expect
[INFO] [stdout]                                at /rustc/dfb0accb7f508ae8be965d8629557221c889dd98/library/core/src/result.rs:1184:23
[INFO] [stdout]   21:     0x650ffce5d007 - xark_test_harness[9dd41a4a3d0636bd]::built::{closure#0}
[INFO] [stdout]                                at /opt/rustwide/cargo-home/registry/src/index.crates.io-1949cf8c6b5b557f/xark-test-harness-0.2.1/src/lib.rs:175:14
[INFO] [stdout]   22:     0x650ffce7b2a7 - <std[70759c8f55707aa4]::sync::once_lock::OnceLock<(std[70759c8f55707aa4]::path::PathBuf, std[70759c8f55707aa4]::path::PathBuf)>>::get_or_init::<xark_test_harness[9dd41a4a3d0636bd]::built::{closure#0}>::{closure#0}
[INFO] [stdout]                                at /rustc/dfb0accb7f508ae8be965d8629557221c889dd98/library/std/src/sync/once_lock.rs:350:50
[INFO] [stdout]   23:     0x650ffce7b203 - <std[70759c8f55707aa4]::sync::once_lock::OnceLock<(std[70759c8f55707aa4]::path::PathBuf, std[70759c8f55707aa4]::path::PathBuf)>>::initialize::<<std[70759c8f55707aa4]::sync::once_lock::OnceLock<(std[70759c8f55707aa4]::path::PathBuf, std[70759c8f55707aa4]::path::PathBuf)>>::get_or_init<xark_test_harness[9dd41a4a3d0636bd]::built::{closure#0}>::{closure#0}, !>::{closure#0}
[INFO] [stdout]                                at /rustc/dfb0accb7f508ae8be965d8629557221c889dd98/library/std/src/sync/once_lock.rs:572:19
[INFO] [stdout]   24:     0x650ffce74532 - <std[70759c8f55707aa4]::sync::once::Once>::call_once_force::<<std[70759c8f55707aa4]::sync::once_lock::OnceLock<(std[70759c8f55707aa4]::path::PathBuf, std[70759c8f55707aa4]::path::PathBuf)>>::initialize<<std[70759c8f55707aa4]::sync::once_lock::OnceLock<(std[70759c8f55707aa4]::path::PathBuf, std[70759c8f55707aa4]::path::PathBuf)>>::get_or_init<xark_test_harness[9dd41a4a3d0636bd]::built::{closure#0}>::{closure#0}, !>::{closure#0}>::{closure#0}
[INFO] [stdout]                                at /rustc/dfb0accb7f508ae8be965d8629557221c889dd98/library/std/src/sync/once.rs:226:40
[INFO] [stdout]   25:     0x650ffd07a4e9 - <std[70759c8f55707aa4]::sys::sync::once::futex::Once>::call
[INFO] [stdout]                                at /rustc/dfb0accb7f508ae8be965d8629557221c889dd98/library/std/src/sys/sync/once/futex.rs:183:21
[INFO] [stdout]   26:     0x650ffce739da - <std[70759c8f55707aa4]::sync::once::Once>::call_once_force::<<std[70759c8f55707aa4]::sync::once_lock::OnceLock<(std[70759c8f55707aa4]::path::PathBuf, std[70759c8f55707aa4]::path::PathBuf)>>::initialize<<std[70759c8f55707aa4]::sync::once_lock::OnceLock<(std[70759c8f55707aa4]::path::PathBuf, std[70759c8f55707aa4]::path::PathBuf)>>::get_or_init<xark_test_harness[9dd41a4a3d0636bd]::built::{closure#0}>::{closure#0}, !>::{closure#0}>
[INFO] [stdout]                                at /rustc/dfb0accb7f508ae8be965d8629557221c889dd98/library/std/src/sync/once.rs:226:20
[INFO] [stdout]   27:     0x650ffce7ad77 - <std[70759c8f55707aa4]::sync::once_lock::OnceLock<(std[70759c8f55707aa4]::path::PathBuf, std[70759c8f55707aa4]::path::PathBuf)>>::initialize::<<std[70759c8f55707aa4]::sync::once_lock::OnceLock<(std[70759c8f55707aa4]::path::PathBuf, std[70759c8f55707aa4]::path::PathBuf)>>::get_or_init<xark_test_harness[9dd41a4a3d0636bd]::built::{closure#0}>::{closure#0}, !>
[INFO] [stdout]                                at /rustc/dfb0accb7f508ae8be965d8629557221c889dd98/library/std/src/sync/once_lock.rs:571:19
[INFO] [stdout]   28:     0x650ffce7adee - <std[70759c8f55707aa4]::sync::once_lock::OnceLock<(std[70759c8f55707aa4]::path::PathBuf, std[70759c8f55707aa4]::path::PathBuf)>>::get_or_try_init::<<std[70759c8f55707aa4]::sync::once_lock::OnceLock<(std[70759c8f55707aa4]::path::PathBuf, std[70759c8f55707aa4]::path::PathBuf)>>::get_or_init<xark_test_harness[9dd41a4a3d0636bd]::built::{closure#0}>::{closure#0}, !>
[INFO] [stdout]                                at /rustc/dfb0accb7f508ae8be965d8629557221c889dd98/library/std/src/sync/once_lock.rs:439:14
[INFO] [stdout]   29:     0x650ffce7ad8e - <std[70759c8f55707aa4]::sync::once_lock::OnceLock<(std[70759c8f55707aa4]::path::PathBuf, std[70759c8f55707aa4]::path::PathBuf)>>::get_or_init::<xark_test_harness[9dd41a4a3d0636bd]::built::{closure#0}>
[INFO] [stdout]                                at /rustc/dfb0accb7f508ae8be965d8629557221c889dd98/library/std/src/sync/once_lock.rs:350:20
[INFO] [stdout]   30:     0x650ffce5eefe - xark_test_harness[9dd41a4a3d0636bd]::built
[INFO] [stdout]                                at /opt/rustwide/cargo-home/registry/src/index.crates.io-1949cf8c6b5b557f/xark-test-harness-0.2.1/src/lib.rs:158:11
[INFO] [stdout]   31:     0x650ffce5df2e - xark_test_harness[9dd41a4a3d0636bd]::compile_file
[INFO] [stdout]                                at /opt/rustwide/cargo-home/registry/src/index.crates.io-1949cf8c6b5b557f/xark-test-harness-0.2.1/src/lib.rs:277:23
[INFO] [stdout]   32:     0x650ffce5ea5f - xark_test_harness[9dd41a4a3d0636bd]::compile_source
[INFO] [stdout]                                at /opt/rustwide/cargo-home/registry/src/index.crates.io-1949cf8c6b5b557f/xark-test-harness-0.2.1/src/lib.rs:325:5
[INFO] [stdout]   33:     0x650ffce5469f - vec[87b65510d4917c52]::compile
[INFO] [stdout]                                at /opt/rustwide/workdir/tests/vec.rs:22:13
[INFO] [stdout]   34:     0x650ffce59ece - vec[87b65510d4917c52]::gf_mul_matches_known_products
[INFO] [stdout]                                at /opt/rustwide/workdir/tests/vec.rs:48:13
[INFO] [stdout]   35:     0x650ffce54127 - vec[87b65510d4917c52]::gf_mul_matches_known_products::{closure#0}
[INFO] [stdout]                                at /opt/rustwide/workdir/tests/vec.rs:40:35
[INFO] [stdout]   36:     0x650ffce5bae6 - <vec[87b65510d4917c52]::gf_mul_matches_known_products::{closure#0} as core[df12db4294e9bfd3]::ops::function::FnOnce<()>>::call_once
[INFO] [stdout]                                at /rustc/dfb0accb7f508ae8be965d8629557221c889dd98/library/core/src/ops/function.rs:250:5
[INFO] [stdout]   37:     0x650ffce838ab - <fn() -> core[df12db4294e9bfd3]::result::Result<(), alloc[2182bb758b4b3781]::string::String> as core[df12db4294e9bfd3]::ops::function::FnOnce<()>>::call_once
[INFO] [stdout]                                at /rustc/dfb0accb7f508ae8be965d8629557221c889dd98/library/core/src/ops/function.rs:250:5
[INFO] [stdout]   38:     0x650ffce838ab - test[9d35eded1c95d3be]::__rust_begin_short_backtrace::<core[df12db4294e9bfd3]::result::Result<(), alloc[2182bb758b4b3781]::string::String>, fn() -> core[df12db4294e9bfd3]::result::Result<(), alloc[2182bb758b4b3781]::string::String>>
[INFO] [stdout]                                at /rustc/dfb0accb7f508ae8be965d8629557221c889dd98/library/test/src/lib.rs:733:18
[INFO] [stdout]   39:     0x650ffce90f15 - test[9d35eded1c95d3be]::run_test_in_process::{closure#0}
[INFO] [stdout]                                at /rustc/dfb0accb7f508ae8be965d8629557221c889dd98/library/test/src/lib.rs:756:74
[INFO] [stdout]   40:     0x650ffce90f15 - <core[df12db4294e9bfd3]::panic::unwind_safe::AssertUnwindSafe<test[9d35eded1c95d3be]::run_test_in_process::{closure#0}> as core[df12db4294e9bfd3]::ops::function::FnOnce<()>>::call_once
[INFO] [stdout]                                at /rustc/dfb0accb7f508ae8be965d8629557221c889dd98/library/core/src/panic/unwind_safe.rs:275:9
[INFO] [stdout]   41:     0x650ffce90f15 - std[70759c8f55707aa4]::panicking::catch_unwind::do_call::<core[df12db4294e9bfd3]::panic::unwind_safe::AssertUnwindSafe<test[9d35eded1c95d3be]::run_test_in_process::{closure#0}>, core[df12db4294e9bfd3]::result::Result<(), alloc[2182bb758b4b3781]::string::String>>
[INFO] [stdout]                                at /rustc/dfb0accb7f508ae8be965d8629557221c889dd98/library/std/src/panicking.rs:576:43
[INFO] [stdout]   42:     0x650ffce90f15 - std[70759c8f55707aa4]::panicking::catch_unwind::<core[df12db4294e9bfd3]::result::Result<(), alloc[2182bb758b4b3781]::string::String>, core[df12db4294e9bfd3]::panic::unwind_safe::AssertUnwindSafe<test[9d35eded1c95d3be]::run_test_in_process::{closure#0}>>
[INFO] [stdout]                                at /rustc/dfb0accb7f508ae8be965d8629557221c889dd98/library/std/src/panicking.rs:544:19
[INFO] [stdout]   43:     0x650ffce90f15 - std[70759c8f55707aa4]::panic::catch_unwind::<core[df12db4294e9bfd3]::panic::unwind_safe::AssertUnwindSafe<test[9d35eded1c95d3be]::run_test_in_process::{closure#0}>, core[df12db4294e9bfd3]::result::Result<(), alloc[2182bb758b4b3781]::string::String>>
[INFO] [stdout]                                at /rustc/dfb0accb7f508ae8be965d8629557221c889dd98/library/std/src/panic.rs:359:14
[INFO] [stdout]   44:     0x650ffce90f15 - test[9d35eded1c95d3be]::run_test_in_process
[INFO] [stdout]                                at /rustc/dfb0accb7f508ae8be965d8629557221c889dd98/library/test/src/lib.rs:756:27
[INFO] [stdout]   45:     0x650ffce90f15 - test[9d35eded1c95d3be]::run_test::{closure#0}
[INFO] [stdout]                                at /rustc/dfb0accb7f508ae8be965d8629557221c889dd98/library/test/src/lib.rs:677:43
[INFO] [stdout]   46:     0x650ffce8a7d4 - test[9d35eded1c95d3be]::run_test::{closure#1}
[INFO] [stdout]                                at /rustc/dfb0accb7f508ae8be965d8629557221c889dd98/library/test/src/lib.rs:707:41
[INFO] [stdout]   47:     0x650ffce8a7d4 - std[70759c8f55707aa4]::sys::backtrace::__rust_begin_short_backtrace::<test[9d35eded1c95d3be]::run_test::{closure#1}, ()>
[INFO] [stdout]                                at /rustc/dfb0accb7f508ae8be965d8629557221c889dd98/library/std/src/sys/backtrace.rs:166:18
[INFO] [stdout]   48:     0x650ffce94072 - std[70759c8f55707aa4]::thread::lifecycle::spawn_unchecked::<test[9d35eded1c95d3be]::run_test::{closure#1}, ()>::{closure#1}::{closure#0}
[INFO] [stdout]                                at /rustc/dfb0accb7f508ae8be965d8629557221c889dd98/library/std/src/thread/lifecycle.rs:70:13
[INFO] [stdout]   49:     0x650ffce94072 - <core[df12db4294e9bfd3]::panic::unwind_safe::AssertUnwindSafe<std[70759c8f55707aa4]::thread::lifecycle::spawn_unchecked<test[9d35eded1c95d3be]::run_test::{closure#1}, ()>::{closure#1}::{closure#0}> as core[df12db4294e9bfd3]::ops::function::FnOnce<()>>::call_once
[INFO] [stdout]                                at /rustc/dfb0accb7f508ae8be965d8629557221c889dd98/library/core/src/panic/unwind_safe.rs:275:9
[INFO] [stdout]   50:     0x650ffce94072 - std[70759c8f55707aa4]::panicking::catch_unwind::do_call::<core[df12db4294e9bfd3]::panic::unwind_safe::AssertUnwindSafe<std[70759c8f55707aa4]::thread::lifecycle::spawn_unchecked<test[9d35eded1c95d3be]::run_test::{closure#1}, ()>::{closure#1}::{closure#0}>, ()>
[INFO] [stdout]                                at /rustc/dfb0accb7f508ae8be965d8629557221c889dd98/library/std/src/panicking.rs:576:43
[INFO] [stdout]   51:     0x650ffce94072 - std[70759c8f55707aa4]::panicking::catch_unwind::<(), core[df12db4294e9bfd3]::panic::unwind_safe::AssertUnwindSafe<std[70759c8f55707aa4]::thread::lifecycle::spawn_unchecked<test[9d35eded1c95d3be]::run_test::{closure#1}, ()>::{closure#1}::{closure#0}>>
[INFO] [stdout]                                at /rustc/dfb0accb7f508ae8be965d8629557221c889dd98/library/std/src/panicking.rs:544:19
[INFO] [stdout]   52:     0x650ffce94072 - std[70759c8f55707aa4]::panic::catch_unwind::<core[df12db4294e9bfd3]::panic::unwind_safe::AssertUnwindSafe<std[70759c8f55707aa4]::thread::lifecycle::spawn_unchecked<test[9d35eded1c95d3be]::run_test::{closure#1}, ()>::{closure#1}::{closure#0}>, ()>
[INFO] [stdout]                                at /rustc/dfb0accb7f508ae8be965d8629557221c889dd98/library/std/src/panic.rs:359:14
[INFO] [stdout]   53:     0x650ffce94072 - std[70759c8f55707aa4]::thread::lifecycle::spawn_unchecked::<test[9d35eded1c95d3be]::run_test::{closure#1}, ()>::{closure#1}
[INFO] [stdout]                                at /rustc/dfb0accb7f508ae8be965d8629557221c889dd98/library/std/src/thread/lifecycle.rs:68:26
[INFO] [stdout]   54:     0x650ffce94072 - <std[70759c8f55707aa4]::thread::lifecycle::spawn_unchecked<test[9d35eded1c95d3be]::run_test::{closure#1}, ()>::{closure#1} as core[df12db4294e9bfd3]::ops::function::FnOnce<()>>::call_once::{shim:vtable#0}
[INFO] [stdout]                                at /rustc/dfb0accb7f508ae8be965d8629557221c889dd98/library/core/src/ops/function.rs:250:5
[INFO] [stdout]   55:     0x650ffd099509 - <alloc[2182bb758b4b3781]::boxed::Box<dyn core[df12db4294e9bfd3]::ops::function::FnOnce<(), Output = ()> + core[df12db4294e9bfd3]::marker::Send> as core[df12db4294e9bfd3]::ops::function::FnOnce<()>>::call_once
[INFO] [stdout]                                at /rustc/dfb0accb7f508ae8be965d8629557221c889dd98/library/alloc/src/boxed.rs:2320:9
[INFO] [stdout]   56:     0x650ffd099509 - <std[70759c8f55707aa4]::sys::thread::unix::Thread>::new::thread_start
[INFO] [stdout]                                at /rustc/dfb0accb7f508ae8be965d8629557221c889dd98/library/std/src/sys/thread/unix.rs:123:17
[INFO] [stdout]   57:     0x7b915a873dfa - <unknown>
[INFO] [stdout]   58:     0x7b915a9073d4 - clone
[INFO] [stdout]   59:                0x0 - <unknown>
[INFO] [stdout] 
[INFO] [stdout] ---- key_schedule_matches_fips stdout ----
[INFO] [stdout] 
[INFO] [stdout] thread 'key_schedule_matches_fips' (1332) panicked at /opt/rustwide/cargo-home/registry/src/index.crates.io-1949cf8c6b5b557f/xark-test-harness-0.2.1/src/lib.rs:175:14:
[INFO] [stdout] run cargo build (compiler): Os { code: 2, kind: NotFound, message: "No such file or directory" }
[INFO] [stdout] stack backtrace:
[INFO] [stdout]    0:     0x650ffd09a1a1 - std[70759c8f55707aa4]::backtrace_rs::backtrace::libunwind::trace
[INFO] [stdout]                                at /rustc/dfb0accb7f508ae8be965d8629557221c889dd98/library/std/src/../../backtrace/src/backtrace/libunwind.rs:117:9
[INFO] [stdout]    1:     0x650ffd09a1a1 - std[70759c8f55707aa4]::backtrace_rs::backtrace::trace_unsynchronized::<std[70759c8f55707aa4]::sys::backtrace::_print_fmt::{closure#1}>
[INFO] [stdout]                                at /rustc/dfb0accb7f508ae8be965d8629557221c889dd98/library/std/src/../../backtrace/src/backtrace/mod.rs:66:14
[INFO] [stdout]    2:     0x650ffd09a1a1 - std[70759c8f55707aa4]::sys::backtrace::_print_fmt
[INFO] [stdout]                                at /rustc/dfb0accb7f508ae8be965d8629557221c889dd98/library/std/src/sys/backtrace.rs:74:9
[INFO] [stdout]    3:     0x650ffd09a1a1 - <<std[70759c8f55707aa4]::sys::backtrace::BacktraceLock>::print::DisplayBacktrace as core[df12db4294e9bfd3]::fmt::Display>::fmt
[INFO] [stdout]                                at /rustc/dfb0accb7f508ae8be965d8629557221c889dd98/library/std/src/sys/backtrace.rs:44:26
[INFO] [stdout]    4:     0x650ffd0af1da - <core[df12db4294e9bfd3]::fmt::rt::Argument>::fmt
[INFO] [stdout]                                at /rustc/dfb0accb7f508ae8be965d8629557221c889dd98/library/core/src/fmt/rt.rs:152:76
[INFO] [stdout]    5:     0x650ffd0af1da - core[df12db4294e9bfd3]::fmt::write
[INFO] [stdout]    6:     0x650ffd09e97c - core[df12db4294e9bfd3]::io::write::default_write_fmt::<alloc[2182bb758b4b3781]::vec::Vec<u8>>
[INFO] [stdout]                                at /rustc/dfb0accb7f508ae8be965d8629557221c889dd98/library/core/src/io/write.rs:402:11
[INFO] [stdout]    7:     0x650ffd09e97c - <alloc[2182bb758b4b3781]::vec::Vec<u8> as core[df12db4294e9bfd3]::io::write::Write>::write_fmt
[INFO] [stdout]                                at /rustc/dfb0accb7f508ae8be965d8629557221c889dd98/library/core/src/io/write.rs:335:13
[INFO] [stdout]    8:     0x650ffd074816 - <std[70759c8f55707aa4]::sys::backtrace::BacktraceLock>::print
[INFO] [stdout]                                at /rustc/dfb0accb7f508ae8be965d8629557221c889dd98/library/std/src/sys/backtrace.rs:47:9
[INFO] [stdout]    9:     0x650ffd074816 - std[70759c8f55707aa4]::panicking::default_hook::{closure#0}
[INFO] [stdout]                                at /rustc/dfb0accb7f508ae8be965d8629557221c889dd98/library/std/src/panicking.rs:292:27
[INFO] [stdout]   10:     0x650ffd0918a9 - std[70759c8f55707aa4]::panicking::default_hook
[INFO] [stdout]                                at /rustc/dfb0accb7f508ae8be965d8629557221c889dd98/library/std/src/panicking.rs:316:9
[INFO] [stdout]   11:     0x650ffce905c0 - <alloc[2182bb758b4b3781]::boxed::Box<dyn for<'a, 'b> core[df12db4294e9bfd3]::ops::function::Fn<(&'a std[70759c8f55707aa4]::panic::PanicHookInfo<'b>,), Output = ()> + core[df12db4294e9bfd3]::marker::Send + core[df12db4294e9bfd3]::marker::Sync> as core[df12db4294e9bfd3]::ops::function::Fn<(&std[70759c8f55707aa4]::panic::PanicHookInfo,)>>::call
[INFO] [stdout]                                at /rustc/dfb0accb7f508ae8be965d8629557221c889dd98/library/alloc/src/boxed.rs:2334:9
[INFO] [stdout]   12:     0x650ffce905c0 - test[9d35eded1c95d3be]::test_main_inner::<test[9d35eded1c95d3be]::test_main_static::{closure#0}>::{closure#0}
[INFO] [stdout]                                at /rustc/dfb0accb7f508ae8be965d8629557221c889dd98/library/test/src/lib.rs:155:21
[INFO] [stdout]   13:     0x650ffd091bd2 - <alloc[2182bb758b4b3781]::boxed::Box<dyn for<'a, 'b> core[df12db4294e9bfd3]::ops::function::Fn<(&'a std[70759c8f55707aa4]::panic::PanicHookInfo<'b>,), Output = ()> + core[df12db4294e9bfd3]::marker::Send + core[df12db4294e9bfd3]::marker::Sync> as core[df12db4294e9bfd3]::ops::function::Fn<(&std[70759c8f55707aa4]::panic::PanicHookInfo,)>>::call
[INFO] [stdout]                                at /rustc/dfb0accb7f508ae8be965d8629557221c889dd98/library/alloc/src/boxed.rs:2334:9
[INFO] [stdout]   14:     0x650ffd091bd2 - std[70759c8f55707aa4]::panicking::panic_with_hook
[INFO] [stdout]                                at /rustc/dfb0accb7f508ae8be965d8629557221c889dd98/library/std/src/panicking.rs:823:13
[INFO] [stdout]   15:     0x650ffd0748c2 - std[70759c8f55707aa4]::panicking::panic_handler::{closure#0}
[INFO] [stdout]                                at /rustc/dfb0accb7f508ae8be965d8629557221c889dd98/library/std/src/panicking.rs:688:13
[INFO] [stdout]   16:     0x650ffd06d369 - std[70759c8f55707aa4]::sys::backtrace::__rust_end_short_backtrace::<std[70759c8f55707aa4]::panicking::panic_handler::{closure#0}, !>
[INFO] [stdout]                                at /rustc/dfb0accb7f508ae8be965d8629557221c889dd98/library/std/src/sys/backtrace.rs:182:18
[INFO] [stdout]   17:     0x650ffd0754bd - __rustc[8fa7c3cbc660c2b3]::rust_begin_unwind
[INFO] [stdout]                                at /rustc/dfb0accb7f508ae8be965d8629557221c889dd98/library/std/src/panicking.rs:679:5
[INFO] [stdout]   18:     0x650ffd0af9cc - core[df12db4294e9bfd3]::panicking::panic_fmt
[INFO] [stdout]                                at /rustc/dfb0accb7f508ae8be965d8629557221c889dd98/library/core/src/panicking.rs:80:14
[INFO] [stdout]   19:     0x650ffd0af722 - core[df12db4294e9bfd3]::result::unwrap_failed
[INFO] [stdout]                                at /rustc/dfb0accb7f508ae8be965d8629557221c889dd98/library/core/src/result.rs:1871:5
[INFO] [stdout]   20:     0x650ffce74b0e - <core[df12db4294e9bfd3]::result::Result<std[70759c8f55707aa4]::process::ExitStatus, core[df12db4294e9bfd3]::io::error::Error>>::expect
[INFO] [stdout]                                at /rustc/dfb0accb7f508ae8be965d8629557221c889dd98/library/core/src/result.rs:1184:23
[INFO] [stdout]   21:     0x650ffce5d007 - xark_test_harness[9dd41a4a3d0636bd]::built::{closure#0}
[INFO] [stdout]                                at /opt/rustwide/cargo-home/registry/src/index.crates.io-1949cf8c6b5b557f/xark-test-harness-0.2.1/src/lib.rs:175:14
[INFO] [stdout]   22:     0x650ffce7b2a7 - <std[70759c8f55707aa4]::sync::once_lock::OnceLock<(std[70759c8f55707aa4]::path::PathBuf, std[70759c8f55707aa4]::path::PathBuf)>>::get_or_init::<xark_test_harness[9dd41a4a3d0636bd]::built::{closure#0}>::{closure#0}
[INFO] [stdout]                                at /rustc/dfb0accb7f508ae8be965d8629557221c889dd98/library/std/src/sync/once_lock.rs:350:50
[INFO] [stdout]   23:     0x650ffce7b203 - <std[70759c8f55707aa4]::sync::once_lock::OnceLock<(std[70759c8f55707aa4]::path::PathBuf, std[70759c8f55707aa4]::path::PathBuf)>>::initialize::<<std[70759c8f55707aa4]::sync::once_lock::OnceLock<(std[70759c8f55707aa4]::path::PathBuf, std[70759c8f55707aa4]::path::PathBuf)>>::get_or_init<xark_test_harness[9dd41a4a3d0636bd]::built::{closure#0}>::{closure#0}, !>::{closure#0}
[INFO] [stdout]                                at /rustc/dfb0accb7f508ae8be965d8629557221c889dd98/library/std/src/sync/once_lock.rs:572:19
[INFO] [stdout]   24:     0x650ffce74532 - <std[70759c8f55707aa4]::sync::once::Once>::call_once_force::<<std[70759c8f55707aa4]::sync::once_lock::OnceLock<(std[70759c8f55707aa4]::path::PathBuf, std[70759c8f55707aa4]::path::PathBuf)>>::initialize<<std[70759c8f55707aa4]::sync::once_lock::OnceLock<(std[70759c8f55707aa4]::path::PathBuf, std[70759c8f55707aa4]::path::PathBuf)>>::get_or_init<xark_test_harness[9dd41a4a3d0636bd]::built::{closure#0}>::{closure#0}, !>::{closure#0}>::{closure#0}
[INFO] [stdout]                                at /rustc/dfb0accb7f508ae8be965d8629557221c889dd98/library/std/src/sync/once.rs:226:40
[INFO] [stdout]   25:     0x650ffd07a4e9 - <std[70759c8f55707aa4]::sys::sync::once::futex::Once>::call
[INFO] [stdout]                                at /rustc/dfb0accb7f508ae8be965d8629557221c889dd98/library/std/src/sys/sync/once/futex.rs:183:21
[INFO] [stdout]   26:     0x650ffce739da - <std[70759c8f55707aa4]::sync::once::Once>::call_once_force::<<std[70759c8f55707aa4]::sync::once_lock::OnceLock<(std[70759c8f55707aa4]::path::PathBuf, std[70759c8f55707aa4]::path::PathBuf)>>::initialize<<std[70759c8f55707aa4]::sync::once_lock::OnceLock<(std[70759c8f55707aa4]::path::PathBuf, std[70759c8f55707aa4]::path::PathBuf)>>::get_or_init<xark_test_harness[9dd41a4a3d0636bd]::built::{closure#0}>::{closure#0}, !>::{closure#0}>
[INFO] [stdout]                                at /rustc/dfb0accb7f508ae8be965d8629557221c889dd98/library/std/src/sync/once.rs:226:20
[INFO] [stdout]   27:     0x650ffce7ad77 - <std[70759c8f55707aa4]::sync::once_lock::OnceLock<(std[70759c8f55707aa4]::path::PathBuf, std[70759c8f55707aa4]::path::PathBuf)>>::initialize::<<std[70759c8f55707aa4]::sync::once_lock::OnceLock<(std[70759c8f55707aa4]::path::PathBuf, std[70759c8f55707aa4]::path::PathBuf)>>::get_or_init<xark_test_harness[9dd41a4a3d0636bd]::built::{closure#0}>::{closure#0}, !>
[INFO] [stdout]                                at /rustc/dfb0accb7f508ae8be965d8629557221c889dd98/library/std/src/sync/once_lock.rs:571:19
[INFO] [stdout]   28:     0x650ffce7adee - <std[70759c8f55707aa4]::sync::once_lock::OnceLock<(std[70759c8f55707aa4]::path::PathBuf, std[70759c8f55707aa4]::path::PathBuf)>>::get_or_try_init::<<std[70759c8f55707aa4]::sync::once_lock::OnceLock<(std[70759c8f55707aa4]::path::PathBuf, std[70759c8f55707aa4]::path::PathBuf)>>::get_or_init<xark_test_harness[9dd41a4a3d0636bd]::built::{closure#0}>::{closure#0}, !>
[INFO] [stdout]                                at /rustc/dfb0accb7f508ae8be965d8629557221c889dd98/library/std/src/sync/once_lock.rs:439:14
[INFO] [stdout]   29:     0x650ffce7ad8e - <std[70759c8f55707aa4]::sync::once_lock::OnceLock<(std[70759c8f55707aa4]::path::PathBuf, std[70759c8f55707aa4]::path::PathBuf)>>::get_or_init::<xark_test_harness[9dd41a4a3d0636bd]::built::{closure#0}>
[INFO] [stdout]                                at /rustc/dfb0accb7f508ae8be965d8629557221c889dd98/library/std/src/sync/once_lock.rs:350:20
[INFO] [stdout]   30:     0x650ffce5eefe - xark_test_harness[9dd41a4a3d0636bd]::built
[INFO] [stdout]                                at /opt/rustwide/cargo-home/registry/src/index.crates.io-1949cf8c6b5b557f/xark-test-harness-0.2.1/src/lib.rs:158:11
[INFO] [stdout]   31:     0x650ffce5df2e - xark_test_harness[9dd41a4a3d0636bd]::compile_file
[INFO] [stdout]                                at /opt/rustwide/cargo-home/registry/src/index.crates.io-1949cf8c6b5b557f/xark-test-harness-0.2.1/src/lib.rs:277:23
[INFO] [stdout]   32:     0x650ffce5ea5f - xark_test_harness[9dd41a4a3d0636bd]::compile_source
[INFO] [stdout]                                at /opt/rustwide/cargo-home/registry/src/index.crates.io-1949cf8c6b5b557f/xark-test-harness-0.2.1/src/lib.rs:325:5
[INFO] [stdout]   33:     0x650ffce5469f - vec[87b65510d4917c52]::compile
[INFO] [stdout]                                at /opt/rustwide/workdir/tests/vec.rs:22:13
[INFO] [stdout]   34:     0x650ffce59696 - vec[87b65510d4917c52]::key_schedule_matches_fips
[INFO] [stdout]                                at /opt/rustwide/workdir/tests/vec.rs:321:13
[INFO] [stdout]   35:     0x650ffce540f7 - vec[87b65510d4917c52]::key_schedule_matches_fips::{closure#0}
[INFO] [stdout]                                at /opt/rustwide/workdir/tests/vec.rs:302:31
[INFO] [stdout]   36:     0x650ffce5bac6 - <vec[87b65510d4917c52]::key_schedule_matches_fips::{closure#0} as core[df12db4294e9bfd3]::ops::function::FnOnce<()>>::call_once
[INFO] [stdout]                                at /rustc/dfb0accb7f508ae8be965d8629557221c889dd98/library/core/src/ops/function.rs:250:5
[INFO] [stdout]   37:     0x650ffce838ab - <fn() -> core[df12db4294e9bfd3]::result::Result<(), alloc[2182bb758b4b3781]::string::String> as core[df12db4294e9bfd3]::ops::function::FnOnce<()>>::call_once
[INFO] [stdout]                                at /rustc/dfb0accb7f508ae8be965d8629557221c889dd98/library/core/src/ops/function.rs:250:5
[INFO] [stdout]   38:     0x650ffce838ab - test[9d35eded1c95d3be]::__rust_begin_short_backtrace::<core[df12db4294e9bfd3]::result::Result<(), alloc[2182bb758b4b3781]::string::String>, fn() -> core[df12db4294e9bfd3]::result::Result<(), alloc[2182bb758b4b3781]::string::String>>
[INFO] [stdout]                                at /rustc/dfb0accb7f508ae8be965d8629557221c889dd98/library/test/src/lib.rs:733:18
[INFO] [stdout]   39:     0x650ffce90f15 - test[9d35eded1c95d3be]::run_test_in_process::{closure#0}
[INFO] [stdout]                                at /rustc/dfb0accb7f508ae8be965d8629557221c889dd98/library/test/src/lib.rs:756:74
[INFO] [stdout]   40:     0x650ffce90f15 - <core[df12db4294e9bfd3]::panic::unwind_safe::AssertUnwindSafe<test[9d35eded1c95d3be]::run_test_in_process::{closure#0}> as core[df12db4294e9bfd3]::ops::function::FnOnce<()>>::call_once
[INFO] [stdout]                                at /rustc/dfb0accb7f508ae8be965d8629557221c889dd98/library/core/src/panic/unwind_safe.rs:275:9
[INFO] [stdout]   41:     0x650ffce90f15 - std[70759c8f55707aa4]::panicking::catch_unwind::do_call::<core[df12db4294e9bfd3]::panic::unwind_safe::AssertUnwindSafe<test[9d35eded1c95d3be]::run_test_in_process::{closure#0}>, core[df12db4294e9bfd3]::result::Result<(), alloc[2182bb758b4b3781]::string::String>>
[INFO] [stdout]                                at /rustc/dfb0accb7f508ae8be965d8629557221c889dd98/library/std/src/panicking.rs:576:43
[INFO] [stdout]   42:     0x650ffce90f15 - std[70759c8f55707aa4]::panicking::catch_unwind::<core[df12db4294e9bfd3]::result::Result<(), alloc[2182bb758b4b3781]::string::String>, core[df12db4294e9bfd3]::panic::unwind_safe::AssertUnwindSafe<test[9d35eded1c95d3be]::run_test_in_process::{closure#0}>>
[INFO] [stdout]                                at /rustc/dfb0accb7f508ae8be965d8629557221c889dd98/library/std/src/panicking.rs:544:19
[INFO] [stdout]   43:     0x650ffce90f15 - std[70759c8f55707aa4]::panic::catch_unwind::<core[df12db4294e9bfd3]::panic::unwind_safe::AssertUnwindSafe<test[9d35eded1c95d3be]::run_test_in_process::{closure#0}>, core[df12db4294e9bfd3]::result::Result<(), alloc[2182bb758b4b3781]::string::String>>
[INFO] [stdout]                                at /rustc/dfb0accb7f508ae8be965d8629557221c889dd98/library/std/src/panic.rs:359:14
[INFO] [stdout]   44:     0x650ffce90f15 - test[9d35eded1c95d3be]::run_test_in_process
[INFO] [stdout]                                at /rustc/dfb0accb7f508ae8be965d8629557221c889dd98/library/test/src/lib.rs:756:27
[INFO] [stdout]   45:     0x650ffce90f15 - test[9d35eded1c95d3be]::run_test::{closure#0}
[INFO] [stdout]                                at /rustc/dfb0accb7f508ae8be965d8629557221c889dd98/library/test/src/lib.rs:677:43
[INFO] [stdout]   46:     0x650ffce8a7d4 - test[9d35eded1c95d3be]::run_test::{closure#1}
[INFO] [stdout]                                at /rustc/dfb0accb7f508ae8be965d8629557221c889dd98/library/test/src/lib.rs:707:41
[INFO] [stdout]   47:     0x650ffce8a7d4 - std[70759c8f55707aa4]::sys::backtrace::__rust_begin_short_backtrace::<test[9d35eded1c95d3be]::run_test::{closure#1}, ()>
[INFO] [stdout]                                at /rustc/dfb0accb7f508ae8be965d8629557221c889dd98/library/std/src/sys/backtrace.rs:166:18
[INFO] [stdout]   48:     0x650ffce94072 - std[70759c8f55707aa4]::thread::lifecycle::spawn_unchecked::<test[9d35eded1c95d3be]::run_test::{closure#1}, ()>::{closure#1}::{closure#0}
[INFO] [stdout]                                at /rustc/dfb0accb7f508ae8be965d8629557221c889dd98/library/std/src/thread/lifecycle.rs:70:13
[INFO] [stdout]   49:     0x650ffce94072 - <core[df12db4294e9bfd3]::panic::unwind_safe::AssertUnwindSafe<std[70759c8f55707aa4]::thread::lifecycle::spawn_unchecked<test[9d35eded1c95d3be]::run_test::{closure#1}, ()>::{closure#1}::{closure#0}> as core[df12db4294e9bfd3]::ops::function::FnOnce<()>>::call_once
[INFO] [stdout]                                at /rustc/dfb0accb7f508ae8be965d8629557221c889dd98/library/core/src/panic/unwind_safe.rs:275:9
[INFO] [stdout]   50:     0x650ffce94072 - std[70759c8f55707aa4]::panicking::catch_unwind::do_call::<core[df12db4294e9bfd3]::panic::unwind_safe::AssertUnwindSafe<std[70759c8f55707aa4]::thread::lifecycle::spawn_unchecked<test[9d35eded1c95d3be]::run_test::{closure#1}, ()>::{closure#1}::{closure#0}>, ()>
[INFO] [stdout]                                at /rustc/dfb0accb7f508ae8be965d8629557221c889dd98/library/std/src/panicking.rs:576:43
[INFO] [stdout]   51:     0x650ffce94072 - std[70759c8f55707aa4]::panicking::catch_unwind::<(), core[df12db4294e9bfd3]::panic::unwind_safe::AssertUnwindSafe<std[70759c8f55707aa4]::thread::lifecycle::spawn_unchecked<test[9d35eded1c95d3be]::run_test::{closure#1}, ()>::{closure#1}::{closure#0}>>
[INFO] [stdout]                                at /rustc/dfb0accb7f508ae8be965d8629557221c889dd98/library/std/src/panicking.rs:544:19
[INFO] [stdout]   52:     0x650ffce94072 - std[70759c8f55707aa4]::panic::catch_unwind::<core[df12db4294e9bfd3]::panic::unwind_safe::AssertUnwindSafe<std[70759c8f55707aa4]::thread::lifecycle::spawn_unchecked<test[9d35eded1c95d3be]::run_test::{closure#1}, ()>::{closure#1}::{closure#0}>, ()>
[INFO] [stdout]                                at /rustc/dfb0accb7f508ae8be965d8629557221c889dd98/library/std/src/panic.rs:359:14
[INFO] [stdout]   53:     0x650ffce94072 - std[70759c8f55707aa4]::thread::lifecycle::spawn_unchecked::<test[9d35eded1c95d3be]::run_test::{closure#1}, ()>::{closure#1}
[INFO] [stdout]                                at /rustc/dfb0accb7f508ae8be965d8629557221c889dd98/library/std/src/thread/lifecycle.rs:68:26
[INFO] [stdout]   54:     0x650ffce94072 - <std[70759c8f55707aa4]::thread::lifecycle::spawn_unchecked<test[9d35eded1c95d3be]::run_test::{closure#1}, ()>::{closure#1} as core[df12db4294e9bfd3]::ops::function::FnOnce<()>>::call_once::{shim:vtable#0}
[INFO] [stdout]                                at /rustc/dfb0accb7f508ae8be965d8629557221c889dd98/library/core/src/ops/function.rs:250:5
[INFO] [stdout]   55:     0x650ffd099509 - <alloc[2182bb758b4b3781]::boxed::Box<dyn core[df12db4294e9bfd3]::ops::function::FnOnce<(), Output = ()> + core[df12db4294e9bfd3]::marker::Send> as core[df12db4294e9bfd3]::ops::function::FnOnce<()>>::call_once
[INFO] [stdout]                                at /rustc/dfb0accb7f508ae8be965d8629557221c889dd98/library/alloc/src/boxed.rs:2320:9
[INFO] [stdout]   56:     0x650ffd099509 - <std[70759c8f55707aa4]::sys::thread::unix::Thread>::new::thread_start
[INFO] [stdout]                                at /rustc/dfb0accb7f508ae8be965d8629557221c889dd98/library/std/src/sys/thread/unix.rs:123:17
[INFO] [stdout]   57:     0x7b915a873dfa - <unknown>
[INFO] [stdout]   58:     0x7b915a9073d4 - clone
[INFO] [stdout]   59:                0x0 - <unknown>
[INFO] [stdout] 
[INFO] [stdout] ---- gf128_mul_matches_ghash stdout ----
[INFO] [stdout] 
[INFO] [stdout] thread 'gf128_mul_matches_ghash' (1330) panicked at /opt/rustwide/cargo-home/registry/src/index.crates.io-1949cf8c6b5b557f/xark-test-harness-0.2.1/src/lib.rs:175:14:
[INFO] [stdout] run cargo build (compiler): Os { code: 2, kind: NotFound, message: "No such file or directory" }
[INFO] [stdout] stack backtrace:
[INFO] [stdout]    0:     0x650ffd09a1a1 - std[70759c8f55707aa4]::backtrace_rs::backtrace::libunwind::trace
[INFO] [stdout]                                at /rustc/dfb0accb7f508ae8be965d8629557221c889dd98/library/std/src/../../backtrace/src/backtrace/libunwind.rs:117:9
[INFO] [stdout]    1:     0x650ffd09a1a1 - std[70759c8f55707aa4]::backtrace_rs::backtrace::trace_unsynchronized::<std[70759c8f55707aa4]::sys::backtrace::_print_fmt::{closure#1}>
[INFO] [stdout]                                at /rustc/dfb0accb7f508ae8be965d8629557221c889dd98/library/std/src/../../backtrace/src/backtrace/mod.rs:66:14
[INFO] [stdout]    2:     0x650ffd09a1a1 - std[70759c8f55707aa4]::sys::backtrace::_print_fmt
[INFO] [stdout]                                at /rustc/dfb0accb7f508ae8be965d8629557221c889dd98/library/std/src/sys/backtrace.rs:74:9
[INFO] [stdout]    3:     0x650ffd09a1a1 - <<std[70759c8f55707aa4]::sys::backtrace::BacktraceLock>::print::DisplayBacktrace as core[df12db4294e9bfd3]::fmt::Display>::fmt
[INFO] [stdout]                                at /rustc/dfb0accb7f508ae8be965d8629557221c889dd98/library/std/src/sys/backtrace.rs:44:26
[INFO] [stdout]    4:     0x650ffd0af1da - <core[df12db4294e9bfd3]::fmt::rt::Argument>::fmt
[INFO] [stdout]                                at /rustc/dfb0accb7f508ae8be965d8629557221c889dd98/library/core/src/fmt/rt.rs:152:76
[INFO] [stdout]    5:     0x650ffd0af1da - core[df12db4294e9bfd3]::fmt::write
[INFO] [stdout]    6:     0x650ffd09e97c - core[df12db4294e9bfd3]::io::write::default_write_fmt::<alloc[2182bb758b4b3781]::vec::Vec<u8>>
[INFO] [stdout]                                at /rustc/dfb0accb7f508ae8be965d8629557221c889dd98/library/core/src/io/write.rs:402:11
[INFO] [stdout]    7:     0x650ffd09e97c - <alloc[2182bb758b4b3781]::vec::Vec<u8> as core[df12db4294e9bfd3]::io::write::Write>::write_fmt
[INFO] [stdout]                                at /rustc/dfb0accb7f508ae8be965d8629557221c889dd98/library/core/src/io/write.rs:335:13
[INFO] [stdout]    8:     0x650ffd074816 - <std[70759c8f55707aa4]::sys::backtrace::BacktraceLock>::print
[INFO] [stdout]                                at /rustc/dfb0accb7f508ae8be965d8629557221c889dd98/library/std/src/sys/backtrace.rs:47:9
[INFO] [stdout]    9:     0x650ffd074816 - std[70759c8f55707aa4]::panicking::default_hook::{closure#0}
[INFO] [stdout]                                at /rustc/dfb0accb7f508ae8be965d8629557221c889dd98/library/std/src/panicking.rs:292:27
[INFO] [stdout]   10:     0x650ffd0918a9 - std[70759c8f55707aa4]::panicking::default_hook
[INFO] [stdout]                                at /rustc/dfb0accb7f508ae8be965d8629557221c889dd98/library/std/src/panicking.rs:316:9
[INFO] [stdout]   11:     0x650ffce905c0 - <alloc[2182bb758b4b3781]::boxed::Box<dyn for<'a, 'b> core[df12db4294e9bfd3]::ops::function::Fn<(&'a std[70759c8f55707aa4]::panic::PanicHookInfo<'b>,), Output = ()> + core[df12db4294e9bfd3]::marker::Send + core[df12db4294e9bfd3]::marker::Sync> as core[df12db4294e9bfd3]::ops::function::Fn<(&std[70759c8f55707aa4]::panic::PanicHookInfo,)>>::call
[INFO] [stdout]                                at /rustc/dfb0accb7f508ae8be965d8629557221c889dd98/library/alloc/src/boxed.rs:2334:9
[INFO] [stdout]   12:     0x650ffce905c0 - test[9d35eded1c95d3be]::test_main_inner::<test[9d35eded1c95d3be]::test_main_static::{closure#0}>::{closure#0}
[INFO] [stdout]                                at /rustc/dfb0accb7f508ae8be965d8629557221c889dd98/library/test/src/lib.rs:155:21
[INFO] [stdout]   13:     0x650ffd091bd2 - <alloc[2182bb758b4b3781]::boxed::Box<dyn for<'a, 'b> core[df12db4294e9bfd3]::ops::function::Fn<(&'a std[70759c8f55707aa4]::panic::PanicHookInfo<'b>,), Output = ()> + core[df12db4294e9bfd3]::marker::Send + core[df12db4294e9bfd3]::marker::Sync> as core[df12db4294e9bfd3]::ops::function::Fn<(&std[70759c8f55707aa4]::panic::PanicHookInfo,)>>::call
[INFO] [stdout]                                at /rustc/dfb0accb7f508ae8be965d8629557221c889dd98/library/alloc/src/boxed.rs:2334:9
[INFO] [stdout]   14:     0x650ffd091bd2 - std[70759c8f55707aa4]::panicking::panic_with_hook
[INFO] [stdout]                                at /rustc/dfb0accb7f508ae8be965d8629557221c889dd98/library/std/src/panicking.rs:823:13
[INFO] [stdout]   15:     0x650ffd0748c2 - std[70759c8f55707aa4]::panicking::panic_handler::{closure#0}
[INFO] [stdout]                                at /rustc/dfb0accb7f508ae8be965d8629557221c889dd98/library/std/src/panicking.rs:688:13
[INFO] [stdout]   16:     0x650ffd06d369 - std[70759c8f55707aa4]::sys::backtrace::__rust_end_short_backtrace::<std[70759c8f55707aa4]::panicking::panic_handler::{closure#0}, !>
[INFO] [stdout]                                at /rustc/dfb0accb7f508ae8be965d8629557221c889dd98/library/std/src/sys/backtrace.rs:182:18
[INFO] [stdout]   17:     0x650ffd0754bd - __rustc[8fa7c3cbc660c2b3]::rust_begin_unwind
[INFO] [stdout]                                at /rustc/dfb0accb7f508ae8be965d8629557221c889dd98/library/std/src/panicking.rs:679:5
[INFO] [stdout]   18:     0x650ffd0af9cc - core[df12db4294e9bfd3]::panicking::panic_fmt
[INFO] [stdout]                                at /rustc/dfb0accb7f508ae8be965d8629557221c889dd98/library/core/src/panicking.rs:80:14
[INFO] [stdout]   19:     0x650ffd0af722 - core[df12db4294e9bfd3]::result::unwrap_failed
[INFO] [stdout]                                at /rustc/dfb0accb7f508ae8be965d8629557221c889dd98/library/core/src/result.rs:1871:5
[INFO] [stdout]   20:     0x650ffce74b0e - <core[df12db4294e9bfd3]::result::Result<std[70759c8f55707aa4]::process::ExitStatus, core[df12db4294e9bfd3]::io::error::Error>>::expect
[INFO] [stdout]                                at /rustc/dfb0accb7f508ae8be965d8629557221c889dd98/library/core/src/result.rs:1184:23
[INFO] [stdout]   21:     0x650ffce5d007 - xark_test_harness[9dd41a4a3d0636bd]::built::{closure#0}
[INFO] [stdout]                                at /opt/rustwide/cargo-home/registry/src/index.crates.io-1949cf8c6b5b557f/xark-test-harness-0.2.1/src/lib.rs:175:14
[INFO] [stdout]   22:     0x650ffce7b2a7 - <std[70759c8f55707aa4]::sync::once_lock::OnceLock<(std[70759c8f55707aa4]::path::PathBuf, std[70759c8f55707aa4]::path::PathBuf)>>::get_or_init::<xark_test_harness[9dd41a4a3d0636bd]::built::{closure#0}>::{closure#0}
[INFO] [stdout]                                at /rustc/dfb0accb7f508ae8be965d8629557221c889dd98/library/std/src/sync/once_lock.rs:350:50
[INFO] [stdout]   23:     0x650ffce7b203 - <std[70759c8f55707aa4]::sync::once_lock::OnceLock<(std[70759c8f55707aa4]::path::PathBuf, std[70759c8f55707aa4]::path::PathBuf)>>::initialize::<<std[70759c8f55707aa4]::sync::once_lock::OnceLock<(std[70759c8f55707aa4]::path::PathBuf, std[70759c8f55707aa4]::path::PathBuf)>>::get_or_init<xark_test_harness[9dd41a4a3d0636bd]::built::{closure#0}>::{closure#0}, !>::{closure#0}
[INFO] [stdout]                                at /rustc/dfb0accb7f508ae8be965d8629557221c889dd98/library/std/src/sync/once_lock.rs:572:19
[INFO] [stdout]   24:     0x650ffce74532 - <std[70759c8f55707aa4]::sync::once::Once>::call_once_force::<<std[70759c8f55707aa4]::sync::once_lock::OnceLock<(std[70759c8f55707aa4]::path::PathBuf, std[70759c8f55707aa4]::path::PathBuf)>>::initialize<<std[70759c8f55707aa4]::sync::once_lock::OnceLock<(std[70759c8f55707aa4]::path::PathBuf, std[70759c8f55707aa4]::path::PathBuf)>>::get_or_init<xark_test_harness[9dd41a4a3d0636bd]::built::{closure#0}>::{closure#0}, !>::{closure#0}>::{closure#0}
[INFO] [stdout]                                at /rustc/dfb0accb7f508ae8be965d8629557221c889dd98/library/std/src/sync/once.rs:226:40
[INFO] [stdout]   25:     0x650ffd07a4e9 - <std[70759c8f55707aa4]::sys::sync::once::futex::Once>::call
[INFO] [stdout]                                at /rustc/dfb0accb7f508ae8be965d8629557221c889dd98/library/std/src/sys/sync/once/futex.rs:183:21
[INFO] [stdout]   26:     0x650ffce739da - <std[70759c8f55707aa4]::sync::once::Once>::call_once_force::<<std[70759c8f55707aa4]::sync::once_lock::OnceLock<(std[70759c8f55707aa4]::path::PathBuf, std[70759c8f55707aa4]::path::PathBuf)>>::initialize<<std[70759c8f55707aa4]::sync::once_lock::OnceLock<(std[70759c8f55707aa4]::path::PathBuf, std[70759c8f55707aa4]::path::PathBuf)>>::get_or_init<xark_test_harness[9dd41a4a3d0636bd]::built::{closure#0}>::{closure#0}, !>::{closure#0}>
[INFO] [stdout]                                at /rustc/dfb0accb7f508ae8be965d8629557221c889dd98/library/std/src/sync/once.rs:226:20
[INFO] [stdout]   27:     0x650ffce7ad77 - <std[70759c8f55707aa4]::sync::once_lock::OnceLock<(std[70759c8f55707aa4]::path::PathBuf, std[70759c8f55707aa4]::path::PathBuf)>>::initialize::<<std[70759c8f55707aa4]::sync::once_lock::OnceLock<(std[70759c8f55707aa4]::path::PathBuf, std[70759c8f55707aa4]::path::PathBuf)>>::get_or_init<xark_test_harness[9dd41a4a3d0636bd]::built::{closure#0}>::{closure#0}, !>
[INFO] [stdout]                                at /rustc/dfb0accb7f508ae8be965d8629557221c889dd98/library/std/src/sync/once_lock.rs:571:19
[INFO] [stdout]   28:     0x650ffce7adee - <std[70759c8f55707aa4]::sync::once_lock::OnceLock<(std[70759c8f55707aa4]::path::PathBuf, std[70759c8f55707aa4]::path::PathBuf)>>::get_or_try_init::<<std[70759c8f55707aa4]::sync::once_lock::OnceLock<(std[70759c8f55707aa4]::path::PathBuf, std[70759c8f55707aa4]::path::PathBuf)>>::get_or_init<xark_test_harness[9dd41a4a3d0636bd]::built::{closure#0}>::{closure#0}, !>
[INFO] [stdout]                                at /rustc/dfb0accb7f508ae8be965d8629557221c889dd98/library/std/src/sync/once_lock.rs:439:14
[INFO] [stdout]   29:     0x650ffce7ad8e - <std[70759c8f55707aa4]::sync::once_lock::OnceLock<(std[70759c8f55707aa4]::path::PathBuf, std[70759c8f55707aa4]::path::PathBuf)>>::get_or_init::<xark_test_harness[9dd41a4a3d0636bd]::built::{closure#0}>
[INFO] [stdout]                                at /rustc/dfb0accb7f508ae8be965d8629557221c889dd98/library/std/src/sync/once_lock.rs:350:20
[INFO] [stdout]   30:     0x650ffce5eefe - xark_test_harness[9dd41a4a3d0636bd]::built
[INFO] [stdout]                                at /opt/rustwide/cargo-home/registry/src/index.crates.io-1949cf8c6b5b557f/xark-test-harness-0.2.1/src/lib.rs:158:11
[INFO] [stdout]   31:     0x650ffce5df2e - xark_test_harness[9dd41a4a3d0636bd]::compile_file
[INFO] [stdout]                                at /opt/rustwide/cargo-home/registry/src/index.crates.io-1949cf8c6b5b557f/xark-test-harness-0.2.1/src/lib.rs:277:23
[INFO] [stdout]   32:     0x650ffce5ea5f - xark_test_harness[9dd41a4a3d0636bd]::compile_source
[INFO] [stdout]                                at /opt/rustwide/cargo-home/registry/src/index.crates.io-1949cf8c6b5b557f/xark-test-harness-0.2.1/src/lib.rs:325:5
[INFO] [stdout]   33:     0x650ffce5469f - vec[87b65510d4917c52]::compile
[INFO] [stdout]                                at /opt/rustwide/workdir/tests/vec.rs:22:13
[INFO] [stdout]   34:     0x650ffce57ce0 - vec[87b65510d4917c52]::gf128_mul_matches_ghash
[INFO] [stdout]                                at /opt/rustwide/workdir/tests/vec.rs:116:13
[INFO] [stdout]   35:     0x650ffce54097 - vec[87b65510d4917c52]::gf128_mul_matches_ghash::{closure#0}
[INFO] [stdout]                                at /opt/rustwide/workdir/tests/vec.rs:80:29
[INFO] [stdout]   36:     0x650ffce5ba86 - <vec[87b65510d4917c52]::gf128_mul_matches_ghash::{closure#0} as core[df12db4294e9bfd3]::ops::function::FnOnce<()>>::call_once
[INFO] [stdout]                                at /rustc/dfb0accb7f508ae8be965d8629557221c889dd98/library/core/src/ops/function.rs:250:5
[INFO] [stdout]   37:     0x650ffce838ab - <fn() -> core[df12db4294e9bfd3]::result::Result<(), alloc[2182bb758b4b3781]::string::String> as core[df12db4294e9bfd3]::ops::function::FnOnce<()>>::call_once
[INFO] [stdout]                                at /rustc/dfb0accb7f508ae8be965d8629557221c889dd98/library/core/src/ops/function.rs:250:5
[INFO] [stdout]   38:     0x650ffce838ab - test[9d35eded1c95d3be]::__rust_begin_short_backtrace::<core[df12db4294e9bfd3]::result::Result<(), alloc[2182bb758b4b3781]::string::String>, fn() -> core[df12db4294e9bfd3]::result::Result<(), alloc[2182bb758b4b3781]::string::String>>
[INFO] [stdout]                                at /rustc/dfb0accb7f508ae8be965d8629557221c889dd98/library/test/src/lib.rs:733:18
[INFO] [stdout]   39:     0x650ffce90f15 - test[9d35eded1c95d3be]::run_test_in_process::{closure#0}
[INFO] [stdout]                                at /rustc/dfb0accb7f508ae8be965d8629557221c889dd98/library/test/src/lib.rs:756:74
[INFO] [stdout]   40:     0x650ffce90f15 - <core[df12db4294e9bfd3]::panic::unwind_safe::AssertUnwindSafe<test[9d35eded1c95d3be]::run_test_in_process::{closure#0}> as core[df12db4294e9bfd3]::ops::function::FnOnce<()>>::call_once
[INFO] [stdout]                                at /rustc/dfb0accb7f508ae8be965d8629557221c889dd98/library/core/src/panic/unwind_safe.rs:275:9
[INFO] [stdout]   41:     0x650ffce90f15 - std[70759c8f55707aa4]::panicking::catch_unwind::do_call::<core[df12db4294e9bfd3]::panic::unwind_safe::AssertUnwindSafe<test[9d35eded1c95d3be]::run_test_in_process::{closure#0}>, core[df12db4294e9bfd3]::result::Result<(), alloc[2182bb758b4b3781]::string::String>>
[INFO] [stdout]                                at /rustc/dfb0accb7f508ae8be965d8629557221c889dd98/library/std/src/panicking.rs:576:43
[INFO] [stdout]   42:     0x650ffce90f15 - std[70759c8f55707aa4]::panicking::catch_unwind::<core[df12db4294e9bfd3]::result::Result<(), alloc[2182bb758b4b3781]::string::String>, core[df12db4294e9bfd3]::panic::unwind_safe::AssertUnwindSafe<test[9d35eded1c95d3be]::run_test_in_process::{closure#0}>>
[INFO] [stdout]                                at /rustc/dfb0accb7f508ae8be965d8629557221c889dd98/library/std/src/panicking.rs:544:19
[INFO] [stdout]   43:     0x650ffce90f15 - std[70759c8f55707aa4]::panic::catch_unwind::<core[df12db4294e9bfd3]::panic::unwind_safe::AssertUnwindSafe<test[9d35eded1c95d3be]::run_test_in_process::{closure#0}>, core[df12db4294e9bfd3]::result::Result<(), alloc[2182bb758b4b3781]::string::String>>
[INFO] [stdout]                                at /rustc/dfb0accb7f508ae8be965d8629557221c889dd98/library/std/src/panic.rs:359:14
[INFO] [stdout]   44:     0x650ffce90f15 - test[9d35eded1c95d3be]::run_test_in_process
[INFO] [stdout]                                at /rustc/dfb0accb7f508ae8be965d8629557221c889dd98/library/test/src/lib.rs:756:27
[INFO] [stdout]   45:     0x650ffce90f15 - test[9d35eded1c95d3be]::run_test::{closure#0}
[INFO] [stdout]                                at /rustc/dfb0accb7f508ae8be965d8629557221c889dd98/library/test/src/lib.rs:677:43
[INFO] [stdout]   46:     0x650ffce8a7d4 - test[9d35eded1c95d3be]::run_test::{closure#1}
[INFO] [stdout]                                at /rustc/dfb0accb7f508ae8be965d8629557221c889dd98/library/test/src/lib.rs:707:41
[INFO] [stdout]   47:     0x650ffce8a7d4 - std[70759c8f55707aa4]::sys::backtrace::__rust_begin_short_backtrace::<test[9d35eded1c95d3be]::run_test::{closure#1}, ()>
[INFO] [stdout]                                at /rustc/dfb0accb7f508ae8be965d8629557221c889dd98/library/std/src/sys/backtrace.rs:166:18
[INFO] [stdout]   48:     0x650ffce94072 - std[70759c8f55707aa4]::thread::lifecycle::spawn_unchecked::<test[9d35eded1c95d3be]::run_test::{closure#1}, ()>::{closure#1}::{closure#0}
[INFO] [stdout]                                at /rustc/dfb0accb7f508ae8be965d8629557221c889dd98/library/std/src/thread/lifecycle.rs:70:13
[INFO] [stdout]   49:     0x650ffce94072 - <core[df12db4294e9bfd3]::panic::unwind_safe::AssertUnwindSafe<std[70759c8f55707aa4]::thread::lifecycle::spawn_unchecked<test[9d35eded1c95d3be]::run_test::{closure#1}, ()>::{closure#1}::{closure#0}> as core[df12db4294e9bfd3]::ops::function::FnOnce<()>>::call_once
[INFO] [stdout]                                at /rustc/dfb0accb7f508ae8be965d8629557221c889dd98/library/core/src/panic/unwind_safe.rs:275:9
[INFO] [stdout]   50:     0x650ffce94072 - std[70759c8f55707aa4]::panicking::catch_unwind::do_call::<core[df12db4294e9bfd3]::panic::unwind_safe::AssertUnwindSafe<std[70759c8f55707aa4]::thread::lifecycle::spawn_unchecked<test[9d35eded1c95d3be]::run_test::{closure#1}, ()>::{closure#1}::{closure#0}>, ()>
[INFO] [stdout]                                at /rustc/dfb0accb7f508ae8be965d8629557221c889dd98/library/std/src/panicking.rs:576:43
[INFO] [stdout]   51:     0x650ffce94072 - std[70759c8f55707aa4]::panicking::catch_unwind::<(), core[df12db4294e9bfd3]::panic::unwind_safe::AssertUnwindSafe<std[70759c8f55707aa4]::thread::lifecycle::spawn_unchecked<test[9d35eded1c95d3be]::run_test::{closure#1}, ()>::{closure#1}::{closure#0}>>
[INFO] [stdout]                                at /rustc/dfb0accb7f508ae8be965d8629557221c889dd98/library/std/src/panicking.rs:544:19
[INFO] [stdout]   52:     0x650ffce94072 - std[70759c8f55707aa4]::panic::catch_unwind::<core[df12db4294e9bfd3]::panic::unwind_safe::AssertUnwindSafe<std[70759c8f55707aa4]::thread::lifecycle::spawn_unchecked<test[9d35eded1c95d3be]::run_test::{closure#1}, ()>::{closure#1}::{closure#0}>, ()>
[INFO] [stdout]                                at /rustc/dfb0accb7f508ae8be965d8629557221c889dd98/library/std/src/panic.rs:359:14
[INFO] [stdout]   53:     0x650ffce94072 - std[70759c8f55707aa4]::thread::lifecycle::spawn_unchecked::<test[9d35eded1c95d3be]::run_test::{closure#1}, ()>::{closure#1}
[INFO] [stdout]                                at /rustc/dfb0accb7f508ae8be965d8629557221c889dd98/library/std/src/thread/lifecycle.rs:68:26
[INFO] [stdout]   54:     0x650ffce94072 - <std[70759c8f55707aa4]::thread::lifecycle::spawn_unchecked<test[9d35eded1c95d3be]::run_test::{closure#1}, ()>::{closure#1} as core[df12db4294e9bfd3]::ops::function::FnOnce<()>>::call_once::{shim:vtable#0}
[INFO] [stdout]                                at /rustc/dfb0accb7f508ae8be965d8629557221c889dd98/library/core/src/ops/function.rs:250:5
[INFO] [stdout]   55:     0x650ffd099509 - <alloc[2182bb758b4b3781]::boxed::Box<dyn core[df12db4294e9bfd3]::ops::function::FnOnce<(), Output = ()> + core[df12db4294e9bfd3]::marker::Send> as core[df12db4294e9bfd3]::ops::function::FnOnce<()>>::call_once
[INFO] [stdout]                                at /rustc/dfb0accb7f508ae8be965d8629557221c889dd98/library/alloc/src/boxed.rs:2320:9
[INFO] [stdout]   56:     0x650ffd099509 - <std[70759c8f55707aa4]::sys::thread::unix::Thread>::new::thread_start
[INFO] [stdout]                                at /rustc/dfb0accb7f508ae8be965d8629557221c889dd98/library/std/src/sys/thread/unix.rs:123:17
[INFO] [stdout]   57:     0x7b915a873dfa - <unknown>
[INFO] [stdout]   58:     0x7b915a9073d4 - clone
[INFO] [stdout]   59:                0x0 - <unknown>
[INFO] [stdout] 
[INFO] [stdout] 
[INFO] [stdout] failures:
[INFO] [stdout]     aes128_matches_fips_kat
[INFO] [stdout]     aes256_matches_fips_kat
[INFO] [stdout]     gf128_mul_matches_ghash
[INFO] [stdout]     gf_mul_matches_known_products
[INFO] [stdout]     key_schedule_matches_fips
[INFO] [stdout]     sbox_matches_fips_table
[INFO] [stdout] 
[INFO] [stdout] test result: FAILED. 0 passed; 6 failed; 0 ignored; 0 measured; 0 filtered out; finished in 0.11s
[INFO] [stdout] 
[INFO] [stderr] error: test failed, to rerun pass `--test vec`
[INFO] running `Command { std: "docker" "inspect" "018651a50d8ade1c76f4faff13041f2b502e69f93d1775b9131e152d1630de4a", kill_on_drop: false }`
[INFO] running `Command { std: "docker" "rm" "-f" "018651a50d8ade1c76f4faff13041f2b502e69f93d1775b9131e152d1630de4a", kill_on_drop: false }`
[INFO] [stdout] 018651a50d8ade1c76f4faff13041f2b502e69f93d1775b9131e152d1630de4a
