[INFO] fetching crate wovyr-marketplace 0.4.1...
[INFO] testing wovyr-marketplace-0.4.1 against 1.99.0-beta.8 for beta-1.100-2
[INFO] extracting crate wovyr-marketplace 0.4.1 into /workspace/builds/worker-3-tc1/source
[INFO] started tweaking crates.io crate wovyr-marketplace 0.4.1
[INFO] removed 0 missing tests
[INFO] finished tweaking crates.io crate wovyr-marketplace 0.4.1
[INFO] tweaked toml for crates.io crate wovyr-marketplace 0.4.1 written to /workspace/builds/worker-3-tc1/source/Cargo.toml
[INFO] validating manifest of crates.io crate wovyr-marketplace 0.4.1 on toolchain 1.99.0-beta.8
[INFO] running `Command { std: CARGO_HOME="/workspace/cargo-home" RUSTUP_HOME="/workspace/rustup-home" "/workspace/cargo-home/bin/cargo" "+1.99.0-beta.8" "metadata" "--manifest-path" "Cargo.toml" "--no-deps", kill_on_drop: false }`
[INFO] crate crates.io crate wovyr-marketplace 0.4.1 already has a lockfile, it will not be regenerated
[INFO] running `Command { std: CARGO_HOME="/workspace/cargo-home" RUSTUP_HOME="/workspace/rustup-home" "/workspace/cargo-home/bin/cargo" "+1.99.0-beta.8" "fetch" "--manifest-path" "Cargo.toml", kill_on_drop: false }`
[INFO] [stderr]     Updating crates.io index
[INFO] [stderr]  Downloading crates ...
[INFO] [stderr]   Downloaded wasmtime-wasi v47.0.3
[INFO] [stderr]   Downloaded wiggle-macro v47.0.3
[INFO] [stderr]   Downloaded wiggle v47.0.3
[INFO] [stderr]   Downloaded wiggle-generate v47.0.3
[INFO] [stderr]   Downloaded wasmtime-internal-core v47.0.3
[INFO] [stderr]   Downloaded wasmtime-internal-component-util v47.0.3
[INFO] [stderr]   Downloaded wasmprinter v0.252.0
[INFO] [stderr]   Downloaded wasmparser v0.252.0
[INFO] [stderr]   Downloaded wasm-encoder v0.252.0
[INFO] [stderr]   Downloaded cpp_demangle v0.5.1
[INFO] [stderr]   Downloaded regalloc2 v0.15.2
[INFO] [stderr]   Downloaded memfd v0.6.5
[INFO] [stderr]   Downloaded fxprof-processed-profile v0.8.1
[INFO] [stderr]   Downloaded addr2line v0.26.1
[INFO] [stderr]   Downloaded io-lifetimes v3.0.1
[INFO] [stderr]   Downloaded io-extras v0.19.0
[INFO] [stderr]   Downloaded time-macros v0.2.31
[INFO] [stderr]   Downloaded tokio-postgres v0.7.18
[INFO] [stderr]   Downloaded whoami v2.1.2
[INFO] [stderr]   Downloaded wasite v1.0.2
[INFO] [stderr]   Downloaded postgres-types v0.2.14
[INFO] [stderr]   Downloaded postgres-protocol v0.6.12
[INFO] [stderr]   Downloaded wasmtime-environ v47.0.3
[INFO] [stderr]   Downloaded cranelift-entity v0.134.3
[INFO] [stderr]   Downloaded cranelift-bitset v0.134.3
[INFO] [stderr]   Downloaded cranelift-bforest v0.134.3
[INFO] [stderr]   Downloaded wit-parser v0.252.0
[INFO] [stderr]   Downloaded wat v1.252.0
[INFO] [stderr]   Downloaded wast v252.0.0
[INFO] [stderr]   Downloaded wasmtime-internal-versioned-export-macros v47.0.3
[INFO] [stderr]   Downloaded wasmtime-internal-unwinder v47.0.3
[INFO] [stderr]   Downloaded pulley-interpreter v47.0.3
[INFO] [stderr]   Downloaded pulley-macros v47.0.3
[INFO] [stderr]   Downloaded cranelift-isle v0.134.3
[INFO] [stderr]   Downloaded cranelift-control v0.134.3
[INFO] [stderr]   Downloaded cranelift-codegen-shared v0.134.3
[INFO] [stderr]   Downloaded cranelift-codegen-meta v0.134.3
[INFO] [stderr]   Downloaded cranelift-srcgen v0.134.3
[INFO] [stderr]   Downloaded cranelift-assembler-x64-meta v0.134.3
[INFO] [stderr]   Downloaded cranelift-assembler-x64 v0.134.3
[INFO] [stderr]   Downloaded wasmtime-internal-jit-icache-coherence v47.0.3
[INFO] [stderr]   Downloaded wasmtime-internal-jit-debug v47.0.3
[INFO] [stderr]   Downloaded wasmtime-internal-fiber v47.0.3
[INFO] [stderr]   Downloaded wasmtime-internal-cranelift v47.0.3
[INFO] [stderr]   Downloaded cranelift-native v0.134.3
[INFO] [stderr]   Downloaded cranelift-frontend v0.134.3
[INFO] [stderr]   Downloaded wasmtime-internal-component-macro v47.0.3
[INFO] [stderr]   Downloaded wasmtime-internal-wit-bindgen v47.0.3
[INFO] [stderr]   Downloaded wasmtime-internal-cache v47.0.3
[INFO] [stderr]   Downloaded wasm-compose v0.252.0
[INFO] [stderr]   Downloaded wasmtime-wasi-io v47.0.3
[INFO] [stderr]   Downloaded cap-std v4.0.2
[INFO] [stderr]   Downloaded cap-primitives v4.0.2
[INFO] [stderr]   Downloaded cap-fs-ext v4.0.2
[INFO] [stderr]   Downloaded refinery v0.8.16
[INFO] [stderr]   Downloaded refinery-macros v0.8.16
[INFO] [stderr]   Downloaded refinery-core v0.8.16
[INFO] [stderr]   Downloaded postgres v0.19.14
[INFO] [stderr]   Downloaded cranelift-codegen v0.134.3
[INFO] [stderr]   Downloaded wasmtime v47.0.3
[INFO] [stderr]   Downloaded wovyr-common v0.4.1
[INFO] [stderr]   Downloaded wovyr-tool-macros v0.4.1
[INFO] [stderr]   Downloaded wovyr-ui v0.4.1
[INFO] [stderr]   Downloaded wovyr-kms v0.4.1
[INFO] [stderr]   Downloaded wovyr-secrets v0.4.1
[INFO] [stderr]   Downloaded wovyr-ui-guard v0.4.1
[INFO] [stderr]   Downloaded wovyr-tools v0.4.1
[INFO] [stderr]   Downloaded wovyr-provider v0.4.1
[INFO] [stderr]   Downloaded wovyr-plugin v0.4.1
[INFO] running `Command { std: "docker" "create" "-v" "/var/lib/crater-agent-workspace/builds/worker-3-tc1/source:/opt/rustwide/workdir:ro,Z" "-v" "/var/lib/crater-agent-workspace/builds/worker-3-tc1/target:/opt/rustwide/target:rw,Z" "-v" "/var/lib/crater-agent-workspace/cargo-home:/opt/rustwide/cargo-home:ro,Z" "-v" "/var/lib/crater-agent-workspace/rustup-home:/opt/rustwide/rustup-home:ro,Z" "-m" "1610612736" "--network" "none" "ghcr.io/rust-lang/crates-build-env/linux@sha256:3111399a4047eeb3a02b7a90e478d715f38a8c6669b5c4b49d30a17385265909" "sleep" "infinity", kill_on_drop: false }`
[INFO] [stdout] c73a55a1aa4ec4ca127ac4c38b30965549928df6eebb4ebee6cb66953680f92e
[INFO] running `Command { std: "docker" "start" "c73a55a1aa4ec4ca127ac4c38b30965549928df6eebb4ebee6cb66953680f92e", kill_on_drop: false }`
[INFO] running `Command { std: "docker" "inspect" "c73a55a1aa4ec4ca127ac4c38b30965549928df6eebb4ebee6cb66953680f92e", kill_on_drop: false }`
[INFO] running `Command { std: "docker" "exec" "-e" "SOURCE_DIR=/opt/rustwide/workdir" "-e" "CARGO_HOME=/opt/rustwide/cargo-home" "-e" "RUSTUP_HOME=/opt/rustwide/rustup-home" "-e" "CARGO_TARGET_DIR=/opt/rustwide/target" "-w" "/opt/rustwide/workdir" "--user" "0:0" "c73a55a1aa4ec4ca127ac4c38b30965549928df6eebb4ebee6cb66953680f92e" "/opt/rustwide/cargo-home/bin/cargo" "+1.99.0-beta.8" "metadata" "--no-deps" "--format-version=1", kill_on_drop: false }`
[INFO] running `Command { std: "docker" "inspect" "c73a55a1aa4ec4ca127ac4c38b30965549928df6eebb4ebee6cb66953680f92e", kill_on_drop: false }`
[INFO] running `Command { std: "docker" "exec" "-e" "SOURCE_DIR=/opt/rustwide/workdir" "-e" "CARGO_HOME=/opt/rustwide/cargo-home" "-e" "RUSTUP_HOME=/opt/rustwide/rustup-home" "-e" "CARGO_TARGET_DIR=/opt/rustwide/target" "-e" "CARGO_INCREMENTAL=0" "-e" "RUST_BACKTRACE=full" "-e" "RUSTFLAGS=--cap-lints=warn" "-e" "RUSTDOCFLAGS=--cap-lints=warn" "-w" "/opt/rustwide/workdir" "--user" "0:0" "c73a55a1aa4ec4ca127ac4c38b30965549928df6eebb4ebee6cb66953680f92e" "/opt/rustwide/cargo-home/bin/cargo" "+1.99.0-beta.8" "build" "--frozen" "--message-format=json", kill_on_drop: false }`
[INFO] [stderr]    Compiling quote v1.0.46
[INFO] [stderr]    Compiling memchr v2.8.2
[INFO] [stderr]    Compiling stable_deref_trait v1.2.1
[INFO] [stderr]    Compiling bytes v1.12.0
[INFO] [stderr]    Compiling cc v1.2.65
[INFO] [stderr]    Compiling serde_json v1.0.150
[INFO] [stderr]    Compiling smallvec v1.15.2
[INFO] [stderr]    Compiling rustls-pki-types v1.14.1
[INFO] [stderr]    Compiling fs2 v0.4.3
[INFO] [stderr]    Compiling rustls v0.23.41
[INFO] [stderr]    Compiling sync_wrapper v1.0.2
[INFO] [stderr]    Compiling ipnet v2.12.0
[INFO] [stderr]    Compiling indexmap v2.14.0
[INFO] [stderr]    Compiling log v0.4.33
[INFO] [stderr]    Compiling rand v0.8.6
[INFO] [stderr]    Compiling syn v2.0.118
[INFO] [stderr]    Compiling webpki-roots v1.0.7
[INFO] [stderr]    Compiling http v1.4.2
[INFO] [stderr]    Compiling webpki-roots v0.26.11
[INFO] [stderr]    Compiling http-body v1.0.1
[INFO] [stderr]    Compiling http-body-util v0.1.3
[INFO] [stderr]    Compiling ring v0.17.14
[INFO] [stderr]    Compiling synstructure v0.13.2
[INFO] [stderr]    Compiling serde_derive_internals v0.29.1
[INFO] [stderr]    Compiling zerofrom-derive v0.1.7
[INFO] [stderr]    Compiling yoke-derive v0.7.4
[INFO] [stderr]    Compiling zerovec-derive v0.10.3
[INFO] [stderr]    Compiling displaydoc v0.2.6
[INFO] [stderr]    Compiling serde_derive v1.0.228
[INFO] [stderr]    Compiling tokio-macros v2.7.0
[INFO] [stderr]    Compiling futures-macro v0.3.32
[INFO] [stderr]    Compiling icu_provider_macros v1.5.0
[INFO] [stderr]    Compiling tracing-attributes v0.1.31
[INFO] [stderr]    Compiling thiserror-impl v2.0.18
[INFO] [stderr]    Compiling ref-cast-impl v1.0.25
[INFO] [stderr]    Compiling async-stream-impl v0.3.6
[INFO] [stderr]    Compiling async-trait v0.1.89
[INFO] [stderr]    Compiling wovyr-tool-macros v0.4.1
[INFO] [stderr]    Compiling schemars_derive v1.2.1
[INFO] [stderr]    Compiling async-stream v0.3.6
[INFO] [stderr]    Compiling ref-cast v1.0.25
[INFO] [stderr]    Compiling futures-util v0.3.32
[INFO] [stderr]    Compiling tokio v1.52.3
[INFO] [stderr]    Compiling rustls-webpki v0.103.13
[INFO] [stderr]    Compiling zerofrom v0.1.8
[INFO] [stderr]    Compiling thiserror v2.0.18
[INFO] [stderr]    Compiling yoke v0.7.4
[INFO] [stderr]    Compiling zerovec v0.10.4
[INFO] [stderr]    Compiling tracing v0.1.44
[INFO] [stderr]    Compiling tinystr v0.7.6
[INFO] [stderr]    Compiling icu_collections v1.5.0
[INFO] [stderr]    Compiling icu_locid v1.5.0
[INFO] [stderr]    Compiling serde v1.0.228
[INFO] [stderr]    Compiling wovyr-common v0.4.1
[INFO] [stderr]    Compiling serde_urlencoded v0.7.1
[INFO] [stderr]    Compiling schemars v1.2.1
[INFO] [stderr]    Compiling hex v0.4.3
[INFO] [stderr]    Compiling serde_yaml v0.9.34+deprecated
[INFO] [stderr]    Compiling icu_provider v1.5.0
[INFO] [stderr]    Compiling wovyr-kms v0.4.1
[INFO] [stderr]    Compiling icu_locid_transform v1.5.0
[INFO] [stderr]    Compiling futures-executor v0.3.32
[INFO] [stderr]    Compiling wovyr-secrets v0.4.1
[INFO] [stderr]    Compiling futures v0.3.32
[INFO] [stderr]    Compiling wovyr-ui v0.4.1
[INFO] [stderr]    Compiling icu_properties v1.5.1
[INFO] [stderr]    Compiling wovyr-ui-guard v0.4.1
[INFO] [stderr]    Compiling hyper v1.10.1
[INFO] [stderr]    Compiling tokio-rustls v0.26.4
[INFO] [stderr]    Compiling tower v0.5.3
[INFO] [stderr]    Compiling tokio-util v0.7.18
[INFO] [stderr]    Compiling tower-http v0.6.8
[INFO] [stderr]    Compiling hyper-util v0.1.20
[INFO] [stderr]    Compiling icu_normalizer v1.5.0
[INFO] [stderr]    Compiling idna_adapter v1.2.0
[INFO] [stderr]    Compiling idna v1.1.0
[INFO] [stderr]    Compiling url v2.5.8
[INFO] [stderr]    Compiling hyper-rustls v0.27.2
[INFO] [stderr]    Compiling reqwest v0.12.28
[INFO] [stderr]    Compiling wovyr-provider v0.4.1
[INFO] [stderr]    Compiling wovyr-tools v0.4.1
[INFO] [stderr]    Compiling wovyr-plugin v0.4.1
[INFO] [stderr]    Compiling wovyr-marketplace v0.4.1 (/opt/rustwide/workdir)
[INFO] [stderr]     Finished `dev` profile [unoptimized + debuginfo] target(s) in 43.73s
[INFO] running `Command { std: "docker" "inspect" "c73a55a1aa4ec4ca127ac4c38b30965549928df6eebb4ebee6cb66953680f92e", kill_on_drop: false }`
[INFO] running `Command { std: "docker" "exec" "-e" "SOURCE_DIR=/opt/rustwide/workdir" "-e" "CARGO_HOME=/opt/rustwide/cargo-home" "-e" "RUSTUP_HOME=/opt/rustwide/rustup-home" "-e" "CARGO_TARGET_DIR=/opt/rustwide/target" "-e" "CARGO_INCREMENTAL=0" "-e" "RUST_BACKTRACE=full" "-e" "RUSTFLAGS=--cap-lints=warn" "-e" "RUSTDOCFLAGS=--cap-lints=warn" "-w" "/opt/rustwide/workdir" "--user" "0:0" "c73a55a1aa4ec4ca127ac4c38b30965549928df6eebb4ebee6cb66953680f92e" "/opt/rustwide/cargo-home/bin/cargo" "+1.99.0-beta.8" "test" "--frozen" "--no-run" "--message-format=json", kill_on_drop: false }`
[INFO] [stderr]    Compiling wovyr-marketplace v0.4.1 (/opt/rustwide/workdir)
[INFO] [stderr]     Finished `test` profile [unoptimized + debuginfo] target(s) in 4.23s
[INFO] running `Command { std: "docker" "inspect" "c73a55a1aa4ec4ca127ac4c38b30965549928df6eebb4ebee6cb66953680f92e", kill_on_drop: false }`
[INFO] running `Command { std: "docker" "exec" "-e" "SOURCE_DIR=/opt/rustwide/workdir" "-e" "CARGO_HOME=/opt/rustwide/cargo-home" "-e" "RUSTUP_HOME=/opt/rustwide/rustup-home" "-e" "CARGO_TARGET_DIR=/opt/rustwide/target" "-e" "CARGO_INCREMENTAL=0" "-e" "RUST_BACKTRACE=full" "-e" "RUSTFLAGS=--cap-lints=warn" "-e" "RUSTDOCFLAGS=--cap-lints=warn" "-w" "/opt/rustwide/workdir" "--user" "0:0" "c73a55a1aa4ec4ca127ac4c38b30965549928df6eebb4ebee6cb66953680f92e" "/opt/rustwide/cargo-home/bin/cargo" "+1.99.0-beta.8" "test" "--frozen", kill_on_drop: false }`
[INFO] [stderr]     Finished `test` profile [unoptimized + debuginfo] target(s) in 0.25s
[INFO] [stderr]      Running unittests src/lib.rs (/opt/rustwide/target/debug/deps/wovyr_marketplace-a8f5dedbf0f13851)
[INFO] [stdout] 
[INFO] [stdout] running 47 tests
[INFO] [stdout] test policy::tests::allow_list_and_blocklist_and_risk_ceiling ... ok
[INFO] [stdout] test listing::tests::rating_averages_reviews ... ok
[INFO] [stdout] test listing::tests::risk_classification_and_ordering ... ok
[INFO] [stdout] test listing::tests::review_status_defaults_unreviewed_and_reports_pending ... ok
[INFO] [stdout] test registry::tests::abuse_report_dismissed_does_not_hide_the_listing ... ok
[INFO] [stdout] test registry::tests::human_review_workflow_gates_the_verified_badge ... ok
[INFO] [stdout] test registry::tests::publish_then_discover_and_download ... ok
[INFO] [stdout] test scan::tests::broad_permission_and_native_sandbox_are_warnings ... ok
[INFO] [stdout] test policy::tests::default_admits_any_trusted_publisher ... ok
[INFO] [stdout] test scan::tests::artifact_integrity_findings_are_critical ... ok
[INFO] [stdout] test registry::tests::reviews_average_and_validate_range ... ok
[INFO] [stdout] test registry::tests::abuse_report_requires_a_non_empty_reason ... ok
[INFO] [stdout] test scan::tests::severity_orders_info_warning_critical ... ok
[INFO] [stdout] test registry::tests::rejects_untrusted_publisher_at_publish ... ok
[INFO] [stdout] test scan::tests::missing_attestation_and_license_are_info ... ok
[INFO] [stdout] test registry::tests::policy_blocks_high_risk_publish ... ok
[INFO] [stdout] test scan::tests::vulnerable_component_is_flagged_via_osv_feed ... ok
[INFO] [stdout] test store::tests::abuse_reports_are_fail_closed_on_absent_listing_or_report ... ok
[INFO] [stdout] test registry::tests::abuse_report_resolved_with_delisting_hides_the_listing ... ok
[INFO] [stdout] test registry::tests::require_verified_hides_until_verified ... ok
[INFO] [stdout] test store::tests::abuse_report_dismissed_does_not_delist ... ok
[INFO] [stdout] test store::tests::abuse_report_workflow_resolves_with_delisting ... ok
[INFO] [stdout] test registry::tests::multiple_versions_resolve_channel_and_specific_download ... ok
[INFO] [stdout] test listing::tests::abuse_report_status_defaults_open ... ok
[INFO] [stdout] test registry::tests::keyless_publish_accepted_when_configured_rejected_otherwise ... ok
[INFO] [stdout] test store::tests::human_review_workflow_rejects_and_clears_verified ... ok
[INFO] [stdout] test store::tests::boxed_dyn_store_delegates_to_the_underlying_backend ... ok
[INFO] [stdout] test registry::tests::publish_stores_the_scan_report_and_projects_its_summary ... ok
[INFO] [stdout] test policy::tests::scan_gate_blocks_at_or_above_the_ceiling ... ok
[INFO] [stdout] test registry::tests::scan_severity_ceiling_blocks_publish_fail_closed ... ok
[INFO] [stdout] test store::tests::republish_same_version_replaces ... ok
[INFO] [stdout] test store::tests::request_review_requires_a_published_version ... ok
[INFO] [stdout] test registry::tests::rejected_review_can_be_resubmitted ... ok
[INFO] [stdout] test vuln::tests::explicit_versions_list_matches_exactly ... ok
[INFO] [stdout] test vuln::tests::malformed_feed_and_missing_id_fail_closed ... ok
[INFO] [stdout] test vuln::tests::non_semver_ranges_do_not_range_match ... ok
[INFO] [stdout] test scan::tests::clean_attested_package_has_no_findings ... ok
[INFO] [stdout] test vuln::tests::semver_range_matches_inside_and_not_outside ... ok
[INFO] [stdout] test vuln::tests::wrapped_vulns_object_and_unknown_fields_parse ... ok
[INFO] [stdout] test store::tests::reviews_verified_installs_are_fail_closed_on_absent ... ok
[INFO] [stdout] test scan::tests::denied_component_matches_name_or_pinned_version ... ok
[INFO] [stdout] test store::tests::upsert_sorts_versions_newest_first_and_sets_channel ... ok
[INFO] [stdout] test vuln::tests::last_affected_is_an_inclusive_bound ... ok
[INFO] [stdout] test vuln::tests::lenient_semver_pads_partial_versions ... ok
[INFO] [stdout] test store::tests::human_review_workflow_approves_and_sets_verified ... ok
[INFO] [stdout] test store::tests::file_store_round_trips ... ok
[INFO] [stdout] test store::tests::file_store_round_trips_abuse_reports ... ok
[INFO] [stdout] 
[INFO] [stdout] test result: ok. 47 passed; 0 failed; 0 ignored; 0 measured; 0 filtered out; finished in 0.04s
[INFO] [stdout] 
[INFO] [stderr]      Running tests/keyless_supply_chain.rs (/opt/rustwide/target/debug/deps/keyless_supply_chain-0e8c022c3a63f804)
[INFO] [stdout] 
[INFO] [stdout] running 1 test
[INFO] [stdout] test keyless_publish_download_install_enable ... ok
[INFO] [stderr]      Running tests/postgres_store.rs (/opt/rustwide/target/debug/deps/postgres_store-8ba64cc14d76bc0a)
[INFO] [stdout] 
[INFO] [stdout] test result: ok. 1 passed; 0 failed; 0 ignored; 0 measured; 0 filtered out; finished in 0.01s
[INFO] [stdout] 
[INFO] [stdout] 
[INFO] [stdout] running 0 tests
[INFO] [stdout] 
[INFO] [stdout] test result: ok. 0 passed; 0 failed; 0 ignored; 0 measured; 0 filtered out; finished in 0.00s
[INFO] [stdout] 
[INFO] [stderr]      Running tests/supply_chain_e2e.rs (/opt/rustwide/target/debug/deps/supply_chain_e2e-f6df697448538963)
[INFO] [stdout] 
[INFO] [stdout] running 1 test
[INFO] [stdout] test example_plugin_publishes_discovers_downloads_and_installs ... FAILED
[INFO] [stdout] 
[INFO] [stdout] failures:
[INFO] [stdout] 
[INFO] [stdout] ---- example_plugin_publishes_discovers_downloads_and_installs stdout ----
[INFO] [stdout] 
[INFO] [stdout] thread 'example_plugin_publishes_discovers_downloads_and_installs' (1707) panicked at tests/supply_chain_e2e.rs:48:10:
[INFO] [stdout] read example plugin.yaml — is examples/plugins/echo committed?: Os { code: 2, kind: NotFound, message: "No such file or directory" }
[INFO] [stdout] stack backtrace:
[INFO] [stdout]    0:     0x5afc65741ad1 - std[70759c8f55707aa4]::backtrace_rs::backtrace::libunwind::trace
[INFO] [stdout]                                at /rustc/dfb0accb7f508ae8be965d8629557221c889dd98/library/std/src/../../backtrace/src/backtrace/libunwind.rs:117:9
[INFO] [stdout]    1:     0x5afc65741ad1 - std[70759c8f55707aa4]::backtrace_rs::backtrace::trace_unsynchronized::<std[70759c8f55707aa4]::sys::backtrace::_print_fmt::{closure#1}>
[INFO] [stdout]                                at /rustc/dfb0accb7f508ae8be965d8629557221c889dd98/library/std/src/../../backtrace/src/backtrace/mod.rs:66:14
[INFO] [stdout]    2:     0x5afc65741ad1 - std[70759c8f55707aa4]::sys::backtrace::_print_fmt
[INFO] [stdout]                                at /rustc/dfb0accb7f508ae8be965d8629557221c889dd98/library/std/src/sys/backtrace.rs:74:9
[INFO] [stdout]    3:     0x5afc65741ad1 - <<std[70759c8f55707aa4]::sys::backtrace::BacktraceLock>::print::DisplayBacktrace as core[df12db4294e9bfd3]::fmt::Display>::fmt
[INFO] [stdout]                                at /rustc/dfb0accb7f508ae8be965d8629557221c889dd98/library/std/src/sys/backtrace.rs:44:26
[INFO] [stdout]    4:     0x5afc657581ca - <core[df12db4294e9bfd3]::fmt::rt::Argument>::fmt
[INFO] [stdout]                                at /rustc/dfb0accb7f508ae8be965d8629557221c889dd98/library/core/src/fmt/rt.rs:152:76
[INFO] [stdout]    5:     0x5afc657581ca - core[df12db4294e9bfd3]::fmt::write
[INFO] [stdout]    6:     0x5afc657461ec - core[df12db4294e9bfd3]::io::write::default_write_fmt::<alloc[2182bb758b4b3781]::vec::Vec<u8>>
[INFO] [stdout]                                at /rustc/dfb0accb7f508ae8be965d8629557221c889dd98/library/core/src/io/write.rs:402:11
[INFO] [stdout]    7:     0x5afc657461ec - <alloc[2182bb758b4b3781]::vec::Vec<u8> as core[df12db4294e9bfd3]::io::write::Write>::write_fmt
[INFO] [stdout]                                at /rustc/dfb0accb7f508ae8be965d8629557221c889dd98/library/core/src/io/write.rs:335:13
[INFO] [stdout]    8:     0x5afc6571c476 - <std[70759c8f55707aa4]::sys::backtrace::BacktraceLock>::print
[INFO] [stdout]                                at /rustc/dfb0accb7f508ae8be965d8629557221c889dd98/library/std/src/sys/backtrace.rs:47:9
[INFO] [stdout]    9:     0x5afc6571c476 - std[70759c8f55707aa4]::panicking::default_hook::{closure#0}
[INFO] [stdout]                                at /rustc/dfb0accb7f508ae8be965d8629557221c889dd98/library/std/src/panicking.rs:292:27
[INFO] [stdout]   10:     0x5afc657392e9 - std[70759c8f55707aa4]::panicking::default_hook
[INFO] [stdout]                                at /rustc/dfb0accb7f508ae8be965d8629557221c889dd98/library/std/src/panicking.rs:316:9
[INFO] [stdout]   11:     0x5afc6556d730 - <alloc[2182bb758b4b3781]::boxed::Box<dyn for<'a, 'b> core[df12db4294e9bfd3]::ops::function::Fn<(&'a std[70759c8f55707aa4]::panic::PanicHookInfo<'b>,), Output = ()> + core[df12db4294e9bfd3]::marker::Send + core[df12db4294e9bfd3]::marker::Sync> as core[df12db4294e9bfd3]::ops::function::Fn<(&std[70759c8f55707aa4]::panic::PanicHookInfo,)>>::call
[INFO] [stdout]                                at /rustc/dfb0accb7f508ae8be965d8629557221c889dd98/library/alloc/src/boxed.rs:2334:9
[INFO] [stdout]   12:     0x5afc6556d730 - test[9d35eded1c95d3be]::test_main_inner::<test[9d35eded1c95d3be]::test_main_static::{closure#0}>::{closure#0}
[INFO] [stdout]                                at /rustc/dfb0accb7f508ae8be965d8629557221c889dd98/library/test/src/lib.rs:155:21
[INFO] [stdout]   13:     0x5afc657394a2 - <alloc[2182bb758b4b3781]::boxed::Box<dyn for<'a, 'b> core[df12db4294e9bfd3]::ops::function::Fn<(&'a std[70759c8f55707aa4]::panic::PanicHookInfo<'b>,), Output = ()> + core[df12db4294e9bfd3]::marker::Send + core[df12db4294e9bfd3]::marker::Sync> as core[df12db4294e9bfd3]::ops::function::Fn<(&std[70759c8f55707aa4]::panic::PanicHookInfo,)>>::call
[INFO] [stdout]                                at /rustc/dfb0accb7f508ae8be965d8629557221c889dd98/library/alloc/src/boxed.rs:2334:9
[INFO] [stdout]   14:     0x5afc657394a2 - std[70759c8f55707aa4]::panicking::panic_with_hook
[INFO] [stdout]                                at /rustc/dfb0accb7f508ae8be965d8629557221c889dd98/library/std/src/panicking.rs:823:13
[INFO] [stdout]   15:     0x5afc6571c522 - std[70759c8f55707aa4]::panicking::panic_handler::{closure#0}
[INFO] [stdout]                                at /rustc/dfb0accb7f508ae8be965d8629557221c889dd98/library/std/src/panicking.rs:688:13
[INFO] [stdout]   16:     0x5afc65714ff9 - std[70759c8f55707aa4]::sys::backtrace::__rust_end_short_backtrace::<std[70759c8f55707aa4]::panicking::panic_handler::{closure#0}, !>
[INFO] [stdout]                                at /rustc/dfb0accb7f508ae8be965d8629557221c889dd98/library/std/src/sys/backtrace.rs:182:18
[INFO] [stdout]   17:     0x5afc6571d11d - __rustc[8fa7c3cbc660c2b3]::rust_begin_unwind
[INFO] [stdout]                                at /rustc/dfb0accb7f508ae8be965d8629557221c889dd98/library/std/src/panicking.rs:679:5
[INFO] [stdout]   18:     0x5afc657589bc - core[df12db4294e9bfd3]::panicking::panic_fmt
[INFO] [stdout]                                at /rustc/dfb0accb7f508ae8be965d8629557221c889dd98/library/core/src/panicking.rs:80:14
[INFO] [stdout]   19:     0x5afc65758712 - core[df12db4294e9bfd3]::result::unwrap_failed
[INFO] [stdout]                                at /rustc/dfb0accb7f508ae8be965d8629557221c889dd98/library/core/src/result.rs:1871:5
[INFO] [stdout]   20:     0x5afc65558243 - <core[df12db4294e9bfd3]::result::Result<alloc[2182bb758b4b3781]::string::String, core[df12db4294e9bfd3]::io::error::Error>>::expect
[INFO] [stdout]                                at /rustc/dfb0accb7f508ae8be965d8629557221c889dd98/library/core/src/result.rs:1184:23
[INFO] [stdout]   21:     0x5afc655537e0 - supply_chain_e2e[275d58ece7f8d8b6]::signed_example_pkg
[INFO] [stdout]                                at /opt/rustwide/workdir/tests/supply_chain_e2e.rs:48:10
[INFO] [stdout]   22:     0x5afc65553e83 - supply_chain_e2e[275d58ece7f8d8b6]::example_plugin_publishes_discovers_downloads_and_installs
[INFO] [stdout]                                at /opt/rustwide/workdir/tests/supply_chain_e2e.rs:73:29
[INFO] [stdout]   23:     0x5afc65552c57 - supply_chain_e2e[275d58ece7f8d8b6]::example_plugin_publishes_discovers_downloads_and_installs::{closure#0}
[INFO] [stdout]                                at /opt/rustwide/workdir/tests/supply_chain_e2e.rs:72:63
[INFO] [stdout]   24:     0x5afc65559a66 - <supply_chain_e2e[275d58ece7f8d8b6]::example_plugin_publishes_discovers_downloads_and_installs::{closure#0} as core[df12db4294e9bfd3]::ops::function::FnOnce<()>>::call_once
[INFO] [stdout]                                at /rustc/dfb0accb7f508ae8be965d8629557221c889dd98/library/core/src/ops/function.rs:250:5
[INFO] [stdout]   25:     0x5afc65560a1b - <fn() -> core[df12db4294e9bfd3]::result::Result<(), alloc[2182bb758b4b3781]::string::String> as core[df12db4294e9bfd3]::ops::function::FnOnce<()>>::call_once
[INFO] [stdout]                                at /rustc/dfb0accb7f508ae8be965d8629557221c889dd98/library/core/src/ops/function.rs:250:5
[INFO] [stdout]   26:     0x5afc65560a1b - test[9d35eded1c95d3be]::__rust_begin_short_backtrace::<core[df12db4294e9bfd3]::result::Result<(), alloc[2182bb758b4b3781]::string::String>, fn() -> core[df12db4294e9bfd3]::result::Result<(), alloc[2182bb758b4b3781]::string::String>>
[INFO] [stdout]                                at /rustc/dfb0accb7f508ae8be965d8629557221c889dd98/library/test/src/lib.rs:733:18
[INFO] [stdout]   27:     0x5afc6556e085 - test[9d35eded1c95d3be]::run_test_in_process::{closure#0}
[INFO] [stdout]                                at /rustc/dfb0accb7f508ae8be965d8629557221c889dd98/library/test/src/lib.rs:756:74
[INFO] [stdout]   28:     0x5afc6556e085 - <core[df12db4294e9bfd3]::panic::unwind_safe::AssertUnwindSafe<test[9d35eded1c95d3be]::run_test_in_process::{closure#0}> as core[df12db4294e9bfd3]::ops::function::FnOnce<()>>::call_once
[INFO] [stdout]                                at /rustc/dfb0accb7f508ae8be965d8629557221c889dd98/library/core/src/panic/unwind_safe.rs:275:9
[INFO] [stdout]   29:     0x5afc6556e085 - std[70759c8f55707aa4]::panicking::catch_unwind::do_call::<core[df12db4294e9bfd3]::panic::unwind_safe::AssertUnwindSafe<test[9d35eded1c95d3be]::run_test_in_process::{closure#0}>, core[df12db4294e9bfd3]::result::Result<(), alloc[2182bb758b4b3781]::string::String>>
[INFO] [stdout]                                at /rustc/dfb0accb7f508ae8be965d8629557221c889dd98/library/std/src/panicking.rs:576:43
[INFO] [stdout]   30:     0x5afc6556e085 - std[70759c8f55707aa4]::panicking::catch_unwind::<core[df12db4294e9bfd3]::result::Result<(), alloc[2182bb758b4b3781]::string::String>, core[df12db4294e9bfd3]::panic::unwind_safe::AssertUnwindSafe<test[9d35eded1c95d3be]::run_test_in_process::{closure#0}>>
[INFO] [stdout]                                at /rustc/dfb0accb7f508ae8be965d8629557221c889dd98/library/std/src/panicking.rs:544:19
[INFO] [stdout]   31:     0x5afc6556e085 - std[70759c8f55707aa4]::panic::catch_unwind::<core[df12db4294e9bfd3]::panic::unwind_safe::AssertUnwindSafe<test[9d35eded1c95d3be]::run_test_in_process::{closure#0}>, core[df12db4294e9bfd3]::result::Result<(), alloc[2182bb758b4b3781]::string::String>>
[INFO] [stdout]                                at /rustc/dfb0accb7f508ae8be965d8629557221c889dd98/library/std/src/panic.rs:359:14
[INFO] [stdout]   32:     0x5afc6556e085 - test[9d35eded1c95d3be]::run_test_in_process
[INFO] [stdout]                                at /rustc/dfb0accb7f508ae8be965d8629557221c889dd98/library/test/src/lib.rs:756:27
[INFO] [stdout]   33:     0x5afc6556e085 - test[9d35eded1c95d3be]::run_test::{closure#0}
[INFO] [stdout]                                at /rustc/dfb0accb7f508ae8be965d8629557221c889dd98/library/test/src/lib.rs:677:43
[INFO] [stdout]   34:     0x5afc65567944 - test[9d35eded1c95d3be]::run_test::{closure#1}
[INFO] [stdout]                                at /rustc/dfb0accb7f508ae8be965d8629557221c889dd98/library/test/src/lib.rs:707:41
[INFO] [stdout]   35:     0x5afc65567944 - std[70759c8f55707aa4]::sys::backtrace::__rust_begin_short_backtrace::<test[9d35eded1c95d3be]::run_test::{closure#1}, ()>
[INFO] [stdout]                                at /rustc/dfb0accb7f508ae8be965d8629557221c889dd98/library/std/src/sys/backtrace.rs:166:18
[INFO] [stdout]   36:     0x5afc655711e2 - std[70759c8f55707aa4]::thread::lifecycle::spawn_unchecked::<test[9d35eded1c95d3be]::run_test::{closure#1}, ()>::{closure#1}::{closure#0}
[INFO] [stdout]                                at /rustc/dfb0accb7f508ae8be965d8629557221c889dd98/library/std/src/thread/lifecycle.rs:70:13
[INFO] [stdout]   37:     0x5afc655711e2 - <core[df12db4294e9bfd3]::panic::unwind_safe::AssertUnwindSafe<std[70759c8f55707aa4]::thread::lifecycle::spawn_unchecked<test[9d35eded1c95d3be]::run_test::{closure#1}, ()>::{closure#1}::{closure#0}> as core[df12db4294e9bfd3]::ops::function::FnOnce<()>>::call_once
[INFO] [stdout]                                at /rustc/dfb0accb7f508ae8be965d8629557221c889dd98/library/core/src/panic/unwind_safe.rs:275:9
[INFO] [stdout]   38:     0x5afc655711e2 - std[70759c8f55707aa4]::panicking::catch_unwind::do_call::<core[df12db4294e9bfd3]::panic::unwind_safe::AssertUnwindSafe<std[70759c8f55707aa4]::thread::lifecycle::spawn_unchecked<test[9d35eded1c95d3be]::run_test::{closure#1}, ()>::{closure#1}::{closure#0}>, ()>
[INFO] [stdout]                                at /rustc/dfb0accb7f508ae8be965d8629557221c889dd98/library/std/src/panicking.rs:576:43
[INFO] [stdout]   39:     0x5afc655711e2 - std[70759c8f55707aa4]::panicking::catch_unwind::<(), core[df12db4294e9bfd3]::panic::unwind_safe::AssertUnwindSafe<std[70759c8f55707aa4]::thread::lifecycle::spawn_unchecked<test[9d35eded1c95d3be]::run_test::{closure#1}, ()>::{closure#1}::{closure#0}>>
[INFO] [stdout]                                at /rustc/dfb0accb7f508ae8be965d8629557221c889dd98/library/std/src/panicking.rs:544:19
[INFO] [stdout]   40:     0x5afc655711e2 - std[70759c8f55707aa4]::panic::catch_unwind::<core[df12db4294e9bfd3]::panic::unwind_safe::AssertUnwindSafe<std[70759c8f55707aa4]::thread::lifecycle::spawn_unchecked<test[9d35eded1c95d3be]::run_test::{closure#1}, ()>::{closure#1}::{closure#0}>, ()>
[INFO] [stdout]                                at /rustc/dfb0accb7f508ae8be965d8629557221c889dd98/library/std/src/panic.rs:359:14
[INFO] [stdout]   41:     0x5afc655711e2 - std[70759c8f55707aa4]::thread::lifecycle::spawn_unchecked::<test[9d35eded1c95d3be]::run_test::{closure#1}, ()>::{closure#1}
[INFO] [stdout]                                at /rustc/dfb0accb7f508ae8be965d8629557221c889dd98/library/std/src/thread/lifecycle.rs:68:26
[INFO] [stdout]   42:     0x5afc655711e2 - <std[70759c8f55707aa4]::thread::lifecycle::spawn_unchecked<test[9d35eded1c95d3be]::run_test::{closure#1}, ()>::{closure#1} as core[df12db4294e9bfd3]::ops::function::FnOnce<()>>::call_once::{shim:vtable#0}
[INFO] [stdout]                                at /rustc/dfb0accb7f508ae8be965d8629557221c889dd98/library/core/src/ops/function.rs:250:5
[INFO] [stdout]   43:     0x5afc65740b29 - <alloc[2182bb758b4b3781]::boxed::Box<dyn core[df12db4294e9bfd3]::ops::function::FnOnce<(), Output = ()> + core[df12db4294e9bfd3]::marker::Send> as core[df12db4294e9bfd3]::ops::function::FnOnce<()>>::call_once
[INFO] [stdout]                                at /rustc/dfb0accb7f508ae8be965d8629557221c889dd98/library/alloc/src/boxed.rs:2320:9
[INFO] [stdout]   44:     0x5afc65740b29 - <std[70759c8f55707aa4]::sys::thread::unix::Thread>::new::thread_start
[INFO] [stdout]                                at /rustc/dfb0accb7f508ae8be965d8629557221c889dd98/library/std/src/sys/thread/unix.rs:123:17
[INFO] [stdout]   45:     0x789396507dfa - <unknown>
[INFO] [stdout]   46:     0x78939659b3d4 - clone
[INFO] [stdout]   47:                0x0 - <unknown>
[INFO] [stdout] 
[INFO] [stdout] 
[INFO] [stdout] failures:
[INFO] [stdout]     example_plugin_publishes_discovers_downloads_and_installs
[INFO] [stdout] 
[INFO] [stdout] test result: FAILED. 0 passed; 1 failed; 0 ignored; 0 measured; 0 filtered out; finished in 0.11s
[INFO] [stdout] 
[INFO] [stderr] error: test failed, to rerun pass `--test supply_chain_e2e`
[INFO] running `Command { std: "docker" "inspect" "c73a55a1aa4ec4ca127ac4c38b30965549928df6eebb4ebee6cb66953680f92e", kill_on_drop: false }`
[INFO] running `Command { std: "docker" "rm" "-f" "c73a55a1aa4ec4ca127ac4c38b30965549928df6eebb4ebee6cb66953680f92e", kill_on_drop: false }`
[INFO] [stdout] c73a55a1aa4ec4ca127ac4c38b30965549928df6eebb4ebee6cb66953680f92e
